[INFO] cloning repository https://github.com/traxys/verin
[INFO] running `Command { std: "git" "-c" "credential.helper=" "-c" "credential.helper=/workspace/cargo-home/bin/git-credential-null" "clone" "--bare" "https://github.com/traxys/verin" "/workspace/cache/git-repos/https%3A%2F%2Fgithub.com%2Ftraxys%2Fverin", kill_on_drop: false }`
[INFO] [stderr] Cloning into bare repository '/workspace/cache/git-repos/https%3A%2F%2Fgithub.com%2Ftraxys%2Fverin'...
[INFO] running `Command { std: "git" "rev-parse" "HEAD", kill_on_drop: false }`
[INFO] [stdout] 1783a0e454df74111273124b63d3993a9184dfaf
[INFO] documenting traxys/verin against 1.75.0 for beta-1.76-rustdoc-1
[INFO] running `Command { std: "git" "clone" "/workspace/cache/git-repos/https%3A%2F%2Fgithub.com%2Ftraxys%2Fverin" "/workspace/builds/worker-2-tc1/source", kill_on_drop: false }`
[INFO] [stderr] Cloning into '/workspace/builds/worker-2-tc1/source'...
[INFO] [stderr] done.
[INFO] validating manifest of git repo https://github.com/traxys/verin on toolchain 1.75.0
[INFO] running `Command { std: CARGO_HOME="/workspace/cargo-home" RUSTUP_HOME="/workspace/rustup-home" "/workspace/cargo-home/bin/cargo" "+1.75.0" "metadata" "--manifest-path" "Cargo.toml" "--no-deps", kill_on_drop: false }`
[INFO] removed /workspace/builds/worker-2-tc1/source/.cargo/config
[INFO] started tweaking git repo https://github.com/traxys/verin
[INFO] finished tweaking git repo https://github.com/traxys/verin
[INFO] tweaked toml for git repo https://github.com/traxys/verin written to /workspace/builds/worker-2-tc1/source/Cargo.toml
[INFO] crate git repo https://github.com/traxys/verin already has a lockfile, it will not be regenerated
[INFO] running `Command { std: CARGO_HOME="/workspace/cargo-home" RUSTUP_HOME="/workspace/rustup-home" "/workspace/cargo-home/bin/cargo" "+1.75.0" "fetch" "--manifest-path" "Cargo.toml", kill_on_drop: false }`
[INFO] [stderr] warning: virtual workspace defaulting to `resolver = "1"` despite one or more workspace members being on edition 2021 which implies `resolver = "2"`
[INFO] [stderr] note: to keep the current resolver, specify `workspace.resolver = "1"` in the workspace root's manifest
[INFO] [stderr] note: to use the edition 2021 resolver, specify `workspace.resolver = "2"` in the workspace root's manifest
[INFO] [stderr] note: for more details see https://doc.rust-lang.org/cargo/reference/resolver.html#resolver-versions
[INFO] [stderr]     Blocking waiting for file lock on package cache
[ERROR] error running command: no output for 300 seconds
[ERROR] this task or one of its parent failed!
[ERROR] no output for 300 seconds
[ERROR] note: run with `RUST_BACKTRACE=1` to display a backtrace.
[INFO] documenting traxys/verin against beta-2023-12-22 for beta-1.76-rustdoc-1
[INFO] running `Command { std: "git" "clone" "/workspace/cache/git-repos/https%3A%2F%2Fgithub.com%2Ftraxys%2Fverin" "/workspace/builds/worker-2-tc2/source", kill_on_drop: false }`
[INFO] [stderr] Cloning into '/workspace/builds/worker-2-tc2/source'...
[INFO] [stderr] done.
[INFO] validating manifest of git repo https://github.com/traxys/verin on toolchain beta-2023-12-22
[INFO] running `Command { std: CARGO_HOME="/workspace/cargo-home" RUSTUP_HOME="/workspace/rustup-home" "/workspace/cargo-home/bin/cargo" "+beta-2023-12-22" "metadata" "--manifest-path" "Cargo.toml" "--no-deps", kill_on_drop: false }`
[INFO] removed /workspace/builds/worker-2-tc2/source/.cargo/config
[INFO] started tweaking git repo https://github.com/traxys/verin
[INFO] finished tweaking git repo https://github.com/traxys/verin
[INFO] tweaked toml for git repo https://github.com/traxys/verin written to /workspace/builds/worker-2-tc2/source/Cargo.toml
[INFO] crate git repo https://github.com/traxys/verin already has a lockfile, it will not be regenerated
[INFO] running `Command { std: CARGO_HOME="/workspace/cargo-home" RUSTUP_HOME="/workspace/rustup-home" "/workspace/cargo-home/bin/cargo" "+beta-2023-12-22" "fetch" "--manifest-path" "Cargo.toml", kill_on_drop: false }`
[INFO] [stderr] warning: virtual workspace defaulting to `resolver = "1"` despite one or more workspace members being on edition 2021 which implies `resolver = "2"`
[INFO] [stderr] note: to keep the current resolver, specify `workspace.resolver = "1"` in the workspace root's manifest
[INFO] [stderr] note: to use the edition 2021 resolver, specify `workspace.resolver = "2"` in the workspace root's manifest
[INFO] [stderr] note: for more details see https://doc.rust-lang.org/cargo/reference/resolver.html#resolver-versions
[INFO] [stderr]     Blocking waiting for file lock on package cache
[INFO] [stderr]     Updating crates.io index
[INFO] [stderr]     Updating git repository `https://github.com/cstrahan/tree-sitter-nix`
[INFO] [stderr]     Updating git repository `https://github.com/traxys/tree-sitter-yaml`
[INFO] [stderr]     Skipping git submodule `https://github.com/yaml/yaml-test-suite` due to update strategy in .gitmodules
[INFO] [stderr]     Blocking waiting for file lock on package cache
[ERROR] error running command: no output for 300 seconds
[INFO] documenting traxys/verin against beta-2023-12-22 for beta-1.76-rustdoc-1
[INFO] running `Command { std: "git" "clone" "/workspace/cache/git-repos/https%3A%2F%2Fgithub.com%2Ftraxys%2Fverin" "/workspace/builds/worker-2-tc2/source", kill_on_drop: false }`
[INFO] [stderr] Cloning into '/workspace/builds/worker-2-tc2/source'...
[INFO] [stderr] done.
[INFO] validating manifest of git repo https://github.com/traxys/verin on toolchain beta-2023-12-22
[INFO] running `Command { std: CARGO_HOME="/workspace/cargo-home" RUSTUP_HOME="/workspace/rustup-home" "/workspace/cargo-home/bin/cargo" "+beta-2023-12-22" "metadata" "--manifest-path" "Cargo.toml" "--no-deps", kill_on_drop: false }`
[INFO] removed /workspace/builds/worker-2-tc2/source/.cargo/config
[INFO] started tweaking git repo https://github.com/traxys/verin
[INFO] finished tweaking git repo https://github.com/traxys/verin
[INFO] tweaked toml for git repo https://github.com/traxys/verin written to /workspace/builds/worker-2-tc2/source/Cargo.toml
[INFO] crate git repo https://github.com/traxys/verin already has a lockfile, it will not be regenerated
[INFO] running `Command { std: CARGO_HOME="/workspace/cargo-home" RUSTUP_HOME="/workspace/rustup-home" "/workspace/cargo-home/bin/cargo" "+beta-2023-12-22" "fetch" "--manifest-path" "Cargo.toml", kill_on_drop: false }`
[INFO] [stderr] warning: virtual workspace defaulting to `resolver = "1"` despite one or more workspace members being on edition 2021 which implies `resolver = "2"`
[INFO] [stderr] note: to keep the current resolver, specify `workspace.resolver = "1"` in the workspace root's manifest
[INFO] [stderr] note: to use the edition 2021 resolver, specify `workspace.resolver = "2"` in the workspace root's manifest
[INFO] [stderr] note: for more details see https://doc.rust-lang.org/cargo/reference/resolver.html#resolver-versions
[INFO] [stderr]     Blocking waiting for file lock on package cache
[INFO] [stderr]     Skipping git submodule `https://github.com/yaml/yaml-test-suite` due to update strategy in .gitmodules
[INFO] [stderr]     Blocking waiting for file lock on package cache
[INFO] [stderr]  Downloading crates ...
[INFO] [stderr]   Downloaded tree-sitter-json v0.19.0
[INFO] [stderr]   Downloaded tree-sitter-javascript v0.20.0
[INFO] [stderr]   Downloaded tree-sitter-toml v0.20.0
[INFO] [stderr]   Downloaded liquid-derive v0.26.0
[INFO] [stderr]   Downloaded proc-quote v0.4.0
[INFO] [stderr]   Downloaded liquid-core v0.26.0
[INFO] [stderr]   Downloaded proc-quote-impl v0.3.2
[INFO] [stderr]   Downloaded bus v2.3.0
[INFO] [stderr]   Downloaded liquid-lib v0.26.0
[INFO] [stderr]   Downloaded liquid v0.26.0
[INFO] [stderr]   Downloaded tree-sitter-rust v0.20.1
[INFO] running `Command { std: "docker" "create" "-v" "/var/lib/crater-agent-workspace/builds/worker-2-tc2/target:/opt/rustwide/target:rw,Z" "-v" "/var/lib/crater-agent-workspace/builds/worker-2-tc2/source:/opt/rustwide/workdir:ro,Z" "-v" "/var/lib/crater-agent-workspace/cargo-home:/opt/rustwide/cargo-home:ro,Z" "-v" "/var/lib/crater-agent-workspace/rustup-home:/opt/rustwide/rustup-home:ro,Z" "-e" "SOURCE_DIR=/opt/rustwide/workdir" "-e" "CARGO_TARGET_DIR=/opt/rustwide/target" "-e" "CARGO_HOME=/opt/rustwide/cargo-home" "-e" "RUSTUP_HOME=/opt/rustwide/rustup-home" "-w" "/opt/rustwide/workdir" "-m" "1610612736" "--user" "0:0" "--network" "none" "ghcr.io/rust-lang/crates-build-env/linux@sha256:2788e3201cd34a07e3172128adcd8b3090168a8e3bcc40d7c032b9dda1df7d1c" "/opt/rustwide/cargo-home/bin/cargo" "+beta-2023-12-22" "metadata" "--no-deps" "--format-version=1", kill_on_drop: false }`
[INFO] [stdout] b97a1e65c19c9c9e74d30a34f25f25691210ebe4ee4acfbc5dcf9c061abc0e6b
[INFO] running `Command { std: "docker" "start" "-a" "b97a1e65c19c9c9e74d30a34f25f25691210ebe4ee4acfbc5dcf9c061abc0e6b", kill_on_drop: false }`
[INFO] running `Command { std: "docker" "inspect" "b97a1e65c19c9c9e74d30a34f25f25691210ebe4ee4acfbc5dcf9c061abc0e6b", kill_on_drop: false }`
[INFO] running `Command { std: "docker" "rm" "-f" "b97a1e65c19c9c9e74d30a34f25f25691210ebe4ee4acfbc5dcf9c061abc0e6b", kill_on_drop: false }`
[INFO] [stdout] b97a1e65c19c9c9e74d30a34f25f25691210ebe4ee4acfbc5dcf9c061abc0e6b
[INFO] running `Command { std: "docker" "create" "-v" "/var/lib/crater-agent-workspace/builds/worker-2-tc2/target:/opt/rustwide/target:rw,Z" "-v" "/var/lib/crater-agent-workspace/builds/worker-2-tc2/source:/opt/rustwide/workdir:ro,Z" "-v" "/var/lib/crater-agent-workspace/cargo-home:/opt/rustwide/cargo-home:ro,Z" "-v" "/var/lib/crater-agent-workspace/rustup-home:/opt/rustwide/rustup-home:ro,Z" "-e" "SOURCE_DIR=/opt/rustwide/workdir" "-e" "CARGO_TARGET_DIR=/opt/rustwide/target" "-e" "CARGO_INCREMENTAL=0" "-e" "RUST_BACKTRACE=full" "-e" "RUSTFLAGS=--cap-lints=warn" "-e" "RUSTDOCFLAGS=--cap-lints=warn" "-e" "CARGO_HOME=/opt/rustwide/cargo-home" "-e" "RUSTUP_HOME=/opt/rustwide/rustup-home" "-w" "/opt/rustwide/workdir" "-m" "1610612736" "--user" "0:0" "--network" "none" "ghcr.io/rust-lang/crates-build-env/linux@sha256:2788e3201cd34a07e3172128adcd8b3090168a8e3bcc40d7c032b9dda1df7d1c" "/opt/rustwide/cargo-home/bin/cargo" "+beta-2023-12-22" "doc" "--frozen" "--no-deps" "--document-private-items" "--message-format=json", kill_on_drop: false }`
[INFO] [stdout] db7ace8b44083155f934cdf6c9e3b58991530300b5791d687ff40e8ea87a7e13
[INFO] running `Command { std: "docker" "start" "-a" "db7ace8b44083155f934cdf6c9e3b58991530300b5791d687ff40e8ea87a7e13", kill_on_drop: false }`
[INFO] [stderr] warning: virtual workspace defaulting to `resolver = "1"` despite one or more workspace members being on edition 2021 which implies `resolver = "2"`
[INFO] [stderr] note: to keep the current resolver, specify `workspace.resolver = "1"` in the workspace root's manifest
[INFO] [stderr] note: to use the edition 2021 resolver, specify `workspace.resolver = "2"` in the workspace root's manifest
[INFO] [stderr] note: for more details see https://doc.rust-lang.org/cargo/reference/resolver.html#resolver-versions
[INFO] [stderr]     Skipping git submodule `https://github.com/yaml/yaml-test-suite` due to update strategy in .gitmodules
[INFO] [stderr]    Compiling proc-macro2 v1.0.43
[INFO] [stderr]    Compiling quote v1.0.21
[INFO] [stderr]    Compiling unicode-ident v1.0.3
[INFO] [stderr]    Compiling cc v1.0.73
[INFO] [stderr]    Compiling syn v1.0.99
[INFO] [stderr]    Compiling libc v0.2.132
[INFO] [stderr]    Compiling memchr v2.5.0
[INFO] [stderr]    Compiling version_check v0.9.4
[INFO] [stderr]     Checking once_cell v1.14.0
[INFO] [stderr]     Checking cfg-if v1.0.0
[INFO] [stderr]    Compiling autocfg v1.1.0
[INFO] [stderr]     Checking regex-syntax v0.6.27
[INFO] [stderr]    Compiling typenum v1.15.0
[INFO] [stderr]    Compiling proc-macro-hack v0.5.19
[INFO] [stderr]    Compiling serde_derive v1.0.144
[INFO] [stderr]     Checking aho-corasick v0.7.19
[INFO] [stderr]    Compiling num-traits v0.2.15
[INFO] [stderr]    Compiling generic-array v0.14.6
[INFO] [stderr]     Checking itoa v1.0.3
[INFO] [stderr]    Compiling serde v1.0.144
[INFO] [stderr]    Compiling tree-sitter v0.20.9
[INFO] [stderr]    Compiling ucd-trie v0.1.5
[INFO] [stderr]    Compiling proc-macro-error-attr v1.0.4
[INFO] [stderr]     Checking tracing-core v0.1.29
[INFO] [stderr]     Checking lazy_static v1.4.0
[INFO] [stderr]     Checking percent-encoding v2.2.0
[INFO] [stderr]     Checking sharded-slab v0.1.4
[INFO] [stderr]     Checking regex v1.6.0
[INFO] [stderr]    Compiling proc-macro-error v1.0.4
[INFO] [stderr]     Checking thread_local v1.1.4
[INFO] [stderr]     Checking pin-project-lite v0.2.9
[INFO] [stderr]     Checking tinyvec_macros v0.1.0
[INFO] [stderr]     Checking tracing v0.1.36
[INFO] [stderr]     Checking tinyvec v1.6.0
[INFO] [stderr]     Checking tracing-subscriber v0.3.15
[INFO] [stderr]    Compiling proc-quote-impl v0.3.2
[INFO] [stderr]    Compiling tree-sitter-rust v0.20.1
[INFO] [stderr]    Compiling tree-sitter-toml v0.20.0
[INFO] [stderr]    Compiling backtrace v0.3.66
[INFO] [stderr]    Compiling tree-sitter-javascript v0.20.0
[INFO] [stderr]    Compiling tree-sitter-json v0.19.0
[INFO] [stderr]    Compiling tree-sitter-yaml v0.0.1 (https://github.com/traxys/tree-sitter-yaml#6a9e1128)
[INFO] [stderr]    Compiling tree-sitter-nix v0.0.1 (https://github.com/cstrahan/tree-sitter-nix#6b71a810)
[INFO] [stderr]     Checking getrandom v0.2.7
[INFO] [stderr]    Compiling indexmap v1.9.1
[INFO] [stderr]     Checking gimli v0.26.2
[INFO] [stderr]     Checking adler v1.0.2
[INFO] [stderr]     Checking static_assertions v1.1.0
[INFO] [stderr]    Compiling crossbeam-utils v0.8.11
[INFO] [stderr]     Checking num_threads v0.1.6
[INFO] [stderr]    Compiling eyre v0.6.8
[INFO] [stderr]     Checking either v1.8.0
[INFO] [stderr]    Compiling time-macros v0.2.4
[INFO] [stderr]     Checking itertools v0.10.3
[INFO] [stderr]     Checking miniz_oxide v0.5.4
[INFO] [stderr]     Checking tracing-error v0.2.0
[INFO] [stderr]     Checking rand_core v0.6.3
[INFO] [stderr]     Checking unicode-normalization v0.1.21
[INFO] [stderr]    Compiling proc-quote v0.4.0
[INFO] [stderr]     Checking crypto-common v0.1.6
[INFO] [stderr]     Checking block-buffer v0.10.3
[INFO] [stderr]     Checking object v0.29.0
[INFO] [stderr]    Compiling num-integer v0.1.45
[INFO] [stderr]    Compiling unicase v2.6.0
[INFO] [stderr]    Compiling ts-highlight-html v0.1.0 (/opt/rustwide/workdir/ts-highlight-html)
[INFO] [stderr]    Compiling httparse v1.8.0
[INFO] [stdout] error: environment variable `NVIM_TREESITTER` not defined at compile time
[INFO] [stdout]  --> ts-highlight-html/build.rs:9:43
[INFO] [stdout]   |
[INFO] [stdout] 9 |     let nvim_treesitter_queries = concat!(env!("NVIM_TREESITTER"), "/queries");
[INFO] [stdout]   |                                           ^^^^^^^^^^^^^^^^^^^^^^^
[INFO] [stdout]   |
[INFO] [stdout]   = help: use `std::env::var("NVIM_TREESITTER")` to read the variable at run time
[INFO] [stdout]   = note: this error originates in the macro `env` (in Nightly builds, run with -Z macro-backtrace for more info)
[INFO] [stdout] 
[INFO] [stdout] 
[INFO] [stdout] error: aborting due to 1 previous error
[INFO] [stdout] 
[INFO] [stdout] 
[INFO] [stderr] error: could not compile `ts-highlight-html` (build script) due to 2 previous errors
[INFO] [stderr] warning: build failed, waiting for other jobs to finish...
[INFO] running `Command { std: "docker" "inspect" "db7ace8b44083155f934cdf6c9e3b58991530300b5791d687ff40e8ea87a7e13", kill_on_drop: false }`
[INFO] running `Command { std: "docker" "rm" "-f" "db7ace8b44083155f934cdf6c9e3b58991530300b5791d687ff40e8ea87a7e13", kill_on_drop: false }`
[INFO] [stdout] db7ace8b44083155f934cdf6c9e3b58991530300b5791d687ff40e8ea87a7e13
