[INFO] cloning repository https://github.com/ticki/rebar
[INFO] running `Command { std: "git" "-c" "credential.helper=" "-c" "credential.helper=/workspace/cargo-home/bin/git-credential-null" "clone" "--bare" "https://github.com/ticki/rebar" "/workspace/cache/git-repos/https%3A%2F%2Fgithub.com%2Fticki%2Frebar", kill_on_drop: false }`
[INFO] [stderr] Cloning into bare repository '/workspace/cache/git-repos/https%3A%2F%2Fgithub.com%2Fticki%2Frebar'...
[INFO] running `Command { std: "git" "rev-parse" "HEAD", kill_on_drop: false }`
[INFO] [stdout] 971b493419ba89ce027e70bdd90217efbea6365c
[INFO] documenting ticki/rebar against 1.75.0 for beta-1.76-rustdoc-1
[INFO] running `Command { std: "git" "clone" "/workspace/cache/git-repos/https%3A%2F%2Fgithub.com%2Fticki%2Frebar" "/workspace/builds/worker-1-tc1/source", kill_on_drop: false }`
[INFO] [stderr] Cloning into '/workspace/builds/worker-1-tc1/source'...
[INFO] [stderr] done.
[INFO] validating manifest of git repo https://github.com/ticki/rebar on toolchain 1.75.0
[INFO] running `Command { std: CARGO_HOME="/workspace/cargo-home" RUSTUP_HOME="/workspace/rustup-home" "/workspace/cargo-home/bin/cargo" "+1.75.0" "metadata" "--manifest-path" "Cargo.toml" "--no-deps", kill_on_drop: false }`
[INFO] started tweaking git repo https://github.com/ticki/rebar
[INFO] finished tweaking git repo https://github.com/ticki/rebar
[INFO] tweaked toml for git repo https://github.com/ticki/rebar written to /workspace/builds/worker-1-tc1/source/Cargo.toml
[INFO] crate git repo https://github.com/ticki/rebar already has a lockfile, it will not be regenerated
[INFO] running `Command { std: CARGO_HOME="/workspace/cargo-home" RUSTUP_HOME="/workspace/rustup-home" "/workspace/cargo-home/bin/cargo" "+1.75.0" "fetch" "--manifest-path" "Cargo.toml", kill_on_drop: false }`
[INFO] [stderr]     Blocking waiting for file lock on package cache
[ERROR] error running command: no output for 300 seconds
[ERROR] this task or one of its parent failed!
[ERROR] no output for 300 seconds
[ERROR] note: run with `RUST_BACKTRACE=1` to display a backtrace.
[INFO] documenting ticki/rebar against beta-2023-12-22 for beta-1.76-rustdoc-1
[INFO] running `Command { std: "git" "clone" "/workspace/cache/git-repos/https%3A%2F%2Fgithub.com%2Fticki%2Frebar" "/workspace/builds/worker-1-tc2/source", kill_on_drop: false }`
[INFO] [stderr] Cloning into '/workspace/builds/worker-1-tc2/source'...
[INFO] [stderr] done.
[INFO] validating manifest of git repo https://github.com/ticki/rebar on toolchain beta-2023-12-22
[INFO] running `Command { std: CARGO_HOME="/workspace/cargo-home" RUSTUP_HOME="/workspace/rustup-home" "/workspace/cargo-home/bin/cargo" "+beta-2023-12-22" "metadata" "--manifest-path" "Cargo.toml" "--no-deps", kill_on_drop: false }`
[INFO] started tweaking git repo https://github.com/ticki/rebar
[INFO] finished tweaking git repo https://github.com/ticki/rebar
[INFO] tweaked toml for git repo https://github.com/ticki/rebar written to /workspace/builds/worker-1-tc2/source/Cargo.toml
[INFO] crate git repo https://github.com/ticki/rebar already has a lockfile, it will not be regenerated
[INFO] running `Command { std: CARGO_HOME="/workspace/cargo-home" RUSTUP_HOME="/workspace/rustup-home" "/workspace/cargo-home/bin/cargo" "+beta-2023-12-22" "fetch" "--manifest-path" "Cargo.toml", kill_on_drop: false }`
[INFO] [stderr]     Blocking waiting for file lock on package cache
[INFO] [stderr]     Blocking waiting for file lock on package cache
[ERROR] error running command: no output for 300 seconds
[INFO] documenting ticki/rebar against beta-2023-12-22 for beta-1.76-rustdoc-1
[INFO] running `Command { std: "git" "clone" "/workspace/cache/git-repos/https%3A%2F%2Fgithub.com%2Fticki%2Frebar" "/workspace/builds/worker-1-tc2/source", kill_on_drop: false }`
[INFO] [stderr] Cloning into '/workspace/builds/worker-1-tc2/source'...
[INFO] [stderr] done.
[INFO] validating manifest of git repo https://github.com/ticki/rebar on toolchain beta-2023-12-22
[INFO] running `Command { std: CARGO_HOME="/workspace/cargo-home" RUSTUP_HOME="/workspace/rustup-home" "/workspace/cargo-home/bin/cargo" "+beta-2023-12-22" "metadata" "--manifest-path" "Cargo.toml" "--no-deps", kill_on_drop: false }`
[INFO] started tweaking git repo https://github.com/ticki/rebar
[INFO] finished tweaking git repo https://github.com/ticki/rebar
[INFO] tweaked toml for git repo https://github.com/ticki/rebar written to /workspace/builds/worker-1-tc2/source/Cargo.toml
[INFO] crate git repo https://github.com/ticki/rebar already has a lockfile, it will not be regenerated
[INFO] running `Command { std: CARGO_HOME="/workspace/cargo-home" RUSTUP_HOME="/workspace/rustup-home" "/workspace/cargo-home/bin/cargo" "+beta-2023-12-22" "fetch" "--manifest-path" "Cargo.toml", kill_on_drop: false }`
[INFO] [stderr]     Blocking waiting for file lock on package cache
[INFO] [stderr]     Blocking waiting for file lock on package cache
[INFO] [stderr]  Downloading crates ...
[INFO] [stderr]   Downloaded serde_codegen v0.5.3
[INFO] [stderr]   Downloaded mustache v0.6.2
[INFO] [stderr]   Downloaded quasi_codegen v0.3.2
[INFO] [stderr]   Downloaded unicase v1.0.0
[INFO] [stderr]   Downloaded aster v0.4.7
[INFO] [stderr]   Downloaded httparse v0.1.6
[INFO] [stderr]   Downloaded openssl v0.6.5
[INFO] [stderr]   Downloaded openssl-sys v0.6.5
[INFO] [stderr]   Downloaded lazy_static v0.1.14
[INFO] [stderr]   Downloaded url v0.2.37
[INFO] [stderr]   Downloaded serde v0.6.0
[INFO] [stderr]   Downloaded mime v0.1.0
[INFO] [stderr]   Downloaded quasi v0.3.2
[INFO] [stderr]   Downloaded hyper v0.6.14
[INFO] [stderr]   Downloaded quasi_macros v0.3.2
[INFO] [stderr]   Downloaded serde_macros v0.5.3
[INFO] [stderr]   Downloaded gcc v0.3.16
[INFO] [stderr]   Downloaded nickel v0.7.0
[INFO] running `Command { std: "docker" "create" "-v" "/var/lib/crater-agent-workspace/builds/worker-1-tc2/target:/opt/rustwide/target:rw,Z" "-v" "/var/lib/crater-agent-workspace/builds/worker-1-tc2/source:/opt/rustwide/workdir:ro,Z" "-v" "/var/lib/crater-agent-workspace/cargo-home:/opt/rustwide/cargo-home:ro,Z" "-v" "/var/lib/crater-agent-workspace/rustup-home:/opt/rustwide/rustup-home:ro,Z" "-e" "SOURCE_DIR=/opt/rustwide/workdir" "-e" "CARGO_TARGET_DIR=/opt/rustwide/target" "-e" "CARGO_HOME=/opt/rustwide/cargo-home" "-e" "RUSTUP_HOME=/opt/rustwide/rustup-home" "-w" "/opt/rustwide/workdir" "-m" "1610612736" "--user" "0:0" "--network" "none" "ghcr.io/rust-lang/crates-build-env/linux@sha256:2788e3201cd34a07e3172128adcd8b3090168a8e3bcc40d7c032b9dda1df7d1c" "/opt/rustwide/cargo-home/bin/cargo" "+beta-2023-12-22" "metadata" "--no-deps" "--format-version=1", kill_on_drop: false }`
[INFO] [stdout] dc82dee60aad8e41f89617578a5bc4dc8ce13ab8f6b954dd3ce44c4ddaeccc2e
[INFO] running `Command { std: "docker" "start" "-a" "dc82dee60aad8e41f89617578a5bc4dc8ce13ab8f6b954dd3ce44c4ddaeccc2e", kill_on_drop: false }`
[INFO] running `Command { std: "docker" "inspect" "dc82dee60aad8e41f89617578a5bc4dc8ce13ab8f6b954dd3ce44c4ddaeccc2e", kill_on_drop: false }`
[INFO] running `Command { std: "docker" "rm" "-f" "dc82dee60aad8e41f89617578a5bc4dc8ce13ab8f6b954dd3ce44c4ddaeccc2e", kill_on_drop: false }`
[INFO] [stdout] dc82dee60aad8e41f89617578a5bc4dc8ce13ab8f6b954dd3ce44c4ddaeccc2e
[INFO] running `Command { std: "docker" "create" "-v" "/var/lib/crater-agent-workspace/builds/worker-1-tc2/target:/opt/rustwide/target:rw,Z" "-v" "/var/lib/crater-agent-workspace/builds/worker-1-tc2/source:/opt/rustwide/workdir:ro,Z" "-v" "/var/lib/crater-agent-workspace/cargo-home:/opt/rustwide/cargo-home:ro,Z" "-v" "/var/lib/crater-agent-workspace/rustup-home:/opt/rustwide/rustup-home:ro,Z" "-e" "SOURCE_DIR=/opt/rustwide/workdir" "-e" "CARGO_TARGET_DIR=/opt/rustwide/target" "-e" "CARGO_INCREMENTAL=0" "-e" "RUST_BACKTRACE=full" "-e" "RUSTFLAGS=--cap-lints=warn" "-e" "RUSTDOCFLAGS=--cap-lints=warn" "-e" "CARGO_HOME=/opt/rustwide/cargo-home" "-e" "RUSTUP_HOME=/opt/rustwide/rustup-home" "-w" "/opt/rustwide/workdir" "-m" "1610612736" "--user" "0:0" "--network" "none" "ghcr.io/rust-lang/crates-build-env/linux@sha256:2788e3201cd34a07e3172128adcd8b3090168a8e3bcc40d7c032b9dda1df7d1c" "/opt/rustwide/cargo-home/bin/cargo" "+beta-2023-12-22" "doc" "--frozen" "--no-deps" "--document-private-items" "--message-format=json", kill_on_drop: false }`
[INFO] [stdout] cb0c1b861b761d1cf4b4dae304776339946ba27b051c465266965d5a43617dfb
[INFO] running `Command { std: "docker" "start" "-a" "cb0c1b861b761d1cf4b4dae304776339946ba27b051c465266965d5a43617dfb", kill_on_drop: false }`
[INFO] [stderr]     Checking libc v0.1.10
[INFO] [stderr]    Compiling winapi-build v0.1.1
[INFO] [stderr]     Checking winapi v0.2.4
[INFO] [stderr]     Checking rustc-serialize v0.3.16
[INFO] [stderr]    Compiling pkg-config v0.3.5
[INFO] [stderr]    Compiling gcc v0.3.16
[INFO] [stderr]     Checking traitobject v0.0.3
[INFO] [stderr]     Checking lazy_static v0.1.14
[INFO] [stderr]     Checking matches v0.1.2
[INFO] [stderr]     Checking bitflags v0.3.2
[INFO] [stderr]    Compiling aster v0.4.7
[INFO] [stderr]    Compiling serde_codegen v0.5.3
[INFO] [stderr]     Checking typeable v0.1.2
[INFO] [stderr]     Checking language-tags v0.0.7
[INFO] [stderr]    Compiling quasi v0.3.2
[INFO] [stderr]     Checking httparse v0.1.6
[INFO] [stderr]     Checking regex-syntax v0.2.2
[INFO] [stdout] error[E0463]: can't find crate for `syntax`
[INFO] [stdout]   --> /opt/rustwide/cargo-home/registry/src/index.crates.io-6f17d22bba15001f/quasi-0.3.2/src/lib.rs:17:1
[INFO] [stdout]    |
[INFO] [stdout] 17 | extern crate syntax;
[INFO] [stdout]    | ^^^^^^^^^^^^^^^^^^^^ can't find crate
[INFO] [stdout] 
[INFO] [stdout] 
[INFO] [stderr]     Checking unicase v1.0.0
[INFO] [stdout] error[E0554]: `#![feature]` may not be used on the beta release channel
[INFO] [stdout]   --> /opt/rustwide/cargo-home/registry/src/index.crates.io-6f17d22bba15001f/quasi-0.3.2/src/lib.rs:11:43
[INFO] [stdout]    |
[INFO] [stdout] 11 | #![cfg_attr(not(feature = "with-syntex"), feature(rustc_private))]
[INFO] [stdout]    |                                           ^^^^^^^^^^^^^^^^^^^^^^
[INFO] [stdout] 
[INFO] [stdout] 
[INFO] [stderr]     Checking traitobject v0.0.1
[INFO] [stderr]     Checking groupable v0.2.0
[INFO] [stdout] error[E0463]: can't find crate for `syntax`
[INFO] [stdout]  --> /opt/rustwide/cargo-home/registry/src/index.crates.io-6f17d22bba15001f/aster-0.4.7/src/lib.rs:7:1
[INFO] [stdout]   |
[INFO] [stdout] 7 | extern crate syntax;
[INFO] [stdout]   | ^^^^^^^^^^^^^^^^^^^^ can't find crate
[INFO] [stdout] 
[INFO] [stdout] 
[INFO] [stderr]     Checking unsafe-any v0.4.1
[INFO] [stderr]     Checking modifier v0.1.0
[INFO] [stdout] error[E0554]: `#![feature]` may not be used on the beta release channel
[INFO] [stdout]  --> /opt/rustwide/cargo-home/registry/src/index.crates.io-6f17d22bba15001f/aster-0.4.7/src/lib.rs:1:43
[INFO] [stdout]   |
[INFO] [stdout] 1 | #![cfg_attr(not(feature = "with-syntex"), feature(rustc_private))]
[INFO] [stdout]   |                                           ^^^^^^^^^^^^^^^^^^^^^^
[INFO] [stdout] 
[INFO] [stdout] 
[INFO] [stdout] error: aborting due to 2 previous errors
[INFO] [stdout] 
[INFO] [stdout] 
[INFO] [stdout] Some errors have detailed explanations: E0463, E0554.
[INFO] [stdout] 
[INFO] [stdout] For more information about an error, try `rustc --explain E0463`.
[INFO] [stdout] 
[INFO] [stderr]    Compiling kernel32-sys v0.1.4
[INFO] [stderr] error: could not compile `quasi` (lib) due to 3 previous errors
[INFO] [stderr] warning: build failed, waiting for other jobs to finish...
[INFO] [stdout] error[E0642]: patterns aren't allowed in functions without bodies
[INFO] [stdout]    --> /opt/rustwide/cargo-home/registry/src/index.crates.io-6f17d22bba15001f/rustc-serialize-0.3.16/src/serialize.rs:145:45
[INFO] [stdout]     |
[INFO] [stdout] 145 | ...                   &f_name: &str,
[INFO] [stdout]     |                       ^^^^^^^ pattern not allowed in function without body
[INFO] [stdout] 
[INFO] [stdout] 
[INFO] [stdout] error: aborting due to 2 previous errors
[INFO] [stdout] 
[INFO] [stdout] 
[INFO] [stdout] Some errors have detailed explanations: E0463, E0554.
[INFO] [stdout] 
[INFO] [stdout] For more information about an error, try `rustc --explain E0463`.
[INFO] [stdout] 
[INFO] [stderr] error: could not compile `aster` (lib) due to 3 previous errors
[INFO] [stdout] error[E0310]: the parameter type `T` may not live long enough
[INFO] [stdout]    --> /opt/rustwide/cargo-home/registry/src/index.crates.io-6f17d22bba15001f/rustc-serialize-0.3.16/src/serialize.rs:452:5
[INFO] [stdout]     |
[INFO] [stdout] 452 |     fn decode<D: Decoder>(d: &mut D) -> Result<Cow<'static, T>, D::Error> {
[INFO] [stdout]     |     ^^^^^^^^^^^^^^^^^^^^^^^^^^^^^^^^^^^^^^^^^^^^^^^^^^^^^^^^^^^^^^^^^^^^^
[INFO] [stdout]     |     |
[INFO] [stdout]     |     the parameter type `T` must be valid for the static lifetime...
[INFO] [stdout]     |     ...so that the type `T` will meet its required lifetime bounds...
[INFO] [stdout]     |
[INFO] [stdout] note: ...that is required by this bound
[INFO] [stdout]    --> /rustc/0e09125c6c3c2fd70d7de961bcf0e51575235fad/library/alloc/src/borrow.rs:180:30
[INFO] [stdout] help: consider adding an explicit lifetime bound
[INFO] [stdout]     |
[INFO] [stdout] 448 | impl<'a, T: ?Sized + 'static> Decodable for Cow<'a, T>
[INFO] [stdout]     |                    +++++++++
[INFO] [stdout] 
[INFO] [stdout] 
[INFO] [stdout] error: aborting due to 2 previous errors
[INFO] [stdout] 
[INFO] [stdout] 
[INFO] [stdout] Some errors have detailed explanations: E0310, E0642.
[INFO] [stdout] 
[INFO] [stdout] For more information about an error, try `rustc --explain E0310`.
[INFO] [stdout] 
[INFO] [stderr] error: could not compile `rustc-serialize` (lib) due to 3 previous errors
[INFO] running `Command { std: "docker" "inspect" "cb0c1b861b761d1cf4b4dae304776339946ba27b051c465266965d5a43617dfb", kill_on_drop: false }`
[INFO] running `Command { std: "docker" "rm" "-f" "cb0c1b861b761d1cf4b4dae304776339946ba27b051c465266965d5a43617dfb", kill_on_drop: false }`
[INFO] [stdout] cb0c1b861b761d1cf4b4dae304776339946ba27b051c465266965d5a43617dfb
