[INFO] cloning repository https://github.com/thunderstorm010/contpyif
[INFO] running `Command { std: "git" "-c" "credential.helper=" "-c" "credential.helper=/workspace/cargo-home/bin/git-credential-null" "clone" "--bare" "https://github.com/thunderstorm010/contpyif" "/workspace/cache/git-repos/https%3A%2F%2Fgithub.com%2Fthunderstorm010%2Fcontpyif", kill_on_drop: false }`
[INFO] [stderr] Cloning into bare repository '/workspace/cache/git-repos/https%3A%2F%2Fgithub.com%2Fthunderstorm010%2Fcontpyif'...
[INFO] running `Command { std: "git" "rev-parse" "HEAD", kill_on_drop: false }`
[INFO] [stdout] b371552074d94ba9c03335e6f168940f8892da81
[INFO] documenting thunderstorm010/contpyif against 1.75.0 for beta-1.76-rustdoc-1
[INFO] running `Command { std: "git" "clone" "/workspace/cache/git-repos/https%3A%2F%2Fgithub.com%2Fthunderstorm010%2Fcontpyif" "/workspace/builds/worker-1-tc1/source", kill_on_drop: false }`
[INFO] [stderr] Cloning into '/workspace/builds/worker-1-tc1/source'...
[INFO] [stderr] done.
[INFO] validating manifest of git repo https://github.com/thunderstorm010/contpyif on toolchain 1.75.0
[INFO] running `Command { std: CARGO_HOME="/workspace/cargo-home" RUSTUP_HOME="/workspace/rustup-home" "/workspace/cargo-home/bin/cargo" "+1.75.0" "metadata" "--manifest-path" "Cargo.toml" "--no-deps", kill_on_drop: false }`
[INFO] started tweaking git repo https://github.com/thunderstorm010/contpyif
[INFO] finished tweaking git repo https://github.com/thunderstorm010/contpyif
[INFO] tweaked toml for git repo https://github.com/thunderstorm010/contpyif written to /workspace/builds/worker-1-tc1/source/Cargo.toml
[INFO] crate git repo https://github.com/thunderstorm010/contpyif already has a lockfile, it will not be regenerated
[INFO] running `Command { std: CARGO_HOME="/workspace/cargo-home" RUSTUP_HOME="/workspace/rustup-home" "/workspace/cargo-home/bin/cargo" "+1.75.0" "fetch" "--manifest-path" "Cargo.toml", kill_on_drop: false }`
[INFO] [stderr]     Blocking waiting for file lock on package cache
[ERROR] error running command: no output for 300 seconds
[ERROR] this task or one of its parent failed!
[ERROR] no output for 300 seconds
[ERROR] note: run with `RUST_BACKTRACE=1` to display a backtrace.
[INFO] documenting thunderstorm010/contpyif against beta-2023-12-22 for beta-1.76-rustdoc-1
[INFO] running `Command { std: "git" "clone" "/workspace/cache/git-repos/https%3A%2F%2Fgithub.com%2Fthunderstorm010%2Fcontpyif" "/workspace/builds/worker-1-tc2/source", kill_on_drop: false }`
[INFO] [stderr] Cloning into '/workspace/builds/worker-1-tc2/source'...
[INFO] [stderr] done.
[INFO] validating manifest of git repo https://github.com/thunderstorm010/contpyif on toolchain beta-2023-12-22
[INFO] running `Command { std: CARGO_HOME="/workspace/cargo-home" RUSTUP_HOME="/workspace/rustup-home" "/workspace/cargo-home/bin/cargo" "+beta-2023-12-22" "metadata" "--manifest-path" "Cargo.toml" "--no-deps", kill_on_drop: false }`
[INFO] started tweaking git repo https://github.com/thunderstorm010/contpyif
[INFO] finished tweaking git repo https://github.com/thunderstorm010/contpyif
[INFO] tweaked toml for git repo https://github.com/thunderstorm010/contpyif written to /workspace/builds/worker-1-tc2/source/Cargo.toml
[INFO] crate git repo https://github.com/thunderstorm010/contpyif already has a lockfile, it will not be regenerated
[INFO] running `Command { std: CARGO_HOME="/workspace/cargo-home" RUSTUP_HOME="/workspace/rustup-home" "/workspace/cargo-home/bin/cargo" "+beta-2023-12-22" "fetch" "--manifest-path" "Cargo.toml", kill_on_drop: false }`
[INFO] [stderr]     Blocking waiting for file lock on package cache
[INFO] [stderr]     Updating crates.io index
[INFO] [stderr]     Blocking waiting for file lock on package cache
[ERROR] error running command: no output for 300 seconds
[INFO] documenting thunderstorm010/contpyif against beta-2023-12-22 for beta-1.76-rustdoc-1
[INFO] running `Command { std: "git" "clone" "/workspace/cache/git-repos/https%3A%2F%2Fgithub.com%2Fthunderstorm010%2Fcontpyif" "/workspace/builds/worker-1-tc2/source", kill_on_drop: false }`
[INFO] [stderr] Cloning into '/workspace/builds/worker-1-tc2/source'...
[INFO] [stderr] done.
[INFO] validating manifest of git repo https://github.com/thunderstorm010/contpyif on toolchain beta-2023-12-22
[INFO] running `Command { std: CARGO_HOME="/workspace/cargo-home" RUSTUP_HOME="/workspace/rustup-home" "/workspace/cargo-home/bin/cargo" "+beta-2023-12-22" "metadata" "--manifest-path" "Cargo.toml" "--no-deps", kill_on_drop: false }`
[INFO] started tweaking git repo https://github.com/thunderstorm010/contpyif
[INFO] finished tweaking git repo https://github.com/thunderstorm010/contpyif
[INFO] tweaked toml for git repo https://github.com/thunderstorm010/contpyif written to /workspace/builds/worker-1-tc2/source/Cargo.toml
[INFO] crate git repo https://github.com/thunderstorm010/contpyif already has a lockfile, it will not be regenerated
[INFO] running `Command { std: CARGO_HOME="/workspace/cargo-home" RUSTUP_HOME="/workspace/rustup-home" "/workspace/cargo-home/bin/cargo" "+beta-2023-12-22" "fetch" "--manifest-path" "Cargo.toml", kill_on_drop: false }`
[INFO] [stderr]     Blocking waiting for file lock on package cache
[INFO] [stderr]     Blocking waiting for file lock on package cache
[INFO] [stderr]  Downloading crates ...
[INFO] [stderr]   Downloaded rosrust_codegen v0.9.6
[INFO] [stderr]   Downloaded ros_message v0.1.0
[INFO] [stderr]   Downloaded xml-rpc v0.0.12
[INFO] [stderr]   Downloaded rouille v3.6.1
[INFO] [stderr]   Downloaded rosrust_msg v0.1.6
[INFO] [stderr]   Downloaded rosrust v0.9.10
[INFO] running `Command { std: "docker" "create" "-v" "/var/lib/crater-agent-workspace/builds/worker-1-tc2/target:/opt/rustwide/target:rw,Z" "-v" "/var/lib/crater-agent-workspace/builds/worker-1-tc2/source:/opt/rustwide/workdir:ro,Z" "-v" "/var/lib/crater-agent-workspace/cargo-home:/opt/rustwide/cargo-home:ro,Z" "-v" "/var/lib/crater-agent-workspace/rustup-home:/opt/rustwide/rustup-home:ro,Z" "-e" "SOURCE_DIR=/opt/rustwide/workdir" "-e" "CARGO_TARGET_DIR=/opt/rustwide/target" "-e" "CARGO_HOME=/opt/rustwide/cargo-home" "-e" "RUSTUP_HOME=/opt/rustwide/rustup-home" "-w" "/opt/rustwide/workdir" "-m" "1610612736" "--user" "0:0" "--network" "none" "ghcr.io/rust-lang/crates-build-env/linux@sha256:2788e3201cd34a07e3172128adcd8b3090168a8e3bcc40d7c032b9dda1df7d1c" "/opt/rustwide/cargo-home/bin/cargo" "+beta-2023-12-22" "metadata" "--no-deps" "--format-version=1", kill_on_drop: false }`
[INFO] [stdout] a075a4791206a1c4a187b878aac48c77b82dd3eb29bb3752bef003f7359e2e6e
[INFO] running `Command { std: "docker" "start" "-a" "a075a4791206a1c4a187b878aac48c77b82dd3eb29bb3752bef003f7359e2e6e", kill_on_drop: false }`
[INFO] running `Command { std: "docker" "inspect" "a075a4791206a1c4a187b878aac48c77b82dd3eb29bb3752bef003f7359e2e6e", kill_on_drop: false }`
[INFO] running `Command { std: "docker" "rm" "-f" "a075a4791206a1c4a187b878aac48c77b82dd3eb29bb3752bef003f7359e2e6e", kill_on_drop: false }`
[INFO] [stdout] a075a4791206a1c4a187b878aac48c77b82dd3eb29bb3752bef003f7359e2e6e
[INFO] running `Command { std: "docker" "create" "-v" "/var/lib/crater-agent-workspace/builds/worker-1-tc2/target:/opt/rustwide/target:rw,Z" "-v" "/var/lib/crater-agent-workspace/builds/worker-1-tc2/source:/opt/rustwide/workdir:ro,Z" "-v" "/var/lib/crater-agent-workspace/cargo-home:/opt/rustwide/cargo-home:ro,Z" "-v" "/var/lib/crater-agent-workspace/rustup-home:/opt/rustwide/rustup-home:ro,Z" "-e" "SOURCE_DIR=/opt/rustwide/workdir" "-e" "CARGO_TARGET_DIR=/opt/rustwide/target" "-e" "CARGO_INCREMENTAL=0" "-e" "RUST_BACKTRACE=full" "-e" "RUSTFLAGS=--cap-lints=warn" "-e" "RUSTDOCFLAGS=--cap-lints=warn" "-e" "CARGO_HOME=/opt/rustwide/cargo-home" "-e" "RUSTUP_HOME=/opt/rustwide/rustup-home" "-w" "/opt/rustwide/workdir" "-m" "1610612736" "--user" "0:0" "--network" "none" "ghcr.io/rust-lang/crates-build-env/linux@sha256:2788e3201cd34a07e3172128adcd8b3090168a8e3bcc40d7c032b9dda1df7d1c" "/opt/rustwide/cargo-home/bin/cargo" "+beta-2023-12-22" "doc" "--frozen" "--no-deps" "--document-private-items" "--message-format=json", kill_on_drop: false }`
[INFO] [stdout] c3bfb4fa06274f9c8bbbf8fbd2bdb1ff5b399c7c19a1b8c536fd9332bfb2368c
[INFO] running `Command { std: "docker" "start" "-a" "c3bfb4fa06274f9c8bbbf8fbd2bdb1ff5b399c7c19a1b8c536fd9332bfb2368c", kill_on_drop: false }`
[INFO] [stderr]    Compiling libc v0.2.140
[INFO] [stderr]     Checking cfg-if v1.0.0
[INFO] [stderr]    Compiling version_check v0.9.4
[INFO] [stderr]    Compiling autocfg v1.1.0
[INFO] [stderr]    Compiling typenum v1.16.0
[INFO] [stderr]    Compiling proc-macro2 v1.0.53
[INFO] [stderr]    Compiling memchr v2.5.0
[INFO] [stderr]    Compiling quote v1.0.26
[INFO] [stderr]    Compiling unicode-ident v1.0.8
[INFO] [stderr]    Compiling serde v1.0.158
[INFO] [stderr]    Compiling log v0.4.17
[INFO] [stderr]    Compiling cc v1.0.79
[INFO] [stderr]     Checking tinyvec_macros v0.1.1
[INFO] [stderr]    Compiling target-lexicon v0.12.6
[INFO] [stderr]     Checking unicode-bidi v0.3.13
[INFO] [stderr]    Compiling serde_derive v1.0.158
[INFO] [stderr]     Checking tinyvec v1.6.0
[INFO] [stderr]    Compiling io-lifetimes v1.0.9
[INFO] [stderr]     Checking bitflags v1.3.2
[INFO] [stderr]    Compiling crossbeam-utils v0.8.15
[INFO] [stderr]    Compiling rustix v0.36.11
[INFO] [stderr]     Checking safemem v0.3.3
[INFO] [stderr]    Compiling generic-array v0.14.6
[INFO] [stderr]    Compiling unicase v2.6.0
[INFO] [stderr]    Compiling num-traits v0.2.15
[INFO] [stderr]    Compiling memoffset v0.8.0
[INFO] [stderr]     Checking scopeguard v1.1.0
[INFO] [stderr]    Compiling syn v1.0.109
[INFO] [stderr]    Compiling crc32fast v1.3.2
[INFO] [stderr]    Compiling thiserror v1.0.40
[INFO] [stderr]    Compiling httparse v1.8.0
[INFO] [stderr]     Checking unicode-normalization v0.1.22
[INFO] [stderr]    Compiling mime_guess v2.0.4
[INFO] [stderr]    Compiling num-integer v0.1.45
[INFO] [stderr]    Compiling pyo3-build-config v0.18.1
[INFO] [stderr]     Checking linux-raw-sys v0.1.4
[INFO] [stderr]     Checking ppv-lite86 v0.2.17
[INFO] [stderr]     Checking lazy_static v1.4.0
[INFO] [stderr]    Compiling syn v2.0.5
[INFO] [stderr]    Compiling once_cell v1.17.1
[INFO] [stderr]    Compiling backtrace v0.3.67
[INFO] [stderr]     Checking alloc-no-stdlib v2.0.4
[INFO] [stderr]     Checking gimli v0.27.2
[INFO] [stderr]    Compiling version_check v0.1.5
[INFO] [stderr]     Checking adler v1.0.2
[INFO] [stderr]     Checking alloc-stdlib v0.2.2
[INFO] [stderr]     Checking getrandom v0.2.8
[INFO] [stderr]     Checking miniz_oxide v0.6.2
[INFO] [stderr]     Checking num_cpus v1.15.0
[INFO] [stderr]     Checking rand_core v0.6.4
[INFO] [stderr]    Compiling unicase v1.4.2
[INFO] [stderr]     Checking object v0.30.3
[INFO] [stderr]    Compiling crossbeam-epoch v0.9.14
[INFO] [stderr]     Checking rand_chacha v0.3.1
[INFO] [stderr]     Checking log v0.3.9
[INFO] [stderr]    Compiling error-chain v0.12.4
[INFO] [stderr]     Checking rustc-demangle v0.1.21
[INFO] [stderr]     Checking byteorder v1.4.3
[INFO] [stderr]     Checking mime v0.3.17
[INFO] [stderr]     Checking fastrand v1.9.0
[INFO] [stderr]    Compiling serde_json v1.0.94
[INFO] [stderr]     Checking percent-encoding v2.2.0
[INFO] [stderr]     Checking matches v0.1.10
[INFO] [stderr]     Checking idna v0.1.5
[INFO] [stderr]     Checking crypto-common v0.1.6
[INFO] [stderr]     Checking block-buffer v0.10.4
[INFO] [stderr]     Checking form_urlencoded v1.1.0
[INFO] [stderr]    Compiling block-buffer v0.9.0
[INFO] [stderr]     Checking digest v0.10.6
[INFO] [stderr]    Compiling digest v0.9.0
[INFO] [stderr]     Checking rand v0.8.5
[INFO] [stderr]     Checking gzip-header v1.0.0
[INFO] [stderr]     Checking brotli-decompressor v2.3.4
[INFO] [stderr]     Checking idna v0.3.0
[INFO] [stderr]    Compiling aho-corasick v0.7.20
[INFO] [stderr]     Checking buf_redux v0.8.4
[INFO] [stderr]     Checking twoway v0.1.8
[INFO] [stderr]     Checking iana-time-zone v0.1.54
[INFO] [stderr]     Checking adler32 v1.2.0
[INFO] [stderr]    Compiling crossbeam-queue v0.3.8
[INFO] [stderr]    Compiling either v1.8.1
[INFO] [stderr]     Checking percent-encoding v1.0.1
[INFO] [stderr]     Checking ascii v1.1.0
[INFO] [stderr]     Checking tempfile v3.4.0
[INFO] [stderr]    Compiling regex v0.2.11
[INFO] [stderr]     Checking chunked_transfer v1.4.1
[INFO] [stderr]     Checking ucd-util v0.1.10
[INFO] [stderr]     Checking ryu v1.0.13
[INFO] [stderr]     Checking bitflags v0.7.0
[INFO] [stderr]     Checking time-core v0.1.0
[INFO] [stderr]    Compiling opaque-debug v0.3.0
[INFO] [stderr]     Checking cpufeatures v0.2.5
[INFO] [stderr]     Checking num_threads v0.1.6
[INFO] [stderr]     Checking httpdate v1.0.2
[INFO] [stderr]    Compiling regex-syntax v0.6.29
[INFO] [stderr]     Checking itoa v1.0.6
[INFO] [stderr]     Checking quick-error v1.2.3
[INFO] [stderr]     Checking brotli v3.3.4
[INFO] [stderr]     Checking time v0.3.20
[INFO] [stderr]     Checking sha1 v0.10.5
[INFO] [stderr]     Checking tiny_http v0.12.0
[INFO] [stderr]     Checking multipart v0.18.0
[INFO] [stderr]     Checking regex-syntax v0.5.6
[INFO] [stderr]     Checking addr2line v0.19.0
[INFO] [stderr]    Compiling md-5 v0.9.1
[INFO] [stderr]     Checking xml-rs v0.3.6
[INFO] [stderr]    Compiling pyo3-ffi v0.18.1
[INFO] [stderr]    Compiling itertools v0.10.5
[INFO] [stderr]     Checking url v1.7.2
[INFO] [stderr]     Checking deflate v1.0.0
[INFO] [stderr]     Checking url v2.3.1
[INFO] [stderr]     Checking chrono v0.4.24
[INFO] [stderr]     Checking base64 v0.9.3
[INFO] [stderr]     Checking mime v0.2.6
[INFO] [stderr]     Checking threadpool v1.8.1
[INFO] [stderr]     Checking time v0.1.45
[INFO] [stderr]    Compiling thiserror-impl v1.0.40
[INFO] [stderr]     Checking filetime v0.2.20
[INFO] [stderr]     Checking thread_local v0.3.6
[INFO] [stderr]     Checking aho-corasick v0.6.10
[INFO] [stderr]    Compiling lock_api v0.4.9
[INFO] [stderr]     Checking language-tags v0.2.2
[INFO] [stderr]     Checking traitobject v0.1.0
[INFO] [stderr]    Compiling hex v0.4.3
[INFO] [stderr]     Checking utf8-ranges v1.0.5
[INFO] [stderr]    Compiling array-init v2.1.0
[INFO] [stderr]     Checking safemem v0.2.0
[INFO] [stderr]     Checking typeable v0.1.2
[INFO] [stderr]     Checking static_assertions v1.1.0
[INFO] [stderr]     Checking bitflags v0.9.1
[INFO] [stderr]     Checking base64 v0.13.1
[INFO] [stderr]    Compiling parking_lot_core v0.9.7
[INFO] [stderr]     Checking error-chain v0.10.0
[INFO] [stderr]     Checking nix v0.26.2
[INFO] [stderr]     Checking xml-rs v0.6.1
[INFO] [stderr]     Checking hyper v0.10.16
[INFO] [stderr]     Checking base64 v0.6.0
[INFO] [stderr]     Checking crossbeam-deque v0.8.3
[INFO] [stderr]     Checking serde-xml-rs v0.2.1
[INFO] [stderr]    Compiling regex v1.7.2
[INFO] [stderr]     Checking serde_bytes v0.10.5
[INFO] [stderr]     Checking atty v0.2.14
[INFO] [stderr]     Checking crossbeam-channel v0.5.7
[INFO] [stderr]     Checking futures v0.1.31
[INFO] [stderr]     Checking smallvec v1.10.0
[INFO] [stderr]     Checking linked-hash-map v0.5.6
[INFO] [stderr]     Checking match_cfg v0.1.0
[INFO] [stderr]     Checking hostname v0.3.1
[INFO] [stderr]     Checking yaml-rust v0.4.5
[INFO] [stderr]     Checking crossbeam v0.8.2
[INFO] [stderr]     Checking ctrlc v3.2.5
[INFO] [stderr]     Checking colored v2.0.0
[INFO] [stderr]    Compiling pyo3-macros-backend v0.18.1
[INFO] [stderr]    Compiling pyo3 v0.18.1
[INFO] [stderr]     Checking serial-core v0.4.0
[INFO] [stderr]     Checking termios v0.2.2
[INFO] [stderr]     Checking socket2 v0.4.9
[INFO] [stderr]     Checking ioctl-rs v0.1.6
[INFO] [stderr]    Compiling rosrust_msg v0.1.6
[INFO] [stderr]     Checking parking_lot v0.12.1
[INFO] [stderr]     Checking serial-unix v0.4.0
[INFO] [stderr]     Checking unindent v0.1.11
[INFO] [stderr]    Compiling indoc v1.0.9
[INFO] [stderr]     Checking serial v0.4.0
[INFO] [stderr]     Checking rouille v3.6.1
[INFO] [stderr]    Compiling ros_message v0.1.0
[INFO] [stderr]     Checking xml-rpc v0.0.12
[INFO] [stderr]    Compiling rosrust_codegen v0.9.6
[INFO] [stderr]    Compiling pyo3-macros v0.18.1
[INFO] [stderr]     Checking rosrust v0.9.10
[INFO] [stdout] error: proc macro panicked
[INFO] [stdout]  --> /opt/rustwide/target/debug/build/rosrust_msg-49dd2b6e5651d2a8/out/messages.rs:2:1
[INFO] [stdout]   |
[INFO] [stdout] 2 | rosrust::rosmsg_include!(,IGNORE_BAD);
[INFO] [stdout]   | ^^^^^^^^^^^^^^^^^^^^^^^^^^^^^^^^^^^^^
[INFO] [stdout]   |
[INFO] [stdout]   = help: message: Failed to parse all message paths
[INFO] [stdout] 
[INFO] [stdout] 
[INFO] [stdout] error: aborting due to 1 previous error
[INFO] [stdout] 
[INFO] [stdout] 
[INFO] [stderr] error: could not compile `rosrust_msg` (lib) due to 2 previous errors
[INFO] [stderr] warning: build failed, waiting for other jobs to finish...
[INFO] running `Command { std: "docker" "inspect" "c3bfb4fa06274f9c8bbbf8fbd2bdb1ff5b399c7c19a1b8c536fd9332bfb2368c", kill_on_drop: false }`
[INFO] running `Command { std: "docker" "rm" "-f" "c3bfb4fa06274f9c8bbbf8fbd2bdb1ff5b399c7c19a1b8c536fd9332bfb2368c", kill_on_drop: false }`
[INFO] [stdout] c3bfb4fa06274f9c8bbbf8fbd2bdb1ff5b399c7c19a1b8c536fd9332bfb2368c
