[INFO] cloning repository https://github.com/thunderfury-org/thunderfury
[INFO] running `Command { std: "git" "-c" "credential.helper=" "-c" "credential.helper=/workspace/cargo-home/bin/git-credential-null" "clone" "--bare" "https://github.com/thunderfury-org/thunderfury" "/workspace/cache/git-repos/https%3A%2F%2Fgithub.com%2Fthunderfury-org%2Fthunderfury", kill_on_drop: false }`
[INFO] [stderr] Cloning into bare repository '/workspace/cache/git-repos/https%3A%2F%2Fgithub.com%2Fthunderfury-org%2Fthunderfury'...
[INFO] running `Command { std: "git" "rev-parse" "HEAD", kill_on_drop: false }`
[INFO] [stdout] 1c59e766d022fca880f8892e968c27f516d85e93
[INFO] documenting thunderfury-org/thunderfury against 1.75.0 for beta-1.76-rustdoc-1
[INFO] running `Command { std: "git" "clone" "/workspace/cache/git-repos/https%3A%2F%2Fgithub.com%2Fthunderfury-org%2Fthunderfury" "/workspace/builds/worker-4-tc1/source", kill_on_drop: false }`
[INFO] [stderr] Cloning into '/workspace/builds/worker-4-tc1/source'...
[INFO] [stderr] done.
[INFO] validating manifest of git repo https://github.com/thunderfury-org/thunderfury on toolchain 1.75.0
[INFO] running `Command { std: CARGO_HOME="/workspace/cargo-home" RUSTUP_HOME="/workspace/rustup-home" "/workspace/cargo-home/bin/cargo" "+1.75.0" "metadata" "--manifest-path" "Cargo.toml" "--no-deps", kill_on_drop: false }`
[INFO] started tweaking git repo https://github.com/thunderfury-org/thunderfury
[INFO] finished tweaking git repo https://github.com/thunderfury-org/thunderfury
[INFO] tweaked toml for git repo https://github.com/thunderfury-org/thunderfury written to /workspace/builds/worker-4-tc1/source/Cargo.toml
[INFO] crate git repo https://github.com/thunderfury-org/thunderfury already has a lockfile, it will not be regenerated
[INFO] running `Command { std: CARGO_HOME="/workspace/cargo-home" RUSTUP_HOME="/workspace/rustup-home" "/workspace/cargo-home/bin/cargo" "+1.75.0" "fetch" "--manifest-path" "Cargo.toml", kill_on_drop: false }`
[INFO] [stderr]     Blocking waiting for file lock on package cache
[INFO] [stderr]     Updating crates.io index
[INFO] [stderr]     Blocking waiting for file lock on package cache
[ERROR] error running command: no output for 300 seconds
[ERROR] this task or one of its parent failed!
[ERROR] no output for 300 seconds
[ERROR] note: run with `RUST_BACKTRACE=1` to display a backtrace.
[INFO] documenting thunderfury-org/thunderfury against beta-2023-12-22 for beta-1.76-rustdoc-1
[INFO] running `Command { std: "git" "clone" "/workspace/cache/git-repos/https%3A%2F%2Fgithub.com%2Fthunderfury-org%2Fthunderfury" "/workspace/builds/worker-4-tc2/source", kill_on_drop: false }`
[INFO] [stderr] Cloning into '/workspace/builds/worker-4-tc2/source'...
[INFO] [stderr] done.
[INFO] validating manifest of git repo https://github.com/thunderfury-org/thunderfury on toolchain beta-2023-12-22
[INFO] running `Command { std: CARGO_HOME="/workspace/cargo-home" RUSTUP_HOME="/workspace/rustup-home" "/workspace/cargo-home/bin/cargo" "+beta-2023-12-22" "metadata" "--manifest-path" "Cargo.toml" "--no-deps", kill_on_drop: false }`
[INFO] started tweaking git repo https://github.com/thunderfury-org/thunderfury
[INFO] finished tweaking git repo https://github.com/thunderfury-org/thunderfury
[INFO] tweaked toml for git repo https://github.com/thunderfury-org/thunderfury written to /workspace/builds/worker-4-tc2/source/Cargo.toml
[INFO] crate git repo https://github.com/thunderfury-org/thunderfury already has a lockfile, it will not be regenerated
[INFO] running `Command { std: CARGO_HOME="/workspace/cargo-home" RUSTUP_HOME="/workspace/rustup-home" "/workspace/cargo-home/bin/cargo" "+beta-2023-12-22" "fetch" "--manifest-path" "Cargo.toml", kill_on_drop: false }`
[INFO] [stderr]     Blocking waiting for file lock on package cache
[ERROR] error running command: no output for 300 seconds
[INFO] documenting thunderfury-org/thunderfury against beta-2023-12-22 for beta-1.76-rustdoc-1
[INFO] running `Command { std: "git" "clone" "/workspace/cache/git-repos/https%3A%2F%2Fgithub.com%2Fthunderfury-org%2Fthunderfury" "/workspace/builds/worker-4-tc2/source", kill_on_drop: false }`
[INFO] [stderr] Cloning into '/workspace/builds/worker-4-tc2/source'...
[INFO] [stderr] done.
[INFO] validating manifest of git repo https://github.com/thunderfury-org/thunderfury on toolchain beta-2023-12-22
[INFO] running `Command { std: CARGO_HOME="/workspace/cargo-home" RUSTUP_HOME="/workspace/rustup-home" "/workspace/cargo-home/bin/cargo" "+beta-2023-12-22" "metadata" "--manifest-path" "Cargo.toml" "--no-deps", kill_on_drop: false }`
[INFO] started tweaking git repo https://github.com/thunderfury-org/thunderfury
[INFO] finished tweaking git repo https://github.com/thunderfury-org/thunderfury
[INFO] tweaked toml for git repo https://github.com/thunderfury-org/thunderfury written to /workspace/builds/worker-4-tc2/source/Cargo.toml
[INFO] crate git repo https://github.com/thunderfury-org/thunderfury already has a lockfile, it will not be regenerated
[INFO] running `Command { std: CARGO_HOME="/workspace/cargo-home" RUSTUP_HOME="/workspace/rustup-home" "/workspace/cargo-home/bin/cargo" "+beta-2023-12-22" "fetch" "--manifest-path" "Cargo.toml", kill_on_drop: false }`
[INFO] [stderr]     Blocking waiting for file lock on package cache
[INFO] [stderr]     Blocking waiting for file lock on package cache
[INFO] [stderr]  Downloading crates ...
[INFO] [stderr]   Downloaded actix-web-static-files v4.0.1
[INFO] [stderr]   Downloaded sea-query-derive v0.4.0
[INFO] [stderr]   Downloaded path-slash v0.1.5
[INFO] [stderr]   Downloaded sea-orm-macros v0.12.2
[INFO] [stderr]   Downloaded sea-orm-cli v0.12.2
[INFO] [stderr]   Downloaded sea-orm-migration v0.12.2
[INFO] [stderr]   Downloaded sha256 v1.3.0
[INFO] [stderr]   Downloaded static-files v0.2.3
[INFO] [stderr]   Downloaded utoipa v3.4.4
[INFO] [stderr]   Downloaded rss v2.0.6
[INFO] [stderr]   Downloaded sea-query v0.30.0
[INFO] [stderr]   Downloaded sea-orm v0.12.2
[INFO] [stderr]   Downloaded utoipa-gen v3.4.5
[INFO] [stderr]   Downloaded lingua v1.5.0
[INFO] [stderr]   Downloaded utoipa-swagger-ui v3.1.5
[INFO] [stderr]   Downloaded sea-schema v0.14.0
[INFO] running `Command { std: "docker" "create" "-v" "/var/lib/crater-agent-workspace/builds/worker-4-tc2/target:/opt/rustwide/target:rw,Z" "-v" "/var/lib/crater-agent-workspace/builds/worker-4-tc2/source:/opt/rustwide/workdir:ro,Z" "-v" "/var/lib/crater-agent-workspace/cargo-home:/opt/rustwide/cargo-home:ro,Z" "-v" "/var/lib/crater-agent-workspace/rustup-home:/opt/rustwide/rustup-home:ro,Z" "-e" "SOURCE_DIR=/opt/rustwide/workdir" "-e" "CARGO_TARGET_DIR=/opt/rustwide/target" "-e" "CARGO_HOME=/opt/rustwide/cargo-home" "-e" "RUSTUP_HOME=/opt/rustwide/rustup-home" "-w" "/opt/rustwide/workdir" "-m" "1610612736" "--user" "0:0" "--network" "none" "ghcr.io/rust-lang/crates-build-env/linux@sha256:2788e3201cd34a07e3172128adcd8b3090168a8e3bcc40d7c032b9dda1df7d1c" "/opt/rustwide/cargo-home/bin/cargo" "+beta-2023-12-22" "metadata" "--no-deps" "--format-version=1", kill_on_drop: false }`
[INFO] [stdout] 64a20260f571ad14ac9e28480ae9b3f078d37b302ce9a5274a82bf57ba5e8f31
[INFO] running `Command { std: "docker" "start" "-a" "64a20260f571ad14ac9e28480ae9b3f078d37b302ce9a5274a82bf57ba5e8f31", kill_on_drop: false }`
[INFO] running `Command { std: "docker" "inspect" "64a20260f571ad14ac9e28480ae9b3f078d37b302ce9a5274a82bf57ba5e8f31", kill_on_drop: false }`
[INFO] running `Command { std: "docker" "rm" "-f" "64a20260f571ad14ac9e28480ae9b3f078d37b302ce9a5274a82bf57ba5e8f31", kill_on_drop: false }`
[INFO] [stdout] 64a20260f571ad14ac9e28480ae9b3f078d37b302ce9a5274a82bf57ba5e8f31
[INFO] running `Command { std: "docker" "create" "-v" "/var/lib/crater-agent-workspace/builds/worker-4-tc2/target:/opt/rustwide/target:rw,Z" "-v" "/var/lib/crater-agent-workspace/builds/worker-4-tc2/source:/opt/rustwide/workdir:ro,Z" "-v" "/var/lib/crater-agent-workspace/cargo-home:/opt/rustwide/cargo-home:ro,Z" "-v" "/var/lib/crater-agent-workspace/rustup-home:/opt/rustwide/rustup-home:ro,Z" "-e" "SOURCE_DIR=/opt/rustwide/workdir" "-e" "CARGO_TARGET_DIR=/opt/rustwide/target" "-e" "CARGO_INCREMENTAL=0" "-e" "RUST_BACKTRACE=full" "-e" "RUSTFLAGS=--cap-lints=warn" "-e" "RUSTDOCFLAGS=--cap-lints=warn" "-e" "CARGO_HOME=/opt/rustwide/cargo-home" "-e" "RUSTUP_HOME=/opt/rustwide/rustup-home" "-w" "/opt/rustwide/workdir" "-m" "1610612736" "--user" "0:0" "--network" "none" "ghcr.io/rust-lang/crates-build-env/linux@sha256:2788e3201cd34a07e3172128adcd8b3090168a8e3bcc40d7c032b9dda1df7d1c" "/opt/rustwide/cargo-home/bin/cargo" "+beta-2023-12-22" "doc" "--frozen" "--no-deps" "--document-private-items" "--message-format=json", kill_on_drop: false }`
[INFO] [stdout] f4010b5be473af40611fbfd08c5e746dc119bde84d67c3be1cd078438cbfa157
[INFO] running `Command { std: "docker" "start" "-a" "f4010b5be473af40611fbfd08c5e746dc119bde84d67c3be1cd078438cbfa157", kill_on_drop: false }`
[INFO] [stderr]    Compiling libc v0.2.147
[INFO] [stderr]    Compiling proc-macro2 v1.0.66
[INFO] [stderr]    Compiling unicode-ident v1.0.11
[INFO] [stderr]    Compiling autocfg v1.1.0
[INFO] [stderr]    Compiling version_check v0.9.4
[INFO] [stderr]     Checking cfg-if v1.0.0
[INFO] [stderr]    Compiling memchr v2.5.0
[INFO] [stderr]    Compiling serde v1.0.183
[INFO] [stderr]    Compiling serde_derive v1.0.183
[INFO] [stderr]     Checking once_cell v1.18.0
[INFO] [stderr]     Checking pin-project-lite v0.2.12
[INFO] [stderr]    Compiling typenum v1.16.0
[INFO] [stderr]    Compiling syn v1.0.109
[INFO] [stderr]     Checking scopeguard v1.2.0
[INFO] [stderr]    Compiling futures-core v0.3.28
[INFO] [stderr]     Checking log v0.4.20
[INFO] [stderr]     Checking smallvec v1.11.0
[INFO] [stderr]     Checking itoa v1.0.9
[INFO] [stderr]    Compiling libm v0.2.7
[INFO] [stderr]    Compiling parking_lot_core v0.9.8
[INFO] [stderr]     Checking bytes v1.4.0
[INFO] [stderr]     Checking spin v0.5.2
[INFO] [stderr]     Checking const-oid v0.9.5
[INFO] [stderr]     Checking futures-sink v0.3.28
[INFO] [stderr]     Checking tracing-core v0.1.31
[INFO] [stderr]    Compiling futures-channel v0.3.28
[INFO] [stderr]    Compiling futures-task v0.3.28
[INFO] [stderr]    Compiling futures-util v0.3.28
[INFO] [stderr]    Compiling generic-array v0.14.7
[INFO] [stderr]     Checking subtle v2.5.0
[INFO] [stderr]     Checking pin-utils v0.1.0
[INFO] [stderr]     Checking futures-io v0.3.28
[INFO] [stderr]    Compiling num-traits v0.2.16
[INFO] [stderr]    Compiling lock_api v0.4.10
[INFO] [stderr]    Compiling slab v0.4.8
[INFO] [stderr]    Compiling num-integer v0.1.45
[INFO] [stderr]     Checking ryu v1.0.15
[INFO] [stderr]    Compiling quote v1.0.32
[INFO] [stderr]    Compiling ahash v0.8.3
[INFO] [stderr]     Checking ppv-lite86 v0.2.17
[INFO] [stderr]    Compiling time-core v0.1.1
[INFO] [stderr]    Compiling pkg-config v0.3.27
[INFO] [stderr]    Compiling serde_json v1.0.104
[INFO] [stderr]    Compiling time-macros v0.2.11
[INFO] [stderr]    Compiling num-bigint v0.4.3
[INFO] [stderr]    Compiling syn v2.0.28
[INFO] [stderr]    Compiling crossbeam-utils v0.8.16
[INFO] [stderr]     Checking percent-encoding v2.3.0
[INFO] [stderr]    Compiling jobserver v0.1.26
[INFO] [stderr]     Checking tinyvec_macros v0.1.1
[INFO] [stderr]    Compiling heck v0.4.1
[INFO] [stderr]     Checking num_threads v0.1.6
[INFO] [stderr]     Checking untrusted v0.7.1
[INFO] [stderr]     Checking tinyvec v1.6.0
[INFO] [stderr]     Checking getrandom v0.2.10
[INFO] [stderr]     Checking num_cpus v1.16.0
[INFO] [stderr]     Checking socket2 v0.5.3
[INFO] [stderr]    Compiling cc v1.0.82
[INFO] [stderr]     Checking mio v0.8.8
[INFO] [stderr]     Checking signal-hook-registry v1.4.1
[INFO] [stderr]     Checking rand_core v0.6.4
[INFO] [stderr]     Checking parking_lot v0.12.1
[INFO] [stderr]     Checking cpufeatures v0.2.9
[INFO] [stderr]     Checking rand_chacha v0.3.1
[INFO] [stderr]    Compiling unicase v2.6.0
[INFO] [stderr]    Compiling paste v1.0.14
[INFO] [stderr]     Checking unicode-bidi v0.3.13
[INFO] [stderr]     Checking rand v0.8.5
[INFO] [stderr]     Checking time v0.1.45
[INFO] [stderr]     Checking form_urlencoded v1.2.0
[INFO] [stderr]     Checking lazy_static v1.4.0
[INFO] [stderr]    Compiling fnv v1.0.7
[INFO] [stderr]     Checking iana-time-zone v0.1.57
[INFO] [stderr]    Compiling crc32fast v1.3.2
[INFO] [stderr]    Compiling thiserror v1.0.44
[INFO] [stderr]     Checking allocator-api2 v0.2.16
[INFO] [stderr]     Checking base64 v0.21.2
[INFO] [stderr]    Compiling num-iter v0.1.43
[INFO] [stderr]    Compiling proc-macro-error-attr v1.0.4
[INFO] [stderr]    Compiling rust_decimal v1.31.0
[INFO] [stderr]     Checking unicode-normalization v0.1.22
[INFO] [stderr]     Checking crypto-common v0.1.6
[INFO] [stderr]     Checking block-buffer v0.10.4
[INFO] [stderr]    Compiling rustls v0.21.6
[INFO] [stderr]    Compiling mime_guess v2.0.4
[INFO] [stderr]     Checking digest v0.10.7
[INFO] [stderr]     Checking aho-corasick v1.0.3
[INFO] [stderr]    Compiling proc-macro-error v1.0.4
[INFO] [stderr]     Checking hashbrown v0.14.0
[INFO] [stderr]     Checking zeroize v1.6.0
[INFO] [stderr]     Checking arrayvec v0.7.4
[INFO] [stderr]     Checking regex-syntax v0.7.4
[INFO] [stderr]     Checking base64ct v1.6.0
[INFO] [stderr]     Checking sha2 v0.10.7
[INFO] [stderr]     Checking equivalent v1.0.1
[INFO] [stderr]     Checking idna v0.4.0
[INFO] [stderr]     Checking pem-rfc7468 v0.7.0
[INFO] [stderr]     Checking http v0.2.9
[INFO] [stderr]    Compiling ring v0.16.20
[INFO] [stderr]    Compiling indexmap v1.9.3
[INFO] [stderr]    Compiling zstd-sys v2.0.8+zstd.1.5.5
[INFO] [stderr]     Checking der v0.7.8
[INFO] [stderr]     Checking sha1 v0.10.5
[INFO] [stderr]     Checking url v2.4.0
[INFO] [stderr]     Checking adler v1.0.2
[INFO] [stderr]     Checking byteorder v1.4.3
[INFO] [stderr]     Checking bigdecimal v0.3.1
[INFO] [stderr]    Compiling httparse v1.8.0
[INFO] [stderr]    Compiling crossbeam-queue v0.3.8
[INFO] [stderr]     Checking minimal-lexical v0.2.1
[INFO] [stderr]     Checking hashbrown v0.12.3
[INFO] [stderr]    Compiling glob v0.3.1
[INFO] [stderr]     Checking miniz_oxide v0.7.1
[INFO] [stderr]     Checking nom v7.1.3
[INFO] [stderr]     Checking rustls-pemfile v1.0.3
[INFO] [stderr]     Checking regex-automata v0.3.6
[INFO] [stderr]     Checking encoding_rs v0.8.32
[INFO] [stderr]     Checking deranged v0.3.7
[INFO] [stderr]     Checking chrono v0.4.26
[INFO] [stderr]     Checking either v1.9.0
[INFO] [stderr]     Checking bitflags v2.4.0
[INFO] [stderr]     Checking indexmap v2.0.0
[INFO] [stderr]     Checking uuid v1.4.1
[INFO] [stderr]     Checking spki v0.7.2
[INFO] [stderr]     Checking itertools v0.10.5
[INFO] [stderr]    Compiling path-matchers v1.0.2
[INFO] [stderr]     Checking alloc-no-stdlib v2.0.4
[INFO] [stderr]    Compiling vcpkg v0.2.15
[INFO] [stderr]     Checking time v0.3.25
[INFO] [stderr]    Compiling ident_case v1.0.1
[INFO] [stderr]    Compiling mime v0.3.17
[INFO] [stderr]    Compiling strsim v0.10.0
[INFO] [stderr]    Compiling path-slash v0.1.5
[INFO] [stderr]     Checking hex v0.4.3
[INFO] [stderr]     Checking unicode_categories v0.1.1
[INFO] [stderr]    Compiling rustix v0.38.8
[INFO] [stderr]     Checking crc-catalog v2.2.0
[INFO] [stderr]    Compiling num-bigint-dig v0.8.4
[INFO] [stderr]     Checking dotenvy v0.15.7
[INFO] [stderr]    Compiling darling_core v0.14.4
[INFO] [stderr]     Checking crc v3.0.1
[INFO] [stderr]    Compiling change-detection v1.2.0
[INFO] [stderr]     Checking sqlformat v0.2.1
[INFO] [stderr]     Checking alloc-stdlib v0.2.2
[INFO] [stderr]     Checking pkcs8 v0.10.2
[INFO] [stderr]     Checking hashlink v0.8.3
[INFO] [stderr]     Checking atoi v2.0.0
[INFO] [stderr]     Checking futures-intrusive v0.5.0
[INFO] [stderr]     Checking socket2 v0.4.9
[INFO] [stderr]    Compiling memoffset v0.9.0
[INFO] [stderr]     Checking httpdate v1.0.3
[INFO] [stderr]     Checking event-listener v2.5.3
[INFO] [stderr]    Compiling zstd-safe v6.0.6
[INFO] [stderr]     Checking local-waker v0.1.3
[INFO] [stderr]    Compiling libsqlite3-sys v0.26.0
[INFO] [stderr]     Checking linux-raw-sys v0.4.5
[INFO] [stderr]    Compiling rustversion v1.0.14
[INFO] [stderr]    Compiling static-files v0.2.3
[INFO] [stderr]     Checking flate2 v1.0.26
[INFO] [stderr]     Checking pkcs1 v0.7.5
[INFO] [stderr]     Checking brotli-decompressor v2.3.4
[INFO] [stderr]     Checking regex v1.9.3
[INFO] [stderr]     Checking hmac v0.12.1
[INFO] [stderr]     Checking signature v2.1.0
[INFO] [stderr]     Checking ordered-float v3.7.0
[INFO] [stderr]     Checking spin v0.9.8
[INFO] [stderr]    Compiling crossbeam-epoch v0.9.15
[INFO] [stderr]     Checking regex-syntax v0.6.29
[INFO] [stderr]     Checking utf8parse v0.2.1
[INFO] [stderr]     Checking rsa v0.9.2
[INFO] [stderr]     Checking anstyle-parse v0.2.1
[INFO] [stderr]    Compiling tracing v0.1.37
[INFO] [stderr]     Checking rustls-webpki v0.101.3
[INFO] [stderr]     Checking sct v0.7.0
[INFO] [stderr]     Checking hkdf v0.12.3
[INFO] [stderr]     Checking is-terminal v0.4.9
[INFO] [stderr]     Checking actix-utils v3.0.1
[INFO] [stderr]    Compiling bytestring v1.3.0
[INFO] [stderr]     Checking brotli v3.3.4
[INFO] [stderr]     Checking stringprep v0.1.3
[INFO] [stderr]     Checking md-5 v0.10.5
[INFO] [stderr]     Checking actix-service v2.0.2
[INFO] [stderr]    Compiling derivative v2.2.0
[INFO] [stderr]     Checking webpki-roots v0.24.0
[INFO] [stderr]    Compiling dirs-sys v0.3.7
[INFO] [stderr]    Compiling include_dir_macros v0.7.3
[INFO] [stderr]    Compiling num-rational v0.4.1
[INFO] [stderr]    Compiling ahash v0.7.6
[INFO] [stderr]    Compiling cookie v0.16.2
[INFO] [stderr]    Compiling same-file v1.0.6
[INFO] [stderr]     Checking anstyle v1.0.1
[INFO] [stderr]     Checking whoami v1.4.1
[INFO] [stderr]    Compiling async-trait v0.1.73
[INFO] [stderr]    Compiling darling_macro v0.14.4
[INFO] [stderr]     Checking static_assertions v1.1.0
[INFO] [stderr]     Checking overload v0.1.1
[INFO] [stderr]     Checking bitflags v1.3.2
[INFO] [stderr]     Checking anstyle-query v1.0.0
[INFO] [stderr]     Checking colorchoice v1.0.0
[INFO] [stderr]    Compiling convert_case v0.4.0
[INFO] [stderr]     Checking nu-ansi-term v0.46.0
[INFO] [stderr]     Checking anstream v0.3.2
[INFO] [stderr]    Compiling tokio-macros v2.1.0
[INFO] [stderr]    Compiling tracing-attributes v0.1.26
[INFO] [stderr]    Compiling futures-macro v0.3.28
[INFO] [stderr]    Compiling thiserror-impl v1.0.44
[INFO] [stderr]    Compiling pin-project-internal v1.1.3
[INFO] [stderr]    Compiling inherent v1.0.10
[INFO] [stderr]     Checking regex-automata v0.1.10
[INFO] [stderr]     Checking include_dir v0.7.3
[INFO] [stderr]    Compiling derive_more v0.99.17
[INFO] [stderr]    Compiling walkdir v2.3.3
[INFO] [stderr]    Compiling dirs v4.0.0
[INFO] [stderr]     Checking matchers v0.1.0
[INFO] [stderr]     Checking serde_urlencoded v0.7.1
[INFO] [stderr]     Checking crossbeam-channel v0.5.8
[INFO] [stderr]     Checking sharded-slab v0.1.4
[INFO] [stderr]    Compiling darling v0.14.4
[INFO] [stderr]     Checking tokio v1.31.0
[INFO] [stderr]    Compiling derive_builder_core v0.12.0
[INFO] [stderr]     Checking tracing-log v0.1.3
[INFO] [stderr]     Checking thread_local v1.1.7
[INFO] [stderr]    Compiling rayon-core v1.11.0
[INFO] [stderr]     Checking try-lock v0.2.4
[INFO] [stderr]     Checking language-tags v0.3.2
[INFO] [stderr]     Checking clap_lex v0.5.0
[INFO] [stderr]     Checking want v0.3.1
[INFO] [stderr]    Compiling zip v0.6.6
[INFO] [stderr]     Checking clap_builder v4.3.21
[INFO] [stderr]     Checking crossbeam-deque v0.8.3
[INFO] [stderr]    Compiling sea-query-derive v0.4.0
[INFO] [stderr]    Compiling rust-embed-utils v7.8.1
[INFO] [stderr]    Compiling shellexpand v2.1.2
[INFO] [stderr]     Checking pin-project v1.1.3
[INFO] [stderr]     Checking flume v0.10.14
[INFO] [stderr]    Compiling async-stream-impl v0.3.5
[INFO] [stderr]    Compiling ouroboros_macro v0.17.2
[INFO] [stderr]    Compiling sea-bae v0.2.0
[INFO] [stderr]    Compiling derive_builder_macro v0.12.0
[INFO] [stderr]    Compiling clap_derive v4.3.12
[INFO] [stderr]    Compiling actix-macros v0.2.4
[INFO] [stderr]    Compiling actix-router v0.5.1
[INFO] [stderr]    Compiling sea-schema-derive v0.2.0
[INFO] [stderr]     Checking tracing-subscriber v0.3.17
[INFO] [stderr]     Checking sea-query v0.30.0
[INFO] [stderr]     Checking http-body v0.4.5
[INFO] [stderr]     Checking num-complex v0.4.4
[INFO] [stderr]     Checking aliasable v0.1.3
[INFO] [stderr]     Checking tower-service v0.3.2
[INFO] [stderr]     Checking derive_builder v0.12.0
[INFO] [stderr]     Checking async-stream v0.3.5
[INFO] [stderr]    Compiling sea-orm-macros v0.12.2
[INFO] [stderr]    Compiling utoipa-swagger-ui v3.1.5
[INFO] [stderr]    Compiling rust-embed-impl v6.8.1
[INFO] [stderr]    Compiling actix-web-static-files v4.0.1
[INFO] [stderr]    Compiling utoipa-gen v3.4.5
[INFO] [stderr]    Compiling actix-web-codegen v4.2.0
[INFO] [stderr]     Checking num v0.4.1
[INFO] [stderr]     Checking castaway v0.2.2
[INFO] [stderr]    Compiling strum_macros v0.24.3
[INFO] [stderr]     Checking webpki v0.22.0
[INFO] [stderr]     Checking quick-xml v0.30.0
[INFO] [stderr]     Checking futures-executor v0.3.28
[INFO] [stderr]     Checking futures v0.3.28
[INFO] [stderr]     Checking local-channel v0.1.3
[INFO] [stderr]     Checking diligent-date-parser v0.1.4
[INFO] [stderr]    Compiling backtrace v0.3.68
[INFO] [stderr]     Checking never v0.1.0
[INFO] [stderr]     Checking gimli v0.27.3
[INFO] [stderr]    Compiling anyhow v1.0.72
[INFO] [stderr]     Checking strum v0.25.0
[INFO] [stderr]     Checking ouroboros v0.17.2
[INFO] [stderr]     Checking atom_syndication v0.12.2
[INFO] [stderr]     Checking webpki-roots v0.22.6
[INFO] [stderr]     Checking rayon v1.7.0
[INFO] [stderr]     Checking compact_str v0.7.1
[INFO] [stderr]     Checking rust-embed v6.8.1
[INFO] [stderr]     Checking fraction v0.13.1
[INFO] [stderr] error: could not compile `tokio` (lib)
[INFO] [stderr] 
[INFO] [stderr] Caused by:
[INFO] [stderr]   process didn't exit successfully: `/opt/rustwide/rustup-home/toolchains/beta-2023-12-22-x86_64-unknown-linux-gnu/bin/rustc --crate-name tokio --edition=2021 /opt/rustwide/cargo-home/registry/src/index.crates.io-6f17d22bba15001f/tokio-1.31.0/src/lib.rs --error-format=json --json=diagnostic-rendered-ansi,artifacts,future-incompat --crate-type lib --emit=dep-info,metadata -C embed-bitcode=no -C debuginfo=2 --cfg 'feature="bytes"' --cfg 'feature="default"' --cfg 'feature="fs"' --cfg 'feature="full"' --cfg 'feature="io-std"' --cfg 'feature="io-util"' --cfg 'feature="libc"' --cfg 'feature="macros"' --cfg 'feature="mio"' --cfg 'feature="net"' --cfg 'feature="num_cpus"' --cfg 'feature="parking_lot"' --cfg 'feature="process"' --cfg 'feature="rt"' --cfg 'feature="rt-multi-thread"' --cfg 'feature="signal"' --cfg 'feature="signal-hook-registry"' --cfg 'feature="socket2"' --cfg 'feature="sync"' --cfg 'feature="time"' --cfg 'feature="tokio-macros"' -C metadata=88f70de438aec088 -C extra-filename=-88f70de438aec088 --out-dir /opt/rustwide/target/debug/deps -L dependency=/opt/rustwide/target/debug/deps --extern bytes=/opt/rustwide/target/debug/deps/libbytes-dd9fa1fea82c9d3d.rmeta --extern libc=/opt/rustwide/target/debug/deps/liblibc-b62f66b1a42d23c6.rmeta --extern mio=/opt/rustwide/target/debug/deps/libmio-85e9427cb03c0a4d.rmeta --extern num_cpus=/opt/rustwide/target/debug/deps/libnum_cpus-8e9767db4f834d66.rmeta --extern parking_lot=/opt/rustwide/target/debug/deps/libparking_lot-f433d6535dafc739.rmeta --extern pin_project_lite=/opt/rustwide/target/debug/deps/libpin_project_lite-d1a4941173755bb7.rmeta --extern signal_hook_registry=/opt/rustwide/target/debug/deps/libsignal_hook_registry-48a50ff408d44f4d.rmeta --extern socket2=/opt/rustwide/target/debug/deps/libsocket2-561a9625c55b6080.rmeta --extern tokio_macros=/opt/rustwide/target/debug/deps/libtokio_macros-b5fbd667473be716.so --cap-lints allow --cap-lints=warn` (signal: 9, SIGKILL: kill)
[INFO] [stderr] warning: build failed, waiting for other jobs to finish...
[INFO] running `Command { std: "docker" "inspect" "f4010b5be473af40611fbfd08c5e746dc119bde84d67c3be1cd078438cbfa157", kill_on_drop: false }`
[INFO] running `Command { std: "docker" "rm" "-f" "f4010b5be473af40611fbfd08c5e746dc119bde84d67c3be1cd078438cbfa157", kill_on_drop: false }`
[INFO] [stdout] f4010b5be473af40611fbfd08c5e746dc119bde84d67c3be1cd078438cbfa157
