[INFO] cloning repository https://github.com/sumeet/SOLDIER
[INFO] running `Command { std: "git" "-c" "credential.helper=" "-c" "credential.helper=/workspace/cargo-home/bin/git-credential-null" "clone" "--bare" "https://github.com/sumeet/SOLDIER" "/workspace/cache/git-repos/https%3A%2F%2Fgithub.com%2Fsumeet%2FSOLDIER", kill_on_drop: false }`
[INFO] [stderr] Cloning into bare repository '/workspace/cache/git-repos/https%3A%2F%2Fgithub.com%2Fsumeet%2FSOLDIER'...
[INFO] running `Command { std: "git" "rev-parse" "HEAD", kill_on_drop: false }`
[INFO] [stdout] 1515668b08046e5e2c8d22e45aa8a3af3d24fb2e
[INFO] documenting sumeet/SOLDIER against 1.75.0 for beta-1.76-rustdoc-1
[INFO] running `Command { std: "git" "clone" "/workspace/cache/git-repos/https%3A%2F%2Fgithub.com%2Fsumeet%2FSOLDIER" "/workspace/builds/worker-0-tc1/source", kill_on_drop: false }`
[INFO] [stderr] Cloning into '/workspace/builds/worker-0-tc1/source'...
[INFO] [stderr] done.
[INFO] validating manifest of git repo https://github.com/sumeet/SOLDIER on toolchain 1.75.0
[INFO] running `Command { std: CARGO_HOME="/workspace/cargo-home" RUSTUP_HOME="/workspace/rustup-home" "/workspace/cargo-home/bin/cargo" "+1.75.0" "metadata" "--manifest-path" "Cargo.toml" "--no-deps", kill_on_drop: false }`
[INFO] started tweaking git repo https://github.com/sumeet/SOLDIER
[INFO] finished tweaking git repo https://github.com/sumeet/SOLDIER
[INFO] tweaked toml for git repo https://github.com/sumeet/SOLDIER written to /workspace/builds/worker-0-tc1/source/Cargo.toml
[INFO] crate git repo https://github.com/sumeet/SOLDIER already has a lockfile, it will not be regenerated
[INFO] running `Command { std: CARGO_HOME="/workspace/cargo-home" RUSTUP_HOME="/workspace/rustup-home" "/workspace/cargo-home/bin/cargo" "+1.75.0" "fetch" "--manifest-path" "Cargo.toml", kill_on_drop: false }`
[INFO] [stderr]     Blocking waiting for file lock on package cache
[ERROR] error running command: no output for 300 seconds
[ERROR] this task or one of its parent failed!
[ERROR] no output for 300 seconds
[ERROR] note: run with `RUST_BACKTRACE=1` to display a backtrace.
[INFO] documenting sumeet/SOLDIER against beta-2023-12-22 for beta-1.76-rustdoc-1
[INFO] running `Command { std: "git" "clone" "/workspace/cache/git-repos/https%3A%2F%2Fgithub.com%2Fsumeet%2FSOLDIER" "/workspace/builds/worker-0-tc2/source", kill_on_drop: false }`
[INFO] [stderr] Cloning into '/workspace/builds/worker-0-tc2/source'...
[INFO] [stderr] done.
[INFO] validating manifest of git repo https://github.com/sumeet/SOLDIER on toolchain beta-2023-12-22
[INFO] running `Command { std: CARGO_HOME="/workspace/cargo-home" RUSTUP_HOME="/workspace/rustup-home" "/workspace/cargo-home/bin/cargo" "+beta-2023-12-22" "metadata" "--manifest-path" "Cargo.toml" "--no-deps", kill_on_drop: false }`
[INFO] started tweaking git repo https://github.com/sumeet/SOLDIER
[INFO] finished tweaking git repo https://github.com/sumeet/SOLDIER
[INFO] tweaked toml for git repo https://github.com/sumeet/SOLDIER written to /workspace/builds/worker-0-tc2/source/Cargo.toml
[INFO] crate git repo https://github.com/sumeet/SOLDIER already has a lockfile, it will not be regenerated
[INFO] running `Command { std: CARGO_HOME="/workspace/cargo-home" RUSTUP_HOME="/workspace/rustup-home" "/workspace/cargo-home/bin/cargo" "+beta-2023-12-22" "fetch" "--manifest-path" "Cargo.toml", kill_on_drop: false }`
[INFO] [stderr]     Blocking waiting for file lock on package cache
[INFO] [stderr]     Updating crates.io index
[INFO] [stderr]     Blocking waiting for file lock on package cache
[ERROR] error running command: no output for 300 seconds
[INFO] documenting sumeet/SOLDIER against beta-2023-12-22 for beta-1.76-rustdoc-1
[INFO] running `Command { std: "git" "clone" "/workspace/cache/git-repos/https%3A%2F%2Fgithub.com%2Fsumeet%2FSOLDIER" "/workspace/builds/worker-0-tc2/source", kill_on_drop: false }`
[INFO] [stderr] Cloning into '/workspace/builds/worker-0-tc2/source'...
[INFO] [stderr] done.
[INFO] validating manifest of git repo https://github.com/sumeet/SOLDIER on toolchain beta-2023-12-22
[INFO] running `Command { std: CARGO_HOME="/workspace/cargo-home" RUSTUP_HOME="/workspace/rustup-home" "/workspace/cargo-home/bin/cargo" "+beta-2023-12-22" "metadata" "--manifest-path" "Cargo.toml" "--no-deps", kill_on_drop: false }`
[INFO] started tweaking git repo https://github.com/sumeet/SOLDIER
[INFO] finished tweaking git repo https://github.com/sumeet/SOLDIER
[INFO] tweaked toml for git repo https://github.com/sumeet/SOLDIER written to /workspace/builds/worker-0-tc2/source/Cargo.toml
[INFO] crate git repo https://github.com/sumeet/SOLDIER already has a lockfile, it will not be regenerated
[INFO] running `Command { std: CARGO_HOME="/workspace/cargo-home" RUSTUP_HOME="/workspace/rustup-home" "/workspace/cargo-home/bin/cargo" "+beta-2023-12-22" "fetch" "--manifest-path" "Cargo.toml", kill_on_drop: false }`
[INFO] [stderr]     Blocking waiting for file lock on package cache
[INFO] [stderr]     Blocking waiting for file lock on package cache
[INFO] [stderr]  Downloading crates ...
[INFO] [stderr]   Downloaded pocket-resources v0.3.2
[INFO] [stderr]   Downloaded hyphenation_commons v0.8.4
[INFO] [stderr]   Downloaded pretty v0.11.2
[INFO] [stderr]   Downloaded dyn_partial_eq v0.1.2
[INFO] [stderr]   Downloaded hyphenation v0.8.4
[INFO] [stderr]   Downloaded dyn_partial_eq_derive v0.1.2
[INFO] running `Command { std: "docker" "create" "-v" "/var/lib/crater-agent-workspace/builds/worker-0-tc2/target:/opt/rustwide/target:rw,Z" "-v" "/var/lib/crater-agent-workspace/builds/worker-0-tc2/source:/opt/rustwide/workdir:ro,Z" "-v" "/var/lib/crater-agent-workspace/cargo-home:/opt/rustwide/cargo-home:ro,Z" "-v" "/var/lib/crater-agent-workspace/rustup-home:/opt/rustwide/rustup-home:ro,Z" "-e" "SOURCE_DIR=/opt/rustwide/workdir" "-e" "CARGO_TARGET_DIR=/opt/rustwide/target" "-e" "CARGO_HOME=/opt/rustwide/cargo-home" "-e" "RUSTUP_HOME=/opt/rustwide/rustup-home" "-w" "/opt/rustwide/workdir" "-m" "1610612736" "--user" "0:0" "--network" "none" "ghcr.io/rust-lang/crates-build-env/linux@sha256:2788e3201cd34a07e3172128adcd8b3090168a8e3bcc40d7c032b9dda1df7d1c" "/opt/rustwide/cargo-home/bin/cargo" "+beta-2023-12-22" "metadata" "--no-deps" "--format-version=1", kill_on_drop: false }`
[INFO] [stdout] ac0fa3ee001499e45717d3b3049babcf54b3c9e9c8945f3ca16e05c68107b529
[INFO] running `Command { std: "docker" "start" "-a" "ac0fa3ee001499e45717d3b3049babcf54b3c9e9c8945f3ca16e05c68107b529", kill_on_drop: false }`
[INFO] running `Command { std: "docker" "inspect" "ac0fa3ee001499e45717d3b3049babcf54b3c9e9c8945f3ca16e05c68107b529", kill_on_drop: false }`
[INFO] running `Command { std: "docker" "rm" "-f" "ac0fa3ee001499e45717d3b3049babcf54b3c9e9c8945f3ca16e05c68107b529", kill_on_drop: false }`
[INFO] [stdout] ac0fa3ee001499e45717d3b3049babcf54b3c9e9c8945f3ca16e05c68107b529
[INFO] running `Command { std: "docker" "create" "-v" "/var/lib/crater-agent-workspace/builds/worker-0-tc2/target:/opt/rustwide/target:rw,Z" "-v" "/var/lib/crater-agent-workspace/builds/worker-0-tc2/source:/opt/rustwide/workdir:ro,Z" "-v" "/var/lib/crater-agent-workspace/cargo-home:/opt/rustwide/cargo-home:ro,Z" "-v" "/var/lib/crater-agent-workspace/rustup-home:/opt/rustwide/rustup-home:ro,Z" "-e" "SOURCE_DIR=/opt/rustwide/workdir" "-e" "CARGO_TARGET_DIR=/opt/rustwide/target" "-e" "CARGO_INCREMENTAL=0" "-e" "RUST_BACKTRACE=full" "-e" "RUSTFLAGS=--cap-lints=warn" "-e" "RUSTDOCFLAGS=--cap-lints=warn" "-e" "CARGO_HOME=/opt/rustwide/cargo-home" "-e" "RUSTUP_HOME=/opt/rustwide/rustup-home" "-w" "/opt/rustwide/workdir" "-m" "1610612736" "--user" "0:0" "--network" "none" "ghcr.io/rust-lang/crates-build-env/linux@sha256:2788e3201cd34a07e3172128adcd8b3090168a8e3bcc40d7c032b9dda1df7d1c" "/opt/rustwide/cargo-home/bin/cargo" "+beta-2023-12-22" "doc" "--frozen" "--no-deps" "--document-private-items" "--message-format=json", kill_on_drop: false }`
[INFO] [stdout] d222bc7d0749ed6a2251d5c385a9f58a3e48d0259e83c821cf2fb0c0bb8a419b
[INFO] running `Command { std: "docker" "start" "-a" "d222bc7d0749ed6a2251d5c385a9f58a3e48d0259e83c821cf2fb0c0bb8a419b", kill_on_drop: false }`
[INFO] [stderr]    Compiling proc-macro2 v1.0.36
[INFO] [stderr]    Compiling unicode-xid v0.2.2
[INFO] [stderr]    Compiling syn v1.0.90
[INFO] [stderr]    Compiling serde_derive v1.0.136
[INFO] [stderr]    Compiling serde v1.0.136
[INFO] [stderr]    Compiling fst v0.4.7
[INFO] [stderr]    Compiling memchr v2.4.1
[INFO] [stderr]    Compiling regex-syntax v0.6.25
[INFO] [stderr]    Compiling pocket-resources v0.3.2
[INFO] [stderr]    Compiling log v0.4.16
[INFO] [stderr]    Compiling anyhow v1.0.56
[INFO] [stderr]     Checking cfg-if v1.0.0
[INFO] [stderr]    Compiling peg-runtime v0.8.0
[INFO] [stderr]    Compiling aho-corasick v0.7.18
[INFO] [stderr]    Compiling quote v1.0.17
[INFO] [stderr]     Checking unicode-segmentation v1.9.0
[INFO] [stderr]     Checking arrayvec v0.5.2
[INFO] [stderr]     Checking unicode-width v0.1.9
[INFO] [stderr]     Checking either v1.6.1
[INFO] [stderr]    Compiling peg-macros v0.8.0
[INFO] [stderr]     Checking smawk v0.3.1
[INFO] [stderr]     Checking typed-arena v2.0.1
[INFO] [stderr]     Checking itertools v0.10.3
[INFO] [stderr]     Checking litrs v0.2.3
[INFO] [stderr]     Checking pretty v0.11.2
[INFO] [stderr]     Checking lazy_static v1.4.0
[INFO] [stderr]     Checking dyn-clone v1.0.5
[INFO] [stderr]    Compiling regex v1.5.5
[INFO] [stderr]     Checking peg v0.8.0
[INFO] [stderr]    Compiling unicode-linebreak v0.1.2
[INFO] [stderr]    Compiling dyn_partial_eq_derive v0.1.2
[INFO] [stderr]     Checking dyn_partial_eq v0.1.2
[INFO] [stderr]     Checking bincode v1.3.3
[INFO] [stderr]     Checking hyphenation_commons v0.8.4
[INFO] [stderr]    Compiling hyphenation v0.8.4
[INFO] [stderr]     Checking textwrap v0.15.0
[INFO] [stderr]  Documenting zac v0.1.0 (/opt/rustwide/workdir)
[INFO] [stderr]     Checking zac v0.1.0 (/opt/rustwide/workdir)
[INFO] [stdout] error[E0557]: feature has been removed
[INFO] [stdout]  --> src/lib.rs:3:12
[INFO] [stdout]   |
[INFO] [stdout] 3 | #![feature(in_band_lifetimes)]
[INFO] [stdout]   |            ^^^^^^^^^^^^^^^^^ feature has been removed
[INFO] [stdout]   |
[INFO] [stdout]   = note: removed due to unsolved ergonomic questions and added lifetime resolution complexity
[INFO] [stdout] 
[INFO] [stdout] 
[INFO] [stdout] error[E0557]: feature has been removed
[INFO] [stdout]  --> src/lib.rs:4:12
[INFO] [stdout]   |
[INFO] [stdout] 4 | #![feature(box_syntax)]
[INFO] [stdout]   |            ^^^^^^^^^^ feature has been removed
[INFO] [stdout]   |
[INFO] [stdout]   = note: replaced with `#[rustc_box]`
[INFO] [stdout] 
[INFO] [stdout] 
[INFO] [stdout] error[E0557]: feature has been removed
[INFO] [stdout]  --> src/lib.rs:3:12
[INFO] [stdout]   |
[INFO] [stdout] 3 | #![feature(in_band_lifetimes)]
[INFO] [stdout]   |            ^^^^^^^^^^^^^^^^^ feature has been removed
[INFO] [stdout]   |
[INFO] [stdout]   = note: removed due to unsolved ergonomic questions and added lifetime resolution complexity
[INFO] [stdout] 
[INFO] [stdout] 
[INFO] [stdout] error[E0557]: feature has been removed
[INFO] [stdout]  --> src/lib.rs:4:12
[INFO] [stdout]   |
[INFO] [stdout] 4 | #![feature(box_syntax)]
[INFO] [stdout]   |            ^^^^^^^^^^ feature has been removed
[INFO] [stdout]   |
[INFO] [stdout]   = note: replaced with `#[rustc_box]`
[INFO] [stdout] 
[INFO] [stdout] 
[INFO] [stdout] error: Compilation failed, aborting rustdoc
[INFO] [stdout] 
[INFO] [stdout] 
[INFO] [stdout] error: aborting due to 3 previous errors
[INFO] [stdout] 
[INFO] [stdout] 
[INFO] [stdout] For more information about this error, try `rustc --explain E0557`.
[INFO] [stdout] 
[INFO] [stderr] error: could not document `zac`
[INFO] [stderr] 
[INFO] [stderr] Caused by:
[INFO] [stderr]   process didn't exit successfully: `/opt/rustwide/rustup-home/toolchains/beta-2023-12-22-x86_64-unknown-linux-gnu/bin/rustdoc --edition=2021 --crate-type lib --crate-name zac_lib src/lib.rs -o /opt/rustwide/target/doc --error-format=json --json=diagnostic-rendered-ansi,artifacts,future-incompat --document-private-items -C metadata=70be4bd72332c0e1 -L dependency=/opt/rustwide/target/debug/deps --extern anyhow=/opt/rustwide/target/debug/deps/libanyhow-f48d71b7526ff0dc.rmeta --extern dyn_clone=/opt/rustwide/target/debug/deps/libdyn_clone-5c12c7d984a260fa.rmeta --extern dyn_partial_eq=/opt/rustwide/target/debug/deps/libdyn_partial_eq-0481ae1ec62e69de.rmeta --extern hyphenation=/opt/rustwide/target/debug/deps/libhyphenation-a56ee2db77e6ceb2.rmeta --extern itertools=/opt/rustwide/target/debug/deps/libitertools-81d225fd7326669d.rmeta --extern lazy_static=/opt/rustwide/target/debug/deps/liblazy_static-cc91e7c9c894213a.rmeta --extern litrs=/opt/rustwide/target/debug/deps/liblitrs-92c8d8941877f9ab.rmeta --extern peg=/opt/rustwide/target/debug/deps/libpeg-08513ceeadfc4074.rmeta --extern pretty=/opt/rustwide/target/debug/deps/libpretty-bf382388b52405d4.rmeta --extern textwrap=/opt/rustwide/target/debug/deps/libtextwrap-ef004a0391272dea.rmeta --cap-lints=warn --crate-version 0.1.0` (exit status: 1)
[INFO] [stderr] warning: build failed, waiting for other jobs to finish...
[INFO] [stdout] error[E0261]: use of undeclared lifetime name `'a`
[INFO] [stdout]    --> src/parser.rs:109:15
[INFO] [stdout]     |
[INFO] [stdout] 108 | pub fn find_comments_mut(
[INFO] [stdout]     |                         - help: consider introducing lifetime `'a` here: `<'a>`
[INFO] [stdout] 109 |     program: &'a mut Program,
[INFO] [stdout]     |               ^^ undeclared lifetime
[INFO] [stdout] 
[INFO] [stdout] 
[INFO] [stdout] error[E0261]: use of undeclared lifetime name `'a`
[INFO] [stdout]    --> src/parser.rs:110:38
[INFO] [stdout]     |
[INFO] [stdout] 108 | pub fn find_comments_mut(
[INFO] [stdout]     |                         - help: consider introducing lifetime `'a` here: `<'a>`
[INFO] [stdout] 109 |     program: &'a mut Program,
[INFO] [stdout] 110 | ) -> anyhow::Result<HashMap<String, &'a mut Comment>> {
[INFO] [stdout]     |                                      ^^ undeclared lifetime
[INFO] [stdout] 
[INFO] [stdout] 
[INFO] [stdout] error[E0261]: use of undeclared lifetime name `'a`
[INFO] [stdout]    --> src/parser.rs:118:34
[INFO] [stdout]     |
[INFO] [stdout] 118 | fn find_expr_comments_mut(expr: &'a mut Expr) -> anyhow::Result<HashMap<String, &'a mut Comment>> {
[INFO] [stdout]     |                          -       ^^ undeclared lifetime
[INFO] [stdout]     |                          |
[INFO] [stdout]     |                          help: consider introducing lifetime `'a` here: `<'a>`
[INFO] [stdout] 
[INFO] [stdout] 
[INFO] [stdout] error[E0261]: use of undeclared lifetime name `'a`
[INFO] [stdout]    --> src/parser.rs:118:82
[INFO] [stdout]     |
[INFO] [stdout] 118 | fn find_expr_comments_mut(expr: &'a mut Expr) -> anyhow::Result<HashMap<String, &'a mut Comment>> {
[INFO] [stdout]     |                          - help: consider introducing lifetime `'a` here: `<'a>` ^^ undeclared lifetime
[INFO] [stdout] 
[INFO] [stdout] 
[INFO] [stdout] error[E0261]: use of undeclared lifetime name `'a`
[INFO] [stdout]    --> src/parser.rs:169:28
[INFO] [stdout]     |
[INFO] [stdout] 168 | pub fn try_extend<K: Eq + Hash + Send + Sync + Debug + Display, V: Send + Sync + Debug>(
[INFO] [stdout]     |                   - help: consider introducing lifetime `'a` here: `'a,`
[INFO] [stdout] 169 |     into: &mut HashMap<K, &'a mut V>,
[INFO] [stdout]     |                            ^^ undeclared lifetime
[INFO] [stdout] 
[INFO] [stdout] 
[INFO] [stdout] error[E0261]: use of undeclared lifetime name `'a`
[INFO] [stdout]    --> src/parser.rs:170:28
[INFO] [stdout]     |
[INFO] [stdout] 168 | pub fn try_extend<K: Eq + Hash + Send + Sync + Debug + Display, V: Send + Sync + Debug>(
[INFO] [stdout]     |                   - help: consider introducing lifetime `'a` here: `'a,`
[INFO] [stdout] 169 |     into: &mut HashMap<K, &'a mut V>,
[INFO] [stdout] 170 |     from: &mut HashMap<K, &'a mut V>,
[INFO] [stdout]     |                            ^^ undeclared lifetime
[INFO] [stdout] 
[INFO] [stdout] 
[INFO] [stdout] error[E0261]: use of undeclared lifetime name `'a`
[INFO] [stdout]    --> src/parser.rs:179:28
[INFO] [stdout]     |
[INFO] [stdout] 178 | fn try_insert<K: Eq + Hash + Send + Sync + Debug + Display, V: Send + Sync + Debug>(
[INFO] [stdout]     |               - help: consider introducing lifetime `'a` here: `'a,`
[INFO] [stdout] 179 |     into: &mut HashMap<K, &'a mut V>,
[INFO] [stdout]     |                            ^^ undeclared lifetime
[INFO] [stdout] 
[INFO] [stdout] 
[INFO] [stdout] error[E0261]: use of undeclared lifetime name `'a`
[INFO] [stdout]    --> src/parser.rs:181:9
[INFO] [stdout]     |
[INFO] [stdout] 178 | fn try_insert<K: Eq + Hash + Send + Sync + Debug + Display, V: Send + Sync + Debug>(
[INFO] [stdout]     |               - help: consider introducing lifetime `'a` here: `'a,`
[INFO] [stdout] ...
[INFO] [stdout] 181 |     v: &'a mut V,
[INFO] [stdout]     |         ^^ undeclared lifetime
[INFO] [stdout] 
[INFO] [stdout] 
[INFO] [stdout] error[E0554]: `#![feature]` may not be used on the beta release channel
[INFO] [stdout]  --> src/lib.rs:1:1
[INFO] [stdout]   |
[INFO] [stdout] 1 | #![feature(exclusive_range_pattern)]
[INFO] [stdout]   | ^^^^^^^^^^^^^^^^^^^^^^^^^^^^^^^^^^^^
[INFO] [stdout] 
[INFO] [stdout] 
[INFO] [stdout] error[E0554]: `#![feature]` may not be used on the beta release channel
[INFO] [stdout]  --> src/lib.rs:2:1
[INFO] [stdout]   |
[INFO] [stdout] 2 | #![feature(map_try_insert)]
[INFO] [stdout]   | ^^^^^^^^^^^^^^^^^^^^^^^^^^^
[INFO] [stdout] 
[INFO] [stdout] 
[INFO] [stdout] error[E0554]: `#![feature]` may not be used on the beta release channel
[INFO] [stdout]  --> src/lib.rs:3:1
[INFO] [stdout]   |
[INFO] [stdout] 3 | #![feature(in_band_lifetimes)]
[INFO] [stdout]   | ^^^^^^^^^^^^^^^^^^^^^^^^^^^^^^
[INFO] [stdout] 
[INFO] [stdout] 
[INFO] [stdout] error[E0554]: `#![feature]` may not be used on the beta release channel
[INFO] [stdout]  --> src/lib.rs:4:1
[INFO] [stdout]   |
[INFO] [stdout] 4 | #![feature(box_syntax)]
[INFO] [stdout]   | ^^^^^^^^^^^^^^^^^^^^^^^
[INFO] [stdout] 
[INFO] [stdout] 
[INFO] [stdout] error[E0554]: `#![feature]` may not be used on the beta release channel
[INFO] [stdout]  --> src/lib.rs:2:12
[INFO] [stdout]   |
[INFO] [stdout] 2 | #![feature(map_try_insert)]
[INFO] [stdout]   |            ^^^^^^^^^^^^^^
[INFO] [stdout] 
[INFO] [stdout] 
[INFO] [stdout] error: aborting due to 15 previous errors
[INFO] [stdout] 
[INFO] [stdout] 
[INFO] [stdout] Some errors have detailed explanations: E0261, E0554, E0557.
[INFO] [stdout] 
[INFO] [stdout] For more information about an error, try `rustc --explain E0261`.
[INFO] [stdout] 
[INFO] [stderr] error: could not compile `zac` (lib) due to 16 previous errors
[INFO] running `Command { std: "docker" "inspect" "d222bc7d0749ed6a2251d5c385a9f58a3e48d0259e83c821cf2fb0c0bb8a419b", kill_on_drop: false }`
[INFO] running `Command { std: "docker" "rm" "-f" "d222bc7d0749ed6a2251d5c385a9f58a3e48d0259e83c821cf2fb0c0bb8a419b", kill_on_drop: false }`
[INFO] [stdout] d222bc7d0749ed6a2251d5c385a9f58a3e48d0259e83c821cf2fb0c0bb8a419b
