[INFO] cloning repository https://github.com/snamiki1212/example-lunatic-submillisecond
[INFO] running `Command { std: "git" "-c" "credential.helper=" "-c" "credential.helper=/workspace/cargo-home/bin/git-credential-null" "clone" "--bare" "https://github.com/snamiki1212/example-lunatic-submillisecond" "/workspace/cache/git-repos/https%3A%2F%2Fgithub.com%2Fsnamiki1212%2Fexample-lunatic-submillisecond", kill_on_drop: false }`
[INFO] [stderr] Cloning into bare repository '/workspace/cache/git-repos/https%3A%2F%2Fgithub.com%2Fsnamiki1212%2Fexample-lunatic-submillisecond'...
[INFO] running `Command { std: "git" "rev-parse" "HEAD", kill_on_drop: false }`
[INFO] [stdout] d39ec278d6ed4e3c25d73084bf0d0d4f0df6c92d
[INFO] documenting snamiki1212/example-lunatic-submillisecond against 1.75.0 for beta-1.76-rustdoc-1
[INFO] running `Command { std: "git" "clone" "/workspace/cache/git-repos/https%3A%2F%2Fgithub.com%2Fsnamiki1212%2Fexample-lunatic-submillisecond" "/workspace/builds/worker-0-tc1/source", kill_on_drop: false }`
[INFO] [stderr] Cloning into '/workspace/builds/worker-0-tc1/source'...
[INFO] [stderr] done.
[INFO] validating manifest of git repo https://github.com/snamiki1212/example-lunatic-submillisecond on toolchain 1.75.0
[INFO] running `Command { std: CARGO_HOME="/workspace/cargo-home" RUSTUP_HOME="/workspace/rustup-home" "/workspace/cargo-home/bin/cargo" "+1.75.0" "metadata" "--manifest-path" "Cargo.toml" "--no-deps", kill_on_drop: false }`
[INFO] started tweaking git repo https://github.com/snamiki1212/example-lunatic-submillisecond
[INFO] finished tweaking git repo https://github.com/snamiki1212/example-lunatic-submillisecond
[INFO] tweaked toml for git repo https://github.com/snamiki1212/example-lunatic-submillisecond written to /workspace/builds/worker-0-tc1/source/Cargo.toml
[INFO] crate git repo https://github.com/snamiki1212/example-lunatic-submillisecond already has a lockfile, it will not be regenerated
[INFO] running `Command { std: CARGO_HOME="/workspace/cargo-home" RUSTUP_HOME="/workspace/rustup-home" "/workspace/cargo-home/bin/cargo" "+1.75.0" "fetch" "--manifest-path" "Cargo.toml", kill_on_drop: false }`
[INFO] [stderr] warning: unused manifest key: build
[INFO] [stderr] warning: unused manifest key: target.wasm32-wasi.runner
[INFO] [stderr]     Blocking waiting for file lock on package cache
[INFO] [stderr]     Updating crates.io index
[INFO] [stderr]     Blocking waiting for file lock on package cache
[ERROR] error running command: no output for 300 seconds
[ERROR] this task or one of its parent failed!
[ERROR] no output for 300 seconds
[ERROR] note: run with `RUST_BACKTRACE=1` to display a backtrace.
[INFO] documenting snamiki1212/example-lunatic-submillisecond against beta-2023-12-22 for beta-1.76-rustdoc-1
[INFO] running `Command { std: "git" "clone" "/workspace/cache/git-repos/https%3A%2F%2Fgithub.com%2Fsnamiki1212%2Fexample-lunatic-submillisecond" "/workspace/builds/worker-0-tc2/source", kill_on_drop: false }`
[INFO] [stderr] Cloning into '/workspace/builds/worker-0-tc2/source'...
[INFO] [stderr] done.
[INFO] validating manifest of git repo https://github.com/snamiki1212/example-lunatic-submillisecond on toolchain beta-2023-12-22
[INFO] running `Command { std: CARGO_HOME="/workspace/cargo-home" RUSTUP_HOME="/workspace/rustup-home" "/workspace/cargo-home/bin/cargo" "+beta-2023-12-22" "metadata" "--manifest-path" "Cargo.toml" "--no-deps", kill_on_drop: false }`
[INFO] started tweaking git repo https://github.com/snamiki1212/example-lunatic-submillisecond
[INFO] finished tweaking git repo https://github.com/snamiki1212/example-lunatic-submillisecond
[INFO] tweaked toml for git repo https://github.com/snamiki1212/example-lunatic-submillisecond written to /workspace/builds/worker-0-tc2/source/Cargo.toml
[INFO] crate git repo https://github.com/snamiki1212/example-lunatic-submillisecond already has a lockfile, it will not be regenerated
[INFO] running `Command { std: CARGO_HOME="/workspace/cargo-home" RUSTUP_HOME="/workspace/rustup-home" "/workspace/cargo-home/bin/cargo" "+beta-2023-12-22" "fetch" "--manifest-path" "Cargo.toml", kill_on_drop: false }`
[INFO] [stderr] warning: unused manifest key: build
[INFO] [stderr] warning: unused manifest key: target.wasm32-wasi.runner
[INFO] [stderr]     Blocking waiting for file lock on package cache
[INFO] [stderr]     Blocking waiting for file lock on package cache
[INFO] [stderr]  Downloading crates ...
[INFO] [stderr]   Downloaded lunatic-test v0.12.0
[INFO] [stderr]   Downloaded better-bae-macros v0.1.9
[INFO] [stderr]   Downloaded lunatic-log v0.3.0
[INFO] [stderr]   Downloaded better-bae v0.1.9
[INFO] [stderr]   Downloaded lunatic-macros v0.12.0
[INFO] [stderr]   Downloaded submillisecond_macros v0.3.0
[INFO] [stderr]   Downloaded submillisecond v0.3.0
[INFO] [stderr]   Downloaded lunatic v0.12.1
[INFO] running `Command { std: "docker" "create" "-v" "/var/lib/crater-agent-workspace/builds/worker-0-tc2/target:/opt/rustwide/target:rw,Z" "-v" "/var/lib/crater-agent-workspace/builds/worker-0-tc2/source:/opt/rustwide/workdir:ro,Z" "-v" "/var/lib/crater-agent-workspace/cargo-home:/opt/rustwide/cargo-home:ro,Z" "-v" "/var/lib/crater-agent-workspace/rustup-home:/opt/rustwide/rustup-home:ro,Z" "-e" "SOURCE_DIR=/opt/rustwide/workdir" "-e" "CARGO_TARGET_DIR=/opt/rustwide/target" "-e" "CARGO_HOME=/opt/rustwide/cargo-home" "-e" "RUSTUP_HOME=/opt/rustwide/rustup-home" "-w" "/opt/rustwide/workdir" "-m" "1610612736" "--user" "0:0" "--network" "none" "ghcr.io/rust-lang/crates-build-env/linux@sha256:2788e3201cd34a07e3172128adcd8b3090168a8e3bcc40d7c032b9dda1df7d1c" "/opt/rustwide/cargo-home/bin/cargo" "+beta-2023-12-22" "metadata" "--no-deps" "--format-version=1", kill_on_drop: false }`
[INFO] [stdout] 25deec56928c8f31c43bd8f19459804590c5ad3c90a32ca60ae5ed046191bc47
[INFO] running `Command { std: "docker" "start" "-a" "25deec56928c8f31c43bd8f19459804590c5ad3c90a32ca60ae5ed046191bc47", kill_on_drop: false }`
[INFO] running `Command { std: "docker" "inspect" "25deec56928c8f31c43bd8f19459804590c5ad3c90a32ca60ae5ed046191bc47", kill_on_drop: false }`
[INFO] running `Command { std: "docker" "rm" "-f" "25deec56928c8f31c43bd8f19459804590c5ad3c90a32ca60ae5ed046191bc47", kill_on_drop: false }`
[INFO] [stdout] 25deec56928c8f31c43bd8f19459804590c5ad3c90a32ca60ae5ed046191bc47
[INFO] running `Command { std: "docker" "create" "-v" "/var/lib/crater-agent-workspace/builds/worker-0-tc2/target:/opt/rustwide/target:rw,Z" "-v" "/var/lib/crater-agent-workspace/builds/worker-0-tc2/source:/opt/rustwide/workdir:ro,Z" "-v" "/var/lib/crater-agent-workspace/cargo-home:/opt/rustwide/cargo-home:ro,Z" "-v" "/var/lib/crater-agent-workspace/rustup-home:/opt/rustwide/rustup-home:ro,Z" "-e" "SOURCE_DIR=/opt/rustwide/workdir" "-e" "CARGO_TARGET_DIR=/opt/rustwide/target" "-e" "CARGO_INCREMENTAL=0" "-e" "RUST_BACKTRACE=full" "-e" "RUSTFLAGS=--cap-lints=warn" "-e" "RUSTDOCFLAGS=--cap-lints=warn" "-e" "CARGO_HOME=/opt/rustwide/cargo-home" "-e" "RUSTUP_HOME=/opt/rustwide/rustup-home" "-w" "/opt/rustwide/workdir" "-m" "1610612736" "--user" "0:0" "--network" "none" "ghcr.io/rust-lang/crates-build-env/linux@sha256:2788e3201cd34a07e3172128adcd8b3090168a8e3bcc40d7c032b9dda1df7d1c" "/opt/rustwide/cargo-home/bin/cargo" "+beta-2023-12-22" "doc" "--frozen" "--no-deps" "--document-private-items" "--message-format=json", kill_on_drop: false }`
[INFO] [stdout] 6e4019810cb35e9e6bbe390aefcbce090128491b0d1068da1e5f319e991301e5
[INFO] running `Command { std: "docker" "start" "-a" "6e4019810cb35e9e6bbe390aefcbce090128491b0d1068da1e5f319e991301e5", kill_on_drop: false }`
[INFO] [stderr] warning: unused manifest key: build
[INFO] [stderr] warning: unused manifest key: target.wasm32-wasi.runner
[INFO] [stderr]    Compiling version_check v0.9.4
[INFO] [stderr]    Compiling proc-macro2 v1.0.49
[INFO] [stderr]    Compiling unicode-ident v1.0.6
[INFO] [stderr]    Compiling quote v1.0.23
[INFO] [stderr]    Compiling syn v1.0.107
[INFO] [stderr]    Compiling autocfg v1.1.0
[INFO] [stderr]    Compiling typenum v1.16.0
[INFO] [stderr]    Compiling serde_derive v1.0.152
[INFO] [stderr]    Compiling serde v1.0.152
[INFO] [stderr]    Compiling libc v0.2.139
[INFO] [stderr]    Compiling memchr v2.5.0
[INFO] [stderr]    Compiling paste v1.0.11
[INFO] [stderr]    Compiling thiserror v1.0.38
[INFO] [stderr]    Compiling convert_case v0.5.0
[INFO] [stderr]    Compiling heck v0.4.0
[INFO] [stderr]     Checking itoa v1.0.5
[INFO] [stderr]     Checking fnv v1.0.7
[INFO] [stderr]     Checking bytes v1.3.0
[INFO] [stderr]     Checking cpufeatures v0.2.5
[INFO] [stderr]    Compiling httparse v1.8.0
[INFO] [stderr]    Compiling regex-syntax v0.6.28
[INFO] [stderr]    Compiling generic-array v0.14.6
[INFO] [stderr]    Compiling proc-macro-error-attr v1.0.4
[INFO] [stderr]    Compiling unicase v2.6.0
[INFO] [stderr]    Compiling proc-macro-error v1.0.4
[INFO] [stderr]     Checking cfg-if v1.0.0
[INFO] [stderr]    Compiling mime v0.3.16
[INFO] [stderr]    Compiling num-traits v0.2.15
[INFO] [stderr]    Compiling num-integer v0.1.45
[INFO] [stderr]     Checking iana-time-zone v0.1.53
[INFO] [stderr]     Checking http v0.2.8
[INFO] [stderr]     Checking base64 v0.13.1
[INFO] [stderr]     Checking ansi_term v0.12.1
[INFO] [stderr]     Checking bitflags v1.3.2
[INFO] [stderr]    Compiling lazy_static v1.4.0
[INFO] [stderr]     Checking httpdate v1.0.2
[INFO] [stderr]     Checking percent-encoding v2.2.0
[INFO] [stderr]    Compiling aho-corasick v0.7.20
[INFO] [stderr]    Compiling rust-format v0.3.4
[INFO] [stderr]    Compiling mime_guess v2.0.4
[INFO] [stderr]     Checking time v0.1.45
[INFO] [stderr]     Checking headers-core v0.2.0
[INFO] [stderr]     Checking block-buffer v0.10.3
[INFO] [stderr]     Checking crypto-common v0.1.6
[INFO] [stderr]     Checking digest v0.10.6
[INFO] [stderr]     Checking chrono v0.4.23
[INFO] [stderr]     Checking sha1 v0.10.5
[INFO] [stderr]    Compiling regex v1.7.0
[INFO] [stderr]     Checking headers v0.3.8
[INFO] [stderr]    Compiling thiserror-impl v1.0.38
[INFO] [stderr]    Compiling lunatic-macros v0.12.0
[INFO] [stderr]    Compiling better-bae-macros v0.1.9
[INFO] [stderr]    Compiling lunatic-test v0.12.0
[INFO] [stderr]    Compiling better-bae v0.1.9
[INFO] [stderr]    Compiling submillisecond_macros v0.3.0
[INFO] [stderr]     Checking bincode v1.3.3
[INFO] [stderr]     Checking serde_bytes v0.11.8
[INFO] [stderr]     Checking lunatic v0.12.1
[INFO] [stdout] error[E0512]: cannot transmute between types of different sizes, or dependently-sized types
[INFO] [stdout]    --> /opt/rustwide/cargo-home/registry/src/index.crates.io-6f17d22bba15001f/lunatic-0.12.1/src/mailbox.rs:312:51
[INFO] [stdout]     |
[INFO] [stdout] 312 |     let function: fn(C, Mailbox<M, S>) = unsafe { std::mem::transmute(function) };
[INFO] [stdout]     |                                                   ^^^^^^^^^^^^^^^^^^^
[INFO] [stdout]     |
[INFO] [stdout]     = note: source type: `i32` (32 bits)
[INFO] [stdout]     = note: target type: `fn(C, Mailbox<M, S>)` (64 bits)
[INFO] [stdout] 
[INFO] [stdout] 
[INFO] [stdout] error[E0512]: cannot transmute between types of different sizes, or dependently-sized types
[INFO] [stdout]   --> /opt/rustwide/cargo-home/registry/src/index.crates.io-6f17d22bba15001f/lunatic-0.12.1/src/host/mod.rs:73:38
[INFO] [stdout]    |
[INFO] [stdout] 73 |     let function: fn(i32) = unsafe { std::mem::transmute(function) };
[INFO] [stdout]    |                                      ^^^^^^^^^^^^^^^^^^^
[INFO] [stdout]    |
[INFO] [stdout]    = note: source type: `i32` (32 bits)
[INFO] [stdout]    = note: target type: `fn(i32)` (64 bits)
[INFO] [stdout] 
[INFO] [stdout] 
[INFO] [stdout] error[E0512]: cannot transmute between types of different sizes, or dependently-sized types
[INFO] [stdout]    --> /opt/rustwide/cargo-home/registry/src/index.crates.io-6f17d22bba15001f/lunatic-0.12.1/src/process.rs:321:18
[INFO] [stdout]     |
[INFO] [stdout] 321 |         unsafe { std::mem::transmute(entry) };
[INFO] [stdout]     |                  ^^^^^^^^^^^^^^^^^^^
[INFO] [stdout]     |
[INFO] [stdout]     = note: source type: `i32` (32 bits)
[INFO] [stdout]     = note: target type: `fn(ProcessRef<T>, <T as AbstractProcess>::Arg) -> <T as AbstractProcess>::State` (64 bits)
[INFO] [stdout] 
[INFO] [stdout] 
[INFO] [stdout] error[E0512]: cannot transmute between types of different sizes, or dependently-sized types
[INFO] [stdout]    --> /opt/rustwide/cargo-home/registry/src/index.crates.io-6f17d22bba15001f/lunatic-0.12.1/src/process.rs:352:70
[INFO] [stdout]     |
[INFO] [stdout] 352 |                     let handler: fn(state: &mut T::State) = unsafe { std::mem::transmute(handler) };
[INFO] [stdout]     |                                                                      ^^^^^^^^^^^^^^^^^^^
[INFO] [stdout]     |
[INFO] [stdout]     = note: source type: `i32` (32 bits)
[INFO] [stdout]     = note: target type: `for<'a> fn(&'a mut <T as AbstractProcess>::State)` (64 bits)
[INFO] [stdout] 
[INFO] [stdout] 
[INFO] [stdout] error[E0512]: cannot transmute between types of different sizes, or dependently-sized types
[INFO] [stdout]    --> /opt/rustwide/cargo-home/registry/src/index.crates.io-6f17d22bba15001f/lunatic-0.12.1/src/process.rs:357:34
[INFO] [stdout]     |
[INFO] [stdout] 357 |                         unsafe { std::mem::transmute(handler) };
[INFO] [stdout]     |                                  ^^^^^^^^^^^^^^^^^^^
[INFO] [stdout]     |
[INFO] [stdout]     = note: source type: `i32` (32 bits)
[INFO] [stdout]     = note: target type: `for<'a> fn(&'a mut <T as AbstractProcess>::State, Process<()>)` (64 bits)
[INFO] [stdout] 
[INFO] [stdout] 
[INFO] [stdout] error[E0512]: cannot transmute between types of different sizes, or dependently-sized types
[INFO] [stdout]    --> /opt/rustwide/cargo-home/registry/src/index.crates.io-6f17d22bba15001f/lunatic-0.12.1/src/protocol.rs:342:55
[INFO] [stdout]     |
[INFO] [stdout] 342 |     let function: fn(C, Protocol<P, S, Z>) = unsafe { std::mem::transmute(function) };
[INFO] [stdout]     |                                                       ^^^^^^^^^^^^^^^^^^^
[INFO] [stdout]     |
[INFO] [stdout]     = note: source type: `i32` (32 bits)
[INFO] [stdout]     = note: target type: `fn(C, Protocol<P, S, Z>)` (64 bits)
[INFO] [stdout] 
[INFO] [stdout] 
[INFO] [stdout] error: aborting due to 6 previous errors
[INFO] [stdout] 
[INFO] [stdout] 
[INFO] [stdout] For more information about this error, try `rustc --explain E0512`.
[INFO] [stdout] 
[INFO] [stderr] error: could not compile `lunatic` (lib) due to 7 previous errors
[INFO] running `Command { std: "docker" "inspect" "6e4019810cb35e9e6bbe390aefcbce090128491b0d1068da1e5f319e991301e5", kill_on_drop: false }`
[INFO] running `Command { std: "docker" "rm" "-f" "6e4019810cb35e9e6bbe390aefcbce090128491b0d1068da1e5f319e991301e5", kill_on_drop: false }`
[INFO] [stdout] 6e4019810cb35e9e6bbe390aefcbce090128491b0d1068da1e5f319e991301e5
