[INFO] cloning repository https://github.com/sjeohp/line_plot
[INFO] running `Command { std: "git" "-c" "credential.helper=" "-c" "credential.helper=/workspace/cargo-home/bin/git-credential-null" "clone" "--bare" "https://github.com/sjeohp/line_plot" "/workspace/cache/git-repos/https%3A%2F%2Fgithub.com%2Fsjeohp%2Fline_plot", kill_on_drop: false }`
[INFO] [stderr] Cloning into bare repository '/workspace/cache/git-repos/https%3A%2F%2Fgithub.com%2Fsjeohp%2Fline_plot'...
[INFO] running `Command { std: "git" "rev-parse" "HEAD", kill_on_drop: false }`
[INFO] [stdout] 1c128ee66b1a5028c31a800c5829a0433f0a0f71
[INFO] documenting sjeohp/line_plot against 1.75.0 for beta-1.76-rustdoc-1
[INFO] running `Command { std: "git" "clone" "/workspace/cache/git-repos/https%3A%2F%2Fgithub.com%2Fsjeohp%2Fline_plot" "/workspace/builds/worker-4-tc1/source", kill_on_drop: false }`
[INFO] [stderr] Cloning into '/workspace/builds/worker-4-tc1/source'...
[INFO] [stderr] done.
[INFO] validating manifest of git repo https://github.com/sjeohp/line_plot on toolchain 1.75.0
[INFO] running `Command { std: CARGO_HOME="/workspace/cargo-home" RUSTUP_HOME="/workspace/rustup-home" "/workspace/cargo-home/bin/cargo" "+1.75.0" "metadata" "--manifest-path" "Cargo.toml" "--no-deps", kill_on_drop: false }`
[INFO] started tweaking git repo https://github.com/sjeohp/line_plot
[INFO] finished tweaking git repo https://github.com/sjeohp/line_plot
[INFO] tweaked toml for git repo https://github.com/sjeohp/line_plot written to /workspace/builds/worker-4-tc1/source/Cargo.toml
[INFO] crate git repo https://github.com/sjeohp/line_plot already has a lockfile, it will not be regenerated
[INFO] running `Command { std: CARGO_HOME="/workspace/cargo-home" RUSTUP_HOME="/workspace/rustup-home" "/workspace/cargo-home/bin/cargo" "+1.75.0" "fetch" "--manifest-path" "Cargo.toml", kill_on_drop: false }`
[INFO] [stderr]     Blocking waiting for file lock on package cache
[INFO] [stderr]     Updating crates.io index
[INFO] [stderr]     Blocking waiting for file lock on package cache
[ERROR] error running command: no output for 300 seconds
[ERROR] this task or one of its parent failed!
[ERROR] no output for 300 seconds
[ERROR] note: run with `RUST_BACKTRACE=1` to display a backtrace.
[INFO] documenting sjeohp/line_plot against beta-2023-12-22 for beta-1.76-rustdoc-1
[INFO] running `Command { std: "git" "clone" "/workspace/cache/git-repos/https%3A%2F%2Fgithub.com%2Fsjeohp%2Fline_plot" "/workspace/builds/worker-4-tc2/source", kill_on_drop: false }`
[INFO] [stderr] Cloning into '/workspace/builds/worker-4-tc2/source'...
[INFO] [stderr] done.
[INFO] validating manifest of git repo https://github.com/sjeohp/line_plot on toolchain beta-2023-12-22
[INFO] running `Command { std: CARGO_HOME="/workspace/cargo-home" RUSTUP_HOME="/workspace/rustup-home" "/workspace/cargo-home/bin/cargo" "+beta-2023-12-22" "metadata" "--manifest-path" "Cargo.toml" "--no-deps", kill_on_drop: false }`
[INFO] started tweaking git repo https://github.com/sjeohp/line_plot
[INFO] finished tweaking git repo https://github.com/sjeohp/line_plot
[INFO] tweaked toml for git repo https://github.com/sjeohp/line_plot written to /workspace/builds/worker-4-tc2/source/Cargo.toml
[INFO] crate git repo https://github.com/sjeohp/line_plot already has a lockfile, it will not be regenerated
[INFO] running `Command { std: CARGO_HOME="/workspace/cargo-home" RUSTUP_HOME="/workspace/rustup-home" "/workspace/cargo-home/bin/cargo" "+beta-2023-12-22" "fetch" "--manifest-path" "Cargo.toml", kill_on_drop: false }`
[INFO] [stderr]     Blocking waiting for file lock on package cache
[INFO] [stderr]     Blocking waiting for file lock on package cache
[INFO] [stderr]  Downloading crates ...
[INFO] [stderr]   Downloaded sdl2 v0.29.1
[INFO] [stderr]   Downloaded glhelper v0.1.11
[INFO] [stderr]   Downloaded nalgebra v0.16.8
[INFO] running `Command { std: "docker" "create" "-v" "/var/lib/crater-agent-workspace/builds/worker-4-tc2/target:/opt/rustwide/target:rw,Z" "-v" "/var/lib/crater-agent-workspace/builds/worker-4-tc2/source:/opt/rustwide/workdir:ro,Z" "-v" "/var/lib/crater-agent-workspace/cargo-home:/opt/rustwide/cargo-home:ro,Z" "-v" "/var/lib/crater-agent-workspace/rustup-home:/opt/rustwide/rustup-home:ro,Z" "-e" "SOURCE_DIR=/opt/rustwide/workdir" "-e" "CARGO_TARGET_DIR=/opt/rustwide/target" "-e" "CARGO_HOME=/opt/rustwide/cargo-home" "-e" "RUSTUP_HOME=/opt/rustwide/rustup-home" "-w" "/opt/rustwide/workdir" "-m" "1610612736" "--user" "0:0" "--network" "none" "ghcr.io/rust-lang/crates-build-env/linux@sha256:2788e3201cd34a07e3172128adcd8b3090168a8e3bcc40d7c032b9dda1df7d1c" "/opt/rustwide/cargo-home/bin/cargo" "+beta-2023-12-22" "metadata" "--no-deps" "--format-version=1", kill_on_drop: false }`
[INFO] [stdout] d4f128964ae469ce59b1cbf10ae641026b31e8114dc58ca03ea4f2e6d0b3472e
[INFO] running `Command { std: "docker" "start" "-a" "d4f128964ae469ce59b1cbf10ae641026b31e8114dc58ca03ea4f2e6d0b3472e", kill_on_drop: false }`
[INFO] running `Command { std: "docker" "inspect" "d4f128964ae469ce59b1cbf10ae641026b31e8114dc58ca03ea4f2e6d0b3472e", kill_on_drop: false }`
[INFO] running `Command { std: "docker" "rm" "-f" "d4f128964ae469ce59b1cbf10ae641026b31e8114dc58ca03ea4f2e6d0b3472e", kill_on_drop: false }`
[INFO] [stdout] d4f128964ae469ce59b1cbf10ae641026b31e8114dc58ca03ea4f2e6d0b3472e
[INFO] running `Command { std: "docker" "create" "-v" "/var/lib/crater-agent-workspace/builds/worker-4-tc2/target:/opt/rustwide/target:rw,Z" "-v" "/var/lib/crater-agent-workspace/builds/worker-4-tc2/source:/opt/rustwide/workdir:ro,Z" "-v" "/var/lib/crater-agent-workspace/cargo-home:/opt/rustwide/cargo-home:ro,Z" "-v" "/var/lib/crater-agent-workspace/rustup-home:/opt/rustwide/rustup-home:ro,Z" "-e" "SOURCE_DIR=/opt/rustwide/workdir" "-e" "CARGO_TARGET_DIR=/opt/rustwide/target" "-e" "CARGO_INCREMENTAL=0" "-e" "RUST_BACKTRACE=full" "-e" "RUSTFLAGS=--cap-lints=warn" "-e" "RUSTDOCFLAGS=--cap-lints=warn" "-e" "CARGO_HOME=/opt/rustwide/cargo-home" "-e" "RUSTUP_HOME=/opt/rustwide/rustup-home" "-w" "/opt/rustwide/workdir" "-m" "1610612736" "--user" "0:0" "--network" "none" "ghcr.io/rust-lang/crates-build-env/linux@sha256:2788e3201cd34a07e3172128adcd8b3090168a8e3bcc40d7c032b9dda1df7d1c" "/opt/rustwide/cargo-home/bin/cargo" "+beta-2023-12-22" "doc" "--frozen" "--no-deps" "--document-private-items" "--message-format=json", kill_on_drop: false }`
[INFO] [stdout] 0912e01dcf6f73a347b0f31b7775bce2c1478a0f4f018ce4299b83215a5e9a7e
[INFO] running `Command { std: "docker" "start" "-a" "0912e01dcf6f73a347b0f31b7775bce2c1478a0f4f018ce4299b83215a5e9a7e", kill_on_drop: false }`
[INFO] [stderr]    Compiling num-traits v0.2.6
[INFO] [stderr]    Compiling bitflags v0.7.0
[INFO] [stderr]    Compiling log v0.3.7
[INFO] [stderr]    Compiling khronos_api v1.0.0
[INFO] [stderr]     Checking libc v0.2.22
[INFO] [stderr]    Compiling num-complex v0.2.1
[INFO] [stderr]    Compiling typenum v1.10.0
[INFO] [stderr]     Checking num-traits v0.1.37
[INFO] [stderr]    Compiling matrixmultiply v0.1.15
[INFO] [stderr]     Checking rand_core v0.3.0
[INFO] [stderr]    Compiling sdl2-sys v0.27.3
[INFO] [stderr]     Checking libm v0.1.2
[INFO] [stderr]     Checking rawpointer v0.1.0
[INFO] [stderr]     Checking lazy_static v0.2.8
[INFO] [stderr]    Compiling xml-rs v0.3.6
[INFO] [stderr]     Checking rand_core v0.2.2
[INFO] [stderr]     Checking rand v0.5.5
[INFO] [stderr]     Checking rand v0.3.15
[INFO] [stderr]     Checking num-integer v0.1.34
[INFO] [stderr]     Checking num-iter v0.1.33
[INFO] [stderr]     Checking num v0.1.37
[INFO] [stderr]    Compiling gl_generator v0.5.2
[INFO] [stderr]     Checking sdl2 v0.29.1
[INFO] [stderr]     Checking approx v0.3.0
[INFO] [stderr]     Checking generic-array v0.11.1
[INFO] [stderr]    Compiling gl v0.6.1
[INFO] [stderr]     Checking alga v0.7.2
[INFO] [stderr]     Checking nalgebra v0.16.8
[INFO] [stderr]     Checking glhelper v0.1.11
[INFO] [stdout] error[E0502]: cannot borrow `*self` as immutable because it is also borrowed as mutable
[INFO] [stdout]    --> /opt/rustwide/cargo-home/registry/src/index.crates.io-6f17d22bba15001f/nalgebra-0.16.8/src/base/cg.rs:291:44
[INFO] [stdout]     |
[INFO] [stdout] 291 |                 self[(j, i)] += shift[j] * self[(D::dim() - 1, i)];
[INFO] [stdout]     |                 ---------------------------^^^^-------------------
[INFO] [stdout]     |                 |                          |
[INFO] [stdout]     |                 |                          immutable borrow occurs here
[INFO] [stdout]     |                 mutable borrow occurs here
[INFO] [stdout]     |                 mutable borrow later used here
[INFO] [stdout]     |
[INFO] [stdout] help: try adding a local storing this...
[INFO] [stdout]    --> /opt/rustwide/cargo-home/registry/src/index.crates.io-6f17d22bba15001f/nalgebra-0.16.8/src/base/cg.rs:291:48
[INFO] [stdout]     |
[INFO] [stdout] 291 |                 self[(j, i)] += shift[j] * self[(D::dim() - 1, i)];
[INFO] [stdout]     |                                                ^^^^^^^^^^^^^^^^^^^
[INFO] [stdout] help: ...and then using that local here
[INFO] [stdout]    --> /opt/rustwide/cargo-home/registry/src/index.crates.io-6f17d22bba15001f/nalgebra-0.16.8/src/base/cg.rs:291:17
[INFO] [stdout]     |
[INFO] [stdout] 291 |                 self[(j, i)] += shift[j] * self[(D::dim() - 1, i)];
[INFO] [stdout]     |                 ^^^^^^^^^^^^^^^^^^^^^^^^^^^^^^^^^^^^^^^^^^^^^^^^^^
[INFO] [stdout] 
[INFO] [stdout] 
[INFO] [stdout] error: aborting due to 1 previous error
[INFO] [stdout] 
[INFO] [stdout] 
[INFO] [stdout] For more information about this error, try `rustc --explain E0502`.
[INFO] [stdout] 
[INFO] [stderr] error: could not compile `nalgebra` (lib) due to 2 previous errors
[INFO] running `Command { std: "docker" "inspect" "0912e01dcf6f73a347b0f31b7775bce2c1478a0f4f018ce4299b83215a5e9a7e", kill_on_drop: false }`
[INFO] running `Command { std: "docker" "rm" "-f" "0912e01dcf6f73a347b0f31b7775bce2c1478a0f4f018ce4299b83215a5e9a7e", kill_on_drop: false }`
[INFO] [stdout] 0912e01dcf6f73a347b0f31b7775bce2c1478a0f4f018ce4299b83215a5e9a7e
