[INFO] cloning repository https://github.com/sebglazebrook/infinite-pipe
[INFO] running `Command { std: "git" "-c" "credential.helper=" "-c" "credential.helper=/workspace/cargo-home/bin/git-credential-null" "clone" "--bare" "https://github.com/sebglazebrook/infinite-pipe" "/workspace/cache/git-repos/https%3A%2F%2Fgithub.com%2Fsebglazebrook%2Finfinite-pipe", kill_on_drop: false }`
[INFO] [stderr] Cloning into bare repository '/workspace/cache/git-repos/https%3A%2F%2Fgithub.com%2Fsebglazebrook%2Finfinite-pipe'...
[INFO] running `Command { std: "git" "rev-parse" "HEAD", kill_on_drop: false }`
[INFO] [stdout] 8fd5bdaa95d2131fe5c297e6e2f6c1b3a48e8149
[INFO] documenting sebglazebrook/infinite-pipe against 1.75.0 for beta-1.76-rustdoc-1
[INFO] running `Command { std: "git" "clone" "/workspace/cache/git-repos/https%3A%2F%2Fgithub.com%2Fsebglazebrook%2Finfinite-pipe" "/workspace/builds/worker-2-tc1/source", kill_on_drop: false }`
[INFO] [stderr] Cloning into '/workspace/builds/worker-2-tc1/source'...
[INFO] [stderr] done.
[INFO] validating manifest of git repo https://github.com/sebglazebrook/infinite-pipe on toolchain 1.75.0
[INFO] running `Command { std: CARGO_HOME="/workspace/cargo-home" RUSTUP_HOME="/workspace/rustup-home" "/workspace/cargo-home/bin/cargo" "+1.75.0" "metadata" "--manifest-path" "Cargo.toml" "--no-deps", kill_on_drop: false }`
[INFO] started tweaking git repo https://github.com/sebglazebrook/infinite-pipe
[INFO] finished tweaking git repo https://github.com/sebglazebrook/infinite-pipe
[INFO] tweaked toml for git repo https://github.com/sebglazebrook/infinite-pipe written to /workspace/builds/worker-2-tc1/source/Cargo.toml
[INFO] crate git repo https://github.com/sebglazebrook/infinite-pipe already has a lockfile, it will not be regenerated
[INFO] running `Command { std: CARGO_HOME="/workspace/cargo-home" RUSTUP_HOME="/workspace/rustup-home" "/workspace/cargo-home/bin/cargo" "+1.75.0" "fetch" "--manifest-path" "Cargo.toml", kill_on_drop: false }`
[INFO] [stderr]     Blocking waiting for file lock on package cache
[INFO] [stderr]     Updating crates.io index
[INFO] [stderr]     Updating git repository `https://github.com/shaleh/rust-readline.git`
[INFO] [stderr]     Blocking waiting for file lock on package cache
[ERROR] error running command: no output for 300 seconds
[ERROR] this task or one of its parent failed!
[ERROR] no output for 300 seconds
[ERROR] note: run with `RUST_BACKTRACE=1` to display a backtrace.
[INFO] documenting sebglazebrook/infinite-pipe against beta-2023-12-22 for beta-1.76-rustdoc-1
[INFO] running `Command { std: "git" "clone" "/workspace/cache/git-repos/https%3A%2F%2Fgithub.com%2Fsebglazebrook%2Finfinite-pipe" "/workspace/builds/worker-2-tc2/source", kill_on_drop: false }`
[INFO] [stderr] Cloning into '/workspace/builds/worker-2-tc2/source'...
[INFO] [stderr] done.
[INFO] validating manifest of git repo https://github.com/sebglazebrook/infinite-pipe on toolchain beta-2023-12-22
[INFO] running `Command { std: CARGO_HOME="/workspace/cargo-home" RUSTUP_HOME="/workspace/rustup-home" "/workspace/cargo-home/bin/cargo" "+beta-2023-12-22" "metadata" "--manifest-path" "Cargo.toml" "--no-deps", kill_on_drop: false }`
[INFO] started tweaking git repo https://github.com/sebglazebrook/infinite-pipe
[INFO] finished tweaking git repo https://github.com/sebglazebrook/infinite-pipe
[INFO] tweaked toml for git repo https://github.com/sebglazebrook/infinite-pipe written to /workspace/builds/worker-2-tc2/source/Cargo.toml
[INFO] crate git repo https://github.com/sebglazebrook/infinite-pipe already has a lockfile, it will not be regenerated
[INFO] running `Command { std: CARGO_HOME="/workspace/cargo-home" RUSTUP_HOME="/workspace/rustup-home" "/workspace/cargo-home/bin/cargo" "+beta-2023-12-22" "fetch" "--manifest-path" "Cargo.toml", kill_on_drop: false }`
[INFO] [stderr]     Blocking waiting for file lock on package cache
[INFO] [stderr]     Blocking waiting for file lock on package cache
[ERROR] error running command: no output for 300 seconds
[INFO] documenting sebglazebrook/infinite-pipe against beta-2023-12-22 for beta-1.76-rustdoc-1
[INFO] running `Command { std: "git" "clone" "/workspace/cache/git-repos/https%3A%2F%2Fgithub.com%2Fsebglazebrook%2Finfinite-pipe" "/workspace/builds/worker-2-tc2/source", kill_on_drop: false }`
[INFO] [stderr] Cloning into '/workspace/builds/worker-2-tc2/source'...
[INFO] [stderr] done.
[INFO] validating manifest of git repo https://github.com/sebglazebrook/infinite-pipe on toolchain beta-2023-12-22
[INFO] running `Command { std: CARGO_HOME="/workspace/cargo-home" RUSTUP_HOME="/workspace/rustup-home" "/workspace/cargo-home/bin/cargo" "+beta-2023-12-22" "metadata" "--manifest-path" "Cargo.toml" "--no-deps", kill_on_drop: false }`
[INFO] started tweaking git repo https://github.com/sebglazebrook/infinite-pipe
[INFO] finished tweaking git repo https://github.com/sebglazebrook/infinite-pipe
[INFO] tweaked toml for git repo https://github.com/sebglazebrook/infinite-pipe written to /workspace/builds/worker-2-tc2/source/Cargo.toml
[INFO] crate git repo https://github.com/sebglazebrook/infinite-pipe already has a lockfile, it will not be regenerated
[INFO] running `Command { std: CARGO_HOME="/workspace/cargo-home" RUSTUP_HOME="/workspace/rustup-home" "/workspace/cargo-home/bin/cargo" "+beta-2023-12-22" "fetch" "--manifest-path" "Cargo.toml", kill_on_drop: false }`
[INFO] [stderr]     Blocking waiting for file lock on package cache
[INFO] [stderr]     Blocking waiting for file lock on package cache
[INFO] [stderr]  Downloading crates ...
[INFO] [stderr]   Downloaded errno v0.1.8
[INFO] [stderr]   Downloaded stainless v0.1.11
[INFO] [stderr]   Downloaded rl-sys v0.5.2
[INFO] [stderr]   Downloaded mockers v0.5.8
[INFO] [stderr]   Downloaded mockers_macros v0.5.8
[INFO] [stderr]   Downloaded mockers_codegen v0.5.8
[INFO] running `Command { std: "docker" "create" "-v" "/var/lib/crater-agent-workspace/builds/worker-2-tc2/target:/opt/rustwide/target:rw,Z" "-v" "/var/lib/crater-agent-workspace/builds/worker-2-tc2/source:/opt/rustwide/workdir:ro,Z" "-v" "/var/lib/crater-agent-workspace/cargo-home:/opt/rustwide/cargo-home:ro,Z" "-v" "/var/lib/crater-agent-workspace/rustup-home:/opt/rustwide/rustup-home:ro,Z" "-e" "SOURCE_DIR=/opt/rustwide/workdir" "-e" "CARGO_TARGET_DIR=/opt/rustwide/target" "-e" "CARGO_HOME=/opt/rustwide/cargo-home" "-e" "RUSTUP_HOME=/opt/rustwide/rustup-home" "-w" "/opt/rustwide/workdir" "-m" "1610612736" "--user" "0:0" "--network" "none" "ghcr.io/rust-lang/crates-build-env/linux@sha256:2788e3201cd34a07e3172128adcd8b3090168a8e3bcc40d7c032b9dda1df7d1c" "/opt/rustwide/cargo-home/bin/cargo" "+beta-2023-12-22" "metadata" "--no-deps" "--format-version=1", kill_on_drop: false }`
[INFO] [stdout] 90f30686d9c019022ab7c9b6d02e27ab3e6f75a24db6118fde5d9057fbc27522
[INFO] running `Command { std: "docker" "start" "-a" "90f30686d9c019022ab7c9b6d02e27ab3e6f75a24db6118fde5d9057fbc27522", kill_on_drop: false }`
[INFO] running `Command { std: "docker" "inspect" "90f30686d9c019022ab7c9b6d02e27ab3e6f75a24db6118fde5d9057fbc27522", kill_on_drop: false }`
[INFO] running `Command { std: "docker" "rm" "-f" "90f30686d9c019022ab7c9b6d02e27ab3e6f75a24db6118fde5d9057fbc27522", kill_on_drop: false }`
[INFO] [stdout] 90f30686d9c019022ab7c9b6d02e27ab3e6f75a24db6118fde5d9057fbc27522
[INFO] running `Command { std: "docker" "create" "-v" "/var/lib/crater-agent-workspace/builds/worker-2-tc2/target:/opt/rustwide/target:rw,Z" "-v" "/var/lib/crater-agent-workspace/builds/worker-2-tc2/source:/opt/rustwide/workdir:ro,Z" "-v" "/var/lib/crater-agent-workspace/cargo-home:/opt/rustwide/cargo-home:ro,Z" "-v" "/var/lib/crater-agent-workspace/rustup-home:/opt/rustwide/rustup-home:ro,Z" "-e" "SOURCE_DIR=/opt/rustwide/workdir" "-e" "CARGO_TARGET_DIR=/opt/rustwide/target" "-e" "CARGO_INCREMENTAL=0" "-e" "RUST_BACKTRACE=full" "-e" "RUSTFLAGS=--cap-lints=warn" "-e" "RUSTDOCFLAGS=--cap-lints=warn" "-e" "CARGO_HOME=/opt/rustwide/cargo-home" "-e" "RUSTUP_HOME=/opt/rustwide/rustup-home" "-w" "/opt/rustwide/workdir" "-m" "1610612736" "--user" "0:0" "--network" "none" "ghcr.io/rust-lang/crates-build-env/linux@sha256:2788e3201cd34a07e3172128adcd8b3090168a8e3bcc40d7c032b9dda1df7d1c" "/opt/rustwide/cargo-home/bin/cargo" "+beta-2023-12-22" "doc" "--frozen" "--no-deps" "--document-private-items" "--message-format=json", kill_on_drop: false }`
[INFO] [stdout] 70beaf00b05d2975ba943d8b5ea5cf50c558c6a6777a2122a9cf06cb982e7f3c
[INFO] running `Command { std: "docker" "start" "-a" "70beaf00b05d2975ba943d8b5ea5cf50c558c6a6777a2122a9cf06cb982e7f3c", kill_on_drop: false }`
[INFO] [stderr]     Checking libc v0.2.21
[INFO] [stderr]    Compiling bitflags v0.7.0
[INFO] [stderr]    Compiling pkg-config v0.3.9
[INFO] [stderr]    Compiling mockers_codegen v0.5.8
[INFO] [stderr]     Checking bitflags v0.4.0
[INFO] [stderr]    Compiling itertools v0.4.19
[INFO] [stderr]    Compiling readline v0.2.0 (https://github.com/shaleh/rust-readline.git#4223e676)
[INFO] [stderr]     Checking unicode-width v0.1.4
[INFO] [stderr]     Checking encode_unicode v0.1.3
[INFO] [stderr]     Checking log v0.3.7
[INFO] [stderr]    Compiling time v0.1.36
[INFO] [stderr]     Checking nix v0.5.1
[INFO] [stderr]     Checking errno v0.1.8
[INFO] [stderr]    Compiling vergen v0.1.1
[INFO] [stdout] error[E0557]: feature has been removed
[INFO] [stdout]  --> /opt/rustwide/cargo-home/registry/src/index.crates.io-6f17d22bba15001f/mockers_codegen-0.5.8/src/lib.rs:1:49
[INFO] [stdout]   |
[INFO] [stdout] 1 | #![cfg_attr(not(feature="with-syntex"), feature(quote, rustc_private))]
[INFO] [stdout]   |                                                 ^^^^^ feature has been removed
[INFO] [stdout] 
[INFO] [stdout] 
[INFO] [stdout] error[E0463]: can't find crate for `syntax`
[INFO] [stdout]  --> /opt/rustwide/cargo-home/registry/src/index.crates.io-6f17d22bba15001f/mockers_codegen-0.5.8/src/lib.rs:7:36
[INFO] [stdout]   |
[INFO] [stdout] 7 | #[cfg(not(feature="with-syntex"))] extern crate syntax;
[INFO] [stdout]   |                                    ^^^^^^^^^^^^^^^^^^^^ can't find crate
[INFO] [stdout] 
[INFO] [stdout] 
[INFO] [stdout] error[E0463]: can't find crate for `rustc_plugin`
[INFO] [stdout]   --> /opt/rustwide/cargo-home/registry/src/index.crates.io-6f17d22bba15001f/mockers_codegen-0.5.8/src/lib.rs:11:1
[INFO] [stdout]    |
[INFO] [stdout] 11 | extern crate rustc_plugin;
[INFO] [stdout]    | ^^^^^^^^^^^^^^^^^^^^^^^^^^ can't find crate
[INFO] [stdout]    |
[INFO] [stdout]    = help: maybe you need to install the missing components with: `rustup component add rust-src rustc-dev llvm-tools-preview`
[INFO] [stdout] 
[INFO] [stdout] 
[INFO] [stdout] error: cannot find macro `quote_attr` in this scope
[INFO] [stdout]   --> /opt/rustwide/cargo-home/registry/src/index.crates.io-6f17d22bba15001f/mockers_codegen-0.5.8/src/lib.in.rs:71:27
[INFO] [stdout]    |
[INFO] [stdout] 71 |             it.attrs.push(quote_attr!(cx, #[cfg(test)]));
[INFO] [stdout]    |                           ^^^^^^^^^^
[INFO] [stdout] 
[INFO] [stdout] 
[INFO] [stdout] error: cannot find macro `quote_item` in this scope
[INFO] [stdout]    --> /opt/rustwide/cargo-home/registry/src/index.crates.io-6f17d22bba15001f/mockers_codegen-0.5.8/src/lib.in.rs:213:23
[INFO] [stdout]     |
[INFO] [stdout] 213 |     let struct_item = quote_item!(cx,
[INFO] [stdout]     |                       ^^^^^^^^^^
[INFO] [stdout] 
[INFO] [stdout] 
[INFO] [stdout] error: cannot find macro `quote_item` in this scope
[INFO] [stdout]    --> /opt/rustwide/cargo-home/registry/src/index.crates.io-6f17d22bba15001f/mockers_codegen-0.5.8/src/lib.in.rs:240:26
[INFO] [stdout]     |
[INFO] [stdout] 240 |     let mock_impl_item = quote_item!(cx,
[INFO] [stdout]     |                          ^^^^^^^^^^
[INFO] [stdout] 
[INFO] [stdout] 
[INFO] [stdout] error: cannot find macro `quote_item` in this scope
[INFO] [stdout]    --> /opt/rustwide/cargo-home/registry/src/index.crates.io-6f17d22bba15001f/mockers_codegen-0.5.8/src/lib.in.rs:255:28
[INFO] [stdout]     |
[INFO] [stdout] 255 |     let mocked_impl_item = quote_item!(cx,
[INFO] [stdout]     |                            ^^^^^^^^^^
[INFO] [stdout] 
[INFO] [stdout] 
[INFO] [stdout] error: cannot find macro `quote_expr` in this scope
[INFO] [stdout]    --> /opt/rustwide/cargo-home/registry/src/index.crates.io-6f17d22bba15001f/mockers_codegen-0.5.8/src/lib.in.rs:343:19
[INFO] [stdout]     |
[INFO] [stdout] 343 |     new_args.push(quote_expr!(cx, $mock_type_id));
[INFO] [stdout]     |                   ^^^^^^^^^^
[INFO] [stdout] 
[INFO] [stdout] 
[INFO] [stdout] error: cannot find macro `quote_expr` in this scope
[INFO] [stdout]    --> /opt/rustwide/cargo-home/registry/src/index.crates.io-6f17d22bba15001f/mockers_codegen-0.5.8/src/lib.in.rs:367:23
[INFO] [stdout]     |
[INFO] [stdout] 367 |         new_args.push(quote_expr!(cx, Box::new($arg_ident)));
[INFO] [stdout]     |                       ^^^^^^^^^^
[INFO] [stdout] 
[INFO] [stdout] 
[INFO] [stdout] error: cannot find macro `quote_ty` in this scope
[INFO] [stdout]    --> /opt/rustwide/cargo-home/registry/src/index.crates.io-6f17d22bba15001f/mockers_codegen-0.5.8/src/lib.in.rs:382:18
[INFO] [stdout]     |
[INFO] [stdout] 382 |     let output = quote_ty!(cx, $ret_type); //cx.ty_path(ret_type.clone());
[INFO] [stdout]     |                  ^^^^^^^^
[INFO] [stdout] 
[INFO] [stdout] 
[INFO] [stdout] error: cannot find macro `quote_expr` in this scope
[INFO] [stdout]    --> /opt/rustwide/cargo-home/registry/src/index.crates.io-6f17d22bba15001f/mockers_codegen-0.5.8/src/lib.in.rs:477:38
[INFO] [stdout]     |
[INFO] [stdout] 477 |         cx.expr_tup_field_access(sp, quote_expr!(cx, _args_ref), i)
[INFO] [stdout]     |                                      ^^^^^^^^^^
[INFO] [stdout] 
[INFO] [stdout] 
[INFO] [stdout] error: cannot find macro `quote_block` in this scope
[INFO] [stdout]    --> /opt/rustwide/cargo-home/registry/src/index.crates.io-6f17d22bba15001f/mockers_codegen-0.5.8/src/lib.in.rs:488:19
[INFO] [stdout]     |
[INFO] [stdout] 488 |     let fn_mock = quote_block!(cx, {
[INFO] [stdout]     |                   ^^^^^^^^^^^
[INFO] [stdout] 
[INFO] [stdout] 
[INFO] [stdout] error[E0554]: `#![feature]` may not be used on the beta release channel
[INFO] [stdout]  --> /opt/rustwide/cargo-home/registry/src/index.crates.io-6f17d22bba15001f/mockers_codegen-0.5.8/src/lib.rs:1:41
[INFO] [stdout]   |
[INFO] [stdout] 1 | #![cfg_attr(not(feature="with-syntex"), feature(quote, rustc_private))]
[INFO] [stdout]   |                                         ^^^^^^^^^^^^^^^^^^^^^^^^^^^^^
[INFO] [stdout] 
[INFO] [stdout] 
[INFO] [stdout] error: aborting due to 13 previous errors
[INFO] [stdout] 
[INFO] [stdout] 
[INFO] [stdout] Some errors have detailed explanations: E0463, E0554, E0557.
[INFO] [stdout] 
[INFO] [stdout] For more information about an error, try `rustc --explain E0463`.
[INFO] [stdout] 
[INFO] [stderr] error: could not compile `mockers_codegen` (lib) due to 14 previous errors
[INFO] [stderr] warning: build failed, waiting for other jobs to finish...
[INFO] running `Command { std: "docker" "inspect" "70beaf00b05d2975ba943d8b5ea5cf50c558c6a6777a2122a9cf06cb982e7f3c", kill_on_drop: false }`
[INFO] running `Command { std: "docker" "rm" "-f" "70beaf00b05d2975ba943d8b5ea5cf50c558c6a6777a2122a9cf06cb982e7f3c", kill_on_drop: false }`
[INFO] [stdout] 70beaf00b05d2975ba943d8b5ea5cf50c558c6a6777a2122a9cf06cb982e7f3c
