[INFO] cloning repository https://github.com/seanr707/gitter_gtk
[INFO] running `Command { std: "git" "-c" "credential.helper=" "-c" "credential.helper=/workspace/cargo-home/bin/git-credential-null" "clone" "--bare" "https://github.com/seanr707/gitter_gtk" "/workspace/cache/git-repos/https%3A%2F%2Fgithub.com%2Fseanr707%2Fgitter_gtk", kill_on_drop: false }`
[INFO] [stderr] Cloning into bare repository '/workspace/cache/git-repos/https%3A%2F%2Fgithub.com%2Fseanr707%2Fgitter_gtk'...
[INFO] running `Command { std: "git" "rev-parse" "HEAD", kill_on_drop: false }`
[INFO] [stdout] 5dbbae885c91ad0738a3b31050082a40062d3c09
[INFO] documenting seanr707/gitter_gtk against 1.75.0 for beta-1.76-rustdoc-1
[INFO] running `Command { std: "git" "clone" "/workspace/cache/git-repos/https%3A%2F%2Fgithub.com%2Fseanr707%2Fgitter_gtk" "/workspace/builds/worker-5-tc1/source", kill_on_drop: false }`
[INFO] [stderr] Cloning into '/workspace/builds/worker-5-tc1/source'...
[INFO] [stderr] done.
[INFO] validating manifest of git repo https://github.com/seanr707/gitter_gtk on toolchain 1.75.0
[INFO] running `Command { std: CARGO_HOME="/workspace/cargo-home" RUSTUP_HOME="/workspace/rustup-home" "/workspace/cargo-home/bin/cargo" "+1.75.0" "metadata" "--manifest-path" "Cargo.toml" "--no-deps", kill_on_drop: false }`
[INFO] started tweaking git repo https://github.com/seanr707/gitter_gtk
[INFO] finished tweaking git repo https://github.com/seanr707/gitter_gtk
[INFO] tweaked toml for git repo https://github.com/seanr707/gitter_gtk written to /workspace/builds/worker-5-tc1/source/Cargo.toml
[INFO] crate git repo https://github.com/seanr707/gitter_gtk already has a lockfile, it will not be regenerated
[INFO] running `Command { std: CARGO_HOME="/workspace/cargo-home" RUSTUP_HOME="/workspace/rustup-home" "/workspace/cargo-home/bin/cargo" "+1.75.0" "fetch" "--manifest-path" "Cargo.toml", kill_on_drop: false }`
[INFO] [stderr]     Blocking waiting for file lock on package cache
[ERROR] error running command: no output for 300 seconds
[ERROR] this task or one of its parent failed!
[ERROR] no output for 300 seconds
[ERROR] note: run with `RUST_BACKTRACE=1` to display a backtrace.
[INFO] documenting seanr707/gitter_gtk against beta-2023-12-22 for beta-1.76-rustdoc-1
[INFO] running `Command { std: "git" "clone" "/workspace/cache/git-repos/https%3A%2F%2Fgithub.com%2Fseanr707%2Fgitter_gtk" "/workspace/builds/worker-5-tc2/source", kill_on_drop: false }`
[INFO] [stderr] Cloning into '/workspace/builds/worker-5-tc2/source'...
[INFO] [stderr] done.
[INFO] validating manifest of git repo https://github.com/seanr707/gitter_gtk on toolchain beta-2023-12-22
[INFO] running `Command { std: CARGO_HOME="/workspace/cargo-home" RUSTUP_HOME="/workspace/rustup-home" "/workspace/cargo-home/bin/cargo" "+beta-2023-12-22" "metadata" "--manifest-path" "Cargo.toml" "--no-deps", kill_on_drop: false }`
[INFO] started tweaking git repo https://github.com/seanr707/gitter_gtk
[INFO] finished tweaking git repo https://github.com/seanr707/gitter_gtk
[INFO] tweaked toml for git repo https://github.com/seanr707/gitter_gtk written to /workspace/builds/worker-5-tc2/source/Cargo.toml
[INFO] crate git repo https://github.com/seanr707/gitter_gtk already has a lockfile, it will not be regenerated
[INFO] running `Command { std: CARGO_HOME="/workspace/cargo-home" RUSTUP_HOME="/workspace/rustup-home" "/workspace/cargo-home/bin/cargo" "+beta-2023-12-22" "fetch" "--manifest-path" "Cargo.toml", kill_on_drop: false }`
[INFO] [stderr]     Blocking waiting for file lock on package cache
[INFO] [stderr]     Blocking waiting for file lock on package cache
[INFO] [stderr]  Downloading crates ...
[INFO] [stderr]   Downloaded socket2 v0.2.4
[INFO] [stderr]   Downloaded openssl-probe v0.1.1
[INFO] [stderr]   Downloaded gio v0.2.0
[INFO] [stderr]   Downloaded gdk-pixbuf-sys v0.4.0
[INFO] [stderr]   Downloaded gtk-sys v0.4.0
[INFO] [stderr]   Downloaded atk-sys v0.4.0
[INFO] [stderr]   Downloaded cairo-sys-rs v0.4.0
[INFO] [stderr]   Downloaded gobject-sys v0.4.0
[INFO] [stderr]   Downloaded gdk-sys v0.4.0
[INFO] [stderr]   Downloaded gdk v0.6.0
[INFO] [stderr]   Downloaded gtk v0.2.0
[INFO] [stderr]   Downloaded glib-sys v0.4.0
[INFO] [stderr]   Downloaded glib v0.3.1
[INFO] [stderr]   Downloaded pango v0.2.0
[INFO] [stderr]   Downloaded gio-sys v0.4.0
[INFO] [stderr]   Downloaded cairo-rs v0.2.0
[INFO] [stderr]   Downloaded curl v0.4.8
[INFO] [stderr]   Downloaded gdk-pixbuf v0.2.0
[INFO] [stderr]   Downloaded pango-sys v0.4.0
[INFO] [stderr]   Downloaded backtrace v0.3.4
[INFO] [stderr]   Downloaded openssl-sys v0.9.20
[INFO] [stderr]   Downloaded notify-rust v3.4.2
[INFO] [stderr]   Downloaded dbus v0.4.1
[INFO] [stderr]   Downloaded curl-sys v0.3.15
[INFO] running `Command { std: "docker" "create" "-v" "/var/lib/crater-agent-workspace/builds/worker-5-tc2/target:/opt/rustwide/target:rw,Z" "-v" "/var/lib/crater-agent-workspace/builds/worker-5-tc2/source:/opt/rustwide/workdir:ro,Z" "-v" "/var/lib/crater-agent-workspace/cargo-home:/opt/rustwide/cargo-home:ro,Z" "-v" "/var/lib/crater-agent-workspace/rustup-home:/opt/rustwide/rustup-home:ro,Z" "-e" "SOURCE_DIR=/opt/rustwide/workdir" "-e" "CARGO_TARGET_DIR=/opt/rustwide/target" "-e" "CARGO_HOME=/opt/rustwide/cargo-home" "-e" "RUSTUP_HOME=/opt/rustwide/rustup-home" "-w" "/opt/rustwide/workdir" "-m" "1610612736" "--user" "0:0" "--network" "none" "ghcr.io/rust-lang/crates-build-env/linux@sha256:2788e3201cd34a07e3172128adcd8b3090168a8e3bcc40d7c032b9dda1df7d1c" "/opt/rustwide/cargo-home/bin/cargo" "+beta-2023-12-22" "metadata" "--no-deps" "--format-version=1", kill_on_drop: false }`
[INFO] [stdout] ab02e28a44dc965641120f5cfbed1bb557218584a18daa78bdfc2b0e56c4a2f0
[INFO] running `Command { std: "docker" "start" "-a" "ab02e28a44dc965641120f5cfbed1bb557218584a18daa78bdfc2b0e56c4a2f0", kill_on_drop: false }`
[INFO] running `Command { std: "docker" "inspect" "ab02e28a44dc965641120f5cfbed1bb557218584a18daa78bdfc2b0e56c4a2f0", kill_on_drop: false }`
[INFO] running `Command { std: "docker" "rm" "-f" "ab02e28a44dc965641120f5cfbed1bb557218584a18daa78bdfc2b0e56c4a2f0", kill_on_drop: false }`
[INFO] [stdout] ab02e28a44dc965641120f5cfbed1bb557218584a18daa78bdfc2b0e56c4a2f0
[INFO] running `Command { std: "docker" "create" "-v" "/var/lib/crater-agent-workspace/builds/worker-5-tc2/target:/opt/rustwide/target:rw,Z" "-v" "/var/lib/crater-agent-workspace/builds/worker-5-tc2/source:/opt/rustwide/workdir:ro,Z" "-v" "/var/lib/crater-agent-workspace/cargo-home:/opt/rustwide/cargo-home:ro,Z" "-v" "/var/lib/crater-agent-workspace/rustup-home:/opt/rustwide/rustup-home:ro,Z" "-e" "SOURCE_DIR=/opt/rustwide/workdir" "-e" "CARGO_TARGET_DIR=/opt/rustwide/target" "-e" "CARGO_INCREMENTAL=0" "-e" "RUST_BACKTRACE=full" "-e" "RUSTFLAGS=--cap-lints=warn" "-e" "RUSTDOCFLAGS=--cap-lints=warn" "-e" "CARGO_HOME=/opt/rustwide/cargo-home" "-e" "RUSTUP_HOME=/opt/rustwide/rustup-home" "-w" "/opt/rustwide/workdir" "-m" "1610612736" "--user" "0:0" "--network" "none" "ghcr.io/rust-lang/crates-build-env/linux@sha256:2788e3201cd34a07e3172128adcd8b3090168a8e3bcc40d7c032b9dda1df7d1c" "/opt/rustwide/cargo-home/bin/cargo" "+beta-2023-12-22" "doc" "--frozen" "--no-deps" "--document-private-items" "--message-format=json", kill_on_drop: false }`
[INFO] [stdout] 350c99d9bbdf8d102a0fb0914bfda762927a0a5330ca6d61857ddc2b38a62e19
[INFO] running `Command { std: "docker" "start" "-a" "350c99d9bbdf8d102a0fb0914bfda762927a0a5330ca6d61857ddc2b38a62e19", kill_on_drop: false }`
[INFO] [stderr]    Compiling pkg-config v0.3.9
[INFO] [stderr]     Checking libc v0.2.33
[INFO] [stderr]    Compiling cc v1.0.3
[INFO] [stderr]     Checking bitflags v0.9.1
[INFO] [stderr]     Checking lazy_static v0.2.10
[INFO] [stderr]     Checking cfg-if v0.1.2
[INFO] [stderr]    Compiling cairo-rs v0.2.0
[INFO] [stderr]    Compiling unicode-xid v0.0.4
[INFO] [stderr]    Compiling gdk-pixbuf v0.2.0
[INFO] [stderr]    Compiling gio v0.2.0
[INFO] [stderr]    Compiling quote v0.3.15
[INFO] [stderr]     Checking void v1.0.2
[INFO] [stderr]     Checking rustc-demangle v0.1.5
[INFO] [stderr]    Compiling gdk v0.6.0
[INFO] [stderr]     Checking c_vec v1.2.1
[INFO] [stderr]    Compiling gtk v0.2.0
[INFO] [stderr]     Checking dtoa v0.4.2
[INFO] [stderr]     Checking num-traits v0.1.40
[INFO] [stderr]     Checking utf8-ranges v1.0.0
[INFO] [stderr]    Compiling synom v0.11.3
[INFO] [stderr]     Checking unreachable v1.0.0
[INFO] [stderr]     Checking regex-syntax v0.4.1
[INFO] [stderr]     Checking itoa v0.3.4
[INFO] [stderr]     Checking thread_local v0.3.4
[INFO] [stderr]     Checking openssl-probe v0.1.1
[INFO] [stderr]    Compiling syn v0.11.11
[INFO] [stderr]     Checking serde v1.0.20
[INFO] [stderr]     Checking yaml-rust v0.3.5
[INFO] [stderr]    Compiling glib-sys v0.4.0
[INFO] [stderr]    Compiling gobject-sys v0.4.0
[INFO] [stderr]    Compiling gio-sys v0.4.0
[INFO] [stderr]    Compiling gdk-pixbuf-sys v0.4.0
[INFO] [stderr]    Compiling cairo-sys-rs v0.4.0
[INFO] [stderr]    Compiling pango-sys v0.4.0
[INFO] [stderr]    Compiling gdk-sys v0.4.0
[INFO] [stderr]    Compiling atk-sys v0.4.0
[INFO] [stderr]    Compiling gtk-sys v0.4.0
[INFO] [stderr]    Compiling dbus v0.4.1
[INFO] [stderr]     Checking memchr v1.0.2
[INFO] [stderr]    Compiling backtrace-sys v0.1.16
[INFO] [stderr]    Compiling libz-sys v1.0.18
[INFO] [stderr]    Compiling openssl-sys v0.9.20
[INFO] [stderr]    Compiling curl-sys v0.3.15
[INFO] [stderr]     Checking aho-corasick v0.6.3
[INFO] [stderr]     Checking socket2 v0.2.4
[INFO] [stdout] error[E0512]: cannot transmute between types of different sizes, or dependently-sized types
[INFO] [stdout]    --> /opt/rustwide/cargo-home/registry/src/index.crates.io-6f17d22bba15001f/socket2-0.2.4/src/sockaddr.rs:139:9
[INFO] [stdout]     |
[INFO] [stdout] 139 |         mem::transmute::<SocketAddrV4, sockaddr_in>(v4);
[INFO] [stdout]     |         ^^^^^^^^^^^^^^^^^^^^^^^^^^^^^^^^^^^^^^^^^^^
[INFO] [stdout]     |
[INFO] [stdout]     = note: source type: `SocketAddrV4` (48 bits)
[INFO] [stdout]     = note: target type: `sockaddr_in` (128 bits)
[INFO] [stdout] 
[INFO] [stdout] 
[INFO] [stdout] error: aborting due to 1 previous error
[INFO] [stdout] 
[INFO] [stdout] 
[INFO] [stdout] For more information about this error, try `rustc --explain E0512`.
[INFO] [stdout] 
[INFO] [stderr] error: could not compile `socket2` (lib) due to 2 previous errors
[INFO] [stderr] warning: build failed, waiting for other jobs to finish...
[INFO] running `Command { std: "docker" "inspect" "350c99d9bbdf8d102a0fb0914bfda762927a0a5330ca6d61857ddc2b38a62e19", kill_on_drop: false }`
[INFO] running `Command { std: "docker" "rm" "-f" "350c99d9bbdf8d102a0fb0914bfda762927a0a5330ca6d61857ddc2b38a62e19", kill_on_drop: false }`
[INFO] [stdout] 350c99d9bbdf8d102a0fb0914bfda762927a0a5330ca6d61857ddc2b38a62e19
