[INFO] cloning repository https://github.com/sambacha/foundry-rs
[INFO] running `Command { std: "git" "-c" "credential.helper=" "-c" "credential.helper=/workspace/cargo-home/bin/git-credential-null" "clone" "--bare" "https://github.com/sambacha/foundry-rs" "/workspace/cache/git-repos/https%3A%2F%2Fgithub.com%2Fsambacha%2Ffoundry-rs", kill_on_drop: false }`
[INFO] [stderr] Cloning into bare repository '/workspace/cache/git-repos/https%3A%2F%2Fgithub.com%2Fsambacha%2Ffoundry-rs'...
[INFO] running `Command { std: "git" "rev-parse" "HEAD", kill_on_drop: false }`
[INFO] [stdout] 9db03d6dd659c3fcb2f5eb67f21f1a8900288b0b
[INFO] documenting sambacha/foundry-rs against 1.75.0 for beta-1.76-rustdoc-1
[INFO] running `Command { std: "git" "clone" "/workspace/cache/git-repos/https%3A%2F%2Fgithub.com%2Fsambacha%2Ffoundry-rs" "/workspace/builds/worker-0-tc1/source", kill_on_drop: false }`
[INFO] [stderr] Cloning into '/workspace/builds/worker-0-tc1/source'...
[INFO] [stderr] done.
[INFO] validating manifest of git repo https://github.com/sambacha/foundry-rs on toolchain 1.75.0
[INFO] running `Command { std: CARGO_HOME="/workspace/cargo-home" RUSTUP_HOME="/workspace/rustup-home" "/workspace/cargo-home/bin/cargo" "+1.75.0" "metadata" "--manifest-path" "Cargo.toml" "--no-deps", kill_on_drop: false }`
[INFO] removed /workspace/builds/worker-0-tc1/source/rust-toolchain
[INFO] started tweaking git repo https://github.com/sambacha/foundry-rs
[INFO] finished tweaking git repo https://github.com/sambacha/foundry-rs
[INFO] tweaked toml for git repo https://github.com/sambacha/foundry-rs written to /workspace/builds/worker-0-tc1/source/Cargo.toml
[INFO] crate git repo https://github.com/sambacha/foundry-rs already has a lockfile, it will not be regenerated
[INFO] running `Command { std: CARGO_HOME="/workspace/cargo-home" RUSTUP_HOME="/workspace/rustup-home" "/workspace/cargo-home/bin/cargo" "+1.75.0" "fetch" "--manifest-path" "Cargo.toml", kill_on_drop: false }`
[INFO] [stderr] warning: virtual workspace defaulting to `resolver = "1"` despite one or more workspace members being on edition 2021 which implies `resolver = "2"`
[INFO] [stderr] note: to keep the current resolver, specify `workspace.resolver = "1"` in the workspace root's manifest
[INFO] [stderr] note: to use the edition 2021 resolver, specify `workspace.resolver = "2"` in the workspace root's manifest
[INFO] [stderr] note: for more details see https://doc.rust-lang.org/cargo/reference/resolver.html#resolver-versions
[INFO] [stderr]     Blocking waiting for file lock on package cache
[ERROR] error running command: no output for 300 seconds
[ERROR] this task or one of its parent failed!
[ERROR] no output for 300 seconds
[ERROR] note: run with `RUST_BACKTRACE=1` to display a backtrace.
[INFO] documenting sambacha/foundry-rs against beta-2023-12-22 for beta-1.76-rustdoc-1
[INFO] running `Command { std: "git" "clone" "/workspace/cache/git-repos/https%3A%2F%2Fgithub.com%2Fsambacha%2Ffoundry-rs" "/workspace/builds/worker-0-tc2/source", kill_on_drop: false }`
[INFO] [stderr] Cloning into '/workspace/builds/worker-0-tc2/source'...
[INFO] [stderr] done.
[INFO] validating manifest of git repo https://github.com/sambacha/foundry-rs on toolchain beta-2023-12-22
[INFO] running `Command { std: CARGO_HOME="/workspace/cargo-home" RUSTUP_HOME="/workspace/rustup-home" "/workspace/cargo-home/bin/cargo" "+beta-2023-12-22" "metadata" "--manifest-path" "Cargo.toml" "--no-deps", kill_on_drop: false }`
[INFO] removed /workspace/builds/worker-0-tc2/source/rust-toolchain
[INFO] started tweaking git repo https://github.com/sambacha/foundry-rs
[INFO] finished tweaking git repo https://github.com/sambacha/foundry-rs
[INFO] tweaked toml for git repo https://github.com/sambacha/foundry-rs written to /workspace/builds/worker-0-tc2/source/Cargo.toml
[INFO] crate git repo https://github.com/sambacha/foundry-rs already has a lockfile, it will not be regenerated
[INFO] running `Command { std: CARGO_HOME="/workspace/cargo-home" RUSTUP_HOME="/workspace/rustup-home" "/workspace/cargo-home/bin/cargo" "+beta-2023-12-22" "fetch" "--manifest-path" "Cargo.toml", kill_on_drop: false }`
[INFO] [stderr] warning: virtual workspace defaulting to `resolver = "1"` despite one or more workspace members being on edition 2021 which implies `resolver = "2"`
[INFO] [stderr] note: to keep the current resolver, specify `workspace.resolver = "1"` in the workspace root's manifest
[INFO] [stderr] note: to use the edition 2021 resolver, specify `workspace.resolver = "2"` in the workspace root's manifest
[INFO] [stderr] note: for more details see https://doc.rust-lang.org/cargo/reference/resolver.html#resolver-versions
[INFO] [stderr]     Blocking waiting for file lock on package cache
[INFO] [stderr]     Updating git repository `https://github.com/roynalnaruto/svm-rs`
[INFO] [stderr]     Updating crates.io index
[INFO] [stderr]     Blocking waiting for file lock on package cache
[INFO] [stderr]  Downloading crates ...
[INFO] [stderr]   Downloaded path-slash v0.1.4
[INFO] [stderr]   Downloaded coins-bip32 v0.6.0
[INFO] [stderr]   Downloaded futures-locks v0.7.0
[INFO] [stderr]   Downloaded eth-keystore v0.4.1
[INFO] [stderr]   Downloaded unicode-bom v1.1.4
[INFO] [stderr]   Downloaded lalrpop-util v0.19.7
[INFO] [stderr]   Downloaded coins-core v0.2.2
[INFO] [stderr]   Downloaded rust_decimal v1.24.0
[INFO] [stderr]   Downloaded coins-ledger v0.6.0
[INFO] [stderr]   Downloaded tower-http v0.3.2
[INFO] [stderr]   Downloaded libusb1-sys v0.6.1
[INFO] [stderr]   Downloaded curl-sys v0.4.53+curl-7.82.0
[INFO] [stderr]   Downloaded vergen v7.0.0
[INFO] [stderr]   Downloaded trezor-client v0.0.5
[INFO] [stderr]   Downloaded pwd v1.3.1
[INFO] [stderr]   Downloaded git-hash v0.9.3
[INFO] [stderr]   Downloaded clap_complete v3.1.2
[INFO] [stderr]   Downloaded notify v5.0.0-pre.14
[INFO] [stderr]   Downloaded watchexec v2.0.0-pre.14
[INFO] [stderr]   Downloaded revm v1.3.0
[INFO] [stderr]   Downloaded miette v3.3.0
[INFO] [stderr]   Downloaded revm_precompiles v1.0.0
[INFO] [stderr]   Downloaded hidapi-rusb v1.3.1
[INFO] [stderr]   Downloaded toml_edit v0.14.3
[INFO] [stderr]   Downloaded solang-parser v0.1.13
[INFO] [stderr]   Downloaded git-config v0.2.1
[INFO] [stderr]   Downloaded coins-bip39 v0.6.0
[INFO] [stderr]   Downloaded miette-derive v3.3.0
[INFO] [stderr]   Downloaded lalrpop v0.19.7
[INFO] [stderr]   Downloaded indicatif v0.17.0-rc.11
[INFO] [stderr]   Downloaded ethabi v17.0.0
[INFO] [stderr]   Downloaded git-features v0.20.0
[INFO] running `Command { std: "docker" "create" "-v" "/var/lib/crater-agent-workspace/builds/worker-0-tc2/target:/opt/rustwide/target:rw,Z" "-v" "/var/lib/crater-agent-workspace/builds/worker-0-tc2/source:/opt/rustwide/workdir:ro,Z" "-v" "/var/lib/crater-agent-workspace/cargo-home:/opt/rustwide/cargo-home:ro,Z" "-v" "/var/lib/crater-agent-workspace/rustup-home:/opt/rustwide/rustup-home:ro,Z" "-e" "SOURCE_DIR=/opt/rustwide/workdir" "-e" "CARGO_TARGET_DIR=/opt/rustwide/target" "-e" "CARGO_HOME=/opt/rustwide/cargo-home" "-e" "RUSTUP_HOME=/opt/rustwide/rustup-home" "-w" "/opt/rustwide/workdir" "-m" "1610612736" "--user" "0:0" "--network" "none" "ghcr.io/rust-lang/crates-build-env/linux@sha256:2788e3201cd34a07e3172128adcd8b3090168a8e3bcc40d7c032b9dda1df7d1c" "/opt/rustwide/cargo-home/bin/cargo" "+beta-2023-12-22" "metadata" "--no-deps" "--format-version=1", kill_on_drop: false }`
[INFO] [stdout] 9be292f47a5e2588c6f49ad8eac084acd791d33aa1b2b18008bb9faa783ba03b
[INFO] running `Command { std: "docker" "start" "-a" "9be292f47a5e2588c6f49ad8eac084acd791d33aa1b2b18008bb9faa783ba03b", kill_on_drop: false }`
[INFO] running `Command { std: "docker" "inspect" "9be292f47a5e2588c6f49ad8eac084acd791d33aa1b2b18008bb9faa783ba03b", kill_on_drop: false }`
[INFO] running `Command { std: "docker" "rm" "-f" "9be292f47a5e2588c6f49ad8eac084acd791d33aa1b2b18008bb9faa783ba03b", kill_on_drop: false }`
[INFO] [stdout] 9be292f47a5e2588c6f49ad8eac084acd791d33aa1b2b18008bb9faa783ba03b
[INFO] running `Command { std: "docker" "create" "-v" "/var/lib/crater-agent-workspace/builds/worker-0-tc2/target:/opt/rustwide/target:rw,Z" "-v" "/var/lib/crater-agent-workspace/builds/worker-0-tc2/source:/opt/rustwide/workdir:ro,Z" "-v" "/var/lib/crater-agent-workspace/cargo-home:/opt/rustwide/cargo-home:ro,Z" "-v" "/var/lib/crater-agent-workspace/rustup-home:/opt/rustwide/rustup-home:ro,Z" "-e" "SOURCE_DIR=/opt/rustwide/workdir" "-e" "CARGO_TARGET_DIR=/opt/rustwide/target" "-e" "CARGO_INCREMENTAL=0" "-e" "RUST_BACKTRACE=full" "-e" "RUSTFLAGS=--cap-lints=warn" "-e" "RUSTDOCFLAGS=--cap-lints=warn" "-e" "CARGO_HOME=/opt/rustwide/cargo-home" "-e" "RUSTUP_HOME=/opt/rustwide/rustup-home" "-w" "/opt/rustwide/workdir" "-m" "1610612736" "--user" "0:0" "--network" "none" "ghcr.io/rust-lang/crates-build-env/linux@sha256:2788e3201cd34a07e3172128adcd8b3090168a8e3bcc40d7c032b9dda1df7d1c" "/opt/rustwide/cargo-home/bin/cargo" "+beta-2023-12-22" "doc" "--frozen" "--no-deps" "--document-private-items" "--message-format=json", kill_on_drop: false }`
[INFO] [stdout] 4c68008bc64868a5ed77c868eaa47412d67edcc3cb3154e07704b8358c55dbfc
[INFO] running `Command { std: "docker" "start" "-a" "4c68008bc64868a5ed77c868eaa47412d67edcc3cb3154e07704b8358c55dbfc", kill_on_drop: false }`
[INFO] [stderr] warning: virtual workspace defaulting to `resolver = "1"` despite one or more workspace members being on edition 2021 which implies `resolver = "2"`
[INFO] [stderr] note: to keep the current resolver, specify `workspace.resolver = "1"` in the workspace root's manifest
[INFO] [stderr] note: to use the edition 2021 resolver, specify `workspace.resolver = "2"` in the workspace root's manifest
[INFO] [stderr] note: for more details see https://doc.rust-lang.org/cargo/reference/resolver.html#resolver-versions
[INFO] [stderr]    Compiling libc v0.2.124
[INFO] [stderr]    Compiling proc-macro2 v1.0.39
[INFO] [stderr]    Compiling unicode-ident v1.0.0
[INFO] [stderr]    Compiling syn v1.0.96
[INFO] [stderr]    Compiling version_check v0.9.4
[INFO] [stderr]    Compiling serde_derive v1.0.136
[INFO] [stderr]    Compiling serde v1.0.136
[INFO] [stderr]    Compiling autocfg v1.1.0
[INFO] [stderr]     Checking cfg-if v1.0.0
[INFO] [stderr]    Compiling typenum v1.15.0
[INFO] [stderr]    Compiling memchr v2.4.1
[INFO] [stderr]    Compiling log v0.4.16
[INFO] [stderr]     Checking spin v0.5.2
[INFO] [stderr]    Compiling parking_lot_core v0.9.2
[INFO] [stderr]     Checking subtle v2.4.1
[INFO] [stderr]    Compiling futures-core v0.3.21
[INFO] [stderr]     Checking once_cell v1.12.0
[INFO] [stderr]    Compiling futures-task v0.3.21
[INFO] [stderr]     Checking lazy_static v1.4.0
[INFO] [stderr]    Compiling futures-channel v0.3.21
[INFO] [stderr]    Compiling crunchy v0.2.2
[INFO] [stderr]    Compiling futures-util v0.3.21
[INFO] [stderr]     Checking byteorder v1.4.3
[INFO] [stderr]     Checking scopeguard v1.1.0
[INFO] [stderr]     Checking smallvec v1.8.0
[INFO] [stderr]    Compiling serde_json v1.0.79
[INFO] [stderr]     Checking pin-project-lite v0.2.8
[INFO] [stderr]    Compiling generic-array v0.14.5
[INFO] [stderr]     Checking itoa v1.0.1
[INFO] [stderr]    Compiling lock_api v0.4.7
[INFO] [stderr]    Compiling indexmap v1.8.1
[INFO] [stderr]    Compiling num-traits v0.2.14
[INFO] [stderr]    Compiling radium v0.7.0
[INFO] [stderr]     Checking ppv-lite86 v0.2.16
[INFO] [stderr]     Checking cpufeatures v0.2.2
[INFO] [stderr]    Compiling semver v1.0.9
[INFO] [stderr]    Compiling httparse v1.7.0
[INFO] [stderr]     Checking regex-syntax v0.6.26
[INFO] [stderr]    Compiling quote v1.0.18
[INFO] [stderr]    Compiling rustls v0.20.4
[INFO] [stderr]     Checking futures-sink v0.3.21
[INFO] [stderr]    Compiling tiny-keccak v2.0.2
[INFO] [stderr]    Compiling num-integer v0.1.44
[INFO] [stderr]     Checking base64ct v1.0.1
[INFO] [stderr]    Compiling heck v0.4.0
[INFO] [stderr]     Checking aho-corasick v0.7.18
[INFO] [stderr]    Compiling proc-macro-error-attr v1.0.4
[INFO] [stderr]    Compiling rustversion v1.0.6
[INFO] [stderr]    Compiling pkg-config v0.3.25
[INFO] [stderr]    Compiling proc-macro-error v1.0.4
[INFO] [stderr]     Checking pin-utils v0.1.0
[INFO] [stderr]     Checking fnv v1.0.7
[INFO] [stderr]     Checking slab v0.4.6
[INFO] [stderr]     Checking opaque-debug v0.3.0
[INFO] [stderr]     Checking futures-io v0.3.21
[INFO] [stderr]     Checking tracing-core v0.1.26
[INFO] [stderr]     Checking ryu v1.0.9
[INFO] [stderr]     Checking zeroize v1.5.4
[INFO] [stderr]     Checking getrandom v0.2.6
[INFO] [stderr]     Checking signal-hook-registry v1.4.0
[INFO] [stderr]     Checking mio v0.8.2
[INFO] [stderr]     Checking rand_core v0.6.3
[INFO] [stderr]     Checking num_cpus v1.13.1
[INFO] [stderr]     Checking socket2 v0.4.4
[INFO] [stderr]     Checking rustc-hex v2.1.0
[INFO] [stderr]    Compiling hashbrown v0.11.2
[INFO] [stderr]     Checking parking_lot v0.12.0
[INFO] [stderr]     Checking rand_chacha v0.3.1
[INFO] [stderr]    Compiling jobserver v0.1.24
[INFO] [stderr]     Checking block-padding v0.2.1
[INFO] [stderr]    Compiling cc v1.0.73
[INFO] [stderr]     Checking bitflags v1.3.2
[INFO] [stderr]     Checking const-oid v0.7.1
[INFO] [stderr]     Checking untrusted v0.7.1
[INFO] [stderr]     Checking matches v0.1.9
[INFO] [stderr]     Checking der v0.5.1
[INFO] [stderr]     Checking tap v1.0.1
[INFO] [stderr]     Checking block-buffer v0.10.2
[INFO] [stderr]     Checking crypto-common v0.1.3
[INFO] [stderr]     Checking rand v0.8.5
[INFO] [stderr]     Checking digest v0.9.0
[INFO] [stderr]     Checking block-buffer v0.9.0
[INFO] [stderr]     Checking keccak v0.1.0
[INFO] [stderr]     Checking digest v0.10.3
[INFO] [stderr]     Checking wyz v0.5.0
[INFO] [stderr]     Checking crypto-mac v0.11.1
[INFO] [stderr]     Checking regex v1.5.6
[INFO] [stderr]    Compiling encoding_rs v0.8.31
[INFO] [stderr]     Checking tinyvec_macros v0.1.0
[INFO] [stderr]     Checking funty v2.0.0
[INFO] [stderr]     Checking static_assertions v1.1.0
[INFO] [stderr]     Checking arrayvec v0.7.2
[INFO] [stderr]    Compiling tinyvec v1.6.0
[INFO] [stderr]     Checking hmac v0.11.0
[INFO] [stderr]     Checking sha2 v0.9.9
[INFO] [stderr]     Checking crypto-bigint v0.3.2
[INFO] [stderr]     Checking ff v0.11.0
[INFO] [stderr]    Compiling camino v1.0.7
[INFO] [stderr]     Checking spki v0.5.4
[INFO] [stderr]     Checking percent-encoding v2.1.0
[INFO] [stderr]     Checking byte-slice-cast v1.2.1
[INFO] [stderr]     Checking form_urlencoded v1.0.1
[INFO] [stderr]     Checking pkcs8 v0.8.0
[INFO] [stderr]     Checking fixed-hash v0.7.0
[INFO] [stderr]    Compiling ring v0.16.20
[INFO] [stderr]     Checking group v0.11.0
[INFO] [stderr]     Checking bitvec v1.0.0
[INFO] [stderr]     Checking sec1 v0.2.1
[INFO] [stderr]     Checking unicode-bidi v0.3.7
[INFO] [stderr]     Checking base16ct v0.1.1
[INFO] [stderr]     Checking unicode-normalization v0.1.19
[INFO] [stderr]     Checking elliptic-curve v0.11.12
[INFO] [stderr]     Checking rfc6979 v0.1.0
[INFO] [stderr]     Checking sha3 v0.9.1
[INFO] [stderr]     Checking signature v1.4.0
[INFO] [stderr]     Checking tower-service v0.3.1
[INFO] [stderr]    Compiling rust_decimal v1.24.0
[INFO] [stderr]     Checking ecdsa v0.13.4
[INFO] [stderr]     Checking try-lock v0.2.3
[INFO] [stderr]     Checking base64 v0.13.0
[INFO] [stderr]    Compiling anyhow v1.0.57
[INFO] [stderr]     Checking idna v0.2.3
[INFO] [stderr]     Checking k256 v0.10.4
[INFO] [stderr]     Checking want v0.3.0
[INFO] [stderr]     Checking sha3 v0.10.1
[INFO] [stderr]    Compiling unicase v2.6.0
[INFO] [stderr]     Checking httpdate v1.0.2
[INFO] [stderr]     Checking mime v0.3.16
[INFO] [stderr]     Checking unicode-width v0.1.9
[INFO] [stderr]    Compiling atty v0.2.14
[INFO] [stderr]     Checking url v2.2.2
[INFO] [stderr]    Compiling terminal_size v0.1.17
[INFO] [stderr]     Checking time v0.1.43
[INFO] [stderr]    Compiling either v1.6.1
[INFO] [stderr]    Compiling unicode-xid v0.2.3
[INFO] [stderr]    Compiling siphasher v0.3.10
[INFO] [stderr]    Compiling itertools v0.10.3
[INFO] [stderr]    Compiling rustls-pemfile v0.3.0
[INFO] [stderr]    Compiling ipnet v2.5.0
[INFO] [stderr]    Compiling phf_shared v0.10.0
[INFO] [stderr]     Checking chrono v0.4.19
[INFO] [stderr]    Compiling dirs-sys-next v0.1.2
[INFO] [stderr]     Checking convert_case v0.5.0
[INFO] [stderr]    Compiling dirs-next v2.0.0
[INFO] [stderr]    Compiling eyre v0.6.8
[INFO] [stderr]    Compiling crossbeam-utils v0.8.8
[INFO] [stderr]    Compiling term v0.7.0
[INFO] [stderr]    Compiling memoffset v0.6.5
[INFO] [stderr]    Compiling fixedbitset v0.2.0
[INFO] [stderr]    Compiling async-trait v0.1.53
[INFO] [stderr]    Compiling os_str_bytes v6.0.0
[INFO] [stderr]     Checking fastrand v1.7.0
[INFO] [stderr]     Checking remove_dir_all v0.5.3
[INFO] [stderr]    Compiling proc-macro-hack v0.5.19
[INFO] [stderr]    Compiling bit-vec v0.6.3
[INFO] [stderr]    Compiling precomputed-hash v0.1.1
[INFO] [stderr]    Compiling new_debug_unreachable v1.0.4
[INFO] [stderr]     Checking tempfile v3.3.0
[INFO] [stderr]    Compiling string_cache v0.8.4
[INFO] [stderr]    Compiling bit-set v0.5.2
[INFO] [stderr]    Compiling clap_lex v0.1.1
[INFO] [stderr]    Compiling ascii-canvas v3.0.0
[INFO] [stderr]    Compiling petgraph v0.5.1
[INFO] [stderr]    Compiling textwrap v0.15.0
[INFO] [stderr]    Compiling console v0.15.0
[INFO] [stderr]    Compiling console v0.14.1
[INFO] [stderr]    Compiling lalrpop-util v0.19.7
[INFO] [stderr]    Compiling ena v0.14.0
[INFO] [stderr]    Compiling crossbeam-epoch v0.9.8
[INFO] [stderr]    Compiling strsim v0.10.0
[INFO] [stderr]    Compiling diff v0.1.12
[INFO] [stderr]    Compiling number_prefix v0.4.0
[INFO] [stderr]    Compiling termcolor v1.1.3
[INFO] [stderr]    Compiling pico-args v0.4.2
[INFO] [stderr]    Compiling indicatif v0.16.2
[INFO] [stderr]    Compiling dialoguer v0.8.0
[INFO] [stderr]    Compiling lalrpop v0.19.7
[INFO] [stderr]    Compiling phf_generator v0.10.0
[INFO] [stderr]    Compiling fs2 v0.4.3
[INFO] [stderr]     Checking instant v0.1.12
[INFO] [stderr]    Compiling home v0.5.3
[INFO] [stderr]     Checking same-file v1.0.6
[INFO] [stderr]    Compiling rayon-core v1.9.2
[INFO] [stderr]     Checking walkdir v2.3.2
[INFO] [stderr]     Checking sha-1 v0.10.0
[INFO] [stderr]     Checking utf-8 v0.7.6
[INFO] [stderr]    Compiling parking_lot_core v0.8.5
[INFO] [stderr]    Compiling build_const v0.2.2
[INFO] [stderr]    Compiling webpki v0.22.0
[INFO] [stderr]     Checking sct v0.7.0
[INFO] [stderr]     Checking indenter v0.3.3
[INFO] [stderr]     Checking dunce v1.0.2
[INFO] [stderr]     Checking crossbeam-deque v0.8.1
[INFO] [stderr]     Checking webpki-roots v0.22.3
[INFO] [stderr]     Checking crossbeam-channel v0.5.4
[INFO] [stderr]    Compiling rayon v1.5.3
[INFO] [stderr]    Compiling thiserror-impl v1.0.31
[INFO] [stderr]    Compiling tokio-macros v1.7.0
[INFO] [stderr]    Compiling futures-macro v0.3.21
[INFO] [stderr]    Compiling tracing-attributes v0.1.20
[INFO] [stderr]    Compiling impl-trait-for-tuples v0.2.2
[INFO] [stderr]    Compiling strum_macros v0.24.0
[INFO] [stderr]    Compiling rlp-derive v0.1.0
[INFO] [stderr]    Compiling clap_derive v3.1.7
[INFO] [stderr]    Compiling pin-project-internal v1.0.10
[INFO] [stderr]    Compiling phf_macros v0.10.0
[INFO] [stderr]    Compiling libusb1-sys v0.6.1
[INFO] [stderr]     Checking generic-array v0.12.4
[INFO] [stderr]    Compiling thiserror v1.0.31
[INFO] [stderr]    Compiling proc-macro2-diagnostics v0.9.1
[INFO] [stderr]     Checking byte-tools v0.3.1
[INFO] [stderr]     Checking block-padding v0.1.5
[INFO] [stderr]     Checking parking_lot v0.11.2
[INFO] [stderr]     Checking tracing v0.1.34
[INFO] [stderr] error: could not compile `lalrpop` (lib)
[INFO] [stderr] 
[INFO] [stderr] Caused by:
[INFO] [stderr]   process didn't exit successfully: `/opt/rustwide/rustup-home/toolchains/beta-2023-12-22-x86_64-unknown-linux-gnu/bin/rustc --crate-name lalrpop /opt/rustwide/cargo-home/registry/src/index.crates.io-6f17d22bba15001f/lalrpop-0.19.7/src/lib.rs --error-format=json --json=diagnostic-rendered-ansi,artifacts,future-incompat --crate-type lib --emit=dep-info,metadata,link -C embed-bitcode=no --cfg 'feature="default"' --cfg 'feature="lexer"' --cfg 'feature="pico-args"' -C metadata=e6c54a70a7644b9f -C extra-filename=-e6c54a70a7644b9f --out-dir /opt/rustwide/target/debug/deps -L dependency=/opt/rustwide/target/debug/deps --extern ascii_canvas=/opt/rustwide/target/debug/deps/libascii_canvas-1005ae4c87136af8.rmeta --extern atty=/opt/rustwide/target/debug/deps/libatty-412d923ed1b07a31.rmeta --extern bit_set=/opt/rustwide/target/debug/deps/libbit_set-31a8c8ccd2656e68.rmeta --extern diff=/opt/rustwide/target/debug/deps/libdiff-fa617f7cb2cb78f8.rmeta --extern ena=/opt/rustwide/target/debug/deps/libena-c1c038953a1012de.rmeta --extern itertools=/opt/rustwide/target/debug/deps/libitertools-660067d2755e00f8.rmeta --extern lalrpop_util=/opt/rustwide/target/debug/deps/liblalrpop_util-9ad57c24b6bbfc93.rmeta --extern petgraph=/opt/rustwide/target/debug/deps/libpetgraph-4f1b1fab488d7978.rmeta --extern pico_args=/opt/rustwide/target/debug/deps/libpico_args-b22947a6c86cb1ad.rmeta --extern regex=/opt/rustwide/target/debug/deps/libregex-824080dda64c0d61.rmeta --extern regex_syntax=/opt/rustwide/target/debug/deps/libregex_syntax-f5ac581c249bd323.rmeta --extern string_cache=/opt/rustwide/target/debug/deps/libstring_cache-072e36e41ba4fb24.rmeta --extern term=/opt/rustwide/target/debug/deps/libterm-6234b900d283cc64.rmeta --extern tiny_keccak=/opt/rustwide/target/debug/deps/libtiny_keccak-bd6f8f8b60818a3a.rmeta --extern unicode_xid=/opt/rustwide/target/debug/deps/libunicode_xid-632885ea68916ac3.rmeta --cap-lints allow --cap-lints=warn` (signal: 9, SIGKILL: kill)
[INFO] [stderr] warning: build failed, waiting for other jobs to finish...
[INFO] [stderr] error: could not compile `rustls` (lib)
[INFO] [stderr] 
[INFO] [stderr] Caused by:
[INFO] [stderr]   process didn't exit successfully: `/opt/rustwide/rustup-home/toolchains/beta-2023-12-22-x86_64-unknown-linux-gnu/bin/rustc --crate-name rustls --edition=2018 /opt/rustwide/cargo-home/registry/src/index.crates.io-6f17d22bba15001f/rustls-0.20.4/src/lib.rs --error-format=json --json=diagnostic-rendered-ansi,artifacts,future-incompat --crate-type lib --emit=dep-info,metadata,link -C embed-bitcode=no --cfg 'feature="dangerous_configuration"' --cfg 'feature="default"' --cfg 'feature="log"' --cfg 'feature="logging"' --cfg 'feature="tls12"' -C metadata=8aab9a9f050dc5d4 -C extra-filename=-8aab9a9f050dc5d4 --out-dir /opt/rustwide/target/debug/deps -L dependency=/opt/rustwide/target/debug/deps --extern log=/opt/rustwide/target/debug/deps/liblog-3b87fc17b7d5b739.rmeta --extern ring=/opt/rustwide/target/debug/deps/libring-7cd05557d652b0bf.rmeta --extern sct=/opt/rustwide/target/debug/deps/libsct-64a8ee154e95a201.rmeta --extern webpki=/opt/rustwide/target/debug/deps/libwebpki-815814b4fecd0d58.rmeta --cap-lints allow --cap-lints=warn -L native=/opt/rustwide/target/debug/build/ring-1833d34969a71246/out` (signal: 9, SIGKILL: kill)
[INFO] running `Command { std: "docker" "inspect" "4c68008bc64868a5ed77c868eaa47412d67edcc3cb3154e07704b8358c55dbfc", kill_on_drop: false }`
[INFO] running `Command { std: "docker" "rm" "-f" "4c68008bc64868a5ed77c868eaa47412d67edcc3cb3154e07704b8358c55dbfc", kill_on_drop: false }`
[INFO] [stdout] 4c68008bc64868a5ed77c868eaa47412d67edcc3cb3154e07704b8358c55dbfc
