[INFO] cloning repository https://github.com/roguh/PhotoFest
[INFO] running `Command { std: "git" "-c" "credential.helper=" "-c" "credential.helper=/workspace/cargo-home/bin/git-credential-null" "clone" "--bare" "https://github.com/roguh/PhotoFest" "/workspace/cache/git-repos/https%3A%2F%2Fgithub.com%2Froguh%2FPhotoFest", kill_on_drop: false }`
[INFO] [stderr] Cloning into bare repository '/workspace/cache/git-repos/https%3A%2F%2Fgithub.com%2Froguh%2FPhotoFest'...
[INFO] running `Command { std: "git" "rev-parse" "HEAD", kill_on_drop: false }`
[INFO] [stdout] be0b4b9bed5fedb9a571fad5059a498f024a8794
[INFO] documenting roguh/PhotoFest against 1.75.0 for beta-1.76-rustdoc-1
[INFO] running `Command { std: "git" "clone" "/workspace/cache/git-repos/https%3A%2F%2Fgithub.com%2Froguh%2FPhotoFest" "/workspace/builds/worker-0-tc1/source", kill_on_drop: false }`
[INFO] [stderr] Cloning into '/workspace/builds/worker-0-tc1/source'...
[INFO] [stderr] done.
[INFO] validating manifest of git repo https://github.com/roguh/PhotoFest on toolchain 1.75.0
[INFO] running `Command { std: CARGO_HOME="/workspace/cargo-home" RUSTUP_HOME="/workspace/rustup-home" "/workspace/cargo-home/bin/cargo" "+1.75.0" "metadata" "--manifest-path" "Cargo.toml" "--no-deps", kill_on_drop: false }`
[INFO] removed /workspace/builds/worker-0-tc1/source/.cargo/config
[INFO] started tweaking git repo https://github.com/roguh/PhotoFest
[INFO] finished tweaking git repo https://github.com/roguh/PhotoFest
[INFO] tweaked toml for git repo https://github.com/roguh/PhotoFest written to /workspace/builds/worker-0-tc1/source/Cargo.toml
[INFO] crate git repo https://github.com/roguh/PhotoFest already has a lockfile, it will not be regenerated
[INFO] running `Command { std: CARGO_HOME="/workspace/cargo-home" RUSTUP_HOME="/workspace/rustup-home" "/workspace/cargo-home/bin/cargo" "+1.75.0" "fetch" "--manifest-path" "Cargo.toml", kill_on_drop: false }`
[INFO] [stderr]     Blocking waiting for file lock on package cache
[ERROR] error running command: no output for 300 seconds
[ERROR] this task or one of its parent failed!
[ERROR] no output for 300 seconds
[ERROR] note: run with `RUST_BACKTRACE=1` to display a backtrace.
[INFO] documenting roguh/PhotoFest against beta-2023-12-22 for beta-1.76-rustdoc-1
[INFO] running `Command { std: "git" "clone" "/workspace/cache/git-repos/https%3A%2F%2Fgithub.com%2Froguh%2FPhotoFest" "/workspace/builds/worker-0-tc2/source", kill_on_drop: false }`
[INFO] [stderr] Cloning into '/workspace/builds/worker-0-tc2/source'...
[INFO] [stderr] done.
[INFO] validating manifest of git repo https://github.com/roguh/PhotoFest on toolchain beta-2023-12-22
[INFO] running `Command { std: CARGO_HOME="/workspace/cargo-home" RUSTUP_HOME="/workspace/rustup-home" "/workspace/cargo-home/bin/cargo" "+beta-2023-12-22" "metadata" "--manifest-path" "Cargo.toml" "--no-deps", kill_on_drop: false }`
[INFO] removed /workspace/builds/worker-0-tc2/source/.cargo/config
[INFO] started tweaking git repo https://github.com/roguh/PhotoFest
[INFO] finished tweaking git repo https://github.com/roguh/PhotoFest
[INFO] tweaked toml for git repo https://github.com/roguh/PhotoFest written to /workspace/builds/worker-0-tc2/source/Cargo.toml
[INFO] crate git repo https://github.com/roguh/PhotoFest already has a lockfile, it will not be regenerated
[INFO] running `Command { std: CARGO_HOME="/workspace/cargo-home" RUSTUP_HOME="/workspace/rustup-home" "/workspace/cargo-home/bin/cargo" "+beta-2023-12-22" "fetch" "--manifest-path" "Cargo.toml", kill_on_drop: false }`
[INFO] [stderr]     Blocking waiting for file lock on package cache
[INFO] [stderr]     Updating crates.io index
[INFO] [stderr]     Blocking waiting for file lock on package cache
[ERROR] error running command: no output for 300 seconds
[INFO] documenting roguh/PhotoFest against beta-2023-12-22 for beta-1.76-rustdoc-1
[INFO] running `Command { std: "git" "clone" "/workspace/cache/git-repos/https%3A%2F%2Fgithub.com%2Froguh%2FPhotoFest" "/workspace/builds/worker-0-tc2/source", kill_on_drop: false }`
[INFO] [stderr] Cloning into '/workspace/builds/worker-0-tc2/source'...
[INFO] [stderr] done.
[INFO] validating manifest of git repo https://github.com/roguh/PhotoFest on toolchain beta-2023-12-22
[INFO] running `Command { std: CARGO_HOME="/workspace/cargo-home" RUSTUP_HOME="/workspace/rustup-home" "/workspace/cargo-home/bin/cargo" "+beta-2023-12-22" "metadata" "--manifest-path" "Cargo.toml" "--no-deps", kill_on_drop: false }`
[INFO] removed /workspace/builds/worker-0-tc2/source/.cargo/config
[INFO] started tweaking git repo https://github.com/roguh/PhotoFest
[INFO] finished tweaking git repo https://github.com/roguh/PhotoFest
[INFO] tweaked toml for git repo https://github.com/roguh/PhotoFest written to /workspace/builds/worker-0-tc2/source/Cargo.toml
[INFO] crate git repo https://github.com/roguh/PhotoFest already has a lockfile, it will not be regenerated
[INFO] running `Command { std: CARGO_HOME="/workspace/cargo-home" RUSTUP_HOME="/workspace/rustup-home" "/workspace/cargo-home/bin/cargo" "+beta-2023-12-22" "fetch" "--manifest-path" "Cargo.toml", kill_on_drop: false }`
[INFO] [stderr]     Blocking waiting for file lock on package cache
[INFO] [stderr]     Blocking waiting for file lock on package cache
[INFO] [stderr]  Downloading crates ...
[INFO] [stderr]   Downloaded brotli2 v0.2.2
[INFO] [stderr]   Downloaded brotli-sys v0.2.1
[INFO] [stderr]   Downloaded redox_syscall v0.1.29
[INFO] [stderr]   Downloaded tiny_http v0.5.8
[INFO] [stderr]   Downloaded handlebars v0.28.3
[INFO] [stderr]   Downloaded rexiv2 v0.5.0
[INFO] [stderr]   Downloaded gexiv2-sys v0.7.0
[INFO] [stderr]   Downloaded rouille v1.0.2
[INFO] running `Command { std: "docker" "create" "-v" "/var/lib/crater-agent-workspace/builds/worker-0-tc2/target:/opt/rustwide/target:rw,Z" "-v" "/var/lib/crater-agent-workspace/builds/worker-0-tc2/source:/opt/rustwide/workdir:ro,Z" "-v" "/var/lib/crater-agent-workspace/cargo-home:/opt/rustwide/cargo-home:ro,Z" "-v" "/var/lib/crater-agent-workspace/rustup-home:/opt/rustwide/rustup-home:ro,Z" "-e" "SOURCE_DIR=/opt/rustwide/workdir" "-e" "CARGO_TARGET_DIR=/opt/rustwide/target" "-e" "CARGO_HOME=/opt/rustwide/cargo-home" "-e" "RUSTUP_HOME=/opt/rustwide/rustup-home" "-w" "/opt/rustwide/workdir" "-m" "1610612736" "--user" "0:0" "--network" "none" "ghcr.io/rust-lang/crates-build-env/linux@sha256:2788e3201cd34a07e3172128adcd8b3090168a8e3bcc40d7c032b9dda1df7d1c" "/opt/rustwide/cargo-home/bin/cargo" "+beta-2023-12-22" "metadata" "--no-deps" "--format-version=1", kill_on_drop: false }`
[INFO] [stdout] a6585506f106fdd2bd147aad3106cc467430d1b2f6ae5ced9378651c04426dad
[INFO] running `Command { std: "docker" "start" "-a" "a6585506f106fdd2bd147aad3106cc467430d1b2f6ae5ced9378651c04426dad", kill_on_drop: false }`
[INFO] running `Command { std: "docker" "inspect" "a6585506f106fdd2bd147aad3106cc467430d1b2f6ae5ced9378651c04426dad", kill_on_drop: false }`
[INFO] running `Command { std: "docker" "rm" "-f" "a6585506f106fdd2bd147aad3106cc467430d1b2f6ae5ced9378651c04426dad", kill_on_drop: false }`
[INFO] [stdout] a6585506f106fdd2bd147aad3106cc467430d1b2f6ae5ced9378651c04426dad
[INFO] running `Command { std: "docker" "create" "-v" "/var/lib/crater-agent-workspace/builds/worker-0-tc2/target:/opt/rustwide/target:rw,Z" "-v" "/var/lib/crater-agent-workspace/builds/worker-0-tc2/source:/opt/rustwide/workdir:ro,Z" "-v" "/var/lib/crater-agent-workspace/cargo-home:/opt/rustwide/cargo-home:ro,Z" "-v" "/var/lib/crater-agent-workspace/rustup-home:/opt/rustwide/rustup-home:ro,Z" "-e" "SOURCE_DIR=/opt/rustwide/workdir" "-e" "CARGO_TARGET_DIR=/opt/rustwide/target" "-e" "CARGO_INCREMENTAL=0" "-e" "RUST_BACKTRACE=full" "-e" "RUSTFLAGS=--cap-lints=warn" "-e" "RUSTDOCFLAGS=--cap-lints=warn" "-e" "CARGO_HOME=/opt/rustwide/cargo-home" "-e" "RUSTUP_HOME=/opt/rustwide/rustup-home" "-w" "/opt/rustwide/workdir" "-m" "1610612736" "--user" "0:0" "--network" "none" "ghcr.io/rust-lang/crates-build-env/linux@sha256:2788e3201cd34a07e3172128adcd8b3090168a8e3bcc40d7c032b9dda1df7d1c" "/opt/rustwide/cargo-home/bin/cargo" "+beta-2023-12-22" "doc" "--frozen" "--no-deps" "--document-private-items" "--message-format=json", kill_on_drop: false }`
[INFO] [stdout] 558fe5cc42b4b066d0f76f50e44c1904321253ebba9d9c27dff16b49268cd7c4
[INFO] running `Command { std: "docker" "start" "-a" "558fe5cc42b4b066d0f76f50e44c1904321253ebba9d9c27dff16b49268cd7c4", kill_on_drop: false }`
[INFO] [stderr]     Checking libc v0.2.29
[INFO] [stderr]     Checking num-traits v0.1.40
[INFO] [stderr]    Compiling winapi-build v0.1.1
[INFO] [stderr]    Compiling gcc v0.3.51
[INFO] [stderr]    Compiling siphasher v0.2.2
[INFO] [stderr]     Checking winapi v0.2.8
[INFO] [stderr]     Checking encoding_index_tests v0.1.4
[INFO] [stderr]     Checking log v0.3.8
[INFO] [stderr]     Checking matches v0.1.6
[INFO] [stderr]     Checking rustc-serialize v0.3.24
[INFO] [stderr]     Checking void v1.0.2
[INFO] [stderr]     Checking utf8-ranges v0.1.3
[INFO] [stderr]    Compiling pkg-config v0.3.9
[INFO] [stderr]     Checking regex-syntax v0.3.9
[INFO] [stderr]     Checking unicode-bidi v0.3.4
[INFO] [stderr]     Checking lazy_static v0.2.8
[INFO] [stderr]     Checking encoding-index-japanese v1.20141219.5
[INFO] [stderr]     Checking unreachable v1.0.0
[INFO] [stderr]     Checking encoding-index-simpchinese v1.20141219.5
[INFO] [stderr]     Checking encoding-index-korean v1.20141219.5
[INFO] [stderr]    Compiling kernel32-sys v0.2.2
[INFO] [stderr]     Checking phf_shared v0.7.21
[INFO] [stderr]     Checking encoding-index-tradchinese v1.20141219.5
[INFO] [stderr]     Checking encoding-index-singlebyte v1.20141219.5
[INFO] [stderr]     Checking phf v0.7.21
[INFO] [stderr]     Checking unicode-normalization v0.1.5
[INFO] [stderr]     Checking thread_local v0.3.4
[INFO] [stderr]     Checking ascii v0.7.1
[INFO] [stdout] error[E0310]: the parameter type `T` may not live long enough
[INFO] [stdout]     --> /opt/rustwide/cargo-home/registry/src/index.crates.io-6f17d22bba15001f/rustc-serialize-0.3.24/src/serialize.rs:1155:5
[INFO] [stdout]      |
[INFO] [stdout] 1155 |     fn decode<D: Decoder>(d: &mut D) -> Result<Cow<'static, T>, D::Error> {
[INFO] [stdout]      |     ^^^^^^^^^^^^^^^^^^^^^^^^^^^^^^^^^^^^^^^^^^^^^^^^^^^^^^^^^^^^^^^^^^^^^
[INFO] [stdout]      |     |
[INFO] [stdout]      |     the parameter type `T` must be valid for the static lifetime...
[INFO] [stdout]      |     ...so that the type `T` will meet its required lifetime bounds...
[INFO] [stdout]      |
[INFO] [stdout] note: ...that is required by this bound
[INFO] [stdout]     --> /rustc/0e09125c6c3c2fd70d7de961bcf0e51575235fad/library/alloc/src/borrow.rs:180:30
[INFO] [stdout] help: consider adding an explicit lifetime bound
[INFO] [stdout]      |
[INFO] [stdout] 1151 | impl<'a, T: ?Sized + 'static> Decodable for Cow<'a, T>
[INFO] [stdout]      |                    +++++++++
[INFO] [stdout] 
[INFO] [stdout] 
[INFO] [stderr]     Checking buf_redux v0.1.3
[INFO] [stderr]     Checking itoa v0.3.1
[INFO] [stderr]     Checking percent-encoding v1.0.0
[INFO] [stderr]     Checking serde v1.0.11
[INFO] [stderr]    Compiling rand v0.3.16
[INFO] [stderr]     Checking utf8-ranges v1.0.0
[INFO] [stderr]     Checking num-integer v0.1.35
[INFO] [stderr]    Compiling gexiv2-sys v0.7.0
[INFO] [stderr]     Checking regex-syntax v0.4.1
[INFO] [stderr]     Checking memchr v0.1.11
[INFO] [stderr]     Checking thread-id v2.0.0
[INFO] [stderr]     Checking time v0.1.38
[INFO] [stderr]     Checking memchr v1.0.1
[INFO] [stderr]     Checking aho-corasick v0.5.3
[INFO] [stderr]     Checking thread_local v0.2.7
[INFO] [stderr]     Checking encoding v0.2.33
[INFO] [stderr]     Checking aho-corasick v0.6.3
[INFO] [stderr]     Checking dtoa v0.4.1
[INFO] [stderr]     Checking num-iter v0.1.34
[INFO] [stderr]     Checking chunked_transfer v0.3.1
[INFO] [stderr]     Checking idna v0.1.4
[INFO] [stderr]     Checking num v0.1.40
[INFO] [stderr]     Checking num-rational v0.1.39
[INFO] [stderr]     Checking serde v0.6.15
[INFO] [stderr]     Checking filetime v0.1.10
[INFO] [stderr]     Checking term v0.2.14
[INFO] [stderr]     Checking quick-error v1.2.0
[INFO] [stderr]    Compiling brotli-sys v0.2.1
[INFO] [stderr]    Compiling miniz-sys v0.1.9
[INFO] [stderr]     Checking regex v0.1.80
[INFO] [stderr]     Checking chrono v0.2.25
[INFO] [stderr]     Checking pest v0.3.3
[INFO] [stderr]     Checking sha1 v0.2.0
[INFO] [stderr]     Checking rexiv2 v0.5.0
[INFO] [stderr]     Checking tempdir v0.3.5
[INFO] [stderr]    Compiling phf_generator v0.7.21
[INFO] [stderr]    Compiling phf_codegen v0.7.21
[INFO] [stdout] error: aborting due to 1 previous error
[INFO] [stdout] 
[INFO] [stdout] 
[INFO] [stdout] For more information about this error, try `rustc --explain E0310`.
[INFO] [stdout] 
[INFO] [stderr] error: could not compile `rustc-serialize` (lib) due to 2 previous errors
[INFO] [stderr] warning: build failed, waiting for other jobs to finish...
[INFO] running `Command { std: "docker" "inspect" "558fe5cc42b4b066d0f76f50e44c1904321253ebba9d9c27dff16b49268cd7c4", kill_on_drop: false }`
[INFO] running `Command { std: "docker" "rm" "-f" "558fe5cc42b4b066d0f76f50e44c1904321253ebba9d9c27dff16b49268cd7c4", kill_on_drop: false }`
[INFO] [stdout] 558fe5cc42b4b066d0f76f50e44c1904321253ebba9d9c27dff16b49268cd7c4
