[INFO] cloning repository https://github.com/robgssp/counter-parser
[INFO] running `Command { std: "git" "-c" "credential.helper=" "-c" "credential.helper=/workspace/cargo-home/bin/git-credential-null" "clone" "--bare" "https://github.com/robgssp/counter-parser" "/workspace/cache/git-repos/https%3A%2F%2Fgithub.com%2Frobgssp%2Fcounter-parser", kill_on_drop: false }`
[INFO] [stderr] Cloning into bare repository '/workspace/cache/git-repos/https%3A%2F%2Fgithub.com%2Frobgssp%2Fcounter-parser'...
[INFO] running `Command { std: "git" "rev-parse" "HEAD", kill_on_drop: false }`
[INFO] [stdout] da6c93624df4244b371114dde87b2e7744727548
[INFO] documenting robgssp/counter-parser against 1.75.0 for beta-1.76-rustdoc-1
[INFO] running `Command { std: "git" "clone" "/workspace/cache/git-repos/https%3A%2F%2Fgithub.com%2Frobgssp%2Fcounter-parser" "/workspace/builds/worker-7-tc1/source", kill_on_drop: false }`
[INFO] [stderr] Cloning into '/workspace/builds/worker-7-tc1/source'...
[INFO] [stderr] done.
[INFO] validating manifest of git repo https://github.com/robgssp/counter-parser on toolchain 1.75.0
[INFO] running `Command { std: CARGO_HOME="/workspace/cargo-home" RUSTUP_HOME="/workspace/rustup-home" "/workspace/cargo-home/bin/cargo" "+1.75.0" "metadata" "--manifest-path" "Cargo.toml" "--no-deps", kill_on_drop: false }`
[INFO] started tweaking git repo https://github.com/robgssp/counter-parser
[INFO] finished tweaking git repo https://github.com/robgssp/counter-parser
[INFO] tweaked toml for git repo https://github.com/robgssp/counter-parser written to /workspace/builds/worker-7-tc1/source/Cargo.toml
[INFO] crate git repo https://github.com/robgssp/counter-parser already has a lockfile, it will not be regenerated
[INFO] running `Command { std: CARGO_HOME="/workspace/cargo-home" RUSTUP_HOME="/workspace/rustup-home" "/workspace/cargo-home/bin/cargo" "+1.75.0" "fetch" "--manifest-path" "Cargo.toml", kill_on_drop: false }`
[INFO] [stderr]     Blocking waiting for file lock on package cache
[ERROR] error running command: no output for 300 seconds
[ERROR] this task or one of its parent failed!
[ERROR] no output for 300 seconds
[ERROR] note: run with `RUST_BACKTRACE=1` to display a backtrace.
[INFO] documenting robgssp/counter-parser against beta-2023-12-22 for beta-1.76-rustdoc-1
[INFO] running `Command { std: "git" "clone" "/workspace/cache/git-repos/https%3A%2F%2Fgithub.com%2Frobgssp%2Fcounter-parser" "/workspace/builds/worker-7-tc2/source", kill_on_drop: false }`
[INFO] [stderr] Cloning into '/workspace/builds/worker-7-tc2/source'...
[INFO] [stderr] done.
[INFO] validating manifest of git repo https://github.com/robgssp/counter-parser on toolchain beta-2023-12-22
[INFO] running `Command { std: CARGO_HOME="/workspace/cargo-home" RUSTUP_HOME="/workspace/rustup-home" "/workspace/cargo-home/bin/cargo" "+beta-2023-12-22" "metadata" "--manifest-path" "Cargo.toml" "--no-deps", kill_on_drop: false }`
[INFO] started tweaking git repo https://github.com/robgssp/counter-parser
[INFO] finished tweaking git repo https://github.com/robgssp/counter-parser
[INFO] tweaked toml for git repo https://github.com/robgssp/counter-parser written to /workspace/builds/worker-7-tc2/source/Cargo.toml
[INFO] crate git repo https://github.com/robgssp/counter-parser already has a lockfile, it will not be regenerated
[INFO] running `Command { std: CARGO_HOME="/workspace/cargo-home" RUSTUP_HOME="/workspace/rustup-home" "/workspace/cargo-home/bin/cargo" "+beta-2023-12-22" "fetch" "--manifest-path" "Cargo.toml", kill_on_drop: false }`
[INFO] [stderr]     Blocking waiting for file lock on package cache
[INFO] [stderr]     Blocking waiting for file lock on package cache
[INFO] running `Command { std: "docker" "create" "-v" "/var/lib/crater-agent-workspace/builds/worker-7-tc2/target:/opt/rustwide/target:rw,Z" "-v" "/var/lib/crater-agent-workspace/builds/worker-7-tc2/source:/opt/rustwide/workdir:ro,Z" "-v" "/var/lib/crater-agent-workspace/cargo-home:/opt/rustwide/cargo-home:ro,Z" "-v" "/var/lib/crater-agent-workspace/rustup-home:/opt/rustwide/rustup-home:ro,Z" "-e" "SOURCE_DIR=/opt/rustwide/workdir" "-e" "CARGO_TARGET_DIR=/opt/rustwide/target" "-e" "CARGO_HOME=/opt/rustwide/cargo-home" "-e" "RUSTUP_HOME=/opt/rustwide/rustup-home" "-w" "/opt/rustwide/workdir" "-m" "1610612736" "--user" "0:0" "--network" "none" "ghcr.io/rust-lang/crates-build-env/linux@sha256:2788e3201cd34a07e3172128adcd8b3090168a8e3bcc40d7c032b9dda1df7d1c" "/opt/rustwide/cargo-home/bin/cargo" "+beta-2023-12-22" "metadata" "--no-deps" "--format-version=1", kill_on_drop: false }`
[INFO] [stdout] e8582f71afc453b774dc8ae08ea3cc4c5e496351e8ceef5c3439e483a5a896e2
[INFO] running `Command { std: "docker" "start" "-a" "e8582f71afc453b774dc8ae08ea3cc4c5e496351e8ceef5c3439e483a5a896e2", kill_on_drop: false }`
[INFO] running `Command { std: "docker" "inspect" "e8582f71afc453b774dc8ae08ea3cc4c5e496351e8ceef5c3439e483a5a896e2", kill_on_drop: false }`
[INFO] running `Command { std: "docker" "rm" "-f" "e8582f71afc453b774dc8ae08ea3cc4c5e496351e8ceef5c3439e483a5a896e2", kill_on_drop: false }`
[INFO] [stdout] e8582f71afc453b774dc8ae08ea3cc4c5e496351e8ceef5c3439e483a5a896e2
[INFO] running `Command { std: "docker" "create" "-v" "/var/lib/crater-agent-workspace/builds/worker-7-tc2/target:/opt/rustwide/target:rw,Z" "-v" "/var/lib/crater-agent-workspace/builds/worker-7-tc2/source:/opt/rustwide/workdir:ro,Z" "-v" "/var/lib/crater-agent-workspace/cargo-home:/opt/rustwide/cargo-home:ro,Z" "-v" "/var/lib/crater-agent-workspace/rustup-home:/opt/rustwide/rustup-home:ro,Z" "-e" "SOURCE_DIR=/opt/rustwide/workdir" "-e" "CARGO_TARGET_DIR=/opt/rustwide/target" "-e" "CARGO_INCREMENTAL=0" "-e" "RUST_BACKTRACE=full" "-e" "RUSTFLAGS=--cap-lints=warn" "-e" "RUSTDOCFLAGS=--cap-lints=warn" "-e" "CARGO_HOME=/opt/rustwide/cargo-home" "-e" "RUSTUP_HOME=/opt/rustwide/rustup-home" "-w" "/opt/rustwide/workdir" "-m" "1610612736" "--user" "0:0" "--network" "none" "ghcr.io/rust-lang/crates-build-env/linux@sha256:2788e3201cd34a07e3172128adcd8b3090168a8e3bcc40d7c032b9dda1df7d1c" "/opt/rustwide/cargo-home/bin/cargo" "+beta-2023-12-22" "doc" "--frozen" "--no-deps" "--document-private-items" "--message-format=json", kill_on_drop: false }`
[INFO] [stdout] bf0bc9483ae4b8d781d434bc934660ae5a7baf00c35711f6c9295f11af0c6341
[INFO] running `Command { std: "docker" "start" "-a" "bf0bc9483ae4b8d781d434bc934660ae5a7baf00c35711f6c9295f11af0c6341", kill_on_drop: false }`
[INFO] [stderr]    Compiling libc v0.2.126
[INFO] [stderr]    Compiling autocfg v1.1.0
[INFO] [stderr]    Compiling proc-macro2 v1.0.39
[INFO] [stderr]    Compiling unicode-ident v1.0.0
[INFO] [stderr]    Compiling syn v1.0.95
[INFO] [stderr]    Compiling version_check v0.9.4
[INFO] [stderr]    Compiling memchr v2.5.0
[INFO] [stderr]    Compiling log v0.4.17
[INFO] [stderr]    Compiling parking_lot_core v0.9.3
[INFO] [stderr]    Compiling cfg-if v1.0.0
[INFO] [stderr]     Checking pin-project-lite v0.2.9
[INFO] [stderr]     Checking once_cell v1.12.0
[INFO] [stderr]    Compiling futures-core v0.3.21
[INFO] [stderr]     Checking bytes v1.1.0
[INFO] [stderr]     Checking smallvec v1.8.0
[INFO] [stderr]     Checking scopeguard v1.1.0
[INFO] [stderr]    Compiling regex-syntax v0.6.26
[INFO] [stderr]    Compiling typenum v1.15.0
[INFO] [stderr]     Checking itoa v1.0.2
[INFO] [stderr]    Compiling futures-task v0.3.21
[INFO] [stderr]     Checking tracing-core v0.1.27
[INFO] [stderr]    Compiling futures-util v0.3.21
[INFO] [stderr]    Compiling serde_derive v1.0.137
[INFO] [stderr]    Compiling serde v1.0.137
[INFO] [stderr]    Compiling crunchy v0.2.2
[INFO] [stderr]    Compiling lock_api v0.4.7
[INFO] [stderr]    Compiling num-traits v0.2.15
[INFO] [stderr]    Compiling generic-array v0.14.5
[INFO] [stderr]    Compiling num-integer v0.1.45
[INFO] [stderr]     Checking tracing v0.1.35
[INFO] [stderr]    Compiling indexmap v1.7.0
[INFO] [stderr]    Compiling aho-corasick v0.7.18
[INFO] [stderr]     Checking pin-utils v0.1.0
[INFO] [stderr]     Checking futures-sink v0.3.21
[INFO] [stderr]    Compiling fnv v1.0.7
[INFO] [stderr]    Compiling proc-macro-error-attr v1.0.4
[INFO] [stderr]    Compiling tiny-keccak v2.0.2
[INFO] [stderr]     Checking local-waker v0.1.3
[INFO] [stderr]    Compiling zstd-safe v5.0.2+zstd.1.5.2
[INFO] [stderr]     Checking matches v0.1.9
[INFO] [stderr]     Checking hashbrown v0.11.2
[INFO] [stderr]    Compiling siphasher v0.3.10
[INFO] [stderr]    Compiling crc32fast v1.3.2
[INFO] [stderr]     Checking alloc-no-stdlib v2.0.3
[INFO] [stderr]     Checking http v0.2.8
[INFO] [stderr]     Checking alloc-stdlib v0.2.1
[INFO] [stderr]    Compiling phf_shared v0.10.0
[INFO] [stderr]    Compiling quote v1.0.18
[INFO] [stderr]     Checking socket2 v0.4.4
[INFO] [stderr]    Compiling jobserver v0.1.24
[INFO] [stderr]     Checking parking_lot v0.12.0
[INFO] [stderr]     Checking num_cpus v1.13.1
[INFO] [stderr]     Checking signal-hook-registry v1.4.0
[INFO] [stderr]     Checking mio v0.8.3
[INFO] [stderr]    Compiling dirs-sys-next v0.1.2
[INFO] [stderr]     Checking getrandom v0.2.6
[INFO] [stderr]    Compiling cc v1.0.73
[INFO] [stderr]    Compiling dirs-next v2.0.0
[INFO] [stderr]     Checking rand_core v0.6.3
[INFO] [stderr]    Compiling term v0.7.0
[INFO] [stderr]     Checking tinyvec v1.6.0
[INFO] [stderr]    Compiling proc-macro-error v1.0.4
[INFO] [stderr]    Compiling ahash v0.7.6
[INFO] [stderr]    Compiling num-bigint v0.4.3
[INFO] [stderr]    Compiling new_debug_unreachable v1.0.4
[INFO] [stderr]    Compiling encoding_rs v0.8.31
[INFO] [stderr]     Checking adler v1.0.2
[INFO] [stderr]    Compiling either v1.6.1
[INFO] [stderr]    Compiling bit-vec v0.6.3
[INFO] [stderr]     Checking ppv-lite86 v0.2.16
[INFO] [stderr]     Checking bitflags v1.3.2
[INFO] [stderr]    Compiling paste v1.0.7
[INFO] [stderr]    Compiling httparse v1.7.1
[INFO] [stderr]    Compiling regex v1.5.6
[INFO] [stderr]    Compiling precomputed-hash v0.1.1
[INFO] [stderr]    Compiling fixedbitset v0.4.1
[INFO] [stderr]    Compiling string_cache v0.8.4
[INFO] [stderr]     Checking unicode-normalization v0.1.19
[INFO] [stderr]    Compiling bit-set v0.5.2
[INFO] [stderr]    Compiling petgraph v0.6.1
[INFO] [stderr]     Checking rand_chacha v0.3.1
[INFO] [stderr]     Checking block-buffer v0.10.2
[INFO] [stderr]     Checking crypto-common v0.1.3
[INFO] [stderr]    Compiling itertools v0.10.3
[INFO] [stderr]     Checking miniz_oxide v0.5.3
[INFO] [stderr]     Checking digest v0.10.3
[INFO] [stderr]    Compiling ascii-canvas v3.0.0
[INFO] [stderr]     Checking actix-service v2.0.2
[INFO] [stderr]    Compiling zstd-sys v2.0.1+zstd.1.5.2
[INFO] [stderr]    Compiling bytestring v1.1.0
[INFO] [stderr]    Compiling atty v0.2.14
[INFO] [stderr]    Compiling lalrpop-util v0.19.8
[INFO] [stderr]     Checking brotli-decompressor v2.3.2
[INFO] [stderr]     Checking form_urlencoded v1.0.1
[INFO] [stderr]     Checking actix-utils v3.0.0
[INFO] [stderr]    Compiling ena v0.14.0
[INFO] [stderr]    Compiling num-rational v0.4.0
[INFO] [stderr]    Compiling cookie v0.16.0
[INFO] [stderr]    Compiling num-iter v0.1.43
[INFO] [stderr]    Compiling firestorm v0.5.1
[INFO] [stderr]    Compiling pico-args v0.4.2
[INFO] [stderr]    Compiling unicode-xid v0.2.3
[INFO] [stderr]     Checking ryu v1.0.10
[INFO] [stderr]    Compiling serde_json v1.0.81
[INFO] [stderr]     Checking slab v0.4.6
[INFO] [stderr]     Checking unicode-bidi v0.3.8
[INFO] [stderr]    Compiling time-macros v0.2.4
[INFO] [stderr]     Checking cpufeatures v0.2.2
[INFO] [stderr]    Compiling convert_case v0.4.0
[INFO] [stderr]    Compiling diff v0.1.12
[INFO] [stderr]     Checking num_threads v0.1.6
[INFO] [stderr]     Checking sha1 v0.10.1
[INFO] [stderr]     Checking idna v0.2.3
[INFO] [stderr]     Checking brotli v3.3.4
[INFO] [stderr]     Checking local-channel v0.1.3
[INFO] [stderr]     Checking flate2 v1.0.24
[INFO] [stderr]     Checking rand v0.8.5
[INFO] [stderr]     Checking httpdate v1.0.2
[INFO] [stderr]     Checking language-tags v0.3.2
[INFO] [stderr]    Compiling heck v0.4.0
[INFO] [stderr]    Compiling beef v0.5.1
[INFO] [stderr]    Compiling utf8-ranges v1.0.5
[INFO] [stderr]     Checking base64 v0.13.0
[INFO] [stderr]    Compiling lalrpop v0.19.8
[INFO] [stderr]     Checking os_str_bytes v6.1.0
[INFO] [stderr]     Checking num-complex v0.4.2
[INFO] [stderr]     Checking termcolor v1.1.3
[INFO] [stderr]     Checking strsim v0.10.0
[INFO] [stderr]     Checking clap_lex v0.2.2
[INFO] [stderr]     Checking textwrap v0.15.0
[INFO] [stderr]     Checking url v2.2.2
[INFO] [stderr]     Checking simple-error v0.2.3
[INFO] [stderr]     Checking num v0.4.0
[INFO] [stderr]     Checking time v0.3.9
[INFO] [stderr]    Compiling tokio-macros v1.8.0
[INFO] [stderr]    Compiling derive_more v0.99.17
[INFO] [stderr]    Compiling clap_derive v3.2.5
[INFO] [stderr]    Compiling actix-macros v0.2.3
[INFO] [stderr]     Checking tokio v1.19.2
[INFO] [stderr]    Compiling logos-derive v0.12.0
[INFO] [stderr] error: could not compile `brotli` (lib)
[INFO] [stderr] 
[INFO] [stderr] Caused by:
[INFO] [stderr]   process didn't exit successfully: `/opt/rustwide/rustup-home/toolchains/beta-2023-12-22-x86_64-unknown-linux-gnu/bin/rustc --crate-name brotli /opt/rustwide/cargo-home/registry/src/index.crates.io-6f17d22bba15001f/brotli-3.3.4/src/lib.rs --error-format=json --json=diagnostic-rendered-ansi,artifacts,future-incompat --crate-type lib --emit=dep-info,metadata -C embed-bitcode=no -C debuginfo=2 --cfg 'feature="alloc-stdlib"' --cfg 'feature="default"' --cfg 'feature="ffi-api"' --cfg 'feature="std"' -C metadata=158c73a2e2f92624 -C extra-filename=-158c73a2e2f92624 --out-dir /opt/rustwide/target/debug/deps -L dependency=/opt/rustwide/target/debug/deps --extern alloc_no_stdlib=/opt/rustwide/target/debug/deps/liballoc_no_stdlib-00691ab299cebc0c.rmeta --extern alloc_stdlib=/opt/rustwide/target/debug/deps/liballoc_stdlib-df3b8d10da67308f.rmeta --extern brotli_decompressor=/opt/rustwide/target/debug/deps/libbrotli_decompressor-2fa1c92bc5921fb7.rmeta --cap-lints allow --cap-lints=warn` (signal: 9, SIGKILL: kill)
[INFO] [stderr] warning: build failed, waiting for other jobs to finish...
[INFO] [stderr] error: could not compile `lalrpop` (lib)
[INFO] [stderr] 
[INFO] [stderr] Caused by:
[INFO] [stderr]   process didn't exit successfully: `/opt/rustwide/rustup-home/toolchains/beta-2023-12-22-x86_64-unknown-linux-gnu/bin/rustc --crate-name lalrpop /opt/rustwide/cargo-home/registry/src/index.crates.io-6f17d22bba15001f/lalrpop-0.19.8/src/lib.rs --error-format=json --json=diagnostic-rendered-ansi,artifacts,future-incompat --crate-type lib --emit=dep-info,metadata,link -C embed-bitcode=no --cfg 'feature="default"' --cfg 'feature="lexer"' --cfg 'feature="pico-args"' -C metadata=f116cf398f655cd9 -C extra-filename=-f116cf398f655cd9 --out-dir /opt/rustwide/target/debug/deps -L dependency=/opt/rustwide/target/debug/deps --extern ascii_canvas=/opt/rustwide/target/debug/deps/libascii_canvas-61e26f985970f018.rmeta --extern atty=/opt/rustwide/target/debug/deps/libatty-02c2a551ea9ab538.rmeta --extern bit_set=/opt/rustwide/target/debug/deps/libbit_set-af0cdb730514a1a3.rmeta --extern diff=/opt/rustwide/target/debug/deps/libdiff-fa617f7cb2cb78f8.rmeta --extern ena=/opt/rustwide/target/debug/deps/libena-0a4036a10d2ede8f.rmeta --extern itertools=/opt/rustwide/target/debug/deps/libitertools-3942e2791f65a77e.rmeta --extern lalrpop_util=/opt/rustwide/target/debug/deps/liblalrpop_util-1a314a387505f94c.rmeta --extern petgraph=/opt/rustwide/target/debug/deps/libpetgraph-f4156ba6a39787e6.rmeta --extern pico_args=/opt/rustwide/target/debug/deps/libpico_args-b22947a6c86cb1ad.rmeta --extern regex=/opt/rustwide/target/debug/deps/libregex-5632533dbd7bdd49.rmeta --extern regex_syntax=/opt/rustwide/target/debug/deps/libregex_syntax-f5ac581c249bd323.rmeta --extern string_cache=/opt/rustwide/target/debug/deps/libstring_cache-7dad73f60484a162.rmeta --extern term=/opt/rustwide/target/debug/deps/libterm-703faddd88aa91ef.rmeta --extern tiny_keccak=/opt/rustwide/target/debug/deps/libtiny_keccak-f7bc27ca7b76298e.rmeta --extern unicode_xid=/opt/rustwide/target/debug/deps/libunicode_xid-1bc629d8c32a2685.rmeta --cap-lints allow --cap-lints=warn` (signal: 9, SIGKILL: kill)
[INFO] running `Command { std: "docker" "inspect" "bf0bc9483ae4b8d781d434bc934660ae5a7baf00c35711f6c9295f11af0c6341", kill_on_drop: false }`
[INFO] running `Command { std: "docker" "rm" "-f" "bf0bc9483ae4b8d781d434bc934660ae5a7baf00c35711f6c9295f11af0c6341", kill_on_drop: false }`
[INFO] [stdout] bf0bc9483ae4b8d781d434bc934660ae5a7baf00c35711f6c9295f11af0c6341
