[INFO] cloning repository https://github.com/rambip/dioxus-markdown
[INFO] running `Command { std: "git" "-c" "credential.helper=" "-c" "credential.helper=/workspace/cargo-home/bin/git-credential-null" "clone" "--bare" "https://github.com/rambip/dioxus-markdown" "/workspace/cache/git-repos/https%3A%2F%2Fgithub.com%2Frambip%2Fdioxus-markdown", kill_on_drop: false }`
[INFO] [stderr] Cloning into bare repository '/workspace/cache/git-repos/https%3A%2F%2Fgithub.com%2Frambip%2Fdioxus-markdown'...
[INFO] running `Command { std: "git" "rev-parse" "HEAD", kill_on_drop: false }`
[INFO] [stdout] 9a6b8cd0f18c39730e61cb7187ad738320c350e6
[INFO] documenting rambip/dioxus-markdown against 1.75.0 for beta-1.76-rustdoc-1
[INFO] running `Command { std: "git" "clone" "/workspace/cache/git-repos/https%3A%2F%2Fgithub.com%2Frambip%2Fdioxus-markdown" "/workspace/builds/worker-4-tc1/source", kill_on_drop: false }`
[INFO] [stderr] Cloning into '/workspace/builds/worker-4-tc1/source'...
[INFO] [stderr] done.
[INFO] validating manifest of git repo https://github.com/rambip/dioxus-markdown on toolchain 1.75.0
[INFO] running `Command { std: CARGO_HOME="/workspace/cargo-home" RUSTUP_HOME="/workspace/rustup-home" "/workspace/cargo-home/bin/cargo" "+1.75.0" "metadata" "--manifest-path" "Cargo.toml" "--no-deps", kill_on_drop: false }`
[INFO] removed /workspace/builds/worker-4-tc1/source/.cargo/config.toml
[INFO] started tweaking git repo https://github.com/rambip/dioxus-markdown
[INFO] finished tweaking git repo https://github.com/rambip/dioxus-markdown
[INFO] tweaked toml for git repo https://github.com/rambip/dioxus-markdown written to /workspace/builds/worker-4-tc1/source/Cargo.toml
[INFO] crate git repo https://github.com/rambip/dioxus-markdown already has a lockfile, it will not be regenerated
[INFO] running `Command { std: CARGO_HOME="/workspace/cargo-home" RUSTUP_HOME="/workspace/rustup-home" "/workspace/cargo-home/bin/cargo" "+1.75.0" "fetch" "--manifest-path" "Cargo.toml", kill_on_drop: false }`
[INFO] [stderr]     Blocking waiting for file lock on package cache
[INFO] [stderr]     Updating git repository `https://github.com/rambip/rust-web-markdown/`
[INFO] [stderr]     Updating crates.io index
[INFO] [stderr]     Updating git repository `https://github.com/rambip/pulldown-cmark-wikilink`
[INFO] [stderr]     Updating git repository `https://github.com/ollpu/pulldown-cmark.git`
[INFO] [stderr]     Blocking waiting for file lock on package cache
[ERROR] error running command: no output for 300 seconds
[ERROR] this task or one of its parent failed!
[ERROR] no output for 300 seconds
[ERROR] note: run with `RUST_BACKTRACE=1` to display a backtrace.
[INFO] documenting rambip/dioxus-markdown against beta-2023-12-22 for beta-1.76-rustdoc-1
[INFO] running `Command { std: "git" "clone" "/workspace/cache/git-repos/https%3A%2F%2Fgithub.com%2Frambip%2Fdioxus-markdown" "/workspace/builds/worker-4-tc2/source", kill_on_drop: false }`
[INFO] [stderr] Cloning into '/workspace/builds/worker-4-tc2/source'...
[INFO] [stderr] done.
[INFO] validating manifest of git repo https://github.com/rambip/dioxus-markdown on toolchain beta-2023-12-22
[INFO] running `Command { std: CARGO_HOME="/workspace/cargo-home" RUSTUP_HOME="/workspace/rustup-home" "/workspace/cargo-home/bin/cargo" "+beta-2023-12-22" "metadata" "--manifest-path" "Cargo.toml" "--no-deps", kill_on_drop: false }`
[INFO] removed /workspace/builds/worker-4-tc2/source/.cargo/config.toml
[INFO] started tweaking git repo https://github.com/rambip/dioxus-markdown
[INFO] finished tweaking git repo https://github.com/rambip/dioxus-markdown
[INFO] tweaked toml for git repo https://github.com/rambip/dioxus-markdown written to /workspace/builds/worker-4-tc2/source/Cargo.toml
[INFO] crate git repo https://github.com/rambip/dioxus-markdown already has a lockfile, it will not be regenerated
[INFO] running `Command { std: CARGO_HOME="/workspace/cargo-home" RUSTUP_HOME="/workspace/rustup-home" "/workspace/cargo-home/bin/cargo" "+beta-2023-12-22" "fetch" "--manifest-path" "Cargo.toml", kill_on_drop: false }`
[INFO] [stderr]     Blocking waiting for file lock on package cache
[INFO] [stderr]     Blocking waiting for file lock on package cache
[INFO] [stderr]  Downloading crates ...
[INFO] [stderr]   Downloaded katex v0.4.6
[INFO] running `Command { std: "docker" "create" "-v" "/var/lib/crater-agent-workspace/builds/worker-4-tc2/target:/opt/rustwide/target:rw,Z" "-v" "/var/lib/crater-agent-workspace/builds/worker-4-tc2/source:/opt/rustwide/workdir:ro,Z" "-v" "/var/lib/crater-agent-workspace/cargo-home:/opt/rustwide/cargo-home:ro,Z" "-v" "/var/lib/crater-agent-workspace/rustup-home:/opt/rustwide/rustup-home:ro,Z" "-e" "SOURCE_DIR=/opt/rustwide/workdir" "-e" "CARGO_TARGET_DIR=/opt/rustwide/target" "-e" "CARGO_HOME=/opt/rustwide/cargo-home" "-e" "RUSTUP_HOME=/opt/rustwide/rustup-home" "-w" "/opt/rustwide/workdir" "-m" "1610612736" "--user" "0:0" "--network" "none" "ghcr.io/rust-lang/crates-build-env/linux@sha256:2788e3201cd34a07e3172128adcd8b3090168a8e3bcc40d7c032b9dda1df7d1c" "/opt/rustwide/cargo-home/bin/cargo" "+beta-2023-12-22" "metadata" "--no-deps" "--format-version=1", kill_on_drop: false }`
[INFO] [stdout] 479a00c652f08465e0f1ca90427d7bbe5c062a8c0e797c59989449d0cd39b757
[INFO] running `Command { std: "docker" "start" "-a" "479a00c652f08465e0f1ca90427d7bbe5c062a8c0e797c59989449d0cd39b757", kill_on_drop: false }`
[INFO] running `Command { std: "docker" "inspect" "479a00c652f08465e0f1ca90427d7bbe5c062a8c0e797c59989449d0cd39b757", kill_on_drop: false }`
[INFO] running `Command { std: "docker" "rm" "-f" "479a00c652f08465e0f1ca90427d7bbe5c062a8c0e797c59989449d0cd39b757", kill_on_drop: false }`
[INFO] [stdout] 479a00c652f08465e0f1ca90427d7bbe5c062a8c0e797c59989449d0cd39b757
[INFO] running `Command { std: "docker" "create" "-v" "/var/lib/crater-agent-workspace/builds/worker-4-tc2/target:/opt/rustwide/target:rw,Z" "-v" "/var/lib/crater-agent-workspace/builds/worker-4-tc2/source:/opt/rustwide/workdir:ro,Z" "-v" "/var/lib/crater-agent-workspace/cargo-home:/opt/rustwide/cargo-home:ro,Z" "-v" "/var/lib/crater-agent-workspace/rustup-home:/opt/rustwide/rustup-home:ro,Z" "-e" "SOURCE_DIR=/opt/rustwide/workdir" "-e" "CARGO_TARGET_DIR=/opt/rustwide/target" "-e" "CARGO_INCREMENTAL=0" "-e" "RUST_BACKTRACE=full" "-e" "RUSTFLAGS=--cap-lints=warn" "-e" "RUSTDOCFLAGS=--cap-lints=warn" "-e" "CARGO_HOME=/opt/rustwide/cargo-home" "-e" "RUSTUP_HOME=/opt/rustwide/rustup-home" "-w" "/opt/rustwide/workdir" "-m" "1610612736" "--user" "0:0" "--network" "none" "ghcr.io/rust-lang/crates-build-env/linux@sha256:2788e3201cd34a07e3172128adcd8b3090168a8e3bcc40d7c032b9dda1df7d1c" "/opt/rustwide/cargo-home/bin/cargo" "+beta-2023-12-22" "doc" "--frozen" "--no-deps" "--document-private-items" "--message-format=json", kill_on_drop: false }`
[INFO] [stdout] 4a2e96fd087207e4d8ce25a8bb25feb41f4807fcff642a1ad425d3bce8a66b19
[INFO] running `Command { std: "docker" "start" "-a" "4a2e96fd087207e4d8ce25a8bb25feb41f4807fcff642a1ad425d3bce8a66b19", kill_on_drop: false }`
[INFO] [stderr]    Compiling proc-macro2 v1.0.71
[INFO] [stderr]    Compiling unicode-ident v1.0.12
[INFO] [stderr]     Checking cfg-if v1.0.0
[INFO] [stderr]    Compiling autocfg v1.1.0
[INFO] [stderr]    Compiling once_cell v1.19.0
[INFO] [stderr]    Compiling bumpalo v3.14.0
[INFO] [stderr]    Compiling serde v1.0.193
[INFO] [stderr]    Compiling fnv v1.0.7
[INFO] [stderr]    Compiling wasm-bindgen-shared v0.2.87
[INFO] [stderr]    Compiling ident_case v1.0.1
[INFO] [stderr]     Checking pin-project-lite v0.2.13
[INFO] [stderr]    Compiling log v0.4.20
[INFO] [stderr]     Checking futures-core v0.3.30
[INFO] [stderr]    Compiling version_check v0.9.4
[INFO] [stderr]    Compiling crossbeam-utils v0.8.18
[INFO] [stderr]    Compiling wasm-bindgen v0.2.87
[INFO] [stderr]    Compiling libc v0.2.151
[INFO] [stderr]    Compiling syn v1.0.109
[INFO] [stderr]     Checking memchr v2.7.1
[INFO] [stderr]     Checking rustc-hash v1.1.0
[INFO] [stderr]    Compiling thiserror v1.0.52
[INFO] [stderr]     Checking itoa v1.0.10
[INFO] [stderr]     Checking pin-utils v0.1.0
[INFO] [stderr]    Compiling serde_json v1.0.108
[INFO] [stderr]     Checking tracing-core v0.1.32
[INFO] [stderr]     Checking parking v2.2.0
[INFO] [stderr]     Checking futures-task v0.3.30
[INFO] [stderr]    Compiling semver v1.0.20
[INFO] [stderr]    Compiling slab v0.4.9
[INFO] [stderr]    Compiling num-traits v0.2.17
[INFO] [stderr]    Compiling strsim v0.10.0
[INFO] [stderr]    Compiling ahash v0.7.7
[INFO] [stderr]     Checking futures-channel v0.3.30
[INFO] [stderr]     Checking longest-increasing-subsequence v0.1.0
[INFO] [stderr]     Checking smallbox v0.8.2
[INFO] [stderr]     Checking ryu v1.0.16
[INFO] [stderr]     Checking bitflags v1.3.2
[INFO] [stderr]    Compiling lock_api v0.4.11
[INFO] [stderr]    Compiling async-trait v0.1.75
[INFO] [stderr]    Compiling unicase v2.7.0
[INFO] [stderr]    Compiling crc32fast v1.3.2
[INFO] [stderr]     Checking atomic-waker v1.1.2
[INFO] [stderr]     Checking aho-corasick v1.1.2
[INFO] [stderr]     Checking powerfmt v0.2.0
[INFO] [stderr]     Checking regex-syntax v0.8.2
[INFO] [stderr]     Checking fastrand v2.0.1
[INFO] [stderr]    Compiling quote v1.0.33
[INFO] [stderr]     Checking concurrent-queue v2.4.0
[INFO] [stderr]     Checking unicode-segmentation v1.10.1
[INFO] [stderr]     Checking scopeguard v1.2.0
[INFO] [stderr]     Checking event-listener v2.5.3
[INFO] [stderr]    Compiling rustc_version v0.4.0
[INFO] [stderr]     Checking futures-io v0.3.30
[INFO] [stderr]     Checking event-listener v4.0.1
[INFO] [stderr]     Checking deranged v0.3.10
[INFO] [stderr]     Checking async-channel v1.9.0
[INFO] [stderr]     Checking piper v0.2.1
[INFO] [stderr]    Compiling syn v2.0.43
[INFO] [stderr]    Compiling futures-util v0.3.30
[INFO] [stderr]     Checking futures-lite v2.1.0
[INFO] [stderr]     Checking unicode-width v0.1.11
[INFO] [stderr]    Compiling interprocess-docfix v1.2.2
[INFO] [stderr]    Compiling prettyplease v0.2.15
[INFO] [stderr]     Checking event-listener-strategy v0.4.0
[INFO] [stderr]     Checking bit-vec v0.6.3
[INFO] [stderr]     Checking async-channel v2.1.1
[INFO] [stderr]     Checking async-lock v3.2.0
[INFO] [stderr]    Compiling pulldown-cmark v0.9.2 (https://github.com/ollpu/pulldown-cmark.git?branch=alt-math#f923db20)
[INFO] [stderr]     Checking time-core v0.1.2
[INFO] [stderr]     Checking equivalent v1.0.1
[INFO] [stderr]     Checking safemem v0.3.3
[INFO] [stderr]     Checking adler v1.0.2
[INFO] [stderr]     Checking hashbrown v0.14.3
[INFO] [stderr]     Checking async-task v4.6.0
[INFO] [stderr]     Checking line-wrap v0.1.1
[INFO] [stderr]     Checking bit-set v0.5.3
[INFO] [stderr]     Checking miniz_oxide v0.7.1
[INFO] [stderr]     Checking getopts v0.2.21
[INFO] [stderr]     Checking spinning v0.1.0
[INFO] [stderr]     Checking quick-xml v0.31.0
[INFO] [stderr]     Checking bitflags v2.4.1
[INFO] [stderr]     Checking ordered-float v2.10.1
[INFO] [stderr]     Checking intmap v0.7.1
[INFO] [stderr]     Checking either v1.9.0
[INFO] [stderr]     Checking time v0.3.31
[INFO] [stderr]     Checking to_method v1.1.0
[INFO] [stderr]     Checking base64 v0.21.5
[INFO] [stderr]     Checking same-file v1.0.6
[INFO] [stderr]     Checking linked-hash-map v0.5.6
[INFO] [stderr]    Compiling katex v0.4.6
[INFO] [stderr]     Checking walkdir v2.4.0
[INFO] [stderr]     Checking itertools v0.10.5
[INFO] [stderr]     Checking flate2 v1.0.28
[INFO] [stderr]    Compiling constcat v0.3.1
[INFO] [stderr]     Checking regex-syntax v0.7.5
[INFO] [stderr]     Checking dioxus-debug-cell v0.1.1
[INFO] [stderr]     Checking yaml-rust v0.4.5
[INFO] [stderr]     Checking indexmap v2.1.0
[INFO] [stderr]     Checking getrandom v0.2.11
[INFO] [stderr]     Checking hashbrown v0.12.3
[INFO] [stderr]     Checking pulldown-cmark-wikilink v0.1.4 (https://github.com/rambip/pulldown-cmark-wikilink#0f4c2962)
[INFO] [stderr]     Checking regex-automata v0.4.3
[INFO] [stderr]     Checking lru v0.8.1
[INFO] [stderr]     Checking sledgehammer_utils v0.2.0
[INFO] [stderr]    Compiling darling_core v0.14.4
[INFO] [stderr]    Compiling wasm-bindgen-backend v0.2.87
[INFO] [stderr]    Compiling darling_core v0.20.3
[INFO] [stderr]     Checking regex v1.10.2
[INFO] [stderr]    Compiling darling_macro v0.14.4
[INFO] [stderr]     Checking fancy-regex v0.11.0
[INFO] [stderr]    Compiling wasm-bindgen-macro-support v0.2.87
[INFO] [stderr]    Compiling serde_derive v1.0.193
[INFO] [stderr]    Compiling tracing-attributes v0.1.27
[INFO] [stderr]    Compiling thiserror-impl v1.0.52
[INFO] [stderr]    Compiling futures-macro v0.3.30
[INFO] [stderr]    Compiling serde_repr v0.1.17
[INFO] [stderr]    Compiling sledgehammer_bindgen v0.2.4
[INFO] [stderr]    Compiling darling v0.14.4
[INFO] [stderr]    Compiling derive_builder_core v0.12.0
[INFO] [stderr]    Compiling wasm-bindgen-macro v0.2.87
[INFO] [stderr]    Compiling darling_macro v0.20.3
[INFO] [stderr]    Compiling derive_builder_macro v0.12.0
[INFO] [stderr]     Checking tracing v0.1.40
[INFO] [stderr]     Checking blocking v1.5.1
[INFO] [stderr]    Compiling dioxus-core v0.4.3
[INFO] [stderr]    Compiling darling v0.20.3
[INFO] [stderr]     Checking js-sys v0.3.64
[INFO] [stderr]     Checking console_error_panic_hook v0.1.7
[INFO] [stderr]    Compiling enumset_derive v0.8.1
[INFO] [stderr]     Checking derive_builder v0.12.0
[INFO] [stdout] error: wasm-js backend is not support in the current build target.
[INFO] [stdout]   --> /opt/rustwide/cargo-home/registry/src/index.crates.io-6f17d22bba15001f/katex-0.4.6/src/js_engine.rs:79:17
[INFO] [stdout]    |
[INFO] [stdout] 79 |                 compile_error!("wasm-js backend is not support in the current build target.");
[INFO] [stdout]    |                 ^^^^^^^^^^^^^^^^^^^^^^^^^^^^^^^^^^^^^^^^^^^^^^^^^^^^^^^^^^^^^^^^^^^^^^^^^^^^^
[INFO] [stdout] 
[INFO] [stdout] 
[INFO] [stdout] error[E0432]: unresolved import `js_engine::Engine`
[INFO] [stdout]   --> /opt/rustwide/cargo-home/registry/src/index.crates.io-6f17d22bba15001f/katex-0.4.6/src/lib.rs:41:17
[INFO] [stdout]    |
[INFO] [stdout] 41 | use js_engine::{Engine, JsEngine, JsValue};
[INFO] [stdout]    |                 ^^^^^^
[INFO] [stdout]    |                 |
[INFO] [stdout]    |                 no `Engine` in `js_engine`
[INFO] [stdout]    |                 help: a similar name exists in the module: `JsEngine`
[INFO] [stdout] 
[INFO] [stdout] 
[INFO] [stdout] error: aborting due to 2 previous errors
[INFO] [stdout] 
[INFO] [stdout] 
[INFO] [stdout] For more information about this error, try `rustc --explain E0432`.
[INFO] [stdout] 
[INFO] [stderr] error: could not compile `katex` (lib) due to 3 previous errors
[INFO] [stderr] warning: build failed, waiting for other jobs to finish...
[INFO] running `Command { std: "docker" "inspect" "4a2e96fd087207e4d8ce25a8bb25feb41f4807fcff642a1ad425d3bce8a66b19", kill_on_drop: false }`
[INFO] running `Command { std: "docker" "rm" "-f" "4a2e96fd087207e4d8ce25a8bb25feb41f4807fcff642a1ad425d3bce8a66b19", kill_on_drop: false }`
[INFO] [stdout] 4a2e96fd087207e4d8ce25a8bb25feb41f4807fcff642a1ad425d3bce8a66b19
