[INFO] cloning repository https://github.com/mozamimy/mimikyu
[INFO] running `Command { std: "git" "-c" "credential.helper=" "-c" "credential.helper=/workspace/cargo-home/bin/git-credential-null" "clone" "--bare" "https://github.com/mozamimy/mimikyu" "/workspace/cache/git-repos/https%3A%2F%2Fgithub.com%2Fmozamimy%2Fmimikyu", kill_on_drop: false }`
[INFO] [stderr] Cloning into bare repository '/workspace/cache/git-repos/https%3A%2F%2Fgithub.com%2Fmozamimy%2Fmimikyu'...
[INFO] running `Command { std: "git" "rev-parse" "HEAD", kill_on_drop: false }`
[INFO] [stdout] ca95674641b16ae6249bdf507899315a8cb747a1
[INFO] documenting mozamimy/mimikyu against 1.75.0 for beta-1.76-rustdoc-1
[INFO] running `Command { std: "git" "clone" "/workspace/cache/git-repos/https%3A%2F%2Fgithub.com%2Fmozamimy%2Fmimikyu" "/workspace/builds/worker-1-tc1/source", kill_on_drop: false }`
[INFO] [stderr] Cloning into '/workspace/builds/worker-1-tc1/source'...
[INFO] [stderr] done.
[INFO] validating manifest of git repo https://github.com/mozamimy/mimikyu on toolchain 1.75.0
[INFO] running `Command { std: CARGO_HOME="/workspace/cargo-home" RUSTUP_HOME="/workspace/rustup-home" "/workspace/cargo-home/bin/cargo" "+1.75.0" "metadata" "--manifest-path" "Cargo.toml" "--no-deps", kill_on_drop: false }`
[INFO] started tweaking git repo https://github.com/mozamimy/mimikyu
[INFO] finished tweaking git repo https://github.com/mozamimy/mimikyu
[INFO] tweaked toml for git repo https://github.com/mozamimy/mimikyu written to /workspace/builds/worker-1-tc1/source/Cargo.toml
[INFO] crate git repo https://github.com/mozamimy/mimikyu already has a lockfile, it will not be regenerated
[INFO] running `Command { std: CARGO_HOME="/workspace/cargo-home" RUSTUP_HOME="/workspace/rustup-home" "/workspace/cargo-home/bin/cargo" "+1.75.0" "fetch" "--manifest-path" "Cargo.toml", kill_on_drop: false }`
[INFO] [stderr]     Blocking waiting for file lock on package cache
[ERROR] error running command: no output for 300 seconds
[ERROR] this task or one of its parent failed!
[ERROR] no output for 300 seconds
[ERROR] note: run with `RUST_BACKTRACE=1` to display a backtrace.
[INFO] documenting mozamimy/mimikyu against beta-2023-12-22 for beta-1.76-rustdoc-1
[INFO] running `Command { std: "git" "clone" "/workspace/cache/git-repos/https%3A%2F%2Fgithub.com%2Fmozamimy%2Fmimikyu" "/workspace/builds/worker-1-tc2/source", kill_on_drop: false }`
[INFO] [stderr] Cloning into '/workspace/builds/worker-1-tc2/source'...
[INFO] [stderr] done.
[INFO] validating manifest of git repo https://github.com/mozamimy/mimikyu on toolchain beta-2023-12-22
[INFO] running `Command { std: CARGO_HOME="/workspace/cargo-home" RUSTUP_HOME="/workspace/rustup-home" "/workspace/cargo-home/bin/cargo" "+beta-2023-12-22" "metadata" "--manifest-path" "Cargo.toml" "--no-deps", kill_on_drop: false }`
[INFO] started tweaking git repo https://github.com/mozamimy/mimikyu
[INFO] finished tweaking git repo https://github.com/mozamimy/mimikyu
[INFO] tweaked toml for git repo https://github.com/mozamimy/mimikyu written to /workspace/builds/worker-1-tc2/source/Cargo.toml
[INFO] crate git repo https://github.com/mozamimy/mimikyu already has a lockfile, it will not be regenerated
[INFO] running `Command { std: CARGO_HOME="/workspace/cargo-home" RUSTUP_HOME="/workspace/rustup-home" "/workspace/cargo-home/bin/cargo" "+beta-2023-12-22" "fetch" "--manifest-path" "Cargo.toml", kill_on_drop: false }`
[INFO] [stderr]     Blocking waiting for file lock on package cache
[INFO] [stderr]     Blocking waiting for file lock on package cache
[INFO] [stderr]  Downloading crates ...
[INFO] [stderr]   Downloaded trust-dns-resolver v0.9.1
[INFO] [stderr]   Downloaded trust-dns-proto v0.4.3
[INFO] [stderr]   Downloaded tokio-sync v0.1.5
[INFO] running `Command { std: "docker" "create" "-v" "/var/lib/crater-agent-workspace/builds/worker-1-tc2/target:/opt/rustwide/target:rw,Z" "-v" "/var/lib/crater-agent-workspace/builds/worker-1-tc2/source:/opt/rustwide/workdir:ro,Z" "-v" "/var/lib/crater-agent-workspace/cargo-home:/opt/rustwide/cargo-home:ro,Z" "-v" "/var/lib/crater-agent-workspace/rustup-home:/opt/rustwide/rustup-home:ro,Z" "-e" "SOURCE_DIR=/opt/rustwide/workdir" "-e" "CARGO_TARGET_DIR=/opt/rustwide/target" "-e" "CARGO_HOME=/opt/rustwide/cargo-home" "-e" "RUSTUP_HOME=/opt/rustwide/rustup-home" "-w" "/opt/rustwide/workdir" "-m" "1610612736" "--user" "0:0" "--network" "none" "ghcr.io/rust-lang/crates-build-env/linux@sha256:2788e3201cd34a07e3172128adcd8b3090168a8e3bcc40d7c032b9dda1df7d1c" "/opt/rustwide/cargo-home/bin/cargo" "+beta-2023-12-22" "metadata" "--no-deps" "--format-version=1", kill_on_drop: false }`
[INFO] [stdout] 9f9513bfbfc2efcd187d53e5becc12a019d3ebd10afc99a6336dc14333dcd4a7
[INFO] running `Command { std: "docker" "start" "-a" "9f9513bfbfc2efcd187d53e5becc12a019d3ebd10afc99a6336dc14333dcd4a7", kill_on_drop: false }`
[INFO] running `Command { std: "docker" "inspect" "9f9513bfbfc2efcd187d53e5becc12a019d3ebd10afc99a6336dc14333dcd4a7", kill_on_drop: false }`
[INFO] running `Command { std: "docker" "rm" "-f" "9f9513bfbfc2efcd187d53e5becc12a019d3ebd10afc99a6336dc14333dcd4a7", kill_on_drop: false }`
[INFO] [stdout] 9f9513bfbfc2efcd187d53e5becc12a019d3ebd10afc99a6336dc14333dcd4a7
[INFO] running `Command { std: "docker" "create" "-v" "/var/lib/crater-agent-workspace/builds/worker-1-tc2/target:/opt/rustwide/target:rw,Z" "-v" "/var/lib/crater-agent-workspace/builds/worker-1-tc2/source:/opt/rustwide/workdir:ro,Z" "-v" "/var/lib/crater-agent-workspace/cargo-home:/opt/rustwide/cargo-home:ro,Z" "-v" "/var/lib/crater-agent-workspace/rustup-home:/opt/rustwide/rustup-home:ro,Z" "-e" "SOURCE_DIR=/opt/rustwide/workdir" "-e" "CARGO_TARGET_DIR=/opt/rustwide/target" "-e" "CARGO_INCREMENTAL=0" "-e" "RUST_BACKTRACE=full" "-e" "RUSTFLAGS=--cap-lints=warn" "-e" "RUSTDOCFLAGS=--cap-lints=warn" "-e" "CARGO_HOME=/opt/rustwide/cargo-home" "-e" "RUSTUP_HOME=/opt/rustwide/rustup-home" "-w" "/opt/rustwide/workdir" "-m" "1610612736" "--user" "0:0" "--network" "none" "ghcr.io/rust-lang/crates-build-env/linux@sha256:2788e3201cd34a07e3172128adcd8b3090168a8e3bcc40d7c032b9dda1df7d1c" "/opt/rustwide/cargo-home/bin/cargo" "+beta-2023-12-22" "doc" "--frozen" "--no-deps" "--document-private-items" "--message-format=json", kill_on_drop: false }`
[INFO] [stdout] 572c8dded93ca80550040069cfa825799876efcce83b81984bf1bb6c1397fb17
[INFO] running `Command { std: "docker" "start" "-a" "572c8dded93ca80550040069cfa825799876efcce83b81984bf1bb6c1397fb17", kill_on_drop: false }`
[INFO] [stderr]    Compiling libc v0.2.58
[INFO] [stderr]     Checking cfg-if v0.1.9
[INFO] [stderr]    Compiling autocfg v0.1.4
[INFO] [stderr]     Checking rand_core v0.4.0
[INFO] [stderr]     Checking lazy_static v1.3.0
[INFO] [stderr]     Checking futures v0.1.27
[INFO] [stderr]     Checking scopeguard v0.3.3
[INFO] [stderr]    Compiling byteorder v1.3.1
[INFO] [stderr]     Checking log v0.4.6
[INFO] [stderr]    Compiling semver-parser v0.7.0
[INFO] [stderr]     Checking crossbeam-utils v0.6.5
[INFO] [stderr]     Checking rand_core v0.3.1
[INFO] [stderr]     Checking rand_hc v0.1.0
[INFO] [stderr]     Checking rand_xorshift v0.1.1
[INFO] [stderr]    Compiling semver v0.9.0
[INFO] [stderr]     Checking rand_isaac v0.1.1
[INFO] [stderr]    Compiling rand_pcg v0.1.2
[INFO] [stderr]    Compiling rand_chacha v0.1.1
[INFO] [stderr]    Compiling rand v0.6.5
[INFO] [stderr]     Checking rand_jitter v0.1.4
[INFO] [stderr]     Checking smallvec v0.6.9
[INFO] [stderr]     Checking slab v0.4.2
[INFO] [stderr]    Compiling rustc_version v0.2.3
[INFO] [stderr]    Compiling winapi-build v0.1.1
[INFO] [stderr]     Checking stable_deref_trait v1.1.1
[INFO] [stderr]    Compiling cc v1.0.37
[INFO] [stderr]     Checking fnv v1.0.6
[INFO] [stderr]    Compiling arrayvec v0.4.10
[INFO] [stderr]    Compiling dbghelp-sys v0.2.0
[INFO] [stderr]    Compiling parking_lot_core v0.4.0
[INFO] [stderr]     Checking owning_ref v0.4.0
[INFO] [stderr]     Checking nodrop v0.1.13
[INFO] [stderr]     Checking iovec v0.1.2
[INFO] [stderr]     Checking rand_os v0.1.3
[INFO] [stderr]     Checking num_cpus v1.10.0
[INFO] [stderr]     Checking bytes v0.4.12
[INFO] [stderr]     Checking net2 v0.2.33
[INFO] [stderr]     Checking lock_api v0.1.5
[INFO] [stderr]    Compiling proc-macro2 v0.4.30
[INFO] [stderr]    Compiling kernel32-sys v0.2.2
[INFO] [stderr]     Checking mio v0.6.19
[INFO] [stderr]     Checking memoffset v0.2.1
[INFO] [stderr]     Checking tokio-executor v0.1.7
[INFO] [stderr]     Checking tokio-io v0.1.12
[INFO] [stderr]     Checking tokio-sync v0.1.5
[INFO] [stderr]     Checking rustc-demangle v0.1.15
[INFO] [stderr]    Compiling unicode-xid v0.1.0
[INFO] [stderr]     Checking winapi v0.2.8
[INFO] [stderr]     Checking crossbeam-epoch v0.7.1
[INFO] [stderr]    Compiling backtrace v0.2.3
[INFO] [stderr]     Checking matches v0.1.8
[INFO] [stderr]    Compiling syn v0.15.34
[INFO] [stderr]    Compiling memchr v2.2.0
[INFO] [stderr]    Compiling backtrace-sys v0.1.28
[INFO] [stderr]     Checking tokio-codec v0.1.1
[INFO] [stderr]     Checking crossbeam-deque v0.7.1
[INFO] [stderr]     Checking unicode-bidi v0.3.4
[INFO] [stderr]    Compiling quote v0.6.12
[INFO] [stderr]     Checking unicode-normalization v0.1.8
[INFO] [stderr]     Checking crossbeam-queue v0.1.2
[INFO] [stderr]     Checking quick-error v1.2.2
[INFO] [stderr]     Checking parking_lot v0.7.1
[INFO] [stderr]     Checking mio-uds v0.6.7
[INFO] [stderr]     Checking tokio-threadpool v0.1.14
[INFO] [stderr]     Checking tokio-timer v0.2.11
[INFO] [stderr]     Checking tokio-reactor v0.1.9
[INFO] [stderr]    Compiling backtrace v0.3.30
[INFO] [stderr]     Checking percent-encoding v1.0.1
[INFO] [stderr]    Compiling failure_derive v0.1.5
[INFO] [stderr]     Checking tokio-tcp v0.1.3
[INFO] [stderr]     Checking tokio-udp v0.1.3
[INFO] [stderr]    Compiling regex v1.1.6
[INFO] [stderr]     Checking ucd-util v0.1.3
[INFO] [stderr]     Checking tokio-fs v0.1.6
[INFO] [stderr]     Checking regex-syntax v0.6.6
[INFO] [stderr]     Checking tokio-uds v0.2.5
[INFO] [stderr]     Checking aho-corasick v0.7.3
[INFO] [stderr]     Checking idna v0.1.5
[INFO] [stderr]     Checking tokio-current-thread v0.1.6
[INFO] [stderr]     Checking hostname v0.1.5
[INFO] [stderr]     Checking rand v0.4.6
[INFO] [stderr]     Checking atty v0.2.11
[INFO] [stderr]     Checking socket2 v0.3.9
[INFO] [stderr]     Checking tokio-trace-core v0.2.0
[INFO] [stderr]     Checking error-chain v0.1.12
[INFO] [stdout] error[E0512]: cannot transmute between types of different sizes, or dependently-sized types
[INFO] [stdout]    --> /opt/rustwide/cargo-home/registry/src/index.crates.io-6f17d22bba15001f/socket2-0.3.9/src/sockaddr.rs:153:9
[INFO] [stdout]     |
[INFO] [stdout] 153 |         mem::transmute::<SocketAddrV4, sockaddr_in>(v4);
[INFO] [stdout]     |         ^^^^^^^^^^^^^^^^^^^^^^^^^^^^^^^^^^^^^^^^^^^
[INFO] [stdout]     |
[INFO] [stdout]     = note: source type: `SocketAddrV4` (48 bits)
[INFO] [stdout]     = note: target type: `sockaddr_in` (128 bits)
[INFO] [stdout] 
[INFO] [stdout] 
[INFO] [stderr]     Checking thread_local v0.3.6
[INFO] [stdout] error: aborting due to 1 previous error
[INFO] [stdout] 
[INFO] [stdout] 
[INFO] [stdout] For more information about this error, try `rustc --explain E0512`.
[INFO] [stdout] 
[INFO] [stderr] error: could not compile `socket2` (lib) due to 2 previous errors
[INFO] [stderr] warning: build failed, waiting for other jobs to finish...
[INFO] running `Command { std: "docker" "inspect" "572c8dded93ca80550040069cfa825799876efcce83b81984bf1bb6c1397fb17", kill_on_drop: false }`
[INFO] running `Command { std: "docker" "rm" "-f" "572c8dded93ca80550040069cfa825799876efcce83b81984bf1bb6c1397fb17", kill_on_drop: false }`
[INFO] [stdout] 572c8dded93ca80550040069cfa825799876efcce83b81984bf1bb6c1397fb17
