[INFO] cloning repository https://github.com/mdrobnak/cpcontrol-redacted
[INFO] running `Command { std: "git" "-c" "credential.helper=" "-c" "credential.helper=/workspace/cargo-home/bin/git-credential-null" "clone" "--bare" "https://github.com/mdrobnak/cpcontrol-redacted" "/workspace/cache/git-repos/https%3A%2F%2Fgithub.com%2Fmdrobnak%2Fcpcontrol-redacted", kill_on_drop: false }`
[INFO] [stderr] Cloning into bare repository '/workspace/cache/git-repos/https%3A%2F%2Fgithub.com%2Fmdrobnak%2Fcpcontrol-redacted'...
[INFO] running `Command { std: "git" "rev-parse" "HEAD", kill_on_drop: false }`
[INFO] [stdout] 400a95969240e3a5e3f81d1ecc73159663e8c6f1
[INFO] documenting mdrobnak/cpcontrol-redacted against 1.75.0 for beta-1.76-rustdoc-1
[INFO] running `Command { std: "git" "clone" "/workspace/cache/git-repos/https%3A%2F%2Fgithub.com%2Fmdrobnak%2Fcpcontrol-redacted" "/workspace/builds/worker-5-tc1/source", kill_on_drop: false }`
[INFO] [stderr] Cloning into '/workspace/builds/worker-5-tc1/source'...
[INFO] [stderr] done.
[INFO] validating manifest of git repo https://github.com/mdrobnak/cpcontrol-redacted on toolchain 1.75.0
[INFO] running `Command { std: CARGO_HOME="/workspace/cargo-home" RUSTUP_HOME="/workspace/rustup-home" "/workspace/cargo-home/bin/cargo" "+1.75.0" "metadata" "--manifest-path" "Cargo.toml" "--no-deps", kill_on_drop: false }`
[INFO] removed /workspace/builds/worker-5-tc1/source/.cargo/config
[INFO] started tweaking git repo https://github.com/mdrobnak/cpcontrol-redacted
[INFO] finished tweaking git repo https://github.com/mdrobnak/cpcontrol-redacted
[INFO] tweaked toml for git repo https://github.com/mdrobnak/cpcontrol-redacted written to /workspace/builds/worker-5-tc1/source/Cargo.toml
[INFO] crate git repo https://github.com/mdrobnak/cpcontrol-redacted already has a lockfile, it will not be regenerated
[INFO] running `Command { std: CARGO_HOME="/workspace/cargo-home" RUSTUP_HOME="/workspace/rustup-home" "/workspace/cargo-home/bin/cargo" "+1.75.0" "fetch" "--manifest-path" "Cargo.toml", kill_on_drop: false }`
[INFO] [stderr] warning: file `/workspace/builds/worker-5-tc1/source/src/main.rs` found to be present in multiple build targets:
[INFO] [stderr]   * `bin` target `cpcontrol-f7`
[INFO] [stderr]   * `bin` target `cpcontrol-f4`
[INFO] [stderr]   * `bin` target `cpcontrol-prod`
[INFO] [stderr]   * `bin` target `cpcontrol-24`
[INFO] [stderr]     Blocking waiting for file lock on package cache
[ERROR] error running command: no output for 300 seconds
[ERROR] this task or one of its parent failed!
[ERROR] no output for 300 seconds
[ERROR] note: run with `RUST_BACKTRACE=1` to display a backtrace.
[INFO] documenting mdrobnak/cpcontrol-redacted against beta-2023-12-22 for beta-1.76-rustdoc-1
[INFO] running `Command { std: "git" "clone" "/workspace/cache/git-repos/https%3A%2F%2Fgithub.com%2Fmdrobnak%2Fcpcontrol-redacted" "/workspace/builds/worker-5-tc2/source", kill_on_drop: false }`
[INFO] [stderr] Cloning into '/workspace/builds/worker-5-tc2/source'...
[INFO] [stderr] done.
[INFO] validating manifest of git repo https://github.com/mdrobnak/cpcontrol-redacted on toolchain beta-2023-12-22
[INFO] running `Command { std: CARGO_HOME="/workspace/cargo-home" RUSTUP_HOME="/workspace/rustup-home" "/workspace/cargo-home/bin/cargo" "+beta-2023-12-22" "metadata" "--manifest-path" "Cargo.toml" "--no-deps", kill_on_drop: false }`
[INFO] removed /workspace/builds/worker-5-tc2/source/.cargo/config
[INFO] started tweaking git repo https://github.com/mdrobnak/cpcontrol-redacted
[INFO] finished tweaking git repo https://github.com/mdrobnak/cpcontrol-redacted
[INFO] tweaked toml for git repo https://github.com/mdrobnak/cpcontrol-redacted written to /workspace/builds/worker-5-tc2/source/Cargo.toml
[INFO] crate git repo https://github.com/mdrobnak/cpcontrol-redacted already has a lockfile, it will not be regenerated
[INFO] running `Command { std: CARGO_HOME="/workspace/cargo-home" RUSTUP_HOME="/workspace/rustup-home" "/workspace/cargo-home/bin/cargo" "+beta-2023-12-22" "fetch" "--manifest-path" "Cargo.toml", kill_on_drop: false }`
[INFO] [stderr] warning: file `/workspace/builds/worker-5-tc2/source/src/main.rs` found to be present in multiple build targets:
[INFO] [stderr]   * `bin` target `cpcontrol-f7`
[INFO] [stderr]   * `bin` target `cpcontrol-f4`
[INFO] [stderr]   * `bin` target `cpcontrol-prod`
[INFO] [stderr]   * `bin` target `cpcontrol-24`
[INFO] [stderr]     Blocking waiting for file lock on package cache
[INFO] [stderr]     Updating crates.io index
[INFO] [stderr]     Updating git repository `https://github.com/mdrobnak/stm32f4xx-hal.git`
[INFO] [stderr]     Updating git repository `https://github.com/mdrobnak/stm32f7xx-hal.git`
[INFO] [stderr]     Blocking waiting for file lock on package cache
[ERROR] error running command: no output for 300 seconds
[INFO] documenting mdrobnak/cpcontrol-redacted against beta-2023-12-22 for beta-1.76-rustdoc-1
[INFO] running `Command { std: "git" "clone" "/workspace/cache/git-repos/https%3A%2F%2Fgithub.com%2Fmdrobnak%2Fcpcontrol-redacted" "/workspace/builds/worker-5-tc2/source", kill_on_drop: false }`
[INFO] [stderr] Cloning into '/workspace/builds/worker-5-tc2/source'...
[INFO] [stderr] done.
[INFO] validating manifest of git repo https://github.com/mdrobnak/cpcontrol-redacted on toolchain beta-2023-12-22
[INFO] running `Command { std: CARGO_HOME="/workspace/cargo-home" RUSTUP_HOME="/workspace/rustup-home" "/workspace/cargo-home/bin/cargo" "+beta-2023-12-22" "metadata" "--manifest-path" "Cargo.toml" "--no-deps", kill_on_drop: false }`
[INFO] removed /workspace/builds/worker-5-tc2/source/.cargo/config
[INFO] started tweaking git repo https://github.com/mdrobnak/cpcontrol-redacted
[INFO] finished tweaking git repo https://github.com/mdrobnak/cpcontrol-redacted
[INFO] tweaked toml for git repo https://github.com/mdrobnak/cpcontrol-redacted written to /workspace/builds/worker-5-tc2/source/Cargo.toml
[INFO] crate git repo https://github.com/mdrobnak/cpcontrol-redacted already has a lockfile, it will not be regenerated
[INFO] running `Command { std: CARGO_HOME="/workspace/cargo-home" RUSTUP_HOME="/workspace/rustup-home" "/workspace/cargo-home/bin/cargo" "+beta-2023-12-22" "fetch" "--manifest-path" "Cargo.toml", kill_on_drop: false }`
[INFO] [stderr] warning: file `/workspace/builds/worker-5-tc2/source/src/main.rs` found to be present in multiple build targets:
[INFO] [stderr]   * `bin` target `cpcontrol-f7`
[INFO] [stderr]   * `bin` target `cpcontrol-f4`
[INFO] [stderr]   * `bin` target `cpcontrol-prod`
[INFO] [stderr]   * `bin` target `cpcontrol-24`
[INFO] [stderr]     Blocking waiting for file lock on package cache
[INFO] [stderr]     Updating crates.io index
[INFO] [stderr]     Blocking waiting for file lock on package cache
[INFO] [stderr]  Downloading crates ...
[INFO] [stderr]   Downloaded rtcc v0.2.0
[INFO] [stderr]   Downloaded ufmt-macros v0.1.1
[INFO] [stderr]   Downloaded ufmt v0.1.0
[INFO] [stderr]   Downloaded cortex-m v0.6.4
[INFO] [stderr]   Downloaded stm32f7 v0.11.0
[INFO] [stderr]   Downloaded micromath v1.1.0
[INFO] [stderr]   Downloaded embedded_types v0.3.2
[INFO] running `Command { std: "docker" "create" "-v" "/var/lib/crater-agent-workspace/builds/worker-5-tc2/target:/opt/rustwide/target:rw,Z" "-v" "/var/lib/crater-agent-workspace/builds/worker-5-tc2/source:/opt/rustwide/workdir:ro,Z" "-v" "/var/lib/crater-agent-workspace/cargo-home:/opt/rustwide/cargo-home:ro,Z" "-v" "/var/lib/crater-agent-workspace/rustup-home:/opt/rustwide/rustup-home:ro,Z" "-e" "SOURCE_DIR=/opt/rustwide/workdir" "-e" "CARGO_TARGET_DIR=/opt/rustwide/target" "-e" "CARGO_HOME=/opt/rustwide/cargo-home" "-e" "RUSTUP_HOME=/opt/rustwide/rustup-home" "-w" "/opt/rustwide/workdir" "-m" "1610612736" "--user" "0:0" "--network" "none" "ghcr.io/rust-lang/crates-build-env/linux@sha256:2788e3201cd34a07e3172128adcd8b3090168a8e3bcc40d7c032b9dda1df7d1c" "/opt/rustwide/cargo-home/bin/cargo" "+beta-2023-12-22" "metadata" "--no-deps" "--format-version=1", kill_on_drop: false }`
[INFO] [stdout] 95109514738c7e62b1693724ed4dd90d0bab9d43e08feab597b6df4a4d8936ac
[INFO] running `Command { std: "docker" "start" "-a" "95109514738c7e62b1693724ed4dd90d0bab9d43e08feab597b6df4a4d8936ac", kill_on_drop: false }`
[INFO] running `Command { std: "docker" "inspect" "95109514738c7e62b1693724ed4dd90d0bab9d43e08feab597b6df4a4d8936ac", kill_on_drop: false }`
[INFO] running `Command { std: "docker" "rm" "-f" "95109514738c7e62b1693724ed4dd90d0bab9d43e08feab597b6df4a4d8936ac", kill_on_drop: false }`
[INFO] [stdout] 95109514738c7e62b1693724ed4dd90d0bab9d43e08feab597b6df4a4d8936ac
[INFO] running `Command { std: "docker" "create" "-v" "/var/lib/crater-agent-workspace/builds/worker-5-tc2/target:/opt/rustwide/target:rw,Z" "-v" "/var/lib/crater-agent-workspace/builds/worker-5-tc2/source:/opt/rustwide/workdir:ro,Z" "-v" "/var/lib/crater-agent-workspace/cargo-home:/opt/rustwide/cargo-home:ro,Z" "-v" "/var/lib/crater-agent-workspace/rustup-home:/opt/rustwide/rustup-home:ro,Z" "-e" "SOURCE_DIR=/opt/rustwide/workdir" "-e" "CARGO_TARGET_DIR=/opt/rustwide/target" "-e" "CARGO_INCREMENTAL=0" "-e" "RUST_BACKTRACE=full" "-e" "RUSTFLAGS=--cap-lints=warn" "-e" "RUSTDOCFLAGS=--cap-lints=warn" "-e" "CARGO_HOME=/opt/rustwide/cargo-home" "-e" "RUSTUP_HOME=/opt/rustwide/rustup-home" "-w" "/opt/rustwide/workdir" "-m" "1610612736" "--user" "0:0" "--network" "none" "ghcr.io/rust-lang/crates-build-env/linux@sha256:2788e3201cd34a07e3172128adcd8b3090168a8e3bcc40d7c032b9dda1df7d1c" "/opt/rustwide/cargo-home/bin/cargo" "+beta-2023-12-22" "doc" "--frozen" "--no-deps" "--document-private-items" "--message-format=json", kill_on_drop: false }`
[INFO] [stdout] 49c2ffacadfeca2754949cdeadaaa7432ce26ff673db45a372796522df1e1b72
[INFO] running `Command { std: "docker" "start" "-a" "49c2ffacadfeca2754949cdeadaaa7432ce26ff673db45a372796522df1e1b72", kill_on_drop: false }`
[INFO] [stderr] warning: file `/opt/rustwide/workdir/src/main.rs` found to be present in multiple build targets:
[INFO] [stderr]   * `bin` target `cpcontrol-f7`
[INFO] [stderr]   * `bin` target `cpcontrol-f4`
[INFO] [stderr]   * `bin` target `cpcontrol-prod`
[INFO] [stderr]   * `bin` target `cpcontrol-24`
[INFO] [stderr]    Compiling autocfg v1.0.1
[INFO] [stderr]    Compiling proc-macro2 v1.0.24
[INFO] [stderr]    Compiling version_check v0.9.2
[INFO] [stderr]    Compiling unicode-xid v0.2.1
[INFO] [stderr]    Compiling typenum v1.12.0
[INFO] [stderr]    Compiling syn v1.0.48
[INFO] [stderr]    Compiling semver-parser v0.7.0
[INFO] [stderr]    Compiling byteorder v1.3.4
[INFO] [stderr]     Checking stable_deref_trait v1.2.0
[INFO] [stderr]    Compiling cortex-m v0.6.4
[INFO] [stderr]    Compiling hashbrown v0.12.3
[INFO] [stderr]    Compiling cortex-m-rt v0.6.13
[INFO] [stderr]     Checking vcell v0.1.2
[INFO] [stderr]    Compiling heapless v0.5.6
[INFO] [stderr]     Checking ufmt-write v0.1.0
[INFO] [stderr]    Compiling arraydeque v0.4.5
[INFO] [stderr]     Checking r0 v0.2.2
[INFO] [stderr]     Checking volatile-register v0.2.0
[INFO] [stderr]     Checking bitfield v0.13.2
[INFO] [stderr]    Compiling proc-macro-hack v0.5.18
[INFO] [stderr]     Checking rtic-core v0.3.1
[INFO] [stderr]    Compiling cpcontrol v0.2.0 (/opt/rustwide/workdir)
[INFO] [stderr]    Compiling semver v0.9.0
[INFO] [stderr]     Checking panic-halt v0.2.0
[INFO] [stderr]    Compiling generic-array v0.14.4
[INFO] [stderr]    Compiling cortex-m-rtic v0.5.5
[INFO] [stderr]    Compiling num-traits v0.2.12
[INFO] [stderr]    Compiling indexmap v1.9.3
[INFO] [stderr]    Compiling num-integer v0.1.43
[INFO] [stderr] error: failed to run custom build command for `cpcontrol v0.2.0 (/opt/rustwide/workdir)`
[INFO] [stderr] note: To improve backtraces for build dependencies, set the CARGO_PROFILE_DEV_BUILD_OVERRIDE_DEBUG=true environment variable to enable debug information generation.
[INFO] [stderr] 
[INFO] [stderr] Caused by:
[INFO] [stderr]   process didn't exit successfully: `/opt/rustwide/target/debug/build/cpcontrol-735f49c994ff9730/build-script-build` (exit status: 101)
[INFO] [stderr]   --- stderr
[INFO] [stderr]   thread 'main' panicked at build.rs:101:5:
[INFO] [stderr] 
[INFO] [stderr] 
[INFO] [stderr] 
[INFO] [stderr]   You must select a target.
[INFO] [stderr]   If you added Stm32f7xx HAL as a dependency to your crate, you can select a target by enabling the respective feature in `Cargo.toml`.
[INFO] [stderr]   If you're running an example from the repository, select a target by passing the desired target as a command-line argument, for example `--features=stm32f746`.
[INFO] [stderr]   Please refer to the documentation for more details.
[INFO] [stderr] 
[INFO] [stderr] 
[INFO] [stderr] 
[INFO] [stderr]   stack backtrace:
[INFO] [stderr]      0:     0x55d4b26327c6 - std::backtrace_rs::backtrace::libunwind::trace::h261606ad26a499c1
[INFO] [stderr]                                  at /rustc/0e09125c6c3c2fd70d7de961bcf0e51575235fad/library/std/src/../../backtrace/src/backtrace/libunwind.rs:104:5
[INFO] [stderr]      1:     0x55d4b26327c6 - std::backtrace_rs::backtrace::trace_unsynchronized::hd183f0625477fb28
[INFO] [stderr]                                  at /rustc/0e09125c6c3c2fd70d7de961bcf0e51575235fad/library/std/src/../../backtrace/src/backtrace/mod.rs:66:5
[INFO] [stderr]      2:     0x55d4b26327c6 - std::sys_common::backtrace::_print_fmt::hd7f8fef21b4eda67
[INFO] [stderr]                                  at /rustc/0e09125c6c3c2fd70d7de961bcf0e51575235fad/library/std/src/sys_common/backtrace.rs:68:5
[INFO] [stderr]      3:     0x55d4b26327c6 - <std::sys_common::backtrace::_print::DisplayBacktrace as core::fmt::Display>::fmt::h623d9b51f2f453f1
[INFO] [stderr]                                  at /rustc/0e09125c6c3c2fd70d7de961bcf0e51575235fad/library/std/src/sys_common/backtrace.rs:44:22
[INFO] [stderr]      4:     0x55d4b26512a0 - core::fmt::rt::Argument::fmt::h9f417ac76a86f368
[INFO] [stderr]                                  at /rustc/0e09125c6c3c2fd70d7de961bcf0e51575235fad/library/core/src/fmt/rt.rs:142:9
[INFO] [stderr]      5:     0x55d4b26512a0 - core::fmt::write::hc9b6faf4ac2aeff7
[INFO] [stderr]                                  at /rustc/0e09125c6c3c2fd70d7de961bcf0e51575235fad/library/core/src/fmt/mod.rs:1120:17
[INFO] [stderr]      6:     0x55d4b26309ef - std::io::Write::write_fmt::hfead1eee52c2e65e
[INFO] [stderr]                                  at /rustc/0e09125c6c3c2fd70d7de961bcf0e51575235fad/library/std/src/io/mod.rs:1810:15
[INFO] [stderr]      7:     0x55d4b26325a4 - std::sys_common::backtrace::_print::hd5d66399c7df88a2
[INFO] [stderr]                                  at /rustc/0e09125c6c3c2fd70d7de961bcf0e51575235fad/library/std/src/sys_common/backtrace.rs:47:5
[INFO] [stderr]      8:     0x55d4b26325a4 - std::sys_common::backtrace::print::he81ed2da642d37e5
[INFO] [stderr]                                  at /rustc/0e09125c6c3c2fd70d7de961bcf0e51575235fad/library/std/src/sys_common/backtrace.rs:34:9
[INFO] [stderr]      9:     0x55d4b2633b07 - std::panicking::default_hook::{{closure}}::h85773f4fa117163d
[INFO] [stderr]     10:     0x55d4b2633869 - std::panicking::default_hook::h6a1694a91d09b278
[INFO] [stderr]                                  at /rustc/0e09125c6c3c2fd70d7de961bcf0e51575235fad/library/std/src/panicking.rs:292:9
[INFO] [stderr]     11:     0x55d4b2633f98 - std::panicking::rust_panic_with_hook::h0a7ad96e90f7145b
[INFO] [stderr]                                  at /rustc/0e09125c6c3c2fd70d7de961bcf0e51575235fad/library/std/src/panicking.rs:779:13
[INFO] [stderr]     12:     0x55d4b2633e72 - std::panicking::begin_panic_handler::{{closure}}::h7919090525c6485e
[INFO] [stderr]                                  at /rustc/0e09125c6c3c2fd70d7de961bcf0e51575235fad/library/std/src/panicking.rs:657:13
[INFO] [stderr]     13:     0x55d4b2632cc6 - std::sys_common::backtrace::__rust_end_short_backtrace::hf3289479464f7dfe
[INFO] [stderr]                                  at /rustc/0e09125c6c3c2fd70d7de961bcf0e51575235fad/library/std/src/sys_common/backtrace.rs:171:18
[INFO] [stderr]     14:     0x55d4b2633bd0 - rust_begin_unwind
[INFO] [stderr]                                  at /rustc/0e09125c6c3c2fd70d7de961bcf0e51575235fad/library/std/src/panicking.rs:645:5
[INFO] [stderr]     15:     0x55d4b2614195 - core::panicking::panic_fmt::hcc9f77c5c132af55
[INFO] [stderr]                                  at /rustc/0e09125c6c3c2fd70d7de961bcf0e51575235fad/library/core/src/panicking.rs:72:14
[INFO] [stderr]     16:     0x55d4b2616a21 - build_script_build::error::h4ffbe9cd68621db2
[INFO] [stderr]     17:     0x55d4b2616965 - build_script_build::SubFamily::read::h98b25f145d417dc2
[INFO] [stderr]     18:     0x55d4b2616916 - build_script_build::Target::read::hdb290983fd7903bb
[INFO] [stderr]     19:     0x55d4b2616345 - build_script_build::main::hb04a93a02e5d5bf3
[INFO] [stderr]     20:     0x55d4b261583e - core::ops::function::FnOnce::call_once::h8979a4bb2f8b1b6c
[INFO] [stderr]     21:     0x55d4b2614aad - std::sys_common::backtrace::__rust_begin_short_backtrace::he5c35d3bacc77cd7
[INFO] [stderr]     22:     0x55d4b2615491 - std::rt::lang_start::{{closure}}::h4eff5d8421be92f2
[INFO] [stderr]     23:     0x55d4b262d871 - core::ops::function::impls::<impl core::ops::function::FnOnce<A> for &F>::call_once::h4eb4c5e1620f29b0
[INFO] [stderr]                                  at /rustc/0e09125c6c3c2fd70d7de961bcf0e51575235fad/library/core/src/ops/function.rs:284:13
[INFO] [stderr]     24:     0x55d4b262d871 - std::panicking::try::do_call::h73fd26535faffcdf
[INFO] [stderr]                                  at /rustc/0e09125c6c3c2fd70d7de961bcf0e51575235fad/library/std/src/panicking.rs:552:40
[INFO] [stderr]     25:     0x55d4b262d871 - std::panicking::try::h77ff1d98f0fb9f39
[INFO] [stderr]                                  at /rustc/0e09125c6c3c2fd70d7de961bcf0e51575235fad/library/std/src/panicking.rs:516:19
[INFO] [stderr]     26:     0x55d4b262d871 - std::panic::catch_unwind::hab3caf2448b95e37
[INFO] [stderr]                                  at /rustc/0e09125c6c3c2fd70d7de961bcf0e51575235fad/library/std/src/panic.rs:142:14
[INFO] [stderr]     27:     0x55d4b262d871 - std::rt::lang_start_internal::{{closure}}::h8086711f9c783f78
[INFO] [stderr]                                  at /rustc/0e09125c6c3c2fd70d7de961bcf0e51575235fad/library/std/src/rt.rs:148:48
[INFO] [stderr]     28:     0x55d4b262d871 - std::panicking::try::do_call::hf920d4dc291cd6ca
[INFO] [stderr]                                  at /rustc/0e09125c6c3c2fd70d7de961bcf0e51575235fad/library/std/src/panicking.rs:552:40
[INFO] [stderr]     29:     0x55d4b262d871 - std::panicking::try::h2b806ccc0a85db74
[INFO] [stderr]                                  at /rustc/0e09125c6c3c2fd70d7de961bcf0e51575235fad/library/std/src/panicking.rs:516:19
[INFO] [stderr]     30:     0x55d4b262d871 - std::panic::catch_unwind::h038489539c507df2
[INFO] [stderr]                                  at /rustc/0e09125c6c3c2fd70d7de961bcf0e51575235fad/library/std/src/panic.rs:142:14
[INFO] [stderr]     31:     0x55d4b262d871 - std::rt::lang_start_internal::h28503b88912e8a5c
[INFO] [stderr]                                  at /rustc/0e09125c6c3c2fd70d7de961bcf0e51575235fad/library/std/src/rt.rs:148:20
[INFO] [stderr]     32:     0x55d4b2615467 - std::rt::lang_start::h15657152ab262733
[INFO] [stderr]     33:     0x55d4b2616af5 - main
[INFO] [stderr]     34:     0x7fed82f3bd90 - <unknown>
[INFO] [stderr]     35:     0x7fed82f3be40 - __libc_start_main
[INFO] [stderr]     36:     0x55d4b26148c5 - _start
[INFO] [stderr]     37:                0x0 - <unknown>
[INFO] [stderr] warning: build failed, waiting for other jobs to finish...
[INFO] running `Command { std: "docker" "inspect" "49c2ffacadfeca2754949cdeadaaa7432ce26ff673db45a372796522df1e1b72", kill_on_drop: false }`
[INFO] running `Command { std: "docker" "rm" "-f" "49c2ffacadfeca2754949cdeadaaa7432ce26ff673db45a372796522df1e1b72", kill_on_drop: false }`
[INFO] [stdout] 49c2ffacadfeca2754949cdeadaaa7432ce26ff673db45a372796522df1e1b72
