[INFO] cloning repository https://github.com/kkspeed/metal-placebo
[INFO] running `Command { std: "git" "-c" "credential.helper=" "-c" "credential.helper=/workspace/cargo-home/bin/git-credential-null" "clone" "--bare" "https://github.com/kkspeed/metal-placebo" "/workspace/cache/git-repos/https%3A%2F%2Fgithub.com%2Fkkspeed%2Fmetal-placebo", kill_on_drop: false }`
[INFO] [stderr] Cloning into bare repository '/workspace/cache/git-repos/https%3A%2F%2Fgithub.com%2Fkkspeed%2Fmetal-placebo'...
[INFO] running `Command { std: "git" "rev-parse" "HEAD", kill_on_drop: false }`
[INFO] [stdout] 63665057c8369a620fb33fc8d85c1c99a3de81ea
[INFO] documenting kkspeed/metal-placebo against 1.75.0 for beta-1.76-rustdoc-1
[INFO] running `Command { std: "git" "clone" "/workspace/cache/git-repos/https%3A%2F%2Fgithub.com%2Fkkspeed%2Fmetal-placebo" "/workspace/builds/worker-4-tc1/source", kill_on_drop: false }`
[INFO] [stderr] Cloning into '/workspace/builds/worker-4-tc1/source'...
[INFO] [stderr] done.
[INFO] validating manifest of git repo https://github.com/kkspeed/metal-placebo on toolchain 1.75.0
[INFO] running `Command { std: CARGO_HOME="/workspace/cargo-home" RUSTUP_HOME="/workspace/rustup-home" "/workspace/cargo-home/bin/cargo" "+1.75.0" "metadata" "--manifest-path" "Cargo.toml" "--no-deps", kill_on_drop: false }`
[INFO] started tweaking git repo https://github.com/kkspeed/metal-placebo
[INFO] finished tweaking git repo https://github.com/kkspeed/metal-placebo
[INFO] tweaked toml for git repo https://github.com/kkspeed/metal-placebo written to /workspace/builds/worker-4-tc1/source/Cargo.toml
[INFO] crate git repo https://github.com/kkspeed/metal-placebo already has a lockfile, it will not be regenerated
[INFO] running `Command { std: CARGO_HOME="/workspace/cargo-home" RUSTUP_HOME="/workspace/rustup-home" "/workspace/cargo-home/bin/cargo" "+1.75.0" "fetch" "--manifest-path" "Cargo.toml", kill_on_drop: false }`
[INFO] [stderr]     Blocking waiting for file lock on package cache
[ERROR] error running command: no output for 300 seconds
[ERROR] this task or one of its parent failed!
[ERROR] no output for 300 seconds
[ERROR] note: run with `RUST_BACKTRACE=1` to display a backtrace.
[INFO] documenting kkspeed/metal-placebo against beta-2023-12-22 for beta-1.76-rustdoc-1
[INFO] running `Command { std: "git" "clone" "/workspace/cache/git-repos/https%3A%2F%2Fgithub.com%2Fkkspeed%2Fmetal-placebo" "/workspace/builds/worker-4-tc2/source", kill_on_drop: false }`
[INFO] [stderr] Cloning into '/workspace/builds/worker-4-tc2/source'...
[INFO] [stderr] done.
[INFO] validating manifest of git repo https://github.com/kkspeed/metal-placebo on toolchain beta-2023-12-22
[INFO] running `Command { std: CARGO_HOME="/workspace/cargo-home" RUSTUP_HOME="/workspace/rustup-home" "/workspace/cargo-home/bin/cargo" "+beta-2023-12-22" "metadata" "--manifest-path" "Cargo.toml" "--no-deps", kill_on_drop: false }`
[INFO] started tweaking git repo https://github.com/kkspeed/metal-placebo
[INFO] finished tweaking git repo https://github.com/kkspeed/metal-placebo
[INFO] tweaked toml for git repo https://github.com/kkspeed/metal-placebo written to /workspace/builds/worker-4-tc2/source/Cargo.toml
[INFO] crate git repo https://github.com/kkspeed/metal-placebo already has a lockfile, it will not be regenerated
[INFO] running `Command { std: CARGO_HOME="/workspace/cargo-home" RUSTUP_HOME="/workspace/rustup-home" "/workspace/cargo-home/bin/cargo" "+beta-2023-12-22" "fetch" "--manifest-path" "Cargo.toml", kill_on_drop: false }`
[INFO] [stderr]     Blocking waiting for file lock on package cache
[INFO] [stderr]     Blocking waiting for file lock on package cache
[INFO] [stderr]  Downloading crates ...
[INFO] [stderr]   Downloaded humantime v1.0.0
[INFO] [stderr]   Downloaded metadeps v1.1.1
[INFO] [stderr]   Downloaded log4rs v0.5.2
[INFO] [stderr]   Downloaded serde-value v0.3.1
[INFO] [stderr]   Downloaded serde_test v0.8.22
[INFO] [stderr]   Downloaded serde_yaml v0.5.0
[INFO] [stderr]   Downloaded mustache v0.8.0
[INFO] [stderr]   Downloaded serde v0.8.22
[INFO] [stderr]   Downloaded x11 v2.12.0
[INFO] running `Command { std: "docker" "create" "-v" "/var/lib/crater-agent-workspace/builds/worker-4-tc2/target:/opt/rustwide/target:rw,Z" "-v" "/var/lib/crater-agent-workspace/builds/worker-4-tc2/source:/opt/rustwide/workdir:ro,Z" "-v" "/var/lib/crater-agent-workspace/cargo-home:/opt/rustwide/cargo-home:ro,Z" "-v" "/var/lib/crater-agent-workspace/rustup-home:/opt/rustwide/rustup-home:ro,Z" "-e" "SOURCE_DIR=/opt/rustwide/workdir" "-e" "CARGO_TARGET_DIR=/opt/rustwide/target" "-e" "CARGO_HOME=/opt/rustwide/cargo-home" "-e" "RUSTUP_HOME=/opt/rustwide/rustup-home" "-w" "/opt/rustwide/workdir" "-m" "1610612736" "--user" "0:0" "--network" "none" "ghcr.io/rust-lang/crates-build-env/linux@sha256:2788e3201cd34a07e3172128adcd8b3090168a8e3bcc40d7c032b9dda1df7d1c" "/opt/rustwide/cargo-home/bin/cargo" "+beta-2023-12-22" "metadata" "--no-deps" "--format-version=1", kill_on_drop: false }`
[INFO] [stdout] 73b65e44d6b8b21ba8d25bb3437225ff1b1edb24db458f3523df801a62a13e43
[INFO] running `Command { std: "docker" "start" "-a" "73b65e44d6b8b21ba8d25bb3437225ff1b1edb24db458f3523df801a62a13e43", kill_on_drop: false }`
[INFO] running `Command { std: "docker" "inspect" "73b65e44d6b8b21ba8d25bb3437225ff1b1edb24db458f3523df801a62a13e43", kill_on_drop: false }`
[INFO] running `Command { std: "docker" "rm" "-f" "73b65e44d6b8b21ba8d25bb3437225ff1b1edb24db458f3523df801a62a13e43", kill_on_drop: false }`
[INFO] [stdout] 73b65e44d6b8b21ba8d25bb3437225ff1b1edb24db458f3523df801a62a13e43
[INFO] running `Command { std: "docker" "create" "-v" "/var/lib/crater-agent-workspace/builds/worker-4-tc2/target:/opt/rustwide/target:rw,Z" "-v" "/var/lib/crater-agent-workspace/builds/worker-4-tc2/source:/opt/rustwide/workdir:ro,Z" "-v" "/var/lib/crater-agent-workspace/cargo-home:/opt/rustwide/cargo-home:ro,Z" "-v" "/var/lib/crater-agent-workspace/rustup-home:/opt/rustwide/rustup-home:ro,Z" "-e" "SOURCE_DIR=/opt/rustwide/workdir" "-e" "CARGO_TARGET_DIR=/opt/rustwide/target" "-e" "CARGO_INCREMENTAL=0" "-e" "RUST_BACKTRACE=full" "-e" "RUSTFLAGS=--cap-lints=warn" "-e" "RUSTDOCFLAGS=--cap-lints=warn" "-e" "CARGO_HOME=/opt/rustwide/cargo-home" "-e" "RUSTUP_HOME=/opt/rustwide/rustup-home" "-w" "/opt/rustwide/workdir" "-m" "1610612736" "--user" "0:0" "--network" "none" "ghcr.io/rust-lang/crates-build-env/linux@sha256:2788e3201cd34a07e3172128adcd8b3090168a8e3bcc40d7c032b9dda1df7d1c" "/opt/rustwide/cargo-home/bin/cargo" "+beta-2023-12-22" "doc" "--frozen" "--no-deps" "--document-private-items" "--message-format=json", kill_on_drop: false }`
[INFO] [stdout] cbabc7972bbb5cf0606b97769fc73fb5d7f3255c0554177a93fec8034aaa4b3c
[INFO] running `Command { std: "docker" "start" "-a" "cbabc7972bbb5cf0606b97769fc73fb5d7f3255c0554177a93fec8034aaa4b3c", kill_on_drop: false }`
[INFO] [stderr]     Checking num-traits v0.1.36
[INFO] [stderr]    Compiling winapi-build v0.1.1
[INFO] [stderr]     Checking serde v0.8.22
[INFO] [stderr]    Compiling toml v0.2.1
[INFO] [stderr]     Checking libc v0.2.19
[INFO] [stderr]     Checking void v1.0.2
[INFO] [stderr]     Checking winapi v0.2.8
[INFO] [stderr]    Compiling error-chain v0.7.2
[INFO] [stderr]    Compiling pkg-config v0.3.8
[INFO] [stderr]     Checking traitobject v0.0.3
[INFO] [stderr]     Checking dtoa v0.2.2
[INFO] [stderr]     Checking quick-error v1.1.0
[INFO] [stderr]     Checking log v0.3.6
[INFO] [stderr]     Checking rustc-serialize v0.3.22
[INFO] [stderr]     Checking fnv v1.0.5
[INFO] [stderr]     Checking antidote v1.0.0
[INFO] [stderr]     Checking crossbeam v0.2.10
[INFO] [stderr]     Checking unreachable v0.1.1
[INFO] [stderr]     Checking humantime v1.0.0
[INFO] [stderr]     Checking log-mdc v0.1.0
[INFO] [stderr]     Checking unsafe-any v0.4.1
[INFO] [stderr]    Compiling kernel32-sys v0.2.2
[INFO] [stderr]     Checking typemap v0.3.3
[INFO] [stderr]    Compiling metadeps v1.1.1
[INFO] [stdout] error[E0310]: the parameter type `T` may not live long enough
[INFO] [stdout]     --> /opt/rustwide/cargo-home/registry/src/index.crates.io-6f17d22bba15001f/rustc-serialize-0.3.22/src/serialize.rs:1155:5
[INFO] [stdout]      |
[INFO] [stdout] 1155 |     fn decode<D: Decoder>(d: &mut D) -> Result<Cow<'static, T>, D::Error> {
[INFO] [stdout]      |     ^^^^^^^^^^^^^^^^^^^^^^^^^^^^^^^^^^^^^^^^^^^^^^^^^^^^^^^^^^^^^^^^^^^^^
[INFO] [stdout]      |     |
[INFO] [stdout]      |     the parameter type `T` must be valid for the static lifetime...
[INFO] [stdout]      |     ...so that the type `T` will meet its required lifetime bounds...
[INFO] [stdout]      |
[INFO] [stdout] note: ...that is required by this bound
[INFO] [stdout]     --> /rustc/0e09125c6c3c2fd70d7de961bcf0e51575235fad/library/alloc/src/borrow.rs:180:30
[INFO] [stdout] help: consider adding an explicit lifetime bound
[INFO] [stdout]      |
[INFO] [stdout] 1151 | impl<'a, T: ?Sized + 'static> Decodable for Cow<'a, T>
[INFO] [stdout]      |                    +++++++++
[INFO] [stdout] 
[INFO] [stdout] 
[INFO] [stderr]     Checking num-integer v0.1.32
[INFO] [stderr]     Checking ordered-float v0.2.3
[INFO] [stderr]     Checking time v0.1.35
[INFO] [stderr]     Checking num-iter v0.1.32
[INFO] [stderr]     Checking num v0.1.36
[INFO] [stderr]    Compiling x11 v2.12.0
[INFO] [stderr]     Checking chrono v0.2.25
[INFO] [stdout] error: aborting due to 1 previous error
[INFO] [stdout] 
[INFO] [stdout] 
[INFO] [stdout] For more information about this error, try `rustc --explain E0310`.
[INFO] [stdout] 
[INFO] [stderr] error: could not compile `rustc-serialize` (lib) due to 2 previous errors
[INFO] [stderr] warning: build failed, waiting for other jobs to finish...
[INFO] running `Command { std: "docker" "inspect" "cbabc7972bbb5cf0606b97769fc73fb5d7f3255c0554177a93fec8034aaa4b3c", kill_on_drop: false }`
[INFO] running `Command { std: "docker" "rm" "-f" "cbabc7972bbb5cf0606b97769fc73fb5d7f3255c0554177a93fec8034aaa4b3c", kill_on_drop: false }`
[INFO] [stdout] cbabc7972bbb5cf0606b97769fc73fb5d7f3255c0554177a93fec8034aaa4b3c
