[INFO] cloning repository https://github.com/gridgentoo/risingwave
[INFO] running `Command { std: "git" "-c" "credential.helper=" "-c" "credential.helper=/workspace/cargo-home/bin/git-credential-null" "clone" "--bare" "https://github.com/gridgentoo/risingwave" "/workspace/cache/git-repos/https%3A%2F%2Fgithub.com%2Fgridgentoo%2Frisingwave", kill_on_drop: false }`
[INFO] [stderr] Cloning into bare repository '/workspace/cache/git-repos/https%3A%2F%2Fgithub.com%2Fgridgentoo%2Frisingwave'...
[INFO] running `Command { std: "git" "rev-parse" "HEAD", kill_on_drop: false }`
[INFO] [stdout] 64540b8910bb69ec023b6a74cd7e4d53e293cdd2
[INFO] documenting gridgentoo/risingwave against 1.75.0 for beta-1.76-rustdoc-1
[INFO] running `Command { std: "git" "clone" "/workspace/cache/git-repos/https%3A%2F%2Fgithub.com%2Fgridgentoo%2Frisingwave" "/workspace/builds/worker-3-tc1/source", kill_on_drop: false }`
[INFO] [stderr] Cloning into '/workspace/builds/worker-3-tc1/source'...
[INFO] [stderr] done.
[INFO] validating manifest of git repo https://github.com/gridgentoo/risingwave on toolchain 1.75.0
[INFO] running `Command { std: CARGO_HOME="/workspace/cargo-home" RUSTUP_HOME="/workspace/rustup-home" "/workspace/cargo-home/bin/cargo" "+1.75.0" "metadata" "--manifest-path" "Cargo.toml" "--no-deps", kill_on_drop: false }`
[INFO] removed /workspace/builds/worker-3-tc1/source/.cargo/config.toml
[INFO] removed /workspace/builds/worker-3-tc1/source/rust-toolchain
[INFO] started tweaking git repo https://github.com/gridgentoo/risingwave
[INFO] finished tweaking git repo https://github.com/gridgentoo/risingwave
[INFO] tweaked toml for git repo https://github.com/gridgentoo/risingwave written to /workspace/builds/worker-3-tc1/source/Cargo.toml
[INFO] crate git repo https://github.com/gridgentoo/risingwave already has a lockfile, it will not be regenerated
[INFO] running `Command { std: CARGO_HOME="/workspace/cargo-home" RUSTUP_HOME="/workspace/rustup-home" "/workspace/cargo-home/bin/cargo" "+1.75.0" "fetch" "--manifest-path" "Cargo.toml", kill_on_drop: false }`
[INFO] [stderr] warning: virtual workspace defaulting to `resolver = "1"` despite one or more workspace members being on edition 2021 which implies `resolver = "2"`
[INFO] [stderr] note: to keep the current resolver, specify `workspace.resolver = "1"` in the workspace root's manifest
[INFO] [stderr] note: to use the edition 2021 resolver, specify `workspace.resolver = "2"` in the workspace root's manifest
[INFO] [stderr] note: for more details see https://doc.rust-lang.org/cargo/reference/resolver.html#resolver-versions
[INFO] [stderr]     Blocking waiting for file lock on package cache
[ERROR] error running command: no output for 300 seconds
[ERROR] this task or one of its parent failed!
[ERROR] no output for 300 seconds
[ERROR] note: run with `RUST_BACKTRACE=1` to display a backtrace.
[INFO] documenting gridgentoo/risingwave against beta-2023-12-22 for beta-1.76-rustdoc-1
[INFO] running `Command { std: "git" "clone" "/workspace/cache/git-repos/https%3A%2F%2Fgithub.com%2Fgridgentoo%2Frisingwave" "/workspace/builds/worker-3-tc2/source", kill_on_drop: false }`
[INFO] [stderr] Cloning into '/workspace/builds/worker-3-tc2/source'...
[INFO] [stderr] done.
[INFO] validating manifest of git repo https://github.com/gridgentoo/risingwave on toolchain beta-2023-12-22
[INFO] running `Command { std: CARGO_HOME="/workspace/cargo-home" RUSTUP_HOME="/workspace/rustup-home" "/workspace/cargo-home/bin/cargo" "+beta-2023-12-22" "metadata" "--manifest-path" "Cargo.toml" "--no-deps", kill_on_drop: false }`
[INFO] removed /workspace/builds/worker-3-tc2/source/.cargo/config.toml
[INFO] removed /workspace/builds/worker-3-tc2/source/rust-toolchain
[INFO] started tweaking git repo https://github.com/gridgentoo/risingwave
[INFO] finished tweaking git repo https://github.com/gridgentoo/risingwave
[INFO] tweaked toml for git repo https://github.com/gridgentoo/risingwave written to /workspace/builds/worker-3-tc2/source/Cargo.toml
[INFO] crate git repo https://github.com/gridgentoo/risingwave already has a lockfile, it will not be regenerated
[INFO] running `Command { std: CARGO_HOME="/workspace/cargo-home" RUSTUP_HOME="/workspace/rustup-home" "/workspace/cargo-home/bin/cargo" "+beta-2023-12-22" "fetch" "--manifest-path" "Cargo.toml", kill_on_drop: false }`
[INFO] [stderr] warning: virtual workspace defaulting to `resolver = "1"` despite one or more workspace members being on edition 2021 which implies `resolver = "2"`
[INFO] [stderr] note: to keep the current resolver, specify `workspace.resolver = "1"` in the workspace root's manifest
[INFO] [stderr] note: to use the edition 2021 resolver, specify `workspace.resolver = "2"` in the workspace root's manifest
[INFO] [stderr] note: for more details see https://doc.rust-lang.org/cargo/reference/resolver.html#resolver-versions
[INFO] [stderr]     Blocking waiting for file lock on package cache
[INFO] [stderr]     Updating git repository `https://github.com/madsim-rs/getrandom.git`
[INFO] [stderr]     Updating git repository `https://github.com/madsim-rs/madsim.git`
[INFO] [stderr]     Updating git repository `https://github.com/madsim-rs/quanta.git`
[INFO] [stderr]     Updating git repository `https://github.com/madsim-rs/rust-postgres.git`
[INFO] [stderr]     Updating git repository `https://github.com/madsim-rs/rust-tokio-retry.git`
[INFO] [stderr]     Updating git repository `https://github.com/madsim-rs/tokio.git`
[INFO] [stderr]     Updating crates.io index
[INFO] [stderr]     Updating git repository `https://github.com/risingwavelabs/lru-rs.git`
[INFO] [stderr]     Updating git repository `https://github.com/risingwavelabs/darwin-libproc.git`
[INFO] [stderr]     Updating git repository `https://github.com/risingwavelabs/avro`
[INFO] [stderr]     Updating git repository `https://github.com/MaterializeInc/rust-rdkafka`
[INFO] [stderr]     Updating git submodule `https://github.com/MaterializeInc/librdkafka`
[INFO] [stderr]     Blocking waiting for file lock on package cache
[INFO] [stderr]  Downloading crates ...
[INFO] [stderr]   Downloaded pg_interval v0.4.2
[INFO] [stderr]   Downloaded google-cloud-metadata v0.3.1
[INFO] [stderr]   Downloaded bk-tree v0.4.0
[INFO] [stderr]   Downloaded rust_decimal v1.29.0
[INFO] [stderr]   Downloaded coarsetime v0.1.23
[INFO] [stderr]   Downloaded tokio-metrics v0.1.0
[INFO] [stderr]   Downloaded ethnum v1.3.2
[INFO] [stderr]   Downloaded triple_accel v0.3.4
[INFO] [stderr]   Downloaded arrow-ipc v36.0.0
[INFO] [stderr]   Downloaded nexmark v0.2.0
[INFO] [stderr]   Downloaded bcc-sys v0.23.0
[INFO] [stderr]   Downloaded sasl2-sys v0.1.20+2.1.28
[INFO] [stderr]   Downloaded krb5-src v0.3.2+1.19.2
[INFO] [stderr]   Downloaded prost-reflect v0.9.2
[INFO] [stderr]   Downloaded aws-sdk-ec2 v0.21.0
[INFO] [stderr]   Downloaded speedate v0.7.0
[INFO] [stderr]   Downloaded futures-async-stream-macro v0.2.6
[INFO] [stderr]   Downloaded prometheus-http-query v0.6.5
[INFO] [stderr]   Downloaded futures-async-stream v0.2.6
[INFO] [stderr]   Downloaded memcomparable v0.1.1
[INFO] [stderr]   Downloaded smallbitset v0.6.1
[INFO] [stderr]   Downloaded arrow-flight v36.0.0
[INFO] [stderr]   Downloaded madsim-tokio v0.2.19
[INFO] [stderr]   Downloaded madsim-etcd-client v0.2.20
[INFO] [stderr]   Downloaded sqllogictest v0.11.2
[INFO] [stderr]   Downloaded google-cloud-googleapis v0.6.0
[INFO] [stderr]   Downloaded pulsar v4.2.0
[INFO] [stderr]   Downloaded simd-json v0.9.1
[INFO] [stderr]   Downloaded value-trait v0.6.0
[INFO] [stderr]   Downloaded madsim-aws-sdk-s3 v0.2.17
[INFO] [stderr]   Downloaded pretty-xmlish v0.1.10
[INFO] [stderr]   Downloaded google-cloud-auth v0.5.1
[INFO] [stderr]   Downloaded madsim-tonic v0.2.21
[INFO] [stderr]   Downloaded minitrace-jaeger v0.4.1
[INFO] [stderr]   Downloaded crepe v0.1.7
[INFO] [stderr]   Downloaded aws-sdk-kinesis v0.21.0
[INFO] [stderr]   Downloaded madsim v0.2.21
[INFO] [stderr]   Downloaded chrono-tz v0.7.0
[INFO] [stderr]   Downloaded serde_plain v1.0.1
[INFO] [stderr]   Downloaded easy-ext v1.0.1
[INFO] [stderr]   Downloaded etcd-client v0.10.3
[INFO] [stderr]   Downloaded xorf v0.8.1
[INFO] [stderr]   Downloaded await-tree v0.1.1
[INFO] [stderr]   Downloaded arrow-array v36.0.0
[INFO] [stderr]   Downloaded arrow-data v36.0.0
[INFO] [stderr]   Downloaded kafka v0.9.0
[INFO] [stderr]   Downloaded halfbrown v0.2.0
[INFO] [stderr]   Downloaded arrow-buffer v36.0.0
[INFO] [stderr]   Downloaded opendal v0.30.3
[INFO] [stderr]   Downloaded moka v0.10.2
[INFO] [stderr]   Downloaded arrow-schema v36.0.0
[INFO] [stderr]   Downloaded enum-iterator v1.4.0
[INFO] [stderr]   Downloaded oauth2 v4.3.0
[INFO] [stderr]   Downloaded protobuf-native v0.2.1+3.19.1
[INFO] [stderr]   Downloaded size v0.4.1
[INFO] [stderr]   Downloaded tikv-jemalloc-ctl v0.5.0
[INFO] [stderr]   Downloaded pbjson v0.5.1
[INFO] [stderr]   Downloaded borsh-derive-internal v0.10.2
[INFO] [stderr]   Downloaded arrow-cast v36.0.0
[INFO] [stderr]   Downloaded borsh-schema-derive-internal v0.10.2
[INFO] [stderr]   Downloaded madsim-macros v0.2.12
[INFO] [stderr]   Downloaded borsh-derive v0.10.2
[INFO] [stderr]   Downloaded path-dedot v3.0.18
[INFO] [stderr]   Downloaded path-absolutize v3.0.14
[INFO] [stderr]   Downloaded zerocopy v0.6.1
[INFO] [stderr]   Downloaded duration-str v0.5.0
[INFO] [stderr]   Downloaded openidconnect v2.5.1
[INFO] [stderr]   Downloaded fiemap v0.1.1
[INFO] [stderr]   Downloaded backon v0.4.0
[INFO] [stderr]   Downloaded reqsign v0.8.5
[INFO] [stderr]   Downloaded enum-iterator-derive v1.2.0
[INFO] [stderr]   Downloaded hytra v0.1.2
[INFO] [stderr]   Downloaded libflate v1.3.0
[INFO] [stderr]   Downloaded zerocopy-derive v0.3.2
[INFO] [stderr]   Downloaded borsh v0.10.2
[INFO] [stderr]   Downloaded naive-timer v0.2.0
[INFO] [stderr]   Downloaded arrow-select v36.0.0
[INFO] [stderr]   Downloaded socket2 v0.5.1
[INFO] [stderr]   Downloaded rkyv_derive v0.7.40
[INFO] [stderr]   Downloaded google-cloud-gax v0.9.1
[INFO] [stderr]   Downloaded google-cloud-pubsub v0.7.0
[INFO] [stderr]   Downloaded parse-display v0.6.0
[INFO] [stderr]   Downloaded iter-chunks v0.1.3
[INFO] [stderr]   Downloaded libtest-mimic v0.6.0
[INFO] [stderr]   Downloaded async-compat v0.2.1
[INFO] [stderr]   Downloaded random-string v1.0.0
[INFO] [stderr]   Downloaded console-subscriber v0.1.8
[INFO] [stderr]   Downloaded serde_default v0.1.0
[INFO] [stderr]   Downloaded fail v0.5.1
[INFO] [stderr]   Downloaded madsim-tonic-build v0.2.11
[INFO] [stderr]   Downloaded rkyv v0.7.40
[INFO] [stderr]   Downloaded flatbuffers v23.1.21
[INFO] [stderr]   Downloaded bcc v0.0.33
[INFO] [stderr]   Downloaded pbjson-build v0.5.1
[INFO] [stderr]   Downloaded parse-display-derive v0.6.0
[INFO] [stderr]   Downloaded postgres-derive v0.4.3
[INFO] running `Command { std: "docker" "create" "-v" "/var/lib/crater-agent-workspace/builds/worker-3-tc2/target:/opt/rustwide/target:rw,Z" "-v" "/var/lib/crater-agent-workspace/builds/worker-3-tc2/source:/opt/rustwide/workdir:ro,Z" "-v" "/var/lib/crater-agent-workspace/cargo-home:/opt/rustwide/cargo-home:ro,Z" "-v" "/var/lib/crater-agent-workspace/rustup-home:/opt/rustwide/rustup-home:ro,Z" "-e" "SOURCE_DIR=/opt/rustwide/workdir" "-e" "CARGO_TARGET_DIR=/opt/rustwide/target" "-e" "CARGO_HOME=/opt/rustwide/cargo-home" "-e" "RUSTUP_HOME=/opt/rustwide/rustup-home" "-w" "/opt/rustwide/workdir" "-m" "1610612736" "--user" "0:0" "--network" "none" "ghcr.io/rust-lang/crates-build-env/linux@sha256:2788e3201cd34a07e3172128adcd8b3090168a8e3bcc40d7c032b9dda1df7d1c" "/opt/rustwide/cargo-home/bin/cargo" "+beta-2023-12-22" "metadata" "--no-deps" "--format-version=1", kill_on_drop: false }`
[INFO] [stdout] 3991c90a02f377821321d1ed97470d89a2a5263716b36100cb3fddb6d328da29
[INFO] running `Command { std: "docker" "start" "-a" "3991c90a02f377821321d1ed97470d89a2a5263716b36100cb3fddb6d328da29", kill_on_drop: false }`
[INFO] running `Command { std: "docker" "inspect" "3991c90a02f377821321d1ed97470d89a2a5263716b36100cb3fddb6d328da29", kill_on_drop: false }`
[INFO] running `Command { std: "docker" "rm" "-f" "3991c90a02f377821321d1ed97470d89a2a5263716b36100cb3fddb6d328da29", kill_on_drop: false }`
[INFO] [stdout] 3991c90a02f377821321d1ed97470d89a2a5263716b36100cb3fddb6d328da29
[INFO] running `Command { std: "docker" "create" "-v" "/var/lib/crater-agent-workspace/builds/worker-3-tc2/target:/opt/rustwide/target:rw,Z" "-v" "/var/lib/crater-agent-workspace/builds/worker-3-tc2/source:/opt/rustwide/workdir:ro,Z" "-v" "/var/lib/crater-agent-workspace/cargo-home:/opt/rustwide/cargo-home:ro,Z" "-v" "/var/lib/crater-agent-workspace/rustup-home:/opt/rustwide/rustup-home:ro,Z" "-e" "SOURCE_DIR=/opt/rustwide/workdir" "-e" "CARGO_TARGET_DIR=/opt/rustwide/target" "-e" "CARGO_INCREMENTAL=0" "-e" "RUST_BACKTRACE=full" "-e" "RUSTFLAGS=--cap-lints=warn" "-e" "RUSTDOCFLAGS=--cap-lints=warn" "-e" "CARGO_HOME=/opt/rustwide/cargo-home" "-e" "RUSTUP_HOME=/opt/rustwide/rustup-home" "-w" "/opt/rustwide/workdir" "-m" "1610612736" "--user" "0:0" "--network" "none" "ghcr.io/rust-lang/crates-build-env/linux@sha256:2788e3201cd34a07e3172128adcd8b3090168a8e3bcc40d7c032b9dda1df7d1c" "/opt/rustwide/cargo-home/bin/cargo" "+beta-2023-12-22" "doc" "--frozen" "--no-deps" "--document-private-items" "--message-format=json", kill_on_drop: false }`
[INFO] [stdout] 90499046e468d7ce482d11813188a16ab05afa58113c81168ba45fb4c36a18d8
[INFO] running `Command { std: "docker" "start" "-a" "90499046e468d7ce482d11813188a16ab05afa58113c81168ba45fb4c36a18d8", kill_on_drop: false }`
[INFO] [stderr] warning: virtual workspace defaulting to `resolver = "1"` despite one or more workspace members being on edition 2021 which implies `resolver = "2"`
[INFO] [stderr] note: to keep the current resolver, specify `workspace.resolver = "1"` in the workspace root's manifest
[INFO] [stderr] note: to use the edition 2021 resolver, specify `workspace.resolver = "2"` in the workspace root's manifest
[INFO] [stderr] note: for more details see https://doc.rust-lang.org/cargo/reference/resolver.html#resolver-versions
[INFO] [stderr]    Compiling libc v0.2.140
[INFO] [stderr]    Compiling proc-macro2 v1.0.56
[INFO] [stderr]    Compiling quote v1.0.26
[INFO] [stderr]    Compiling unicode-ident v1.0.8
[INFO] [stderr]    Compiling syn v1.0.109
[INFO] [stderr]    Compiling autocfg v1.1.0
[INFO] [stderr]    Compiling version_check v0.9.4
[INFO] [stderr]    Compiling serde_derive v1.0.156
[INFO] [stderr]    Compiling serde v1.0.156
[INFO] [stderr]    Compiling memchr v2.5.0
[INFO] [stderr]     Checking cfg-if v1.0.0
[INFO] [stderr]    Compiling log v0.4.17
[INFO] [stderr]     Checking once_cell v1.17.1
[INFO] [stderr]    Compiling futures-core v0.3.27
[INFO] [stderr]    Compiling parking_lot_core v0.9.7
[INFO] [stderr]    Compiling libm v0.2.6
[INFO] [stderr]    Compiling futures-channel v0.3.27
[INFO] [stderr]    Compiling futures-task v0.3.27
[INFO] [stderr]    Compiling futures-util v0.3.27
[INFO] [stderr]    Compiling pkg-config v0.3.26
[INFO] [stderr]     Checking pin-project-lite v0.2.9
[INFO] [stderr]     Checking scopeguard v1.1.0
[INFO] [stderr]     Checking adler v1.0.2
[INFO] [stderr]     Checking rustc-demangle v0.1.21
[INFO] [stderr]     Checking gimli v0.27.2
[INFO] [stderr]    Compiling value-bag v1.0.0-alpha.9
[INFO] [stderr]    Compiling ahash v0.7.6
[INFO] [stderr]     Checking fixedbitset v0.4.2
[INFO] [stderr]     Checking miniz_oxide v0.6.2
[INFO] [stderr]     Checking itoa v1.0.6
[INFO] [stderr]    Compiling indexmap v1.9.2
[INFO] [stderr]    Compiling lock_api v0.4.9
[INFO] [stderr]    Compiling slab v0.4.8
[INFO] [stderr]    Compiling tokio v1.27.0
[INFO] [stderr]    Compiling num-traits v0.2.15
[INFO] [stderr]    Compiling num-integer v0.1.45
[INFO] [stderr]     Checking futures-io v0.3.27
[INFO] [stderr]     Checking futures-sink v0.3.27
[INFO] [stderr]     Checking pin-utils v0.1.0
[INFO] [stderr]     Checking object v0.30.3
[INFO] [stderr]     Checking bitflags v1.3.2
[INFO] [stderr]    Compiling httparse v1.8.0
[INFO] [stderr]     Checking tracing-core v0.1.30
[INFO] [stderr]     Checking spin v0.5.2
[INFO] [stderr]    Compiling syn v2.0.15
[INFO] [stderr]     Checking ryu v1.0.13
[INFO] [stderr]     Checking ppv-lite86 v0.2.17
[INFO] [stderr]    Compiling rustls v0.20.8
[INFO] [stderr]     Checking fnv v1.0.7
[INFO] [stderr]    Compiling crc32fast v1.3.2
[INFO] [stderr]    Compiling time-core v0.1.0
[INFO] [stderr]     Checking percent-encoding v2.2.0
[INFO] [stderr]    Compiling time-macros v0.2.6
[INFO] [stderr]    Compiling serde_json v1.0.94
[INFO] [stderr]    Compiling either v1.8.1
[INFO] [stderr]     Checking base64 v0.21.0
[INFO] [stderr]     Checking getrandom v0.2.9 (https://github.com/madsim-rs/getrandom.git?rev=8daf97e#8daf97e4)
[INFO] [stderr]     Checking thread-id v4.0.0
[INFO] [stderr]     Checking socket2 v0.4.9
[INFO] [stderr]     Checking num_cpus v1.15.0
[INFO] [stderr]     Checking signal-hook-registry v1.4.1
[INFO] [stderr]     Checking rand_core v0.6.4
[INFO] [stderr]    Compiling jobserver v0.1.26
[INFO] [stderr]    Compiling openssl v0.10.48
[INFO] [stderr]     Checking rand_chacha v0.3.1
[INFO] [stderr]     Checking tower-service v0.3.2
[INFO] [stderr]    Compiling typenum v1.16.0
[INFO] [stderr]     Checking untrusted v0.7.1
[INFO] [stderr]    Compiling native-tls v0.2.11
[INFO] [stderr]    Compiling cc v1.0.79
[INFO] [stderr]     Checking hashbrown v0.12.3
[INFO] [stderr]     Checking rand v0.8.5
[INFO] [stderr]    Compiling generic-array v0.14.6
[INFO] [stdout] error[E0554]: `#![feature]` may not be used on the beta release channel
[INFO] [stdout]   --> /opt/rustwide/cargo-home/registry/src/index.crates.io-6f17d22bba15001f/hashbrown-0.12.3/src/lib.rs:15:5
[INFO] [stdout]    |
[INFO] [stdout] 15 | /     feature(
[INFO] [stdout] 16 | |         test,
[INFO] [stdout] 17 | |         core_intrinsics,
[INFO] [stdout] 18 | |         dropck_eyepatch,
[INFO] [stdout] ...  |
[INFO] [stdout] 25 | |         build_hasher_simple_hash_one
[INFO] [stdout] 26 | |     )
[INFO] [stdout]    | |_____^
[INFO] [stdout] 
[INFO] [stdout] 
[INFO] [stderr]     Checking httpdate v1.0.2
[INFO] [stderr]     Checking try-lock v0.2.4
[INFO] [stdout] error[E0554]: `#![feature]` may not be used on the beta release channel
[INFO] [stdout]   --> /opt/rustwide/cargo-home/registry/src/index.crates.io-6f17d22bba15001f/hashbrown-0.12.3/src/lib.rs:16:9
[INFO] [stdout]    |
[INFO] [stdout] 16 |         test,
[INFO] [stdout]    |         ^^^^
[INFO] [stdout] 
[INFO] [stdout] 
[INFO] [stdout] error[E0554]: `#![feature]` may not be used on the beta release channel
[INFO] [stdout]   --> /opt/rustwide/cargo-home/registry/src/index.crates.io-6f17d22bba15001f/hashbrown-0.12.3/src/lib.rs:17:9
[INFO] [stdout]    |
[INFO] [stdout] 17 |         core_intrinsics,
[INFO] [stdout]    |         ^^^^^^^^^^^^^^^
[INFO] [stdout] 
[INFO] [stdout] 
[INFO] [stdout] error[E0554]: `#![feature]` may not be used on the beta release channel
[INFO] [stdout]   --> /opt/rustwide/cargo-home/registry/src/index.crates.io-6f17d22bba15001f/hashbrown-0.12.3/src/lib.rs:20:9
[INFO] [stdout]    |
[INFO] [stdout] 20 |         extend_one,
[INFO] [stdout]    |         ^^^^^^^^^^
[INFO] [stdout] 
[INFO] [stdout] 
[INFO] [stdout] error[E0554]: `#![feature]` may not be used on the beta release channel
[INFO] [stdout]   --> /opt/rustwide/cargo-home/registry/src/index.crates.io-6f17d22bba15001f/hashbrown-0.12.3/src/lib.rs:21:9
[INFO] [stdout]    |
[INFO] [stdout] 21 |         allocator_api,
[INFO] [stdout]    |         ^^^^^^^^^^^^^
[INFO] [stdout] 
[INFO] [stdout] 
[INFO] [stdout] error[E0554]: `#![feature]` may not be used on the beta release channel
[INFO] [stdout]   --> /opt/rustwide/cargo-home/registry/src/index.crates.io-6f17d22bba15001f/hashbrown-0.12.3/src/lib.rs:22:9
[INFO] [stdout]    |
[INFO] [stdout] 22 |         slice_ptr_get,
[INFO] [stdout]    |         ^^^^^^^^^^^^^
[INFO] [stdout] 
[INFO] [stdout] 
[INFO] [stdout] error[E0554]: `#![feature]` may not be used on the beta release channel
[INFO] [stdout]   --> /opt/rustwide/cargo-home/registry/src/index.crates.io-6f17d22bba15001f/hashbrown-0.12.3/src/lib.rs:23:9
[INFO] [stdout]    |
[INFO] [stdout] 23 |         nonnull_slice_from_raw_parts,
[INFO] [stdout]    |         ^^^^^^^^^^^^^^^^^^^^^^^^^^^^
[INFO] [stdout] 
[INFO] [stdout] 
[INFO] [stdout] error[E0554]: `#![feature]` may not be used on the beta release channel
[INFO] [stdout]   --> /opt/rustwide/cargo-home/registry/src/index.crates.io-6f17d22bba15001f/hashbrown-0.12.3/src/lib.rs:24:9
[INFO] [stdout]    |
[INFO] [stdout] 24 |         maybe_uninit_array_assume_init,
[INFO] [stdout]    |         ^^^^^^^^^^^^^^^^^^^^^^^^^^^^^^
[INFO] [stdout] 
[INFO] [stdout] 
[INFO] [stdout] error[E0554]: `#![feature]` may not be used on the beta release channel
[INFO] [stdout]   --> /opt/rustwide/cargo-home/registry/src/index.crates.io-6f17d22bba15001f/hashbrown-0.12.3/src/lib.rs:25:9
[INFO] [stdout]    |
[INFO] [stdout] 25 |         build_hasher_simple_hash_one
[INFO] [stdout]    |         ^^^^^^^^^^^^^^^^^^^^^^^^^^^^
[INFO] [stdout] 
[INFO] [stdout] 
[INFO] [stderr]    Compiling anyhow v1.0.70
[INFO] [stdout] error: aborting due to 9 previous errors
[INFO] [stdout] 
[INFO] [stdout] 
[INFO] [stdout] For more information about this error, try `rustc --explain E0554`.
[INFO] [stdout] 
[INFO] [stderr] error: could not compile `hashbrown` (lib) due to 10 previous errors
[INFO] [stderr] warning: build failed, waiting for other jobs to finish...
[INFO] [stdout] error[E0554]: `#![feature]` may not be used on the beta release channel
[INFO] [stdout]   --> /opt/rustwide/cargo-home/registry/src/index.crates.io-6f17d22bba15001f/hashbrown-0.12.3/src/lib.rs:15:5
[INFO] [stdout]    |
[INFO] [stdout] 15 | /     feature(
[INFO] [stdout] 16 | |         test,
[INFO] [stdout] 17 | |         core_intrinsics,
[INFO] [stdout] 18 | |         dropck_eyepatch,
[INFO] [stdout] ...  |
[INFO] [stdout] 25 | |         build_hasher_simple_hash_one
[INFO] [stdout] 26 | |     )
[INFO] [stdout]    | |_____^
[INFO] [stdout] 
[INFO] [stdout] 
[INFO] [stdout] error[E0554]: `#![feature]` may not be used on the beta release channel
[INFO] [stdout]   --> /opt/rustwide/cargo-home/registry/src/index.crates.io-6f17d22bba15001f/hashbrown-0.12.3/src/lib.rs:16:9
[INFO] [stdout]    |
[INFO] [stdout] 16 |         test,
[INFO] [stdout]    |         ^^^^
[INFO] [stdout] 
[INFO] [stdout] 
[INFO] [stdout] error[E0554]: `#![feature]` may not be used on the beta release channel
[INFO] [stdout]   --> /opt/rustwide/cargo-home/registry/src/index.crates.io-6f17d22bba15001f/hashbrown-0.12.3/src/lib.rs:17:9
[INFO] [stdout]    |
[INFO] [stdout] 17 |         core_intrinsics,
[INFO] [stdout]    |         ^^^^^^^^^^^^^^^
[INFO] [stdout] 
[INFO] [stdout] 
[INFO] [stdout] error[E0554]: `#![feature]` may not be used on the beta release channel
[INFO] [stdout]   --> /opt/rustwide/cargo-home/registry/src/index.crates.io-6f17d22bba15001f/hashbrown-0.12.3/src/lib.rs:20:9
[INFO] [stdout]    |
[INFO] [stdout] 20 |         extend_one,
[INFO] [stdout]    |         ^^^^^^^^^^
[INFO] [stdout] 
[INFO] [stdout] 
[INFO] [stdout] error[E0554]: `#![feature]` may not be used on the beta release channel
[INFO] [stdout]   --> /opt/rustwide/cargo-home/registry/src/index.crates.io-6f17d22bba15001f/hashbrown-0.12.3/src/lib.rs:21:9
[INFO] [stdout]    |
[INFO] [stdout] 21 |         allocator_api,
[INFO] [stdout]    |         ^^^^^^^^^^^^^
[INFO] [stdout] 
[INFO] [stdout] 
[INFO] [stdout] error[E0554]: `#![feature]` may not be used on the beta release channel
[INFO] [stdout]   --> /opt/rustwide/cargo-home/registry/src/index.crates.io-6f17d22bba15001f/hashbrown-0.12.3/src/lib.rs:22:9
[INFO] [stdout]    |
[INFO] [stdout] 22 |         slice_ptr_get,
[INFO] [stdout]    |         ^^^^^^^^^^^^^
[INFO] [stdout] 
[INFO] [stdout] 
[INFO] [stdout] error[E0554]: `#![feature]` may not be used on the beta release channel
[INFO] [stdout]   --> /opt/rustwide/cargo-home/registry/src/index.crates.io-6f17d22bba15001f/hashbrown-0.12.3/src/lib.rs:23:9
[INFO] [stdout]    |
[INFO] [stdout] 23 |         nonnull_slice_from_raw_parts,
[INFO] [stdout]    |         ^^^^^^^^^^^^^^^^^^^^^^^^^^^^
[INFO] [stdout] 
[INFO] [stdout] 
[INFO] [stdout] error[E0554]: `#![feature]` may not be used on the beta release channel
[INFO] [stdout]   --> /opt/rustwide/cargo-home/registry/src/index.crates.io-6f17d22bba15001f/hashbrown-0.12.3/src/lib.rs:24:9
[INFO] [stdout]    |
[INFO] [stdout] 24 |         maybe_uninit_array_assume_init,
[INFO] [stdout]    |         ^^^^^^^^^^^^^^^^^^^^^^^^^^^^^^
[INFO] [stdout] 
[INFO] [stdout] 
[INFO] [stdout] error[E0554]: `#![feature]` may not be used on the beta release channel
[INFO] [stdout]   --> /opt/rustwide/cargo-home/registry/src/index.crates.io-6f17d22bba15001f/hashbrown-0.12.3/src/lib.rs:25:9
[INFO] [stdout]    |
[INFO] [stdout] 25 |         build_hasher_simple_hash_one
[INFO] [stdout]    |         ^^^^^^^^^^^^^^^^^^^^^^^^^^^^
[INFO] [stdout] 
[INFO] [stdout] 
[INFO] [stdout] error: aborting due to 9 previous errors
[INFO] [stdout] 
[INFO] [stdout] 
[INFO] [stdout] For more information about this error, try `rustc --explain E0554`.
[INFO] [stdout] 
[INFO] [stderr] error: could not compile `hashbrown` (lib) due to 10 previous errors
[INFO] running `Command { std: "docker" "inspect" "90499046e468d7ce482d11813188a16ab05afa58113c81168ba45fb4c36a18d8", kill_on_drop: false }`
[INFO] running `Command { std: "docker" "rm" "-f" "90499046e468d7ce482d11813188a16ab05afa58113c81168ba45fb4c36a18d8", kill_on_drop: false }`
[INFO] [stdout] 90499046e468d7ce482d11813188a16ab05afa58113c81168ba45fb4c36a18d8
