[INFO] cloning repository https://github.com/elo-siema/borsh-test
[INFO] running `Command { std: "git" "-c" "credential.helper=" "-c" "credential.helper=/workspace/cargo-home/bin/git-credential-null" "clone" "--bare" "https://github.com/elo-siema/borsh-test" "/workspace/cache/git-repos/https%3A%2F%2Fgithub.com%2Felo-siema%2Fborsh-test", kill_on_drop: false }`
[INFO] [stderr] Cloning into bare repository '/workspace/cache/git-repos/https%3A%2F%2Fgithub.com%2Felo-siema%2Fborsh-test'...
[INFO] running `Command { std: "git" "rev-parse" "HEAD", kill_on_drop: false }`
[INFO] [stdout] c231e2aaeeca3731fa3e91043b724e38af2037dd
[INFO] documenting elo-siema/borsh-test against 1.75.0 for beta-1.76-rustdoc-1
[INFO] running `Command { std: "git" "clone" "/workspace/cache/git-repos/https%3A%2F%2Fgithub.com%2Felo-siema%2Fborsh-test" "/workspace/builds/worker-6-tc1/source", kill_on_drop: false }`
[INFO] [stderr] Cloning into '/workspace/builds/worker-6-tc1/source'...
[INFO] [stderr] done.
[INFO] validating manifest of git repo https://github.com/elo-siema/borsh-test on toolchain 1.75.0
[INFO] running `Command { std: CARGO_HOME="/workspace/cargo-home" RUSTUP_HOME="/workspace/rustup-home" "/workspace/cargo-home/bin/cargo" "+1.75.0" "metadata" "--manifest-path" "Cargo.toml" "--no-deps", kill_on_drop: false }`
[INFO] started tweaking git repo https://github.com/elo-siema/borsh-test
[INFO] finished tweaking git repo https://github.com/elo-siema/borsh-test
[INFO] tweaked toml for git repo https://github.com/elo-siema/borsh-test written to /workspace/builds/worker-6-tc1/source/Cargo.toml
[INFO] crate git repo https://github.com/elo-siema/borsh-test already has a lockfile, it will not be regenerated
[INFO] running `Command { std: CARGO_HOME="/workspace/cargo-home" RUSTUP_HOME="/workspace/rustup-home" "/workspace/cargo-home/bin/cargo" "+1.75.0" "fetch" "--manifest-path" "Cargo.toml", kill_on_drop: false }`
[INFO] [stderr]  Downloading crates ...
[INFO] [stderr]   Downloaded solana-frozen-abi-macro v1.10.2
[INFO] [stderr]   Downloaded solana-frozen-abi v1.10.2
[INFO] [stderr]   Downloaded solana-sdk-macro v1.10.2
[INFO] [stderr]   Downloaded syn v1.0.87
[INFO] [stderr]   Downloaded solana-program v1.10.2
[INFO] running `Command { std: "docker" "create" "-v" "/var/lib/crater-agent-workspace/builds/worker-6-tc1/target:/opt/rustwide/target:rw,Z" "-v" "/var/lib/crater-agent-workspace/builds/worker-6-tc1/source:/opt/rustwide/workdir:ro,Z" "-v" "/var/lib/crater-agent-workspace/cargo-home:/opt/rustwide/cargo-home:ro,Z" "-v" "/var/lib/crater-agent-workspace/rustup-home:/opt/rustwide/rustup-home:ro,Z" "-e" "SOURCE_DIR=/opt/rustwide/workdir" "-e" "CARGO_TARGET_DIR=/opt/rustwide/target" "-e" "CARGO_HOME=/opt/rustwide/cargo-home" "-e" "RUSTUP_HOME=/opt/rustwide/rustup-home" "-w" "/opt/rustwide/workdir" "-m" "1610612736" "--user" "0:0" "--network" "none" "ghcr.io/rust-lang/crates-build-env/linux@sha256:2788e3201cd34a07e3172128adcd8b3090168a8e3bcc40d7c032b9dda1df7d1c" "/opt/rustwide/cargo-home/bin/cargo" "+1.75.0" "metadata" "--no-deps" "--format-version=1", kill_on_drop: false }`
[INFO] [stdout] 456cc8828b01c02e5cdf8b624319e52619fa0917bc363dcc3407869833c6a6c7
[INFO] running `Command { std: "docker" "start" "-a" "456cc8828b01c02e5cdf8b624319e52619fa0917bc363dcc3407869833c6a6c7", kill_on_drop: false }`
[INFO] running `Command { std: "docker" "inspect" "456cc8828b01c02e5cdf8b624319e52619fa0917bc363dcc3407869833c6a6c7", kill_on_drop: false }`
[INFO] running `Command { std: "docker" "rm" "-f" "456cc8828b01c02e5cdf8b624319e52619fa0917bc363dcc3407869833c6a6c7", kill_on_drop: false }`
[INFO] [stdout] 456cc8828b01c02e5cdf8b624319e52619fa0917bc363dcc3407869833c6a6c7
[INFO] running `Command { std: "docker" "create" "-v" "/var/lib/crater-agent-workspace/builds/worker-6-tc1/target:/opt/rustwide/target:rw,Z" "-v" "/var/lib/crater-agent-workspace/builds/worker-6-tc1/source:/opt/rustwide/workdir:ro,Z" "-v" "/var/lib/crater-agent-workspace/cargo-home:/opt/rustwide/cargo-home:ro,Z" "-v" "/var/lib/crater-agent-workspace/rustup-home:/opt/rustwide/rustup-home:ro,Z" "-e" "SOURCE_DIR=/opt/rustwide/workdir" "-e" "CARGO_TARGET_DIR=/opt/rustwide/target" "-e" "CARGO_INCREMENTAL=0" "-e" "RUST_BACKTRACE=full" "-e" "RUSTFLAGS=--cap-lints=warn" "-e" "RUSTDOCFLAGS=--cap-lints=warn" "-e" "CARGO_HOME=/opt/rustwide/cargo-home" "-e" "RUSTUP_HOME=/opt/rustwide/rustup-home" "-w" "/opt/rustwide/workdir" "-m" "1610612736" "--user" "0:0" "--network" "none" "ghcr.io/rust-lang/crates-build-env/linux@sha256:2788e3201cd34a07e3172128adcd8b3090168a8e3bcc40d7c032b9dda1df7d1c" "/opt/rustwide/cargo-home/bin/cargo" "+1.75.0" "doc" "--frozen" "--no-deps" "--document-private-items" "--message-format=json", kill_on_drop: false }`
[INFO] [stdout] 19f463355ecf1fdef8a707b6f0e80cdaf68c1a3449f339dd1563f5ec1024acdf
[INFO] running `Command { std: "docker" "start" "-a" "19f463355ecf1fdef8a707b6f0e80cdaf68c1a3449f339dd1563f5ec1024acdf", kill_on_drop: false }`
[INFO] [stderr]    Compiling proc-macro2 v1.0.36
[INFO] [stderr]    Compiling syn v1.0.87
[INFO] [stderr]    Compiling version_check v0.9.4
[INFO] [stderr]    Compiling typenum v1.15.0
[INFO] [stderr]    Compiling serde_derive v1.0.136
[INFO] [stderr]    Compiling serde v1.0.136
[INFO] [stderr]    Compiling libc v0.2.120
[INFO] [stderr]     Checking subtle v2.4.1
[INFO] [stderr]    Compiling semver v1.0.6
[INFO] [stderr]    Compiling crunchy v0.2.2
[INFO] [stderr]    Compiling log v0.4.14
[INFO] [stderr]    Compiling getrandom v0.1.16
[INFO] [stderr]    Compiling wasm-bindgen-shared v0.2.79
[INFO] [stderr]    Compiling cfg-if v1.0.0
[INFO] [stderr]    Compiling bumpalo v3.9.1
[INFO] [stderr]    Compiling feature-probe v0.1.1
[INFO] [stderr]     Checking cpufeatures v0.2.1
[INFO] [stderr]    Compiling lazy_static v1.4.0
[INFO] [stderr]    Compiling bv v0.11.1
[INFO] [stderr]     Checking once_cell v1.10.0
[INFO] [stderr]    Compiling rustversion v1.0.6
[INFO] [stderr]     Checking ppv-lite86 v0.2.16
[INFO] [stderr]    Compiling autocfg v1.1.0
[INFO] [stderr]    Compiling generic-array v0.14.5
[INFO] [stderr]    Compiling ahash v0.7.6
[INFO] [stderr]    Compiling cc v1.0.73
[INFO] [stderr]     Checking arrayref v0.3.6
[INFO] [stderr]    Compiling wasm-bindgen v0.2.79
[INFO] [stderr]    Compiling rustc_version v0.4.0
[INFO] [stderr]     Checking arrayvec v0.7.2
[INFO] [stderr]     Checking byteorder v1.4.3
[INFO] [stderr]     Checking constant_time_eq v0.1.5
[INFO] [stderr]     Checking base64 v0.12.3
[INFO] [stderr]     Checking either v1.6.1
[INFO] [stderr]    Compiling bs58 v0.4.0
[INFO] [stderr]     Checking zeroize v1.3.0
[INFO] [stderr]     Checking bitflags v1.3.2
[INFO] [stderr]    Compiling num-traits v0.2.14
[INFO] [stderr]     Checking itertools v0.10.3
[INFO] [stderr]    Compiling quote v1.0.15
[INFO] [stderr]    Compiling solana-frozen-abi-macro v1.10.2
[INFO] [stderr]    Compiling solana-frozen-abi v1.10.2
[INFO] [stderr]    Compiling solana-program v1.10.2
[INFO] [stderr]     Checking getrandom v0.2.5
[INFO] [stderr]     Checking memmap2 v0.5.3
[INFO] [stderr]     Checking rand_core v0.5.1
[INFO] [stderr]    Compiling blake3 v1.3.1
[INFO] [stderr]     Checking rand_chacha v0.2.2
[INFO] [stderr]     Checking hashbrown v0.11.2
[INFO] [stderr]     Checking rand v0.7.3
[INFO] [stderr]    Compiling digest v0.9.0
[INFO] [stderr]    Compiling libsecp256k1-core v0.2.2
[INFO] [stderr]    Compiling libsecp256k1-gen-genmult v0.2.1
[INFO] [stderr]    Compiling libsecp256k1-gen-ecmult v0.2.1
[INFO] [stderr]    Compiling libsecp256k1 v0.6.0
[INFO] [stderr]    Compiling toml v0.5.8
[INFO] [stderr]    Compiling proc-macro-crate v0.1.5
[INFO] [stderr]    Compiling wasm-bindgen-backend v0.2.79
[INFO] [stderr]    Compiling borsh-schema-derive-internal v0.9.3
[INFO] [stderr]    Compiling borsh-derive-internal v0.9.3
[INFO] [stderr]    Compiling wasm-bindgen-macro-support v0.2.79
[INFO] [stderr]    Compiling thiserror-impl v1.0.30
[INFO] [stderr]    Compiling bytemuck_derive v1.0.1
[INFO] [stderr]    Compiling borsh-derive v0.9.3
[INFO] [stderr]    Compiling solana-sdk-macro v1.10.2
[INFO] [stderr]    Compiling num-derive v0.3.3
[INFO] [stderr]    Compiling wasm-bindgen-macro v0.2.79
[INFO] [stderr]     Checking bytemuck v1.8.0
[INFO] [stderr]     Checking borsh v0.9.3
[INFO] [stderr]    Compiling thiserror v1.0.30
[INFO] [stderr]    Compiling proc-macro-crate v1.1.3
[INFO] [stderr] LLVM ERROR: IO failure on output stream: No space left on device
[INFO] [stderr] error: could not compile `proc-macro-crate` (lib)
[INFO] [stderr] warning: build failed, waiting for other jobs to finish...
[INFO] [stdout] error: couldn't create a temp dir: No space left on device (os error 28) at path "/opt/rustwide/target/debug/deps/rmetaHXhs7N"
[INFO] [stdout] 
[INFO] [stdout] 
[INFO] [stderr] error: could not compile `serde_derive` (lib) due to previous error
[INFO] [stdout] error: couldn't create a temp dir: No space left on device (os error 28) at path "/opt/rustwide/target/debug/deps/rmetafpAQTb"
[INFO] [stdout] 
[INFO] [stdout] 
[INFO] [stderr] error: could not compile `wasm-bindgen` (lib) due to previous error
[INFO] running `Command { std: "docker" "inspect" "19f463355ecf1fdef8a707b6f0e80cdaf68c1a3449f339dd1563f5ec1024acdf", kill_on_drop: false }`
[INFO] running `Command { std: "docker" "rm" "-f" "19f463355ecf1fdef8a707b6f0e80cdaf68c1a3449f339dd1563f5ec1024acdf", kill_on_drop: false }`
[INFO] [stdout] 19f463355ecf1fdef8a707b6f0e80cdaf68c1a3449f339dd1563f5ec1024acdf
[INFO] documenting elo-siema/borsh-test against beta-2023-12-22 for beta-1.76-rustdoc-1
[INFO] running `Command { std: "git" "clone" "/workspace/cache/git-repos/https%3A%2F%2Fgithub.com%2Felo-siema%2Fborsh-test" "/workspace/builds/worker-6-tc2/source", kill_on_drop: false }`
[INFO] [stderr] fatal: could not create work tree dir '/workspace/builds/worker-6-tc2/source': No space left on device
[INFO] documenting elo-siema/borsh-test against beta-2023-12-22 for beta-1.76-rustdoc-1
[INFO] running `Command { std: "git" "clone" "/workspace/cache/git-repos/https%3A%2F%2Fgithub.com%2Felo-siema%2Fborsh-test" "/workspace/builds/worker-6-tc2/source", kill_on_drop: false }`
[INFO] [stderr] fatal: could not create work tree dir '/workspace/builds/worker-6-tc2/source': No space left on device
[INFO] documenting elo-siema/borsh-test against beta-2023-12-22 for beta-1.76-rustdoc-1
[INFO] running `Command { std: "git" "clone" "/workspace/cache/git-repos/https%3A%2F%2Fgithub.com%2Felo-siema%2Fborsh-test" "/workspace/builds/worker-6-tc2/source", kill_on_drop: false }`
[INFO] [stderr] fatal: could not create work tree dir '/workspace/builds/worker-6-tc2/source': No space left on device
[INFO] documenting elo-siema/borsh-test against beta-2023-12-22 for beta-1.76-rustdoc-1
[INFO] running `Command { std: "git" "clone" "/workspace/cache/git-repos/https%3A%2F%2Fgithub.com%2Felo-siema%2Fborsh-test" "/workspace/builds/worker-6-tc2/source", kill_on_drop: false }`
[INFO] [stderr] fatal: could not create work tree dir '/workspace/builds/worker-6-tc2/source': No space left on device
[INFO] documenting elo-siema/borsh-test against beta-2023-12-22 for beta-1.76-rustdoc-1
[INFO] running `Command { std: "git" "clone" "/workspace/cache/git-repos/https%3A%2F%2Fgithub.com%2Felo-siema%2Fborsh-test" "/workspace/builds/worker-6-tc2/source", kill_on_drop: false }`
[INFO] [stderr] fatal: could not create work tree dir '/workspace/builds/worker-6-tc2/source': No space left on device
[ERROR] this task or one of its parent failed!
[ERROR] failed to checkout https://github.com/elo-siema/borsh-test
[ERROR] caused by: command failed: exit status: 128
[ERROR] note: run with `RUST_BACKTRACE=1` to display a backtrace.
