[INFO] cloning repository https://github.com/edward-shen/cloudflare-ddns
[INFO] running `Command { std: "git" "-c" "credential.helper=" "-c" "credential.helper=/workspace/cargo-home/bin/git-credential-null" "clone" "--bare" "https://github.com/edward-shen/cloudflare-ddns" "/workspace/cache/git-repos/https%3A%2F%2Fgithub.com%2Fedward-shen%2Fcloudflare-ddns", kill_on_drop: false }`
[INFO] [stderr] Cloning into bare repository '/workspace/cache/git-repos/https%3A%2F%2Fgithub.com%2Fedward-shen%2Fcloudflare-ddns'...
[INFO] [stderr] error: file write error: No space left on device
[INFO] [stderr] fatal: unable to write loose object file
[INFO] [stderr] fatal: unpack-objects failed
[WARN] Retrying crate fetch in 3 seconds (attempt 1)
[INFO] cloning repository https://github.com/edward-shen/cloudflare-ddns
[INFO] running `Command { std: "git" "-c" "credential.helper=" "-c" "credential.helper=/workspace/cargo-home/bin/git-credential-null" "clone" "--bare" "https://github.com/edward-shen/cloudflare-ddns" "/workspace/cache/git-repos/https%3A%2F%2Fgithub.com%2Fedward-shen%2Fcloudflare-ddns", kill_on_drop: false }`
[INFO] [stderr] Cloning into bare repository '/workspace/cache/git-repos/https%3A%2F%2Fgithub.com%2Fedward-shen%2Fcloudflare-ddns'...
[INFO] running `Command { std: "git" "rev-parse" "HEAD", kill_on_drop: false }`
[INFO] [stdout] 514f83f90c4bad0613320129b0bec277c063fe8d
[INFO] documenting edward-shen/cloudflare-ddns against 1.75.0 for beta-1.76-rustdoc-1
[INFO] running `Command { std: "git" "clone" "/workspace/cache/git-repos/https%3A%2F%2Fgithub.com%2Fedward-shen%2Fcloudflare-ddns" "/workspace/builds/worker-6-tc1/source", kill_on_drop: false }`
[INFO] [stderr] Cloning into '/workspace/builds/worker-6-tc1/source'...
[INFO] [stderr] done.
[INFO] validating manifest of git repo https://github.com/edward-shen/cloudflare-ddns on toolchain 1.75.0
[INFO] running `Command { std: CARGO_HOME="/workspace/cargo-home" RUSTUP_HOME="/workspace/rustup-home" "/workspace/cargo-home/bin/cargo" "+1.75.0" "metadata" "--manifest-path" "Cargo.toml" "--no-deps", kill_on_drop: false }`
[INFO] started tweaking git repo https://github.com/edward-shen/cloudflare-ddns
[INFO] finished tweaking git repo https://github.com/edward-shen/cloudflare-ddns
[INFO] tweaked toml for git repo https://github.com/edward-shen/cloudflare-ddns written to /workspace/builds/worker-6-tc1/source/Cargo.toml
[INFO] crate git repo https://github.com/edward-shen/cloudflare-ddns already has a lockfile, it will not be regenerated
[INFO] running `Command { std: CARGO_HOME="/workspace/cargo-home" RUSTUP_HOME="/workspace/rustup-home" "/workspace/cargo-home/bin/cargo" "+1.75.0" "fetch" "--manifest-path" "Cargo.toml", kill_on_drop: false }`
[INFO] running `Command { std: "docker" "create" "-v" "/var/lib/crater-agent-workspace/builds/worker-6-tc1/target:/opt/rustwide/target:rw,Z" "-v" "/var/lib/crater-agent-workspace/builds/worker-6-tc1/source:/opt/rustwide/workdir:ro,Z" "-v" "/var/lib/crater-agent-workspace/cargo-home:/opt/rustwide/cargo-home:ro,Z" "-v" "/var/lib/crater-agent-workspace/rustup-home:/opt/rustwide/rustup-home:ro,Z" "-e" "SOURCE_DIR=/opt/rustwide/workdir" "-e" "CARGO_TARGET_DIR=/opt/rustwide/target" "-e" "CARGO_HOME=/opt/rustwide/cargo-home" "-e" "RUSTUP_HOME=/opt/rustwide/rustup-home" "-w" "/opt/rustwide/workdir" "-m" "1610612736" "--user" "0:0" "--network" "none" "ghcr.io/rust-lang/crates-build-env/linux@sha256:2788e3201cd34a07e3172128adcd8b3090168a8e3bcc40d7c032b9dda1df7d1c" "/opt/rustwide/cargo-home/bin/cargo" "+1.75.0" "metadata" "--no-deps" "--format-version=1", kill_on_drop: false }`
[INFO] [stdout] 5977e84e9ac82208ec0f12cbf8bed79bbfe3ffe720131efc3b3865c813ba0588
[INFO] running `Command { std: "docker" "start" "-a" "5977e84e9ac82208ec0f12cbf8bed79bbfe3ffe720131efc3b3865c813ba0588", kill_on_drop: false }`
[INFO] running `Command { std: "docker" "inspect" "5977e84e9ac82208ec0f12cbf8bed79bbfe3ffe720131efc3b3865c813ba0588", kill_on_drop: false }`
[INFO] running `Command { std: "docker" "rm" "-f" "5977e84e9ac82208ec0f12cbf8bed79bbfe3ffe720131efc3b3865c813ba0588", kill_on_drop: false }`
[INFO] [stdout] 5977e84e9ac82208ec0f12cbf8bed79bbfe3ffe720131efc3b3865c813ba0588
[INFO] running `Command { std: "docker" "create" "-v" "/var/lib/crater-agent-workspace/builds/worker-6-tc1/target:/opt/rustwide/target:rw,Z" "-v" "/var/lib/crater-agent-workspace/builds/worker-6-tc1/source:/opt/rustwide/workdir:ro,Z" "-v" "/var/lib/crater-agent-workspace/cargo-home:/opt/rustwide/cargo-home:ro,Z" "-v" "/var/lib/crater-agent-workspace/rustup-home:/opt/rustwide/rustup-home:ro,Z" "-e" "SOURCE_DIR=/opt/rustwide/workdir" "-e" "CARGO_TARGET_DIR=/opt/rustwide/target" "-e" "CARGO_INCREMENTAL=0" "-e" "RUST_BACKTRACE=full" "-e" "RUSTFLAGS=--cap-lints=warn" "-e" "RUSTDOCFLAGS=--cap-lints=warn" "-e" "CARGO_HOME=/opt/rustwide/cargo-home" "-e" "RUSTUP_HOME=/opt/rustwide/rustup-home" "-w" "/opt/rustwide/workdir" "-m" "1610612736" "--user" "0:0" "--network" "none" "ghcr.io/rust-lang/crates-build-env/linux@sha256:2788e3201cd34a07e3172128adcd8b3090168a8e3bcc40d7c032b9dda1df7d1c" "/opt/rustwide/cargo-home/bin/cargo" "+1.75.0" "doc" "--frozen" "--no-deps" "--document-private-items" "--message-format=json", kill_on_drop: false }`
[INFO] [stdout] c2af593ead9703a935897695b480f2e6a78d14ecc9dd34af2927054423686466
[INFO] running `Command { std: "docker" "start" "-a" "c2af593ead9703a935897695b480f2e6a78d14ecc9dd34af2927054423686466", kill_on_drop: false }`
[INFO] [stderr]    Compiling proc-macro2 v1.0.66
[INFO] [stderr]    Compiling unicode-ident v1.0.11
[INFO] [stderr]    Compiling libc v0.2.147
[INFO] [stderr]    Compiling autocfg v1.1.0
[INFO] [stderr]     Checking cfg-if v1.0.0
[INFO] [stderr]     Checking once_cell v1.18.0
[INFO] [stderr]     Checking pin-project-lite v0.2.10
[INFO] [stderr]    Compiling serde v1.0.177
[INFO] [stderr]    Compiling parking_lot_core v0.9.8
[INFO] [stderr]    Compiling cc v1.0.79
[INFO] [stderr]    Compiling serde_derive v1.0.177
[INFO] [stderr]     Checking smallvec v1.11.0
[INFO] [stderr]    Compiling pkg-config v0.3.27
[INFO] [stderr]     Checking scopeguard v1.2.0
[INFO] [stderr]    Compiling futures-core v0.3.28
[INFO] [stderr]     Checking bytes v1.4.0
[INFO] [stderr]     Checking itoa v1.0.9
[INFO] [stderr]    Compiling version_check v0.9.4
[INFO] [stderr]     Checking fnv v1.0.7
[INFO] [stderr]     Checking tinyvec_macros v0.1.1
[INFO] [stderr]    Compiling futures-task v0.3.28
[INFO] [stderr]     Checking tinyvec v1.6.0
[INFO] [stderr]    Compiling openssl v0.10.55
[INFO] [stderr]     Checking tracing-core v0.1.31
[INFO] [stderr]    Compiling rustix v0.38.4
[INFO] [stderr]     Checking log v0.4.19
[INFO] [stderr]    Compiling lock_api v0.4.10
[INFO] [stderr]    Compiling tokio v1.29.1
[INFO] [stderr]    Compiling indexmap v1.9.3
[INFO] [stderr]    Compiling slab v0.4.8
[INFO] [stderr]     Checking foreign-types-shared v0.1.1
[INFO] [stderr]    Compiling futures-util v0.3.28
[INFO] [stderr]    Compiling proc-macro-error-attr v1.0.4
[INFO] [stderr]     Checking foreign-types v0.3.2
[INFO] [stderr]     Checking futures-sink v0.3.28
[INFO] [stderr]     Checking http v0.2.9
[INFO] [stderr]     Checking unicode-bidi v0.3.13
[INFO] [stderr]     Checking hashbrown v0.12.3
[INFO] [stderr]     Checking pin-utils v0.1.0
[INFO] [stderr]    Compiling futures-channel v0.3.28
[INFO] [stderr]     Checking bitflags v1.3.2
[INFO] [stderr]    Compiling native-tls v0.2.11
[INFO] [stderr]    Compiling syn v1.0.109
[INFO] [stderr]    Compiling httparse v1.8.0
[INFO] [stderr]     Checking bitflags v2.3.3
[INFO] [stderr]     Checking linux-raw-sys v0.4.3
[INFO] [stderr]     Checking unicode-normalization v0.1.22
[INFO] [stderr]    Compiling quote v1.0.32
[INFO] [stderr]    Compiling proc-macro-error v1.0.4
[INFO] [stderr]     Checking openssl-probe v0.1.5
[INFO] [stderr]     Checking utf8parse v0.2.1
[INFO] [stderr]     Checking try-lock v0.2.4
[INFO] [stderr]     Checking percent-encoding v2.3.0
[INFO] [stderr]    Compiling heck v0.4.1
[INFO] [stderr]     Checking anstyle-parse v0.2.1
[INFO] [stderr]     Checking want v0.3.1
[INFO] [stderr]    Compiling syn v2.0.27
[INFO] [stderr]     Checking mio v0.8.8
[INFO] [stderr]     Checking socket2 v0.4.9
[INFO] [stderr]     Checking signal-hook-registry v1.4.1
[INFO] [stderr]     Checking num_cpus v1.16.0
[INFO] [stderr]     Checking form_urlencoded v1.2.0
[INFO] [stderr]     Checking equivalent v1.0.1
[INFO] [stderr]     Checking parking_lot v0.12.1
[INFO] [stderr]    Compiling openssl-sys v0.9.90
[INFO] [stderr]     Checking regex-syntax v0.7.4
[INFO] [stderr]     Checking anstyle v1.0.1
[INFO] [stderr]     Checking regex-syntax v0.6.29
[INFO] [stderr]     Checking http-body v0.4.5
[INFO] [stderr]    Compiling serde_json v1.0.104
[INFO] [stderr]     Checking anstyle-query v1.0.0
[INFO] [stderr]     Checking hashbrown v0.14.0
[INFO] [stderr]     Checking lazy_static v1.4.0
[INFO] [stderr]     Checking ryu v1.0.15
[INFO] [stderr]     Checking httpdate v1.0.2
[INFO] [stderr]     Checking colorchoice v1.0.0
[INFO] [stderr]     Checking tower-service v0.3.2
[INFO] [stderr]     Checking idna v0.4.0
[INFO] [stderr]     Checking overload v0.1.1
[INFO] [stderr]     Checking clap_lex v0.5.0
[INFO] [stderr]     Checking winnow v0.5.1
[INFO] [stderr]    Compiling anyhow v1.0.72
[INFO] [stderr]     Checking option-ext v0.2.0
[INFO] [stderr]     Checking strsim v0.10.0
[INFO] [stderr]     Checking bytecount v0.6.3
[INFO] [stderr]     Checking is-terminal v0.4.9
[INFO] [stderr]     Checking anstream v0.3.2
[INFO] [stderr]     Checking unicode-width v0.1.10
[INFO] [stderr]     Checking dirs-sys v0.4.1
[INFO] [stderr]     Checking nu-ansi-term v0.46.0
[INFO] [stderr]     Checking tracing-log v0.1.3
[INFO] [stderr]     Checking papergrid v0.10.0
[INFO] [stderr]     Checking sharded-slab v0.1.4
[INFO] [stderr]     Checking idna v0.3.0
[INFO] [stderr]     Checking thread_local v1.1.7
[INFO] [stderr]     Checking clap_builder v4.3.19
[INFO] [stderr]     Checking encoding_rs v0.8.32
[INFO] [stderr]     Checking email_address v0.2.4
[INFO] [stderr]     Checking indexmap v2.0.0
[INFO] [stderr]     Checking mime v0.3.17
[INFO] [stderr]     Checking base64 v0.21.2
[INFO] [stderr]     Checking ipnet v2.8.0
[INFO] [stderr]     Checking dirs v5.0.1
[INFO] [stderr]     Checking regex-automata v0.3.3
[INFO] [stderr]     Checking serde_spanned v0.6.3
[INFO] [stderr]     Checking toml_datetime v0.6.3
[INFO] [stderr]     Checking serde_urlencoded v0.7.1
[INFO] [stderr]     Checking url v2.4.0
[INFO] [stderr]     Checking lettre v0.10.4
[INFO] [stderr]     Checking regex-automata v0.1.10
[INFO] [stderr]    Compiling tabled_derive v0.6.0
[INFO] [stderr]     Checking toml_edit v0.19.14
[INFO] [stderr]     Checking matchers v0.1.0
[INFO] [stderr]     Checking regex v1.9.1
[INFO] [stderr]     Checking tabled v0.13.0
[INFO] [stderr]     Checking toml v0.7.6
[INFO] [stderr]    Compiling tracing-attributes v0.1.26
[INFO] [stderr]    Compiling tokio-macros v2.1.0
[INFO] [stderr]    Compiling openssl-macros v0.1.1
[INFO] [stderr]    Compiling clap_derive v4.3.12
[INFO] [stderr]     Checking tracing v0.1.37
[INFO] [stderr]     Checking tracing-subscriber v0.3.17
[INFO] [stderr]     Checking clap v4.3.19
[INFO] [stdout] error: couldn't create a temp dir: No space left on device (os error 28) at path "/opt/rustwide/target/debug/deps/rmetaZ6G54P"
[INFO] [stdout] 
[INFO] [stdout] 
[INFO] [stderr] error: could not compile `native-tls` (lib) due to previous error
[INFO] [stderr] warning: build failed, waiting for other jobs to finish...
[INFO] [stdout] error: couldn't create a temp dir: No space left on device (os error 28) at path "/opt/rustwide/target/debug/deps/rmetaJkNyNJ"
[INFO] [stdout] 
[INFO] [stdout] 
[INFO] [stderr] error: could not compile `tokio` (lib) due to previous error
[INFO] running `Command { std: "docker" "inspect" "c2af593ead9703a935897695b480f2e6a78d14ecc9dd34af2927054423686466", kill_on_drop: false }`
[INFO] running `Command { std: "docker" "rm" "-f" "c2af593ead9703a935897695b480f2e6a78d14ecc9dd34af2927054423686466", kill_on_drop: false }`
[INFO] [stdout] c2af593ead9703a935897695b480f2e6a78d14ecc9dd34af2927054423686466
[INFO] documenting edward-shen/cloudflare-ddns against beta-2023-12-22 for beta-1.76-rustdoc-1
[INFO] running `Command { std: "git" "clone" "/workspace/cache/git-repos/https%3A%2F%2Fgithub.com%2Fedward-shen%2Fcloudflare-ddns" "/workspace/builds/worker-6-tc2/source", kill_on_drop: false }`
[INFO] [stderr] Cloning into '/workspace/builds/worker-6-tc2/source'...
[INFO] [stderr] done.
[INFO] [stderr] error: unable to write file src/config.rs
[INFO] [stderr] error: unable to write file src/main.rs
[INFO] [stderr] fatal: cannot create directory at 'systemd': No space left on device
[INFO] [stderr] warning: Clone succeeded, but checkout failed.
[INFO] [stderr] You can inspect what was checked out with 'git status'
[INFO] [stderr] and retry with 'git restore --source=HEAD :/'
[INFO] [stderr] 
[INFO] documenting edward-shen/cloudflare-ddns against beta-2023-12-22 for beta-1.76-rustdoc-1
[INFO] running `Command { std: "git" "clone" "/workspace/cache/git-repos/https%3A%2F%2Fgithub.com%2Fedward-shen%2Fcloudflare-ddns" "/workspace/builds/worker-6-tc2/source", kill_on_drop: false }`
[INFO] [stderr] Cloning into '/workspace/builds/worker-6-tc2/source'...
[INFO] [stderr] done.
[INFO] [stderr] error: unable to write file LICENSE
[INFO] [stderr] error: unable to write file README.md
[INFO] [stderr] error: unable to write file example_config.toml
[INFO] [stderr] fatal: cannot create directory at 'src': No space left on device
[INFO] [stderr] warning: Clone succeeded, but checkout failed.
[INFO] [stderr] You can inspect what was checked out with 'git status'
[INFO] [stderr] and retry with 'git restore --source=HEAD :/'
[INFO] [stderr] 
[INFO] documenting edward-shen/cloudflare-ddns against beta-2023-12-22 for beta-1.76-rustdoc-1
[INFO] running `Command { std: "git" "clone" "/workspace/cache/git-repos/https%3A%2F%2Fgithub.com%2Fedward-shen%2Fcloudflare-ddns" "/workspace/builds/worker-6-tc2/source", kill_on_drop: false }`
[INFO] [stderr] Cloning into '/workspace/builds/worker-6-tc2/source'...
[INFO] [stderr] done.
[INFO] [stderr] error: unable to create directory for '/workspace/builds/worker-6-tc2/source/.git/logs/refs/remotes/origin/HEAD': No such file or directory
[INFO] [stderr] error: unable to write symref for refs/remotes/origin/HEAD: No space left on device
[INFO] [stderr] fatal: unable to update refs/remotes/origin/HEAD
[INFO] [stderr] fatal: the remote end hung up unexpectedly
[INFO] documenting edward-shen/cloudflare-ddns against beta-2023-12-22 for beta-1.76-rustdoc-1
[INFO] running `Command { std: "git" "clone" "/workspace/cache/git-repos/https%3A%2F%2Fgithub.com%2Fedward-shen%2Fcloudflare-ddns" "/workspace/builds/worker-6-tc2/source", kill_on_drop: false }`
[INFO] [stderr] Cloning into '/workspace/builds/worker-6-tc2/source'...
[INFO] [stderr] fatal: failed to create directory '/workspace/builds/worker-6-tc2/source/.git/objects/1c': No space left on device
[INFO] [stderr] fatal: the remote end hung up unexpectedly
[INFO] documenting edward-shen/cloudflare-ddns against beta-2023-12-22 for beta-1.76-rustdoc-1
[INFO] running `Command { std: "git" "clone" "/workspace/cache/git-repos/https%3A%2F%2Fgithub.com%2Fedward-shen%2Fcloudflare-ddns" "/workspace/builds/worker-6-tc2/source", kill_on_drop: false }`
[INFO] [stderr] Cloning into '/workspace/builds/worker-6-tc2/source'...
[INFO] [stderr] fatal: failed to create directory '/workspace/builds/worker-6-tc2/source/.git/objects/c4': No space left on device
[INFO] [stderr] fatal: the remote end hung up unexpectedly
[ERROR] this task or one of its parent failed!
[ERROR] failed to checkout https://github.com/edward-shen/cloudflare-ddns
[ERROR] caused by: command failed: exit status: 128
[ERROR] note: run with `RUST_BACKTRACE=1` to display a backtrace.
