[INFO] cloning repository https://github.com/editor-wasm/wavi
[INFO] running `Command { std: "git" "-c" "credential.helper=" "-c" "credential.helper=/workspace/cargo-home/bin/git-credential-null" "clone" "--bare" "https://github.com/editor-wasm/wavi" "/workspace/cache/git-repos/https%3A%2F%2Fgithub.com%2Feditor-wasm%2Fwavi", kill_on_drop: false }`
[INFO] [stderr] Cloning into bare repository '/workspace/cache/git-repos/https%3A%2F%2Fgithub.com%2Feditor-wasm%2Fwavi'...
[INFO] running `Command { std: "git" "rev-parse" "HEAD", kill_on_drop: false }`
[INFO] [stdout] 7abafee689d71f1d206a65f5694912f602f972da
[INFO] documenting editor-wasm/wavi against 1.75.0 for beta-1.76-rustdoc-1
[INFO] running `Command { std: "git" "clone" "/workspace/cache/git-repos/https%3A%2F%2Fgithub.com%2Feditor-wasm%2Fwavi" "/workspace/builds/worker-5-tc1/source", kill_on_drop: false }`
[INFO] [stderr] Cloning into '/workspace/builds/worker-5-tc1/source'...
[INFO] [stderr] done.
[INFO] validating manifest of git repo https://github.com/editor-wasm/wavi on toolchain 1.75.0
[INFO] running `Command { std: CARGO_HOME="/workspace/cargo-home" RUSTUP_HOME="/workspace/rustup-home" "/workspace/cargo-home/bin/cargo" "+1.75.0" "metadata" "--manifest-path" "Cargo.toml" "--no-deps", kill_on_drop: false }`
[INFO] started tweaking git repo https://github.com/editor-wasm/wavi
[INFO] finished tweaking git repo https://github.com/editor-wasm/wavi
[INFO] tweaked toml for git repo https://github.com/editor-wasm/wavi written to /workspace/builds/worker-5-tc1/source/Cargo.toml
[INFO] crate git repo https://github.com/editor-wasm/wavi already has a lockfile, it will not be regenerated
[INFO] running `Command { std: CARGO_HOME="/workspace/cargo-home" RUSTUP_HOME="/workspace/rustup-home" "/workspace/cargo-home/bin/cargo" "+1.75.0" "fetch" "--manifest-path" "Cargo.toml", kill_on_drop: false }`
[INFO] [stderr]     Blocking waiting for file lock on package cache
[INFO] [stderr]     Updating crates.io index
[INFO] [stderr]     Blocking waiting for file lock on package cache
[ERROR] error running command: no output for 300 seconds
[ERROR] this task or one of its parent failed!
[ERROR] no output for 300 seconds
[ERROR] note: run with `RUST_BACKTRACE=1` to display a backtrace.
[INFO] documenting editor-wasm/wavi against beta-2023-12-22 for beta-1.76-rustdoc-1
[INFO] running `Command { std: "git" "clone" "/workspace/cache/git-repos/https%3A%2F%2Fgithub.com%2Feditor-wasm%2Fwavi" "/workspace/builds/worker-5-tc2/source", kill_on_drop: false }`
[INFO] [stderr] Cloning into '/workspace/builds/worker-5-tc2/source'...
[INFO] [stderr] done.
[INFO] validating manifest of git repo https://github.com/editor-wasm/wavi on toolchain beta-2023-12-22
[INFO] running `Command { std: CARGO_HOME="/workspace/cargo-home" RUSTUP_HOME="/workspace/rustup-home" "/workspace/cargo-home/bin/cargo" "+beta-2023-12-22" "metadata" "--manifest-path" "Cargo.toml" "--no-deps", kill_on_drop: false }`
[INFO] started tweaking git repo https://github.com/editor-wasm/wavi
[INFO] finished tweaking git repo https://github.com/editor-wasm/wavi
[INFO] tweaked toml for git repo https://github.com/editor-wasm/wavi written to /workspace/builds/worker-5-tc2/source/Cargo.toml
[INFO] crate git repo https://github.com/editor-wasm/wavi already has a lockfile, it will not be regenerated
[INFO] running `Command { std: CARGO_HOME="/workspace/cargo-home" RUSTUP_HOME="/workspace/rustup-home" "/workspace/cargo-home/bin/cargo" "+beta-2023-12-22" "fetch" "--manifest-path" "Cargo.toml", kill_on_drop: false }`
[INFO] [stderr]     Blocking waiting for file lock on package cache
[INFO] [stderr]     Blocking waiting for file lock on package cache
[INFO] [stderr]  Downloading crates ...
[INFO] [stderr]   Downloaded wasmtime-wasi v0.29.0
[INFO] [stderr]   Downloaded cranelift-native v0.76.0
[INFO] [stderr]   Downloaded cstr v0.2.8
[INFO] [stderr]   Downloaded wasmtime-debug v0.29.0
[INFO] [stderr]   Downloaded wasi-cap-std-sync v0.29.0
[INFO] [stderr]   Downloaded wasmtime-runtime v0.29.0
[INFO] [stderr]   Downloaded wasmtime-jit v0.29.0
[INFO] [stderr]   Downloaded wasmtime-cranelift v0.29.0
[INFO] [stderr]   Downloaded ambient-authority v0.0.1
[INFO] [stderr]   Downloaded wasmtime-environ v0.29.0
[INFO] [stderr]   Downloaded wiggle-generate v0.29.0
[INFO] [stderr]   Downloaded wiggle-macro v0.29.0
[INFO] [stderr]   Downloaded system-interface v0.8.0
[INFO] [stderr]   Downloaded wasmparser v0.79.0
[INFO] [stderr]   Downloaded wasmtime-obj v0.29.0
[INFO] [stderr]   Downloaded wasmtime v0.29.0
[INFO] [stderr]   Downloaded linux-raw-sys v0.0.12
[INFO] [stderr]   Downloaded posish v0.16.0
[INFO] [stderr]   Downloaded wasmtime-profiling v0.29.0
[INFO] [stderr]   Downloaded wasmtime-cache v0.29.0
[INFO] [stderr]   Downloaded fs-set-times v0.6.0
[INFO] [stderr]   Downloaded cranelift-wasm v0.76.0
[INFO] [stderr]   Downloaded cap-time-ext v0.16.3
[INFO] [stderr]   Downloaded wasmtime-fiber v0.29.0
[INFO] [stderr]   Downloaded winx v0.27.0
[INFO] [stderr]   Downloaded cap-fs-ext v0.16.3
[INFO] [stderr]   Downloaded unsafe-io v0.7.1
[INFO] [stderr]   Downloaded cap-rand v0.16.3
[INFO] [stderr]   Downloaded cap-std v0.16.3
[INFO] [stderr]   Downloaded io-lifetimes v0.2.4
[INFO] [stderr]   Downloaded wiggle v0.29.0
[INFO] [stderr]   Downloaded cap-primitives v0.16.3
[INFO] [stderr]   Downloaded wasi-common v0.29.0
[INFO] running `Command { std: "docker" "create" "-v" "/var/lib/crater-agent-workspace/builds/worker-5-tc2/target:/opt/rustwide/target:rw,Z" "-v" "/var/lib/crater-agent-workspace/builds/worker-5-tc2/source:/opt/rustwide/workdir:ro,Z" "-v" "/var/lib/crater-agent-workspace/cargo-home:/opt/rustwide/cargo-home:ro,Z" "-v" "/var/lib/crater-agent-workspace/rustup-home:/opt/rustwide/rustup-home:ro,Z" "-e" "SOURCE_DIR=/opt/rustwide/workdir" "-e" "CARGO_TARGET_DIR=/opt/rustwide/target" "-e" "CARGO_HOME=/opt/rustwide/cargo-home" "-e" "RUSTUP_HOME=/opt/rustwide/rustup-home" "-w" "/opt/rustwide/workdir" "-m" "1610612736" "--user" "0:0" "--network" "none" "ghcr.io/rust-lang/crates-build-env/linux@sha256:2788e3201cd34a07e3172128adcd8b3090168a8e3bcc40d7c032b9dda1df7d1c" "/opt/rustwide/cargo-home/bin/cargo" "+beta-2023-12-22" "metadata" "--no-deps" "--format-version=1", kill_on_drop: false }`
[INFO] [stdout] 56978d6d35e05c45b7054a1d7ec281b431e5812eceaae21194eaa1d5a5f11cfe
[INFO] running `Command { std: "docker" "start" "-a" "56978d6d35e05c45b7054a1d7ec281b431e5812eceaae21194eaa1d5a5f11cfe", kill_on_drop: false }`
[INFO] running `Command { std: "docker" "inspect" "56978d6d35e05c45b7054a1d7ec281b431e5812eceaae21194eaa1d5a5f11cfe", kill_on_drop: false }`
[INFO] running `Command { std: "docker" "rm" "-f" "56978d6d35e05c45b7054a1d7ec281b431e5812eceaae21194eaa1d5a5f11cfe", kill_on_drop: false }`
[INFO] [stdout] 56978d6d35e05c45b7054a1d7ec281b431e5812eceaae21194eaa1d5a5f11cfe
[INFO] running `Command { std: "docker" "create" "-v" "/var/lib/crater-agent-workspace/builds/worker-5-tc2/target:/opt/rustwide/target:rw,Z" "-v" "/var/lib/crater-agent-workspace/builds/worker-5-tc2/source:/opt/rustwide/workdir:ro,Z" "-v" "/var/lib/crater-agent-workspace/cargo-home:/opt/rustwide/cargo-home:ro,Z" "-v" "/var/lib/crater-agent-workspace/rustup-home:/opt/rustwide/rustup-home:ro,Z" "-e" "SOURCE_DIR=/opt/rustwide/workdir" "-e" "CARGO_TARGET_DIR=/opt/rustwide/target" "-e" "CARGO_INCREMENTAL=0" "-e" "RUST_BACKTRACE=full" "-e" "RUSTFLAGS=--cap-lints=warn" "-e" "RUSTDOCFLAGS=--cap-lints=warn" "-e" "CARGO_HOME=/opt/rustwide/cargo-home" "-e" "RUSTUP_HOME=/opt/rustwide/rustup-home" "-w" "/opt/rustwide/workdir" "-m" "1610612736" "--user" "0:0" "--network" "none" "ghcr.io/rust-lang/crates-build-env/linux@sha256:2788e3201cd34a07e3172128adcd8b3090168a8e3bcc40d7c032b9dda1df7d1c" "/opt/rustwide/cargo-home/bin/cargo" "+beta-2023-12-22" "doc" "--frozen" "--no-deps" "--document-private-items" "--message-format=json", kill_on_drop: false }`
[INFO] [stdout] 293dac071b1fd3252bcd2b44e646a9f5c264dfbd7593e0ba6bbcde7114126570
[INFO] running `Command { std: "docker" "start" "-a" "293dac071b1fd3252bcd2b44e646a9f5c264dfbd7593e0ba6bbcde7114126570", kill_on_drop: false }`
[INFO] [stderr]    Compiling proc-macro2 v1.0.28
[INFO] [stderr]    Compiling libc v0.2.101
[INFO] [stderr]    Compiling syn v1.0.75
[INFO] [stderr]    Compiling serde_derive v1.0.130
[INFO] [stderr]    Compiling serde v1.0.130
[INFO] [stderr]     Checking stable_deref_trait v1.2.0
[INFO] [stderr]     Checking fallible-iterator v0.2.0
[INFO] [stderr]    Compiling target-lexicon v0.12.2
[INFO] [stderr]    Compiling indexmap v1.7.0
[INFO] [stderr]    Compiling memchr v2.4.1
[INFO] [stderr]     Checking smallvec v1.6.1
[INFO] [stderr]    Compiling anyhow v1.0.43
[INFO] [stderr]    Compiling memoffset v0.6.4
[INFO] [stderr]    Compiling crc32fast v1.2.1
[INFO] [stderr]     Checking itertools v0.10.1
[INFO] [stderr]    Compiling io-lifetimes v0.2.4
[INFO] [stderr]    Compiling crossbeam-utils v0.8.5
[INFO] [stderr]     Checking wasmparser v0.79.0
[INFO] [stderr]     Checking more-asserts v0.2.1
[INFO] [stderr]    Compiling generic-array v0.14.4
[INFO] [stderr]    Compiling miniz_oxide v0.4.4
[INFO] [stderr]    Compiling crossbeam-epoch v0.9.5
[INFO] [stderr]    Compiling unsafe-io v0.7.1
[INFO] [stderr]     Checking linux-raw-sys v0.0.12
[INFO] [stderr]     Checking once_cell v1.8.0
[INFO] [stderr]     Checking itoa v0.4.8
[INFO] [stderr]     Checking aho-corasick v0.7.18
[INFO] [stderr]    Compiling cap-primitives v0.16.3
[INFO] [stderr]     Checking rustc-demangle v0.1.21
[INFO] [stderr]    Compiling zstd-safe v4.1.1+zstd.1.5.0
[INFO] [stderr]     Checking ambient-authority v0.0.1
[INFO] [stderr]     Checking humantime v1.3.0
[INFO] [stderr]    Compiling quote v1.0.9
[INFO] [stderr]     Checking crossbeam-channel v0.5.1
[INFO] [stderr]    Compiling rayon v1.5.1
[INFO] [stderr]     Checking crossbeam-deque v0.8.1
[INFO] [stderr]     Checking ipnet v2.3.1
[INFO] [stderr]     Checking maybe-owned v0.3.4
[INFO] [stderr]    Compiling leb128 v0.2.4
[INFO] [stderr]     Checking block-buffer v0.9.0
[INFO] [stderr]     Checking regex v1.5.4
[INFO] [stderr]     Checking digest v0.9.0
[INFO] [stderr]    Compiling wast v35.0.2
[INFO] [stderr]    Compiling cap-std v0.16.3
[INFO] [stderr]    Compiling cstr v0.2.8
[INFO] [stderr]    Compiling unicode-segmentation v1.7.1
[INFO] [stderr]    Compiling cpp_demangle v0.3.3
[INFO] [stderr]    Compiling wasmtime-cache v0.29.0
[INFO] [stderr]     Checking sha2 v0.9.6
[INFO] [stderr]    Compiling async-trait v0.1.51
[INFO] [stderr]     Checking wast v38.0.0
[INFO] [stderr]    Compiling wasm-bindgen-shared v0.2.78
[INFO] [stderr]     Checking tracing-core v0.1.19
[INFO] [stderr]     Checking pin-project-lite v0.2.7
[INFO] [stderr]    Compiling heck v0.3.3
[INFO] [stderr]    Compiling paste v1.0.5
[INFO] [stderr]    Compiling wasi-common v0.29.0
[INFO] [stderr]    Compiling cap-fs-ext v0.16.3
[INFO] [stderr]    Compiling system-interface v0.8.0
[INFO] [stderr]    Compiling bumpalo v3.8.0
[INFO] [stderr]    Compiling wasmtime-wasi v0.29.0
[INFO] [stderr]    Compiling wasm-bindgen v0.2.78
[INFO] [stderr]     Checking getrandom v0.2.3
[INFO] [stderr]     Checking region v2.2.0
[INFO] [stderr]     Checking atty v0.2.14
[INFO] [stderr]     Checking num_cpus v1.13.0
[INFO] [stderr]     Checking dirs-sys-next v0.1.2
[INFO] [stderr]     Checking rand_core v0.6.3
[INFO] [stderr]     Checking errno v0.2.7
[INFO] [stderr]     Checking env_logger v0.7.1
[INFO] [stderr]     Checking rayon-core v1.9.1
[INFO] [stderr]    Compiling jobserver v0.1.24
[INFO] [stderr]     Checking directories-next v2.0.0
[INFO] [stderr]     Checking numtoa v0.1.0
[INFO] [stderr]     Checking rand_chacha v0.3.1
[INFO] [stderr]    Compiling dirs-next v2.0.0
[INFO] [stderr]    Compiling shellexpand v2.1.0
[INFO] [stderr]     Checking rand v0.8.4
[INFO] [stderr]    Compiling cc v1.0.69
[INFO] [stderr]     Checking termion v1.5.6
[INFO] [stderr]     Checking file-per-thread-logger v0.1.4
[INFO] [stderr]     Checking cap-rand v0.16.3
[INFO] [stderr]    Compiling posish v0.16.0
[INFO] [stderr]    Compiling zstd-sys v1.6.1+zstd.1.5.0
[INFO] [stderr]    Compiling wasmtime-fiber v0.29.0
[INFO] [stderr]    Compiling backtrace v0.3.61
[INFO] [stderr]    Compiling wasmtime-runtime v0.29.0
[INFO] [stderr]    Compiling psm v0.1.16
[INFO] [stderr]     Checking wat v1.0.40
[INFO] [stderr]     Checking fs-set-times v0.6.0
[INFO] [stdout] error[E0061]: this method takes 1 argument but 2 arguments were supplied
[INFO] [stdout]   --> /opt/rustwide/cargo-home/registry/src/index.crates.io-6f17d22bba15001f/cap-primitives-0.16.3/src/posish/linux/fs/set_times_impl.rs:19:25
[INFO] [stdout]    |
[INFO] [stdout] 19 |             return file.set_times(
[INFO] [stdout]    |                         ^^^^^^^^^
[INFO] [stdout] 20 |                 atime.map(SystemTimeSpec::into_std),
[INFO] [stdout] 21 |                 mtime.map(SystemTimeSpec::into_std),
[INFO] [stdout]    |                 ----------------------------------- unexpected argument of type `Option<fs_set_times::SystemTimeSpec>`
[INFO] [stdout]    |
[INFO] [stdout] note: expected `FileTimes`, found `Option<SystemTimeSpec>`
[INFO] [stdout]   --> /opt/rustwide/cargo-home/registry/src/index.crates.io-6f17d22bba15001f/cap-primitives-0.16.3/src/posish/linux/fs/set_times_impl.rs:20:17
[INFO] [stdout]    |
[INFO] [stdout] 20 |                 atime.map(SystemTimeSpec::into_std),
[INFO] [stdout]    |                 ^^^^^^^^^^^^^^^^^^^^^^^^^^^^^^^^^^^
[INFO] [stdout]    = note: expected struct `FileTimes`
[INFO] [stdout]                 found enum `Option<fs_set_times::SystemTimeSpec>`
[INFO] [stdout] note: method defined here
[INFO] [stdout]   --> /rustc/0e09125c6c3c2fd70d7de961bcf0e51575235fad/library/std/src/fs.rs:695:12
[INFO] [stdout] help: remove the extra argument
[INFO] [stdout]    |
[INFO] [stdout] 20 -                 atime.map(SystemTimeSpec::into_std),
[INFO] [stdout] 20 +                 /* FileTimes */,
[INFO] [stdout]    |
[INFO] [stdout] 
[INFO] [stdout] 
[INFO] [stdout] error[E0061]: this method takes 1 argument but 2 arguments were supplied
[INFO] [stdout]   --> /opt/rustwide/cargo-home/registry/src/index.crates.io-6f17d22bba15001f/cap-primitives-0.16.3/src/posish/linux/fs/set_times_impl.rs:33:25
[INFO] [stdout]    |
[INFO] [stdout] 33 |             return file.set_times(
[INFO] [stdout]    |                         ^^^^^^^^^
[INFO] [stdout] 34 |                 atime.map(SystemTimeSpec::into_std),
[INFO] [stdout] 35 |                 mtime.map(SystemTimeSpec::into_std),
[INFO] [stdout]    |                 ----------------------------------- unexpected argument of type `Option<fs_set_times::SystemTimeSpec>`
[INFO] [stdout]    |
[INFO] [stdout] note: expected `FileTimes`, found `Option<SystemTimeSpec>`
[INFO] [stdout]   --> /opt/rustwide/cargo-home/registry/src/index.crates.io-6f17d22bba15001f/cap-primitives-0.16.3/src/posish/linux/fs/set_times_impl.rs:34:17
[INFO] [stdout]    |
[INFO] [stdout] 34 |                 atime.map(SystemTimeSpec::into_std),
[INFO] [stdout]    |                 ^^^^^^^^^^^^^^^^^^^^^^^^^^^^^^^^^^^
[INFO] [stdout]    = note: expected struct `FileTimes`
[INFO] [stdout]                 found enum `Option<fs_set_times::SystemTimeSpec>`
[INFO] [stdout] note: method defined here
[INFO] [stdout]   --> /rustc/0e09125c6c3c2fd70d7de961bcf0e51575235fad/library/std/src/fs.rs:695:12
[INFO] [stdout] help: remove the extra argument
[INFO] [stdout]    |
[INFO] [stdout] 34 -                 atime.map(SystemTimeSpec::into_std),
[INFO] [stdout] 34 +                 /* FileTimes */,
[INFO] [stdout]    |
[INFO] [stdout] 
[INFO] [stdout] 
[INFO] [stdout] error: aborting due to 2 previous errors
[INFO] [stdout] 
[INFO] [stdout] 
[INFO] [stderr]    Compiling wasm-bindgen-backend v0.2.78
[INFO] [stdout] For more information about this error, try `rustc --explain E0061`.
[INFO] [stdout] 
[INFO] [stderr] error: could not compile `cap-primitives` (lib) due to 3 previous errors
[INFO] [stderr] warning: build failed, waiting for other jobs to finish...
[INFO] running `Command { std: "docker" "inspect" "293dac071b1fd3252bcd2b44e646a9f5c264dfbd7593e0ba6bbcde7114126570", kill_on_drop: false }`
[INFO] running `Command { std: "docker" "rm" "-f" "293dac071b1fd3252bcd2b44e646a9f5c264dfbd7593e0ba6bbcde7114126570", kill_on_drop: false }`
[INFO] [stdout] 293dac071b1fd3252bcd2b44e646a9f5c264dfbd7593e0ba6bbcde7114126570
