[INFO] cloning repository https://github.com/drogue-iot/drogue-opcua-agent-rust
[INFO] running `Command { std: "git" "-c" "credential.helper=" "-c" "credential.helper=/workspace/cargo-home/bin/git-credential-null" "clone" "--bare" "https://github.com/drogue-iot/drogue-opcua-agent-rust" "/workspace/cache/git-repos/https%3A%2F%2Fgithub.com%2Fdrogue-iot%2Fdrogue-opcua-agent-rust", kill_on_drop: false }`
[INFO] [stderr] Cloning into bare repository '/workspace/cache/git-repos/https%3A%2F%2Fgithub.com%2Fdrogue-iot%2Fdrogue-opcua-agent-rust'...
[INFO] running `Command { std: "git" "rev-parse" "HEAD", kill_on_drop: false }`
[INFO] [stdout] b22d8efcc083ee35fb9743e0a95a7ef990d1a0d3
[INFO] documenting drogue-iot/drogue-opcua-agent-rust against 1.75.0 for beta-1.76-rustdoc-1
[INFO] running `Command { std: "git" "clone" "/workspace/cache/git-repos/https%3A%2F%2Fgithub.com%2Fdrogue-iot%2Fdrogue-opcua-agent-rust" "/workspace/builds/worker-6-tc1/source", kill_on_drop: false }`
[INFO] [stderr] Cloning into '/workspace/builds/worker-6-tc1/source'...
[INFO] [stderr] done.
[INFO] validating manifest of git repo https://github.com/drogue-iot/drogue-opcua-agent-rust on toolchain 1.75.0
[INFO] running `Command { std: CARGO_HOME="/workspace/cargo-home" RUSTUP_HOME="/workspace/rustup-home" "/workspace/cargo-home/bin/cargo" "+1.75.0" "metadata" "--manifest-path" "Cargo.toml" "--no-deps", kill_on_drop: false }`
[INFO] started tweaking git repo https://github.com/drogue-iot/drogue-opcua-agent-rust
[INFO] finished tweaking git repo https://github.com/drogue-iot/drogue-opcua-agent-rust
[INFO] tweaked toml for git repo https://github.com/drogue-iot/drogue-opcua-agent-rust written to /workspace/builds/worker-6-tc1/source/Cargo.toml
[INFO] crate git repo https://github.com/drogue-iot/drogue-opcua-agent-rust already has a lockfile, it will not be regenerated
[INFO] running `Command { std: CARGO_HOME="/workspace/cargo-home" RUSTUP_HOME="/workspace/rustup-home" "/workspace/cargo-home/bin/cargo" "+1.75.0" "fetch" "--manifest-path" "Cargo.toml", kill_on_drop: false }`
[INFO] [stderr]     Blocking waiting for file lock on package cache
[ERROR] error running command: no output for 300 seconds
[ERROR] this task or one of its parent failed!
[ERROR] no output for 300 seconds
[ERROR] note: run with `RUST_BACKTRACE=1` to display a backtrace.
[INFO] documenting drogue-iot/drogue-opcua-agent-rust against beta-2023-12-22 for beta-1.76-rustdoc-1
[INFO] running `Command { std: "git" "clone" "/workspace/cache/git-repos/https%3A%2F%2Fgithub.com%2Fdrogue-iot%2Fdrogue-opcua-agent-rust" "/workspace/builds/worker-6-tc2/source", kill_on_drop: false }`
[INFO] [stderr] Cloning into '/workspace/builds/worker-6-tc2/source'...
[INFO] [stderr] done.
[INFO] validating manifest of git repo https://github.com/drogue-iot/drogue-opcua-agent-rust on toolchain beta-2023-12-22
[INFO] running `Command { std: CARGO_HOME="/workspace/cargo-home" RUSTUP_HOME="/workspace/rustup-home" "/workspace/cargo-home/bin/cargo" "+beta-2023-12-22" "metadata" "--manifest-path" "Cargo.toml" "--no-deps", kill_on_drop: false }`
[INFO] started tweaking git repo https://github.com/drogue-iot/drogue-opcua-agent-rust
[INFO] finished tweaking git repo https://github.com/drogue-iot/drogue-opcua-agent-rust
[INFO] tweaked toml for git repo https://github.com/drogue-iot/drogue-opcua-agent-rust written to /workspace/builds/worker-6-tc2/source/Cargo.toml
[INFO] crate git repo https://github.com/drogue-iot/drogue-opcua-agent-rust already has a lockfile, it will not be regenerated
[INFO] running `Command { std: CARGO_HOME="/workspace/cargo-home" RUSTUP_HOME="/workspace/rustup-home" "/workspace/cargo-home/bin/cargo" "+beta-2023-12-22" "fetch" "--manifest-path" "Cargo.toml", kill_on_drop: false }`
[INFO] [stderr]     Blocking waiting for file lock on package cache
[INFO] [stderr]     Updating git repository `https://github.com/ctron/opcua`
[INFO] [stderr]     Updating git repository `https://github.com/lovasoa/opcua`
[INFO] [stderr]     Updating crates.io index
[INFO] [stderr]     Blocking waiting for file lock on package cache
[ERROR] error running command: no output for 300 seconds
[INFO] documenting drogue-iot/drogue-opcua-agent-rust against beta-2023-12-22 for beta-1.76-rustdoc-1
[INFO] running `Command { std: "git" "clone" "/workspace/cache/git-repos/https%3A%2F%2Fgithub.com%2Fdrogue-iot%2Fdrogue-opcua-agent-rust" "/workspace/builds/worker-6-tc2/source", kill_on_drop: false }`
[INFO] [stderr] Cloning into '/workspace/builds/worker-6-tc2/source'...
[INFO] [stderr] done.
[INFO] validating manifest of git repo https://github.com/drogue-iot/drogue-opcua-agent-rust on toolchain beta-2023-12-22
[INFO] running `Command { std: CARGO_HOME="/workspace/cargo-home" RUSTUP_HOME="/workspace/rustup-home" "/workspace/cargo-home/bin/cargo" "+beta-2023-12-22" "metadata" "--manifest-path" "Cargo.toml" "--no-deps", kill_on_drop: false }`
[INFO] started tweaking git repo https://github.com/drogue-iot/drogue-opcua-agent-rust
[INFO] finished tweaking git repo https://github.com/drogue-iot/drogue-opcua-agent-rust
[INFO] tweaked toml for git repo https://github.com/drogue-iot/drogue-opcua-agent-rust written to /workspace/builds/worker-6-tc2/source/Cargo.toml
[INFO] crate git repo https://github.com/drogue-iot/drogue-opcua-agent-rust already has a lockfile, it will not be regenerated
[INFO] running `Command { std: CARGO_HOME="/workspace/cargo-home" RUSTUP_HOME="/workspace/rustup-home" "/workspace/cargo-home/bin/cargo" "+beta-2023-12-22" "fetch" "--manifest-path" "Cargo.toml", kill_on_drop: false }`
[INFO] [stderr]     Blocking waiting for file lock on package cache
[INFO] [stderr]     Blocking waiting for file lock on package cache
[INFO] [stderr]  Downloading crates ...
[INFO] [stderr]   Downloaded olm-rs v2.2.0
[INFO] [stderr]   Downloaded rumqttc v0.12.0
[INFO] [stderr]   Downloaded serde_with v1.13.0
[INFO] [stderr]   Downloaded olm-sys v1.3.1
[INFO] [stderr]   Downloaded prost v0.10.3
[INFO] running `Command { std: "docker" "create" "-v" "/var/lib/crater-agent-workspace/builds/worker-6-tc2/target:/opt/rustwide/target:rw,Z" "-v" "/var/lib/crater-agent-workspace/builds/worker-6-tc2/source:/opt/rustwide/workdir:ro,Z" "-v" "/var/lib/crater-agent-workspace/cargo-home:/opt/rustwide/cargo-home:ro,Z" "-v" "/var/lib/crater-agent-workspace/rustup-home:/opt/rustwide/rustup-home:ro,Z" "-e" "SOURCE_DIR=/opt/rustwide/workdir" "-e" "CARGO_TARGET_DIR=/opt/rustwide/target" "-e" "CARGO_HOME=/opt/rustwide/cargo-home" "-e" "RUSTUP_HOME=/opt/rustwide/rustup-home" "-w" "/opt/rustwide/workdir" "-m" "1610612736" "--user" "0:0" "--network" "none" "ghcr.io/rust-lang/crates-build-env/linux@sha256:2788e3201cd34a07e3172128adcd8b3090168a8e3bcc40d7c032b9dda1df7d1c" "/opt/rustwide/cargo-home/bin/cargo" "+beta-2023-12-22" "metadata" "--no-deps" "--format-version=1", kill_on_drop: false }`
[INFO] [stdout] e88f05d4908d512a83d6ecf7374b68004b8f2d7f06b7e50ea1745e93bd1a91d2
[INFO] running `Command { std: "docker" "start" "-a" "e88f05d4908d512a83d6ecf7374b68004b8f2d7f06b7e50ea1745e93bd1a91d2", kill_on_drop: false }`
[INFO] running `Command { std: "docker" "inspect" "e88f05d4908d512a83d6ecf7374b68004b8f2d7f06b7e50ea1745e93bd1a91d2", kill_on_drop: false }`
[INFO] running `Command { std: "docker" "rm" "-f" "e88f05d4908d512a83d6ecf7374b68004b8f2d7f06b7e50ea1745e93bd1a91d2", kill_on_drop: false }`
[INFO] [stdout] e88f05d4908d512a83d6ecf7374b68004b8f2d7f06b7e50ea1745e93bd1a91d2
[INFO] running `Command { std: "docker" "create" "-v" "/var/lib/crater-agent-workspace/builds/worker-6-tc2/target:/opt/rustwide/target:rw,Z" "-v" "/var/lib/crater-agent-workspace/builds/worker-6-tc2/source:/opt/rustwide/workdir:ro,Z" "-v" "/var/lib/crater-agent-workspace/cargo-home:/opt/rustwide/cargo-home:ro,Z" "-v" "/var/lib/crater-agent-workspace/rustup-home:/opt/rustwide/rustup-home:ro,Z" "-e" "SOURCE_DIR=/opt/rustwide/workdir" "-e" "CARGO_TARGET_DIR=/opt/rustwide/target" "-e" "CARGO_INCREMENTAL=0" "-e" "RUST_BACKTRACE=full" "-e" "RUSTFLAGS=--cap-lints=warn" "-e" "RUSTDOCFLAGS=--cap-lints=warn" "-e" "CARGO_HOME=/opt/rustwide/cargo-home" "-e" "RUSTUP_HOME=/opt/rustwide/rustup-home" "-w" "/opt/rustwide/workdir" "-m" "1610612736" "--user" "0:0" "--network" "none" "ghcr.io/rust-lang/crates-build-env/linux@sha256:2788e3201cd34a07e3172128adcd8b3090168a8e3bcc40d7c032b9dda1df7d1c" "/opt/rustwide/cargo-home/bin/cargo" "+beta-2023-12-22" "doc" "--frozen" "--no-deps" "--document-private-items" "--message-format=json", kill_on_drop: false }`
[INFO] [stdout] a89106e4771fb0dab820ad403df86cd0ed162d42da9ff9cb7db3851474eaf0ef
[INFO] running `Command { std: "docker" "start" "-a" "a89106e4771fb0dab820ad403df86cd0ed162d42da9ff9cb7db3851474eaf0ef", kill_on_drop: false }`
[INFO] [stderr]    Compiling libc v0.2.124
[INFO] [stderr]    Compiling proc-macro2 v1.0.37
[INFO] [stderr]    Compiling syn v1.0.91
[INFO] [stderr]    Compiling log v0.4.16
[INFO] [stderr]     Checking once_cell v1.10.0
[INFO] [stderr]    Compiling serde_derive v1.0.136
[INFO] [stderr]    Compiling parking_lot_core v0.9.2
[INFO] [stderr]    Compiling serde v1.0.136
[INFO] [stderr]    Compiling lock_api v0.4.7
[INFO] [stderr]    Compiling ring v0.16.20
[INFO] [stderr]     Checking smallvec v1.8.0
[INFO] [stderr]     Checking untrusted v0.7.1
[INFO] [stderr]    Compiling futures-channel v0.3.21
[INFO] [stderr]    Compiling proc-macro2 v0.4.30
[INFO] [stderr]    Compiling pkg-config v0.3.25
[INFO] [stderr]    Compiling num-traits v0.2.14
[INFO] [stderr]    Compiling ident_case v1.0.1
[INFO] [stderr]    Compiling unicode-xid v0.1.0
[INFO] [stderr]    Compiling strsim v0.10.0
[INFO] [stderr]     Checking tinyvec v1.5.1
[INFO] [stderr]    Compiling num-integer v0.1.44
[INFO] [stderr]    Compiling indexmap v1.8.1
[INFO] [stderr]     Checking slab v0.4.6
[INFO] [stderr]    Compiling rustls v0.20.4
[INFO] [stderr]     Checking base64 v0.13.0
[INFO] [stderr]    Compiling syn v0.15.44
[INFO] [stderr]    Compiling rustversion v1.0.6
[INFO] [stderr]     Checking linked-hash-map v0.5.4
[INFO] [stderr]     Checking ryu v1.0.9
[INFO] [stderr]     Checking cache-padded v1.2.0
[INFO] [stderr]    Compiling serde_json v1.0.79
[INFO] [stderr]    Compiling openssl v0.10.38
[INFO] [stderr]     Checking unicode-bidi v0.3.7
[INFO] [stderr]    Compiling openssl-sys v0.9.72
[INFO] [stderr]     Checking matches v0.1.9
[INFO] [stderr]     Checking regex v1.5.5
[INFO] [stderr]     Checking concurrent-queue v1.2.2
[INFO] [stderr]     Checking yaml-rust v0.4.5
[INFO] [stderr]    Compiling quote v1.0.18
[INFO] [stderr]    Compiling anyhow v1.0.57
[INFO] [stderr]    Compiling async-trait v0.1.53
[INFO] [stderr]    Compiling quote v0.6.13
[INFO] [stderr]     Checking unicode-normalization v0.1.19
[INFO] [stderr]     Checking ppv-lite86 v0.2.16
[INFO] [stderr]     Checking socket2 v0.4.4
[INFO] [stderr]     Checking num_cpus v1.13.1
[INFO] [stderr]     Checking getrandom v0.2.6
[INFO] [stderr]     Checking signal-hook-registry v1.4.0
[INFO] [stderr]     Checking mio v0.8.2
[INFO] [stderr]     Checking parking_lot v0.12.0
[INFO] [stderr]     Checking time v0.1.43
[INFO] [stderr]     Checking rand_core v0.6.3
[INFO] [stderr]     Checking event-listener v2.5.2
[INFO] [stderr]     Checking uuid v0.8.2
[INFO] [stderr]     Checking gethostname v0.2.3
[INFO] [stderr]     Checking atty v0.2.14
[INFO] [stderr]     Checking async-channel v1.6.1
[INFO] [stderr]     Checking rustls-pemfile v1.0.0
[INFO] [stderr]     Checking rustls-pemfile v0.3.0
[INFO] [stderr]     Checking rand_chacha v0.3.1
[INFO] [stderr]     Checking termcolor v1.1.3
[INFO] [stderr]     Checking pollster v0.2.5
[INFO] [stderr]     Checking openssl-probe v0.1.5
[INFO] [stderr]     Checking base64 v0.12.3
[INFO] [stderr]     Checking rustls-native-certs v0.6.2
[INFO] [stderr]     Checking rand v0.8.5
[INFO] [stderr]     Checking env_logger v0.9.0
[INFO] [stderr]     Checking idna v0.1.5
[INFO] [stderr]     Checking url v1.7.2
[INFO] [stderr]    Compiling derivative v1.0.4
[INFO] [stderr]     Checking webpki v0.22.0
[INFO] [stderr]     Checking sct v0.7.0
[INFO] [stderr]    Compiling darling_core v0.13.4
[INFO] [stderr]    Compiling tokio-macros v1.7.0
[INFO] [stderr]    Compiling futures-macro v0.3.21
[INFO] [stderr]    Compiling thiserror-impl v1.0.30
[INFO] [stderr]    Compiling darling_macro v0.13.4
[INFO] [stderr]     Checking tokio v1.18.2
[INFO] [stderr]     Checking futures-util v0.3.21
[INFO] [stderr]     Checking thiserror v1.0.30
[INFO] [stderr]    Compiling darling v0.13.4
[INFO] [stderr]    Compiling serde_with_macros v1.5.2
[INFO] [stderr]     Checking futures-executor v0.3.21
[INFO] [stderr]     Checking futures v0.3.21
[INFO] [stderr]     Checking tokio-rustls v0.23.3
[INFO] [stderr]     Checking tokio-util v0.6.9
[INFO] [stderr]     Checking rumqttc v0.12.0
[INFO] [stderr]     Checking chrono v0.4.19
[INFO] [stderr]     Checking serde_yaml v0.8.23
[INFO] [stderr]     Checking humantime-serde v1.1.1
[INFO] [stderr]     Checking serde_with v1.13.0
[INFO] [stderr]     Checking opcua v0.10.0 (https://github.com/ctron/opcua?rev=074af25c172365e3779d1a4f199bc5b0d6d94483#074af25c)
[INFO] [stderr] error: could not compile `opcua` (lib)
[INFO] [stderr] 
[INFO] [stderr] Caused by:
[INFO] [stderr]   process didn't exit successfully: `/opt/rustwide/rustup-home/toolchains/beta-2023-12-22-x86_64-unknown-linux-gnu/bin/rustc --crate-name opcua --edition=2018 /opt/rustwide/cargo-home/git/checkouts/opcua-7c3ddd4aebe96013/074af25/lib/src/lib.rs --error-format=json --json=diagnostic-rendered-ansi,artifacts,future-incompat --crate-type lib --emit=dep-info,metadata -C embed-bitcode=no -C debuginfo=2 --cfg 'feature="client"' --cfg 'feature="default"' --cfg 'feature="discovery-server-registration"' --cfg 'feature="generated-address-space"' --cfg 'feature="server"' -C metadata=67a0b942d128856f -C extra-filename=-67a0b942d128856f --out-dir /opt/rustwide/target/debug/deps -L dependency=/opt/rustwide/target/debug/deps --extern base64=/opt/rustwide/target/debug/deps/libbase64-2bc4f5135fdba1a6.rmeta --extern bitflags=/opt/rustwide/target/debug/deps/libbitflags-e9d8d976431c69fc.rmeta --extern byteorder=/opt/rustwide/target/debug/deps/libbyteorder-7f3f94c08ca4d767.rmeta --extern bytes=/opt/rustwide/target/debug/deps/libbytes-032e7eb0b02f6b6f.rmeta --extern chrono=/opt/rustwide/target/debug/deps/libchrono-285d91c239901d04.rmeta --extern derivative=/opt/rustwide/target/debug/deps/libderivative-de39adda07505ded.so --extern foreign_types=/opt/rustwide/target/debug/deps/libforeign_types-af3ade5a77c4da39.rmeta --extern futures=/opt/rustwide/target/debug/deps/libfutures-9d526ce34f68c61d.rmeta --extern gethostname=/opt/rustwide/target/debug/deps/libgethostname-8cb4f14f54ead445.rmeta --extern lazy_static=/opt/rustwide/target/debug/deps/liblazy_static-cc91e7c9c894213a.rmeta --extern libc=/opt/rustwide/target/debug/deps/liblibc-8abef95b4921e254.rmeta --extern log=/opt/rustwide/target/debug/deps/liblog-0b6825dbab096fd0.rmeta --extern openssl=/opt/rustwide/target/debug/deps/libopenssl-7af0dc825a9927d5.rmeta --extern openssl_sys=/opt/rustwide/target/debug/deps/libopenssl_sys-28a5abaf18a82c7b.rmeta --extern regex=/opt/rustwide/target/debug/deps/libregex-ab49f73b71e4fd76.rmeta --extern serde=/opt/rustwide/target/debug/deps/libserde-e2686dee755fabf0.rmeta --extern serde_derive=/opt/rustwide/target/debug/deps/libserde_derive-318b58c30e393e34.so --extern serde_json=/opt/rustwide/target/debug/deps/libserde_json-fd0b2bb014da91ab.rmeta --extern serde_yaml=/opt/rustwide/target/debug/deps/libserde_yaml-4cd3fba3f28824ba.rmeta --extern time=/opt/rustwide/target/debug/deps/libtime-f756c919daebfb97.rmeta --extern tokio=/opt/rustwide/target/debug/deps/libtokio-f56cbe38cbf4f01f.rmeta --extern tokio_util=/opt/rustwide/target/debug/deps/libtokio_util-eb2640ba14d57691.rmeta --extern url=/opt/rustwide/target/debug/deps/liburl-a90b9438ca275dbc.rmeta --extern uuid=/opt/rustwide/target/debug/deps/libuuid-97dd065213c26929.rmeta --cap-lints allow --cap-lints=warn` (signal: 9, SIGKILL: kill)
[INFO] running `Command { std: "docker" "inspect" "a89106e4771fb0dab820ad403df86cd0ed162d42da9ff9cb7db3851474eaf0ef", kill_on_drop: false }`
[INFO] running `Command { std: "docker" "rm" "-f" "a89106e4771fb0dab820ad403df86cd0ed162d42da9ff9cb7db3851474eaf0ef", kill_on_drop: false }`
[INFO] [stdout] a89106e4771fb0dab820ad403df86cd0ed162d42da9ff9cb7db3851474eaf0ef
