[INFO] cloning repository https://github.com/dimfeld/pic-store
[INFO] running `Command { std: "git" "-c" "credential.helper=" "-c" "credential.helper=/workspace/cargo-home/bin/git-credential-null" "clone" "--bare" "https://github.com/dimfeld/pic-store" "/workspace/cache/git-repos/https%3A%2F%2Fgithub.com%2Fdimfeld%2Fpic-store", kill_on_drop: false }`
[INFO] [stderr] Cloning into bare repository '/workspace/cache/git-repos/https%3A%2F%2Fgithub.com%2Fdimfeld%2Fpic-store'...
[INFO] running `Command { std: "git" "rev-parse" "HEAD", kill_on_drop: false }`
[INFO] [stdout] c7f9bdc4eb790a6d0243f665ec8102f76ad73c7d
[INFO] documenting dimfeld/pic-store against 1.75.0 for beta-1.76-rustdoc-1
[INFO] running `Command { std: "git" "clone" "/workspace/cache/git-repos/https%3A%2F%2Fgithub.com%2Fdimfeld%2Fpic-store" "/workspace/builds/worker-7-tc1/source", kill_on_drop: false }`
[INFO] [stderr] Cloning into '/workspace/builds/worker-7-tc1/source'...
[INFO] [stderr] done.
[INFO] validating manifest of git repo https://github.com/dimfeld/pic-store on toolchain 1.75.0
[INFO] running `Command { std: CARGO_HOME="/workspace/cargo-home" RUSTUP_HOME="/workspace/rustup-home" "/workspace/cargo-home/bin/cargo" "+1.75.0" "metadata" "--manifest-path" "Cargo.toml" "--no-deps", kill_on_drop: false }`
[INFO] removed /workspace/builds/worker-7-tc1/source/.cargo/config.toml
[INFO] started tweaking git repo https://github.com/dimfeld/pic-store
[INFO] finished tweaking git repo https://github.com/dimfeld/pic-store
[INFO] tweaked toml for git repo https://github.com/dimfeld/pic-store written to /workspace/builds/worker-7-tc1/source/Cargo.toml
[INFO] crate git repo https://github.com/dimfeld/pic-store already has a lockfile, it will not be regenerated
[INFO] running `Command { std: CARGO_HOME="/workspace/cargo-home" RUSTUP_HOME="/workspace/rustup-home" "/workspace/cargo-home/bin/cargo" "+1.75.0" "fetch" "--manifest-path" "Cargo.toml", kill_on_drop: false }`
[INFO] [stderr]     Blocking waiting for file lock on package cache
[INFO] [stderr]     Updating crates.io index
[INFO] [stderr]     Updating git repository `https://github.com/dimfeld/imageinfo-rs`
[INFO] [stderr]     Blocking waiting for file lock on package cache
[ERROR] error running command: no output for 300 seconds
[ERROR] this task or one of its parent failed!
[ERROR] no output for 300 seconds
[ERROR] note: run with `RUST_BACKTRACE=1` to display a backtrace.
[INFO] documenting dimfeld/pic-store against beta-2023-12-22 for beta-1.76-rustdoc-1
[INFO] running `Command { std: "git" "clone" "/workspace/cache/git-repos/https%3A%2F%2Fgithub.com%2Fdimfeld%2Fpic-store" "/workspace/builds/worker-7-tc2/source", kill_on_drop: false }`
[INFO] [stderr] Cloning into '/workspace/builds/worker-7-tc2/source'...
[INFO] [stderr] done.
[INFO] validating manifest of git repo https://github.com/dimfeld/pic-store on toolchain beta-2023-12-22
[INFO] running `Command { std: CARGO_HOME="/workspace/cargo-home" RUSTUP_HOME="/workspace/rustup-home" "/workspace/cargo-home/bin/cargo" "+beta-2023-12-22" "metadata" "--manifest-path" "Cargo.toml" "--no-deps", kill_on_drop: false }`
[INFO] removed /workspace/builds/worker-7-tc2/source/.cargo/config.toml
[INFO] started tweaking git repo https://github.com/dimfeld/pic-store
[INFO] finished tweaking git repo https://github.com/dimfeld/pic-store
[INFO] tweaked toml for git repo https://github.com/dimfeld/pic-store written to /workspace/builds/worker-7-tc2/source/Cargo.toml
[INFO] crate git repo https://github.com/dimfeld/pic-store already has a lockfile, it will not be regenerated
[INFO] running `Command { std: CARGO_HOME="/workspace/cargo-home" RUSTUP_HOME="/workspace/rustup-home" "/workspace/cargo-home/bin/cargo" "+beta-2023-12-22" "fetch" "--manifest-path" "Cargo.toml", kill_on_drop: false }`
[INFO] [stderr]     Blocking waiting for file lock on package cache
[ERROR] error running command: no output for 300 seconds
[INFO] documenting dimfeld/pic-store against beta-2023-12-22 for beta-1.76-rustdoc-1
[INFO] running `Command { std: "git" "clone" "/workspace/cache/git-repos/https%3A%2F%2Fgithub.com%2Fdimfeld%2Fpic-store" "/workspace/builds/worker-7-tc2/source", kill_on_drop: false }`
[INFO] [stderr] Cloning into '/workspace/builds/worker-7-tc2/source'...
[INFO] [stderr] done.
[INFO] validating manifest of git repo https://github.com/dimfeld/pic-store on toolchain beta-2023-12-22
[INFO] running `Command { std: CARGO_HOME="/workspace/cargo-home" RUSTUP_HOME="/workspace/rustup-home" "/workspace/cargo-home/bin/cargo" "+beta-2023-12-22" "metadata" "--manifest-path" "Cargo.toml" "--no-deps", kill_on_drop: false }`
[INFO] removed /workspace/builds/worker-7-tc2/source/.cargo/config.toml
[INFO] started tweaking git repo https://github.com/dimfeld/pic-store
[INFO] finished tweaking git repo https://github.com/dimfeld/pic-store
[INFO] tweaked toml for git repo https://github.com/dimfeld/pic-store written to /workspace/builds/worker-7-tc2/source/Cargo.toml
[INFO] crate git repo https://github.com/dimfeld/pic-store already has a lockfile, it will not be regenerated
[INFO] running `Command { std: CARGO_HOME="/workspace/cargo-home" RUSTUP_HOME="/workspace/rustup-home" "/workspace/cargo-home/bin/cargo" "+beta-2023-12-22" "fetch" "--manifest-path" "Cargo.toml", kill_on_drop: false }`
[INFO] [stderr]     Blocking waiting for file lock on package cache
[INFO] [stderr]     Blocking waiting for file lock on package cache
[INFO] [stderr]  Downloading crates ...
[INFO] [stderr]   Downloaded rust_hawktracer v0.7.0
[INFO] [stderr]   Downloaded rust_hawktracer_proc_macro v0.4.1
[INFO] [stderr]   Downloaded rust_hawktracer_normal_macro v0.4.1
[INFO] [stderr]   Downloaded interpolate_name v0.2.3
[INFO] [stderr]   Downloaded four-cc v0.3.0
[INFO] [stderr]   Downloaded ravif v0.11.3
[INFO] [stderr]   Downloaded avif-serialize v0.8.1
[INFO] [stderr]   Downloaded tracing-tree v0.2.2
[INFO] [stderr]   Downloaded v_frame v0.3.6
[INFO] [stderr]   Downloaded rusqlite_migration v1.0.1
[INFO] [stderr]   Downloaded tracing-distributed v0.4.0
[INFO] [stderr]   Downloaded diesel-derive-enum v2.0.1
[INFO] [stderr]   Downloaded libhoney-rust v0.1.6
[INFO] [stderr]   Downloaded libfuzzer-sys v0.3.5
[INFO] [stderr]   Downloaded wiremock v0.5.18
[INFO] [stderr]   Downloaded tracing-honeycomb v0.4.3
[INFO] [stderr]   Downloaded enumn v0.1.5
[INFO] [stderr]   Downloaded arbitrary v0.4.7
[INFO] [stderr]   Downloaded nasm-rs v0.2.5
[INFO] [stderr]   Downloaded libavif-sys v0.15.0
[INFO] [stderr]   Downloaded libheif-rs v0.22.0
[INFO] [stderr]   Downloaded libaom-sys v0.15.0
[INFO] [stderr]   Downloaded libavif v0.12.0
[INFO] [stderr]   Downloaded backon v0.2.0
[INFO] [stderr]   Downloaded libdav1d-sys v0.6.0
[INFO] [stderr]   Downloaded effectum v0.1.5
[INFO] [stderr]   Downloaded rav1e v0.6.6
[INFO] [stderr]   Downloaded av1-grain v0.2.2
[INFO] [stderr]   Downloaded tower-cookies v0.8.0
[INFO] [stderr]   Downloaded libheif-sys v2.0.0+1.16.2
[INFO] [stderr]   Downloaded deadpool-sqlite v0.5.0
[INFO] [stderr]   Downloaded arg_enum_proc_macro v0.3.4
[INFO] [stderr]   Downloaded simd_helpers v0.1.0
[INFO] running `Command { std: "docker" "create" "-v" "/var/lib/crater-agent-workspace/builds/worker-7-tc2/target:/opt/rustwide/target:rw,Z" "-v" "/var/lib/crater-agent-workspace/builds/worker-7-tc2/source:/opt/rustwide/workdir:ro,Z" "-v" "/var/lib/crater-agent-workspace/cargo-home:/opt/rustwide/cargo-home:ro,Z" "-v" "/var/lib/crater-agent-workspace/rustup-home:/opt/rustwide/rustup-home:ro,Z" "-e" "SOURCE_DIR=/opt/rustwide/workdir" "-e" "CARGO_TARGET_DIR=/opt/rustwide/target" "-e" "CARGO_HOME=/opt/rustwide/cargo-home" "-e" "RUSTUP_HOME=/opt/rustwide/rustup-home" "-w" "/opt/rustwide/workdir" "-m" "1610612736" "--user" "0:0" "--network" "none" "ghcr.io/rust-lang/crates-build-env/linux@sha256:2788e3201cd34a07e3172128adcd8b3090168a8e3bcc40d7c032b9dda1df7d1c" "/opt/rustwide/cargo-home/bin/cargo" "+beta-2023-12-22" "metadata" "--no-deps" "--format-version=1", kill_on_drop: false }`
[INFO] [stdout] 6a212b31a6f1501820bf09ff92a8ba0f4b5eb925ac07e9a9d5227b129cc0863a
[INFO] running `Command { std: "docker" "start" "-a" "6a212b31a6f1501820bf09ff92a8ba0f4b5eb925ac07e9a9d5227b129cc0863a", kill_on_drop: false }`
[INFO] running `Command { std: "docker" "inspect" "6a212b31a6f1501820bf09ff92a8ba0f4b5eb925ac07e9a9d5227b129cc0863a", kill_on_drop: false }`
[INFO] running `Command { std: "docker" "rm" "-f" "6a212b31a6f1501820bf09ff92a8ba0f4b5eb925ac07e9a9d5227b129cc0863a", kill_on_drop: false }`
[INFO] [stdout] 6a212b31a6f1501820bf09ff92a8ba0f4b5eb925ac07e9a9d5227b129cc0863a
[INFO] running `Command { std: "docker" "create" "-v" "/var/lib/crater-agent-workspace/builds/worker-7-tc2/target:/opt/rustwide/target:rw,Z" "-v" "/var/lib/crater-agent-workspace/builds/worker-7-tc2/source:/opt/rustwide/workdir:ro,Z" "-v" "/var/lib/crater-agent-workspace/cargo-home:/opt/rustwide/cargo-home:ro,Z" "-v" "/var/lib/crater-agent-workspace/rustup-home:/opt/rustwide/rustup-home:ro,Z" "-e" "SOURCE_DIR=/opt/rustwide/workdir" "-e" "CARGO_TARGET_DIR=/opt/rustwide/target" "-e" "CARGO_INCREMENTAL=0" "-e" "RUST_BACKTRACE=full" "-e" "RUSTFLAGS=--cap-lints=warn" "-e" "RUSTDOCFLAGS=--cap-lints=warn" "-e" "CARGO_HOME=/opt/rustwide/cargo-home" "-e" "RUSTUP_HOME=/opt/rustwide/rustup-home" "-w" "/opt/rustwide/workdir" "-m" "1610612736" "--user" "0:0" "--network" "none" "ghcr.io/rust-lang/crates-build-env/linux@sha256:2788e3201cd34a07e3172128adcd8b3090168a8e3bcc40d7c032b9dda1df7d1c" "/opt/rustwide/cargo-home/bin/cargo" "+beta-2023-12-22" "doc" "--frozen" "--no-deps" "--document-private-items" "--message-format=json", kill_on_drop: false }`
[INFO] [stdout] ceee8db0722598ba7912f12df8e0f2e522e98402bbdb0491f89df0e2b9069c36
[INFO] running `Command { std: "docker" "start" "-a" "ceee8db0722598ba7912f12df8e0f2e522e98402bbdb0491f89df0e2b9069c36", kill_on_drop: false }`
[INFO] [stderr]    Compiling proc-macro2 v1.0.69
[INFO] [stderr]    Compiling unicode-ident v1.0.12
[INFO] [stderr]    Compiling autocfg v1.1.0
[INFO] [stderr]    Compiling libc v0.2.150
[INFO] [stderr]     Checking cfg-if v1.0.0
[INFO] [stderr]    Compiling serde v1.0.192
[INFO] [stderr]    Compiling version_check v0.9.4
[INFO] [stderr]    Compiling syn v1.0.109
[INFO] [stderr]     Checking log v0.4.20
[INFO] [stderr]     Checking memchr v2.6.4
[INFO] [stderr]     Checking once_cell v1.18.0
[INFO] [stderr]     Checking scopeguard v1.2.0
[INFO] [stderr]     Checking pin-project-lite v0.2.9
[INFO] [stderr]     Checking bytes v1.4.0
[INFO] [stderr]    Compiling futures-core v0.3.29
[INFO] [stderr]     Checking itoa v1.0.9
[INFO] [stderr]    Compiling parking_lot_core v0.9.7
[INFO] [stderr]     Checking futures-sink v0.3.29
[INFO] [stderr]    Compiling futures-task v0.3.28
[INFO] [stderr]    Compiling futures-channel v0.3.28
[INFO] [stderr]    Compiling futures-util v0.3.28
[INFO] [stderr]     Checking pin-utils v0.1.0
[INFO] [stderr]     Checking futures-io v0.3.28
[INFO] [stderr]     Checking tracing-core v0.1.30
[INFO] [stderr]    Compiling crossbeam-utils v0.8.16
[INFO] [stderr]     Checking fnv v1.0.7
[INFO] [stderr]    Compiling ahash v0.7.7
[INFO] [stderr]    Compiling lock_api v0.4.11
[INFO] [stderr]    Compiling slab v0.4.8
[INFO] [stderr]    Compiling tokio v1.27.0
[INFO] [stderr]    Compiling num-traits v0.2.17
[INFO] [stderr]     Checking ppv-lite86 v0.2.17
[INFO] [stderr]     Checking bitflags v1.3.2
[INFO] [stderr]     Checking http v0.2.9
[INFO] [stderr]    Compiling thiserror v1.0.50
[INFO] [stderr]     Checking percent-encoding v2.3.0
[INFO] [stderr]    Compiling num-integer v0.1.45
[INFO] [stderr]    Compiling memoffset v0.9.0
[INFO] [stderr]     Checking lazy_static v1.4.0
[INFO] [stderr]    Compiling either v1.9.0
[INFO] [stderr]    Compiling crossbeam-epoch v0.9.15
[INFO] [stderr]    Compiling indexmap v1.9.3
[INFO] [stderr]    Compiling async-trait v0.1.68
[INFO] [stderr]     Checking ryu v1.0.15
[INFO] [stderr]    Compiling typenum v1.16.0
[INFO] [stderr]    Compiling generic-array v0.14.7
[INFO] [stderr]     Checking tower-service v0.3.2
[INFO] [stderr]    Compiling quote v1.0.33
[INFO] [stderr]    Compiling serde_json v1.0.108
[INFO] [stderr]    Compiling httparse v1.8.0
[INFO] [stderr]    Compiling rayon-core v1.12.0
[INFO] [stderr]     Checking untrusted v0.7.1
[INFO] [stderr]     Checking spin v0.5.2
[INFO] [stderr]     Checking try-lock v0.2.4
[INFO] [stderr]    Compiling syn v2.0.39
[INFO] [stderr]     Checking want v0.3.0
[INFO] [stderr]     Checking form_urlencoded v1.2.0
[INFO] [stderr]    Compiling anyhow v1.0.75
[INFO] [stderr]     Checking adler v1.0.2
[INFO] [stderr]     Checking aho-corasick v1.1.2
[INFO] [stderr]     Checking http-body v0.4.5
[INFO] [stderr]     Checking iana-time-zone v0.1.54
[INFO] [stderr]     Checking simd-adler32 v0.3.7
[INFO] [stderr]     Checking mime v0.3.17
[INFO] [stderr]    Compiling rustix v0.38.25
[INFO] [stderr]     Checking regex-syntax v0.8.2
[INFO] [stderr]     Checking spin v0.9.8
[INFO] [stderr]    Compiling bitflags v2.4.1
[INFO] [stderr]    Compiling linux-raw-sys v0.4.11
[INFO] [stderr]     Checking crossbeam-deque v0.8.3
[INFO] [stderr]     Checking subtle v2.4.1
[INFO] [stderr]    Compiling proc-macro-error-attr v1.0.4
[INFO] [stderr]    Compiling home v0.5.5
[INFO] [stderr]     Checking tinyvec_macros v0.1.1
[INFO] [stderr]     Checking httpdate v1.0.2
[INFO] [stderr]    Compiling crc32fast v1.3.2
[INFO] [stderr]     Checking tinyvec v1.6.0
[INFO] [stderr]     Checking miniz_oxide v0.7.1
[INFO] [stderr]    Compiling jobserver v0.1.27
[INFO] [stderr]     Checking getrandom v0.2.11
[INFO] [stderr]     Checking num_cpus v1.16.0
[INFO] [stderr]     Checking socket2 v0.4.9
[INFO] [stderr]     Checking signal-hook-registry v1.4.1
[INFO] [stderr]     Checking mio v0.8.6
[INFO] [stderr]     Checking rand_core v0.6.4
[INFO] [stderr]    Compiling cc v1.0.83
[INFO] [stderr]     Checking time v0.1.45
[INFO] [stderr]     Checking rand_chacha v0.3.1
[INFO] [stderr]     Checking hashbrown v0.12.3
[INFO] [stderr]    Compiling num-bigint v0.4.4
[INFO] [stderr]    Compiling proc-macro-error v1.0.4
[INFO] [stderr]    Compiling eyre v0.6.8
[INFO] [stderr]     Checking rand v0.8.5
[INFO] [stderr]     Checking rayon v1.8.0
[INFO] [stderr]     Checking unicode-normalization v0.1.22
[INFO] [stderr]    Compiling num-rational v0.4.1
[INFO] [stderr]     Checking encoding_rs v0.8.32
[INFO] [stderr]    Compiling time-core v0.1.0
[INFO] [stderr]    Compiling pkg-config v0.3.27
[INFO] [stderr]     Checking unicode-bidi v0.3.13
[INFO] [stderr]     Checking base64 v0.13.1
[INFO] [stderr]     Checking block-buffer v0.10.4
[INFO] [stderr]     Checking crypto-common v0.1.6
[INFO] [stderr]    Compiling rustversion v1.0.11
[INFO] [stderr]     Checking digest v0.10.6
[INFO] [stderr]     Checking indenter v0.3.3
[INFO] [stderr]     Checking byteorder v1.5.0
[INFO] [stderr]     Checking idna v0.4.0
[INFO] [stderr]    Compiling time-macros v0.2.8
[INFO] [stderr]     Checking regex-automata v0.4.3
[INFO] [stderr]     Checking flate2 v1.0.28
[INFO] [stderr]     Checking cpufeatures v0.2.6
[INFO] [stderr]     Checking url v2.4.1
[INFO] [stderr]     Checking itertools v0.10.5
[INFO] [stderr]    Compiling ring v0.16.20
[INFO] [stderr]    Compiling which v4.4.2
[INFO] [stderr]     Checking bytemuck v1.14.0
[INFO] [stderr]     Checking cfg-if v0.1.10
[INFO] [stderr]    Compiling semver v1.0.20
[INFO] [stderr]     Checking tower-layer v0.3.2
[INFO] [stderr]    Compiling glob v0.3.1
[INFO] [stderr]     Checking regex-syntax v0.6.29
[INFO] [stderr]     Checking net2 v0.2.38
[INFO] [stderr]     Checking iovec v0.1.4
[INFO] [stderr]    Compiling prettyplease v0.2.15
[INFO] [stderr]    Compiling clang-sys v1.6.1
[INFO] [stderr]     Checking weezl v0.1.7
[INFO] [stderr]     Checking bytes v0.5.6
[INFO] [stderr]     Checking overload v0.1.1
[INFO] [stderr]    Compiling heck v0.4.1
[INFO] [stderr]     Checking nu-ansi-term v0.46.0
[INFO] [stderr]     Checking mio v0.6.23
[INFO] [stderr]     Checking jpeg-decoder v0.3.0
[INFO] [stderr]     Checking flume v0.11.0
[INFO] [stderr]     Checking zune-inflate v0.2.54
[INFO] [stderr]     Checking regex v1.10.2
[INFO] [stderr]     Checking fdeflate v0.3.1
[INFO] [stderr]     Checking tracing-log v0.1.3
[INFO] [stderr]     Checking sharded-slab v0.1.4
[INFO] [stderr]    Compiling unicase v2.6.0
[INFO] [stderr]     Checking thread_local v1.1.4
[INFO] [stderr]    Compiling io-lifetimes v1.0.10
[INFO] [stderr]    Compiling minimal-lexical v0.2.1
[INFO] [stderr]     Checking retain_mut v0.1.9
[INFO] [stderr]     Checking bit_field v0.10.2
[INFO] [stderr]     Checking lebe v0.5.2
[INFO] [stderr]     Checking half v2.2.1
[INFO] [stderr]     Checking color_quant v1.1.0
[INFO] [stderr]     Checking base64 v0.21.5
[INFO] [stderr]     Checking pin-project-lite v0.1.12
[INFO] [stderr]    Compiling pq-sys v0.4.7
[INFO] [stderr]     Checking gif v0.12.0
[INFO] [stderr]     Checking tokio v0.2.25
[INFO] [stderr]    Compiling nom v7.1.3
[INFO] [stderr]     Checking tiff v0.9.0
[INFO] [stderr]     Checking png v0.17.10
[INFO] [stderr]    Compiling axum-core v0.3.4
[INFO] [stderr]     Checking qoi v0.4.1
[INFO] [stderr]     Checking regex-automata v0.1.10
[INFO] [stderr]    Compiling libloading v0.7.4
[INFO] [stderr]    Compiling bindgen v0.68.1
[INFO] [stderr]    Compiling proc-macro-hack v0.5.20+deprecated
[INFO] [stderr]    Compiling rustix v0.37.11
[INFO] [stderr]    Compiling rustls v0.20.8
[INFO] [stderr]     Checking matchers v0.1.0
[INFO] [stderr]     Checking crossbeam-channel v0.5.8
[INFO] [stderr]    Compiling multer v2.0.4
[INFO] [stderr]    Compiling rustc-hash v1.1.0
[INFO] [stderr]    Compiling vcpkg v0.2.15
[INFO] [stderr]     Checking rust_hawktracer_normal_macro v0.4.1
[INFO] [stderr]    Compiling rust_hawktracer_proc_macro v0.4.1
[INFO] [stderr]    Compiling ucd-trie v0.1.5
[INFO] [stderr]    Compiling linux-raw-sys v0.3.1
[INFO] [stderr]    Compiling doc-comment v0.3.3
[INFO] [stderr]    Compiling peeking_take_while v0.1.2
[INFO] [stderr]     Checking ipnet v2.7.2
[INFO] [stderr]    Compiling libdav1d-sys v0.6.0
[INFO] [stderr]    Compiling lazycell v1.3.0
[INFO] [stderr]     Checking webpki v0.22.0
[INFO] [stderr]     Checking sct v0.7.0
[INFO] [stderr]    Compiling serde_derive v1.0.192
[INFO] [stderr]    Compiling tokio-macros v2.0.0
[INFO] [stderr]    Compiling futures-macro v0.3.28
[INFO] [stderr]    Compiling thiserror-impl v1.0.50
[INFO] [stderr]    Compiling pin-project-internal v1.1.3
[INFO] [stderr]    Compiling cexpr v0.6.0
[INFO] [stderr]     Checking webpki v0.21.4
[INFO] [stderr]    Compiling shlex v1.2.0
[INFO] [stderr]    Compiling libsqlite3-sys v0.25.2
[INFO] [stderr]     Checking tokio-util v0.3.1
[INFO] [stderr]    Compiling num-derive v0.4.0
[INFO] [stderr]    Compiling tracing-attributes v0.1.23
[INFO] [stderr]    Compiling prost-derive v0.9.0
[INFO] [stderr]    Compiling diesel_derives v2.0.2
[INFO] [stderr]    Compiling nasm-rs v0.2.5
[INFO] [stderr]     Checking sct v0.6.1
[INFO] [stderr]     Checking rust_hawktracer v0.7.0
[INFO] [stderr]    Compiling prost-build v0.9.0
[INFO] [stderr]     Checking pin-project v1.1.3
[INFO] [stderr]    Compiling axum v0.6.15
[INFO] [stderr]     Checking sha1 v0.10.5
[INFO] [stderr]    Compiling pest v2.5.7
[INFO] [stderr]    Compiling cmake v0.1.50
[INFO] [stderr]     Checking headers-core v0.2.0
[INFO] [stderr]     Checking instant v0.1.12
[INFO] [stderr]    Compiling fastrand v1.9.0
[INFO] [stderr]    Compiling noop_proc_macro v0.3.0
[INFO] [stderr]    Compiling paste v1.0.14
[INFO] [stderr]    Compiling getrandom v0.1.16
[INFO] [stderr]     Checking static_assertions v1.1.0
[INFO] [stderr]    Compiling unicode-segmentation v1.10.1
[INFO] [stderr]    Compiling fixedbitset v0.4.2
[INFO] [stderr]     Checking base64 v0.12.3
[INFO] [stderr]     Checking v_frame v0.3.6
[INFO] [stderr]    Compiling petgraph v0.6.2
[INFO] [stderr]     Checking rustls v0.18.1
[INFO] [stderr]    Compiling proc-quote-impl v0.3.2
[INFO] [stderr]    Compiling libavif-sys v0.15.0
[INFO] [stderr]    Compiling heck v0.3.3
[INFO] [stderr]    Compiling tempfile v3.5.0
[INFO] [stderr]     Checking tracing v0.1.37
[INFO] [stderr]    Compiling pest_meta v2.5.6
[INFO] [stderr]     Checking tracing-futures v0.2.5
[INFO] [stderr]    Compiling prost v0.9.0
[INFO] [stderr]     Checking headers v0.3.8
[INFO] [stderr]    Compiling mime_guess v2.0.4
[INFO] [stderr]     Checking http-body v0.3.1
[INFO] [stderr]    Compiling libwebp-sys v0.4.2
[INFO] [stderr]    Compiling prost-types v0.9.0
[INFO] [stderr]     Checking futures-executor v0.3.28
[INFO] [stderr]     Checking futures v0.3.28
[INFO] [stderr]     Checking h2 v0.2.7
[INFO] [stderr]     Checking socket2 v0.3.19
[INFO] [stderr]     Checking csv-core v0.1.10
[INFO] [stderr]    Compiling cookie v0.16.1
[INFO] [stderr]     Checking itoa v0.4.8
[INFO] [stderr]     Checking alloc-no-stdlib v2.0.4
[INFO] [stderr]     Checking matchit v0.7.0
[INFO] [stderr]    Compiling multimap v0.8.3
[INFO] [stderr]    Compiling parking_lot_core v0.8.5
[INFO] [stderr]     Checking sync_wrapper v0.1.1
[INFO] [stderr]     Checking httpdate v0.3.2
[INFO] [stderr]     Checking alloc-stdlib v0.2.2
[INFO] [stderr]     Checking tokio-rustls v0.14.1
[INFO] [stderr]    Compiling pest_generator v2.5.6
[INFO] [stderr]    Compiling proc-quote v0.4.0
[INFO] [stderr]    Compiling diesel-derive-enum v2.0.1
[INFO] [stderr]    Compiling snafu-derive v0.7.4
[INFO] [stderr]    Compiling num-derive v0.3.3
[INFO] [stderr]     Checking webpki-roots v0.22.6
[INFO] [stderr]    Compiling arg_enum_proc_macro v0.3.4
[INFO] [stderr] error: could not compile `bindgen` (lib)
[INFO] [stderr] 
[INFO] [stderr] Caused by:
[INFO] [stderr]   process didn't exit successfully: `/opt/rustwide/rustup-home/toolchains/beta-2023-12-22-x86_64-unknown-linux-gnu/bin/rustc --crate-name bindgen --edition=2018 /opt/rustwide/cargo-home/registry/src/index.crates.io-6f17d22bba15001f/bindgen-0.68.1/lib.rs --error-format=json --json=diagnostic-rendered-ansi,artifacts,future-incompat --crate-type lib --emit=dep-info,metadata,link -C embed-bitcode=no --cfg 'feature="default"' --cfg 'feature="logging"' --cfg 'feature="prettyplease"' --cfg 'feature="runtime"' --cfg 'feature="which-rustfmt"' -C metadata=e162846df13bf01d -C extra-filename=-e162846df13bf01d --out-dir /opt/rustwide/target/debug/deps -L dependency=/opt/rustwide/target/debug/deps --extern bitflags=/opt/rustwide/target/debug/deps/libbitflags-4380021f3d68fbc6.rmeta --extern cexpr=/opt/rustwide/target/debug/deps/libcexpr-a10b0aba0b290cf2.rmeta --extern clang_sys=/opt/rustwide/target/debug/deps/libclang_sys-96009a33d39ececb.rmeta --extern lazy_static=/opt/rustwide/target/debug/deps/liblazy_static-9e387837147b962e.rmeta --extern lazycell=/opt/rustwide/target/debug/deps/liblazycell-12abb96df01d4234.rmeta --extern log=/opt/rustwide/target/debug/deps/liblog-a675c699a994c380.rmeta --extern peeking_take_while=/opt/rustwide/target/debug/deps/libpeeking_take_while-b6d60bfccddccb5e.rmeta --extern prettyplease=/opt/rustwide/target/debug/deps/libprettyplease-cfd372351c71c556.rmeta --extern proc_macro2=/opt/rustwide/target/debug/deps/libproc_macro2-00ccf126c88e5498.rmeta --extern quote=/opt/rustwide/target/debug/deps/libquote-fbe8e71e7887c583.rmeta --extern regex=/opt/rustwide/target/debug/deps/libregex-961a9f064c24b781.rmeta --extern rustc_hash=/opt/rustwide/target/debug/deps/librustc_hash-5fc4804f431dba66.rmeta --extern shlex=/opt/rustwide/target/debug/deps/libshlex-0c87128e3bf84452.rmeta --extern syn=/opt/rustwide/target/debug/deps/libsyn-ce1a7f710238f829.rmeta --extern which=/opt/rustwide/target/debug/deps/libwhich-6b068fe95217dad9.rmeta --cap-lints allow --cap-lints=warn` (signal: 9, SIGKILL: kill)
[INFO] [stderr] warning: build failed, waiting for other jobs to finish...
[INFO] [stderr] The following warnings were emitted during compilation:
[INFO] [stderr] 
[INFO] [stderr] warning: libsqlite3-sys@0.25.2: cc: fatal error: Killed signal terminated program cc1
[INFO] [stderr] warning: libsqlite3-sys@0.25.2: compilation terminated.
[INFO] [stderr] 
[INFO] [stderr] error: failed to run custom build command for `libsqlite3-sys v0.25.2`
[INFO] [stderr] note: To improve backtraces for build dependencies, set the CARGO_PROFILE_DEV_BUILD_OVERRIDE_DEBUG=true environment variable to enable debug information generation.
[INFO] [stderr] 
[INFO] [stderr] Caused by:
[INFO] [stderr]   process didn't exit successfully: `/opt/rustwide/target/debug/build/libsqlite3-sys-125d9dab035433ec/build-script-build` (exit status: 1)
[INFO] [stderr]   --- stdout
[INFO] [stderr]   cargo:rerun-if-changed=sqlite3/sqlite3.c
[INFO] [stderr]   cargo:rerun-if-changed=sqlite3/wasm32-wasi-vfs.c
[INFO] [stderr]   cargo:rerun-if-env-changed=SQLITE_MAX_VARIABLE_NUMBER
[INFO] [stderr]   cargo:rerun-if-env-changed=SQLITE_MAX_EXPR_DEPTH
[INFO] [stderr]   cargo:rerun-if-env-changed=LIBSQLITE3_FLAGS
[INFO] [stderr]   TARGET = Some("x86_64-unknown-linux-gnu")
[INFO] [stderr]   OPT_LEVEL = Some("0")
[INFO] [stderr]   HOST = Some("x86_64-unknown-linux-gnu")
[INFO] [stderr]   cargo:rerun-if-env-changed=CC_x86_64-unknown-linux-gnu
[INFO] [stderr]   CC_x86_64-unknown-linux-gnu = None
[INFO] [stderr]   cargo:rerun-if-env-changed=CC_x86_64_unknown_linux_gnu
[INFO] [stderr]   CC_x86_64_unknown_linux_gnu = None
[INFO] [stderr]   cargo:rerun-if-env-changed=HOST_CC
[INFO] [stderr]   HOST_CC = None
[INFO] [stderr]   cargo:rerun-if-env-changed=CC
[INFO] [stderr]   CC = None
[INFO] [stderr]   cargo:rerun-if-env-changed=CRATE_CC_NO_DEFAULTS
[INFO] [stderr]   CRATE_CC_NO_DEFAULTS = None
[INFO] [stderr]   DEBUG = Some("true")
[INFO] [stderr]   CARGO_CFG_TARGET_FEATURE = Some("fxsr,sse,sse2")
[INFO] [stderr]   cargo:rerun-if-env-changed=CFLAGS_x86_64-unknown-linux-gnu
[INFO] [stderr]   CFLAGS_x86_64-unknown-linux-gnu = None
[INFO] [stderr]   cargo:rerun-if-env-changed=CFLAGS_x86_64_unknown_linux_gnu
[INFO] [stderr]   CFLAGS_x86_64_unknown_linux_gnu = None
[INFO] [stderr]   cargo:rerun-if-env-changed=HOST_CFLAGS
[INFO] [stderr]   HOST_CFLAGS = None
[INFO] [stderr]   cargo:rerun-if-env-changed=CFLAGS
[INFO] [stderr]   CFLAGS = None
[INFO] [stderr]   running: "cc" "-O0" "-ffunction-sections" "-fdata-sections" "-fPIC" "-gdwarf-4" "-fno-omit-frame-pointer" "-m64" "-DSQLITE_CORE" "-DSQLITE_DEFAULT_FOREIGN_KEYS=1" "-DSQLITE_ENABLE_API_ARMOR" "-DSQLITE_ENABLE_COLUMN_METADATA" "-DSQLITE_ENABLE_DBSTAT_VTAB" "-DSQLITE_ENABLE_FTS3" "-DSQLITE_ENABLE_FTS3_PARENTHESIS" "-DSQLITE_ENABLE_FTS5" "-DSQLITE_ENABLE_JSON1" "-DSQLITE_ENABLE_LOAD_EXTENSION=1" "-DSQLITE_ENABLE_MEMORY_MANAGEMENT" "-DSQLITE_ENABLE_RTREE" "-DSQLITE_ENABLE_STAT2" "-DSQLITE_ENABLE_STAT4" "-DSQLITE_SOUNDEX" "-DSQLITE_THREADSAFE=1" "-DSQLITE_USE_URI" "-DHAVE_USLEEP=1" "-D_POSIX_THREAD_SAFE_FUNCTIONS" "-DHAVE_ISNAN" "-DHAVE_LOCALTIME_R" "-DSQLITE_ENABLE_UNLOCK_NOTIFY" "-o" "/opt/rustwide/target/debug/build/libsqlite3-sys-9380c2567106f6fe/out/sqlite3/sqlite3.o" "-c" "sqlite3/sqlite3.c"
[INFO] [stderr]   exit status: 1
[INFO] [stderr]   cargo:warning=cc: fatal error: Killed signal terminated program cc1
[INFO] [stderr] 
[INFO] [stderr]   cargo:warning=compilation terminated.
[INFO] [stderr] 
[INFO] [stderr] 
[INFO] [stderr]   --- stderr
[INFO] [stderr] 
[INFO] [stderr] 
[INFO] [stderr]   error occurred: Command "cc" "-O0" "-ffunction-sections" "-fdata-sections" "-fPIC" "-gdwarf-4" "-fno-omit-frame-pointer" "-m64" "-DSQLITE_CORE" "-DSQLITE_DEFAULT_FOREIGN_KEYS=1" "-DSQLITE_ENABLE_API_ARMOR" "-DSQLITE_ENABLE_COLUMN_METADATA" "-DSQLITE_ENABLE_DBSTAT_VTAB" "-DSQLITE_ENABLE_FTS3" "-DSQLITE_ENABLE_FTS3_PARENTHESIS" "-DSQLITE_ENABLE_FTS5" "-DSQLITE_ENABLE_JSON1" "-DSQLITE_ENABLE_LOAD_EXTENSION=1" "-DSQLITE_ENABLE_MEMORY_MANAGEMENT" "-DSQLITE_ENABLE_RTREE" "-DSQLITE_ENABLE_STAT2" "-DSQLITE_ENABLE_STAT4" "-DSQLITE_SOUNDEX" "-DSQLITE_THREADSAFE=1" "-DSQLITE_USE_URI" "-DHAVE_USLEEP=1" "-D_POSIX_THREAD_SAFE_FUNCTIONS" "-DHAVE_ISNAN" "-DHAVE_LOCALTIME_R" "-DSQLITE_ENABLE_UNLOCK_NOTIFY" "-o" "/opt/rustwide/target/debug/build/libsqlite3-sys-9380c2567106f6fe/out/sqlite3/sqlite3.o" "-c" "sqlite3/sqlite3.c" with args "cc" did not execute successfully (status code exit status: 1).
[INFO] [stderr] 
[INFO] [stderr] 
[INFO] running `Command { std: "docker" "inspect" "ceee8db0722598ba7912f12df8e0f2e522e98402bbdb0491f89df0e2b9069c36", kill_on_drop: false }`
[INFO] running `Command { std: "docker" "rm" "-f" "ceee8db0722598ba7912f12df8e0f2e522e98402bbdb0491f89df0e2b9069c36", kill_on_drop: false }`
[INFO] [stdout] ceee8db0722598ba7912f12df8e0f2e522e98402bbdb0491f89df0e2b9069c36
