[INFO] cloning repository https://github.com/dicej/spin-adapter
[INFO] running `Command { std: "git" "-c" "credential.helper=" "-c" "credential.helper=/workspace/cargo-home/bin/git-credential-null" "clone" "--bare" "https://github.com/dicej/spin-adapter" "/workspace/cache/git-repos/https%3A%2F%2Fgithub.com%2Fdicej%2Fspin-adapter", kill_on_drop: false }`
[INFO] [stderr] Cloning into bare repository '/workspace/cache/git-repos/https%3A%2F%2Fgithub.com%2Fdicej%2Fspin-adapter'...
[INFO] running `Command { std: "git" "rev-parse" "HEAD", kill_on_drop: false }`
[INFO] [stdout] a89aec202a97698eb4d42cea52974ce952790927
[INFO] documenting dicej/spin-adapter against 1.75.0 for beta-1.76-rustdoc-1
[INFO] running `Command { std: "git" "clone" "/workspace/cache/git-repos/https%3A%2F%2Fgithub.com%2Fdicej%2Fspin-adapter" "/workspace/builds/worker-5-tc1/source", kill_on_drop: false }`
[INFO] [stderr] Cloning into '/workspace/builds/worker-5-tc1/source'...
[INFO] [stderr] done.
[INFO] validating manifest of git repo https://github.com/dicej/spin-adapter on toolchain 1.75.0
[INFO] running `Command { std: CARGO_HOME="/workspace/cargo-home" RUSTUP_HOME="/workspace/rustup-home" "/workspace/cargo-home/bin/cargo" "+1.75.0" "metadata" "--manifest-path" "Cargo.toml" "--no-deps", kill_on_drop: false }`
[INFO] started tweaking git repo https://github.com/dicej/spin-adapter
[INFO] finished tweaking git repo https://github.com/dicej/spin-adapter
[INFO] tweaked toml for git repo https://github.com/dicej/spin-adapter written to /workspace/builds/worker-5-tc1/source/Cargo.toml
[INFO] crate git repo https://github.com/dicej/spin-adapter already has a lockfile, it will not be regenerated
[INFO] running `Command { std: CARGO_HOME="/workspace/cargo-home" RUSTUP_HOME="/workspace/rustup-home" "/workspace/cargo-home/bin/cargo" "+1.75.0" "fetch" "--manifest-path" "Cargo.toml", kill_on_drop: false }`
[INFO] [stderr]     Blocking waiting for file lock on package cache
[ERROR] error running command: no output for 300 seconds
[ERROR] this task or one of its parent failed!
[ERROR] no output for 300 seconds
[ERROR] note: run with `RUST_BACKTRACE=1` to display a backtrace.
[INFO] documenting dicej/spin-adapter against beta-2023-12-22 for beta-1.76-rustdoc-1
[INFO] running `Command { std: "git" "clone" "/workspace/cache/git-repos/https%3A%2F%2Fgithub.com%2Fdicej%2Fspin-adapter" "/workspace/builds/worker-5-tc2/source", kill_on_drop: false }`
[INFO] [stderr] Cloning into '/workspace/builds/worker-5-tc2/source'...
[INFO] [stderr] done.
[INFO] validating manifest of git repo https://github.com/dicej/spin-adapter on toolchain beta-2023-12-22
[INFO] running `Command { std: CARGO_HOME="/workspace/cargo-home" RUSTUP_HOME="/workspace/rustup-home" "/workspace/cargo-home/bin/cargo" "+beta-2023-12-22" "metadata" "--manifest-path" "Cargo.toml" "--no-deps", kill_on_drop: false }`
[INFO] started tweaking git repo https://github.com/dicej/spin-adapter
[INFO] finished tweaking git repo https://github.com/dicej/spin-adapter
[INFO] tweaked toml for git repo https://github.com/dicej/spin-adapter written to /workspace/builds/worker-5-tc2/source/Cargo.toml
[INFO] crate git repo https://github.com/dicej/spin-adapter already has a lockfile, it will not be regenerated
[INFO] running `Command { std: CARGO_HOME="/workspace/cargo-home" RUSTUP_HOME="/workspace/rustup-home" "/workspace/cargo-home/bin/cargo" "+beta-2023-12-22" "fetch" "--manifest-path" "Cargo.toml", kill_on_drop: false }`
[INFO] [stderr]     Blocking waiting for file lock on package cache
[INFO] [stderr]     Updating git repository `https://github.com/dicej/wasm-tools`
[INFO] [stderr]     Updating git submodule `https://github.com/WebAssembly/testsuite`
[INFO] [stderr]     Updating git repository `https://github.com/bytecodealliance/wasmtime`
[INFO] [stderr]     Updating git submodule `https://github.com/WebAssembly/WASI`
[INFO] [stderr]     Updating git submodule `https://github.com/WebAssembly/wasm-c-api`
[INFO] [stderr]     Updating git submodule `https://github.com/WebAssembly/wasi-crypto.git`
[INFO] [stderr]     Updating git submodule `https://github.com/WebAssembly/wasi-nn`
[INFO] [stderr]     Updating git submodule `https://github.com/WebAssembly/testsuite`
[INFO] [stderr]     Updating git submodule `https://github.com/WebAssembly/wasi-threads`
[INFO] [stderr]     Updating crates.io index
[INFO] [stderr]     Blocking waiting for file lock on package cache
[INFO] [stderr]  Downloading crates ...
[INFO] [stderr]   Downloaded wat v1.0.61
[INFO] [stderr]   Downloaded fs-set-times v0.18.1
[INFO] [stderr]   Downloaded ittapi v0.3.3
[INFO] [stderr]   Downloaded wasmprinter v0.2.54
[INFO] [stderr]   Downloaded ambient-authority v0.0.1
[INFO] [stderr]   Downloaded wast v55.0.0
[INFO] [stderr]   Downloaded fd-lock v3.0.10
[INFO] [stderr]   Downloaded rustix v0.36.9
[INFO] [stderr]   Downloaded ittapi-sys v0.3.3
[INFO] [stderr]   Downloaded cap-fs-ext v1.0.6
[INFO] [stderr]   Downloaded cap-time-ext v1.0.6
[INFO] [stderr]   Downloaded cap-rand v1.0.6
[INFO] [stderr]   Downloaded tokio v1.26.0
[INFO] [stderr]   Downloaded cap-std v1.0.6
[INFO] [stderr]   Downloaded io-lifetimes v1.0.7
[INFO] [stderr]   Downloaded system-interface v0.25.4
[INFO] [stderr]   Downloaded winx v0.35.0
[INFO] [stderr]   Downloaded unicode-bidi v0.3.11
[INFO] [stderr]   Downloaded wasm-encoder v0.25.0
[INFO] [stderr]   Downloaded cap-primitives v1.0.6
[INFO] [stderr]   Downloaded io-extras v0.17.2
[INFO] [stderr]   Downloaded async-trait v0.1.66
[INFO] [stderr]   Downloaded wit-parser v0.6.4
[INFO] [stderr]   Downloaded pulldown-cmark v0.8.0
[INFO] running `Command { std: "docker" "create" "-v" "/var/lib/crater-agent-workspace/builds/worker-5-tc2/target:/opt/rustwide/target:rw,Z" "-v" "/var/lib/crater-agent-workspace/builds/worker-5-tc2/source:/opt/rustwide/workdir:ro,Z" "-v" "/var/lib/crater-agent-workspace/cargo-home:/opt/rustwide/cargo-home:ro,Z" "-v" "/var/lib/crater-agent-workspace/rustup-home:/opt/rustwide/rustup-home:ro,Z" "-e" "SOURCE_DIR=/opt/rustwide/workdir" "-e" "CARGO_TARGET_DIR=/opt/rustwide/target" "-e" "CARGO_HOME=/opt/rustwide/cargo-home" "-e" "RUSTUP_HOME=/opt/rustwide/rustup-home" "-w" "/opt/rustwide/workdir" "-m" "1610612736" "--user" "0:0" "--network" "none" "ghcr.io/rust-lang/crates-build-env/linux@sha256:2788e3201cd34a07e3172128adcd8b3090168a8e3bcc40d7c032b9dda1df7d1c" "/opt/rustwide/cargo-home/bin/cargo" "+beta-2023-12-22" "metadata" "--no-deps" "--format-version=1", kill_on_drop: false }`
[INFO] [stdout] 84582bc03be052f55b522e4ade6d02eed516d7f3eb39a172558c47d64b5a73a5
[INFO] running `Command { std: "docker" "start" "-a" "84582bc03be052f55b522e4ade6d02eed516d7f3eb39a172558c47d64b5a73a5", kill_on_drop: false }`
[INFO] running `Command { std: "docker" "inspect" "84582bc03be052f55b522e4ade6d02eed516d7f3eb39a172558c47d64b5a73a5", kill_on_drop: false }`
[INFO] running `Command { std: "docker" "rm" "-f" "84582bc03be052f55b522e4ade6d02eed516d7f3eb39a172558c47d64b5a73a5", kill_on_drop: false }`
[INFO] [stdout] 84582bc03be052f55b522e4ade6d02eed516d7f3eb39a172558c47d64b5a73a5
[INFO] running `Command { std: "docker" "create" "-v" "/var/lib/crater-agent-workspace/builds/worker-5-tc2/target:/opt/rustwide/target:rw,Z" "-v" "/var/lib/crater-agent-workspace/builds/worker-5-tc2/source:/opt/rustwide/workdir:ro,Z" "-v" "/var/lib/crater-agent-workspace/cargo-home:/opt/rustwide/cargo-home:ro,Z" "-v" "/var/lib/crater-agent-workspace/rustup-home:/opt/rustwide/rustup-home:ro,Z" "-e" "SOURCE_DIR=/opt/rustwide/workdir" "-e" "CARGO_TARGET_DIR=/opt/rustwide/target" "-e" "CARGO_INCREMENTAL=0" "-e" "RUST_BACKTRACE=full" "-e" "RUSTFLAGS=--cap-lints=warn" "-e" "RUSTDOCFLAGS=--cap-lints=warn" "-e" "CARGO_HOME=/opt/rustwide/cargo-home" "-e" "RUSTUP_HOME=/opt/rustwide/rustup-home" "-w" "/opt/rustwide/workdir" "-m" "1610612736" "--user" "0:0" "--network" "none" "ghcr.io/rust-lang/crates-build-env/linux@sha256:2788e3201cd34a07e3172128adcd8b3090168a8e3bcc40d7c032b9dda1df7d1c" "/opt/rustwide/cargo-home/bin/cargo" "+beta-2023-12-22" "doc" "--frozen" "--no-deps" "--document-private-items" "--message-format=json", kill_on_drop: false }`
[INFO] [stdout] b9c2923fcedaa9402a0249aa7fa3704f04ec3faeaf8c8e797def8328c196d31f
[INFO] running `Command { std: "docker" "start" "-a" "b9c2923fcedaa9402a0249aa7fa3704f04ec3faeaf8c8e797def8328c196d31f", kill_on_drop: false }`
[INFO] [stderr]    Compiling proc-macro2 v1.0.52
[INFO] [stderr]    Compiling quote v1.0.26
[INFO] [stderr]    Compiling unicode-ident v1.0.8
[INFO] [stderr]    Compiling syn v1.0.109
[INFO] [stderr]     Checking tinyvec_macros v0.1.1
[INFO] [stderr]    Compiling serde_derive v1.0.156
[INFO] [stderr]    Compiling autocfg v1.1.0
[INFO] [stderr]    Compiling serde v1.0.156
[INFO] [stderr]     Checking percent-encoding v2.2.0
[INFO] [stderr]     Checking unicode-bidi v0.3.11
[INFO] [stderr]    Compiling version_check v0.9.4
[INFO] [stderr]     Checking hashbrown v0.12.3
[INFO] [stderr]    Compiling anyhow v1.0.69
[INFO] [stderr]    Compiling memchr v2.5.0
[INFO] [stderr]     Checking leb128 v0.2.5
[INFO] [stderr]    Compiling pulldown-cmark v0.8.0
[INFO] [stderr]     Checking tinyvec v1.6.0
[INFO] [stderr]    Compiling log v0.4.17
[INFO] [stderr]     Checking cfg-if v1.0.0
[INFO] [stderr]     Checking form_urlencoded v1.1.0
[INFO] [stderr]     Checking bitflags v1.3.2
[INFO] [stderr]     Checking wasm-encoder v0.25.0 (https://github.com/dicej/wasm-tools?branch=cabi-post#51b1ee4e)
[INFO] [stderr]     Checking id-arena v2.2.1
[INFO] [stderr]     Checking unicode-xid v0.2.4
[INFO] [stderr]    Compiling unicase v2.6.0
[INFO] [stderr]    Compiling spin-componentize v0.1.0 (/opt/rustwide/workdir)
[INFO] [stderr]     Checking wasm-encoder v0.25.0
[INFO] [stderr]    Compiling indexmap v1.9.2
[INFO] [stderr]     Checking unicode-normalization v0.1.22
[INFO] [stderr]     Checking idna v0.3.0
[INFO] [stderr]     Checking url v2.3.1
[INFO] [stderr]     Checking wasmparser v0.102.0 (https://github.com/dicej/wasm-tools?branch=cabi-post#51b1ee4e)
[INFO] [stderr]     Checking wit-parser v0.6.4 (https://github.com/dicej/wasm-tools?branch=cabi-post#51b1ee4e)
[INFO] [stderr]     Checking wasmparser v0.102.0
[INFO] [stderr] error: failed to run custom build command for `spin-componentize v0.1.0 (/opt/rustwide/workdir)`
[INFO] [stderr] note: To improve backtraces for build dependencies, set the CARGO_PROFILE_DEV_BUILD_OVERRIDE_DEBUG=true environment variable to enable debug information generation.
[INFO] [stderr] 
[INFO] [stderr] Caused by:
[INFO] [stderr]   process didn't exit successfully: `/opt/rustwide/target/debug/build/spin-componentize-6d1668004a40ef84/build-script-build` (exit status: 101)
[INFO] [stderr]   --- stderr
[INFO] [stderr]       Updating crates.io index
[INFO] [stderr]   warning: spurious network error (3 tries remaining): [6] Couldn't resolve host name (Could not resolve host: index.crates.io)
[INFO] [stderr]   warning: spurious network error (3 tries remaining): [6] Couldn't resolve host name (Could not resolve host: index.crates.io)
[INFO] [stderr]   warning: spurious network error (3 tries remaining): [6] Couldn't resolve host name (Could not resolve host: index.crates.io)
[INFO] [stderr]   warning: spurious network error (2 tries remaining): [6] Couldn't resolve host name (Could not resolve host: index.crates.io)
[INFO] [stderr]   warning: spurious network error (2 tries remaining): [6] Couldn't resolve host name (Could not resolve host: index.crates.io)
[INFO] [stderr]   warning: spurious network error (2 tries remaining): [6] Couldn't resolve host name (Could not resolve host: index.crates.io)
[INFO] [stderr]   warning: spurious network error (1 tries remaining): [6] Couldn't resolve host name (Could not resolve host: index.crates.io)
[INFO] [stderr]   warning: spurious network error (1 tries remaining): [6] Couldn't resolve host name (Could not resolve host: index.crates.io)
[INFO] [stderr]   warning: spurious network error (1 tries remaining): [6] Couldn't resolve host name (Could not resolve host: index.crates.io)
[INFO] [stderr]   error: failed to get `test-log` as a dependency of package `host v0.0.0 (/opt/rustwide/workdir/adapter/host)`
[INFO] [stderr] 
[INFO] [stderr]   Caused by:
[INFO] [stderr]     failed to query replaced source registry `crates-io`
[INFO] [stderr] 
[INFO] [stderr]   Caused by:
[INFO] [stderr]     download of te/st/test-log failed
[INFO] [stderr] 
[INFO] [stderr]   Caused by:
[INFO] [stderr]     failed to download from `https://index.crates.io/te/st/test-log`
[INFO] [stderr] 
[INFO] [stderr]   Caused by:
[INFO] [stderr]     [6] Couldn't resolve host name (Could not resolve host: index.crates.io)
[INFO] [stderr]   thread 'main' panicked at build.rs:14:5:
[INFO] [stderr]   assertion failed: status.success()
[INFO] [stderr]   stack backtrace:
[INFO] [stderr]      0:     0x5571e8a7b046 - std::backtrace_rs::backtrace::libunwind::trace::h261606ad26a499c1
[INFO] [stderr]                                  at /rustc/0e09125c6c3c2fd70d7de961bcf0e51575235fad/library/std/src/../../backtrace/src/backtrace/libunwind.rs:104:5
[INFO] [stderr]      1:     0x5571e8a7b046 - std::backtrace_rs::backtrace::trace_unsynchronized::hd183f0625477fb28
[INFO] [stderr]                                  at /rustc/0e09125c6c3c2fd70d7de961bcf0e51575235fad/library/std/src/../../backtrace/src/backtrace/mod.rs:66:5
[INFO] [stderr]      2:     0x5571e8a7b046 - std::sys_common::backtrace::_print_fmt::hd7f8fef21b4eda67
[INFO] [stderr]                                  at /rustc/0e09125c6c3c2fd70d7de961bcf0e51575235fad/library/std/src/sys_common/backtrace.rs:68:5
[INFO] [stderr]      3:     0x5571e8a7b046 - <std::sys_common::backtrace::_print::DisplayBacktrace as core::fmt::Display>::fmt::h623d9b51f2f453f1
[INFO] [stderr]                                  at /rustc/0e09125c6c3c2fd70d7de961bcf0e51575235fad/library/std/src/sys_common/backtrace.rs:44:22
[INFO] [stderr]      4:     0x5571e8a9d250 - core::fmt::rt::Argument::fmt::h9f417ac76a86f368
[INFO] [stderr]                                  at /rustc/0e09125c6c3c2fd70d7de961bcf0e51575235fad/library/core/src/fmt/rt.rs:142:9
[INFO] [stderr]      5:     0x5571e8a9d250 - core::fmt::write::hc9b6faf4ac2aeff7
[INFO] [stderr]                                  at /rustc/0e09125c6c3c2fd70d7de961bcf0e51575235fad/library/core/src/fmt/mod.rs:1120:17
[INFO] [stderr]      6:     0x5571e8a791bf - std::io::Write::write_fmt::hfead1eee52c2e65e
[INFO] [stderr]                                  at /rustc/0e09125c6c3c2fd70d7de961bcf0e51575235fad/library/std/src/io/mod.rs:1810:15
[INFO] [stderr]      7:     0x5571e8a7ae24 - std::sys_common::backtrace::_print::hd5d66399c7df88a2
[INFO] [stderr]                                  at /rustc/0e09125c6c3c2fd70d7de961bcf0e51575235fad/library/std/src/sys_common/backtrace.rs:47:5
[INFO] [stderr]      8:     0x5571e8a7ae24 - std::sys_common::backtrace::print::he81ed2da642d37e5
[INFO] [stderr]                                  at /rustc/0e09125c6c3c2fd70d7de961bcf0e51575235fad/library/std/src/sys_common/backtrace.rs:34:9
[INFO] [stderr]      9:     0x5571e8a7c517 - std::panicking::default_hook::{{closure}}::h85773f4fa117163d
[INFO] [stderr]     10:     0x5571e8a7c279 - std::panicking::default_hook::h6a1694a91d09b278
[INFO] [stderr]                                  at /rustc/0e09125c6c3c2fd70d7de961bcf0e51575235fad/library/std/src/panicking.rs:292:9
[INFO] [stderr]     11:     0x5571e8a7c9a8 - std::panicking::rust_panic_with_hook::h0a7ad96e90f7145b
[INFO] [stderr]                                  at /rustc/0e09125c6c3c2fd70d7de961bcf0e51575235fad/library/std/src/panicking.rs:779:13
[INFO] [stderr]     12:     0x5571e8a7c849 - std::panicking::begin_panic_handler::{{closure}}::h7919090525c6485e
[INFO] [stderr]                                  at /rustc/0e09125c6c3c2fd70d7de961bcf0e51575235fad/library/std/src/panicking.rs:649:13
[INFO] [stderr]     13:     0x5571e8a7b546 - std::sys_common::backtrace::__rust_end_short_backtrace::hf3289479464f7dfe
[INFO] [stderr]                                  at /rustc/0e09125c6c3c2fd70d7de961bcf0e51575235fad/library/std/src/sys_common/backtrace.rs:171:18
[INFO] [stderr]     14:     0x5571e8a7c5e0 - rust_begin_unwind
[INFO] [stderr]                                  at /rustc/0e09125c6c3c2fd70d7de961bcf0e51575235fad/library/std/src/panicking.rs:645:5
[INFO] [stderr]     15:     0x5571e8a571e5 - core::panicking::panic_fmt::hcc9f77c5c132af55
[INFO] [stderr]                                  at /rustc/0e09125c6c3c2fd70d7de961bcf0e51575235fad/library/core/src/panicking.rs:72:14
[INFO] [stderr]     16:     0x5571e8a572a3 - core::panicking::panic::h5a1259c1164bd480
[INFO] [stderr]                                  at /rustc/0e09125c6c3c2fd70d7de961bcf0e51575235fad/library/core/src/panicking.rs:144:5
[INFO] [stderr]     17:     0x5571e8a5acf5 - build_script_build::main::h319ccc865006cc3b
[INFO] [stderr]     18:     0x5571e8a58623 - core::ops::function::FnOnce::call_once::h4e7a3ef5b0c5bf74
[INFO] [stderr]     19:     0x5571e8a57d36 - std::sys_common::backtrace::__rust_begin_short_backtrace::h87682351f8560cbe
[INFO] [stderr]     20:     0x5571e8a58199 - std::rt::lang_start::{{closure}}::h3b45799b358503f8
[INFO] [stderr]     21:     0x5571e8a75ed1 - core::ops::function::impls::<impl core::ops::function::FnOnce<A> for &F>::call_once::h4eb4c5e1620f29b0
[INFO] [stderr]                                  at /rustc/0e09125c6c3c2fd70d7de961bcf0e51575235fad/library/core/src/ops/function.rs:284:13
[INFO] [stderr]     22:     0x5571e8a75ed1 - std::panicking::try::do_call::h73fd26535faffcdf
[INFO] [stderr]                                  at /rustc/0e09125c6c3c2fd70d7de961bcf0e51575235fad/library/std/src/panicking.rs:552:40
[INFO] [stderr]     23:     0x5571e8a75ed1 - std::panicking::try::h77ff1d98f0fb9f39
[INFO] [stderr]                                  at /rustc/0e09125c6c3c2fd70d7de961bcf0e51575235fad/library/std/src/panicking.rs:516:19
[INFO] [stderr]     24:     0x5571e8a75ed1 - std::panic::catch_unwind::hab3caf2448b95e37
[INFO] [stderr]                                  at /rustc/0e09125c6c3c2fd70d7de961bcf0e51575235fad/library/std/src/panic.rs:142:14
[INFO] [stderr]     25:     0x5571e8a75ed1 - std::rt::lang_start_internal::{{closure}}::h8086711f9c783f78
[INFO] [stderr]                                  at /rustc/0e09125c6c3c2fd70d7de961bcf0e51575235fad/library/std/src/rt.rs:148:48
[INFO] [stderr]     26:     0x5571e8a75ed1 - std::panicking::try::do_call::hf920d4dc291cd6ca
[INFO] [stderr]                                  at /rustc/0e09125c6c3c2fd70d7de961bcf0e51575235fad/library/std/src/panicking.rs:552:40
[INFO] [stderr]     27:     0x5571e8a75ed1 - std::panicking::try::h2b806ccc0a85db74
[INFO] [stderr]                                  at /rustc/0e09125c6c3c2fd70d7de961bcf0e51575235fad/library/std/src/panicking.rs:516:19
[INFO] [stderr]     28:     0x5571e8a75ed1 - std::panic::catch_unwind::h038489539c507df2
[INFO] [stderr]                                  at /rustc/0e09125c6c3c2fd70d7de961bcf0e51575235fad/library/std/src/panic.rs:142:14
[INFO] [stderr]     29:     0x5571e8a75ed1 - std::rt::lang_start_internal::h28503b88912e8a5c
[INFO] [stderr]                                  at /rustc/0e09125c6c3c2fd70d7de961bcf0e51575235fad/library/std/src/rt.rs:148:20
[INFO] [stderr]     30:     0x5571e8a58177 - std::rt::lang_start::h7f427066a028570e
[INFO] [stderr]     31:     0x5571e8a5b135 - main
[INFO] [stderr]     32:     0x7fbe4e9c7d90 - <unknown>
[INFO] [stderr]     33:     0x7fbe4e9c7e40 - __libc_start_main
[INFO] [stderr]     34:     0x5571e8a57915 - _start
[INFO] [stderr]     35:                0x0 - <unknown>
[INFO] [stderr] warning: build failed, waiting for other jobs to finish...
[INFO] running `Command { std: "docker" "inspect" "b9c2923fcedaa9402a0249aa7fa3704f04ec3faeaf8c8e797def8328c196d31f", kill_on_drop: false }`
[INFO] running `Command { std: "docker" "rm" "-f" "b9c2923fcedaa9402a0249aa7fa3704f04ec3faeaf8c8e797def8328c196d31f", kill_on_drop: false }`
[INFO] [stdout] b9c2923fcedaa9402a0249aa7fa3704f04ec3faeaf8c8e797def8328c196d31f
