[INFO] cloning repository https://github.com/clarkenciel/bbb-bot
[INFO] running `Command { std: "git" "-c" "credential.helper=" "-c" "credential.helper=/workspace/cargo-home/bin/git-credential-null" "clone" "--bare" "https://github.com/clarkenciel/bbb-bot" "/workspace/cache/git-repos/https%3A%2F%2Fgithub.com%2Fclarkenciel%2Fbbb-bot", kill_on_drop: false }`
[INFO] [stderr] Cloning into bare repository '/workspace/cache/git-repos/https%3A%2F%2Fgithub.com%2Fclarkenciel%2Fbbb-bot'...
[INFO] running `Command { std: "git" "rev-parse" "HEAD", kill_on_drop: false }`
[INFO] [stdout] a505ed6857c3a628f7641df4262b775e459489c1
[INFO] documenting clarkenciel/bbb-bot against 1.75.0 for beta-1.76-rustdoc-1
[INFO] running `Command { std: "git" "clone" "/workspace/cache/git-repos/https%3A%2F%2Fgithub.com%2Fclarkenciel%2Fbbb-bot" "/workspace/builds/worker-1-tc1/source", kill_on_drop: false }`
[INFO] [stderr] Cloning into '/workspace/builds/worker-1-tc1/source'...
[INFO] [stderr] done.
[INFO] validating manifest of git repo https://github.com/clarkenciel/bbb-bot on toolchain 1.75.0
[INFO] running `Command { std: CARGO_HOME="/workspace/cargo-home" RUSTUP_HOME="/workspace/rustup-home" "/workspace/cargo-home/bin/cargo" "+1.75.0" "metadata" "--manifest-path" "Cargo.toml" "--no-deps", kill_on_drop: false }`
[INFO] started tweaking git repo https://github.com/clarkenciel/bbb-bot
[INFO] finished tweaking git repo https://github.com/clarkenciel/bbb-bot
[INFO] tweaked toml for git repo https://github.com/clarkenciel/bbb-bot written to /workspace/builds/worker-1-tc1/source/Cargo.toml
[INFO] crate git repo https://github.com/clarkenciel/bbb-bot already has a lockfile, it will not be regenerated
[INFO] running `Command { std: CARGO_HOME="/workspace/cargo-home" RUSTUP_HOME="/workspace/rustup-home" "/workspace/cargo-home/bin/cargo" "+1.75.0" "fetch" "--manifest-path" "Cargo.toml", kill_on_drop: false }`
[INFO] [stderr] warning: unused manifest key: target.heroku.version
[INFO] [stderr]     Blocking waiting for file lock on package cache
[ERROR] error running command: no output for 300 seconds
[ERROR] this task or one of its parent failed!
[ERROR] no output for 300 seconds
[ERROR] note: run with `RUST_BACKTRACE=1` to display a backtrace.
[INFO] documenting clarkenciel/bbb-bot against beta-2023-12-22 for beta-1.76-rustdoc-1
[INFO] running `Command { std: "git" "clone" "/workspace/cache/git-repos/https%3A%2F%2Fgithub.com%2Fclarkenciel%2Fbbb-bot" "/workspace/builds/worker-1-tc2/source", kill_on_drop: false }`
[INFO] [stderr] Cloning into '/workspace/builds/worker-1-tc2/source'...
[INFO] [stderr] done.
[INFO] validating manifest of git repo https://github.com/clarkenciel/bbb-bot on toolchain beta-2023-12-22
[INFO] running `Command { std: CARGO_HOME="/workspace/cargo-home" RUSTUP_HOME="/workspace/rustup-home" "/workspace/cargo-home/bin/cargo" "+beta-2023-12-22" "metadata" "--manifest-path" "Cargo.toml" "--no-deps", kill_on_drop: false }`
[INFO] started tweaking git repo https://github.com/clarkenciel/bbb-bot
[INFO] finished tweaking git repo https://github.com/clarkenciel/bbb-bot
[INFO] tweaked toml for git repo https://github.com/clarkenciel/bbb-bot written to /workspace/builds/worker-1-tc2/source/Cargo.toml
[INFO] crate git repo https://github.com/clarkenciel/bbb-bot already has a lockfile, it will not be regenerated
[INFO] running `Command { std: CARGO_HOME="/workspace/cargo-home" RUSTUP_HOME="/workspace/rustup-home" "/workspace/cargo-home/bin/cargo" "+beta-2023-12-22" "fetch" "--manifest-path" "Cargo.toml", kill_on_drop: false }`
[INFO] [stderr] warning: unused manifest key: target.heroku.version
[INFO] [stderr]     Blocking waiting for file lock on package cache
[INFO] [stderr]     Updating git repository `https://github.com/clarkenciel/bbb-core`
[INFO] [stderr]     Updating crates.io index
[INFO] [stderr]     Blocking waiting for file lock on package cache
[ERROR] error running command: no output for 300 seconds
[INFO] documenting clarkenciel/bbb-bot against beta-2023-12-22 for beta-1.76-rustdoc-1
[INFO] running `Command { std: "git" "clone" "/workspace/cache/git-repos/https%3A%2F%2Fgithub.com%2Fclarkenciel%2Fbbb-bot" "/workspace/builds/worker-1-tc2/source", kill_on_drop: false }`
[INFO] [stderr] Cloning into '/workspace/builds/worker-1-tc2/source'...
[INFO] [stderr] done.
[INFO] validating manifest of git repo https://github.com/clarkenciel/bbb-bot on toolchain beta-2023-12-22
[INFO] running `Command { std: CARGO_HOME="/workspace/cargo-home" RUSTUP_HOME="/workspace/rustup-home" "/workspace/cargo-home/bin/cargo" "+beta-2023-12-22" "metadata" "--manifest-path" "Cargo.toml" "--no-deps", kill_on_drop: false }`
[INFO] started tweaking git repo https://github.com/clarkenciel/bbb-bot
[INFO] finished tweaking git repo https://github.com/clarkenciel/bbb-bot
[INFO] tweaked toml for git repo https://github.com/clarkenciel/bbb-bot written to /workspace/builds/worker-1-tc2/source/Cargo.toml
[INFO] crate git repo https://github.com/clarkenciel/bbb-bot already has a lockfile, it will not be regenerated
[INFO] running `Command { std: CARGO_HOME="/workspace/cargo-home" RUSTUP_HOME="/workspace/rustup-home" "/workspace/cargo-home/bin/cargo" "+beta-2023-12-22" "fetch" "--manifest-path" "Cargo.toml", kill_on_drop: false }`
[INFO] [stderr] warning: unused manifest key: target.heroku.version
[INFO] [stderr]     Blocking waiting for file lock on package cache
[INFO] [stderr]  Downloading crates ...
[INFO] [stderr]   Downloaded serde_derive_internals v0.17.0
[INFO] [stderr]   Downloaded relay v0.1.0
[INFO] [stderr]   Downloaded serde_derive v1.0.21
[INFO] [stderr]   Downloaded futures-cpupool v0.1.7
[INFO] [stderr]   Downloaded portaudio v0.7.0
[INFO] [stderr]   Downloaded hound v3.2.0
[INFO] [stderr]   Downloaded serde v1.0.21
[INFO] [stderr]   Downloaded mio v0.6.11
[INFO] [stderr]   Downloaded sample v0.7.1
[INFO] [stderr]   Downloaded serde_json v1.0.6
[INFO] [stderr]   Downloaded futures v0.1.17
[INFO] [stderr]   Downloaded tokio-core v0.1.10
[INFO] [stderr]   Downloaded hyper v0.11.7
[INFO] running `Command { std: "docker" "create" "-v" "/var/lib/crater-agent-workspace/builds/worker-1-tc2/target:/opt/rustwide/target:rw,Z" "-v" "/var/lib/crater-agent-workspace/builds/worker-1-tc2/source:/opt/rustwide/workdir:ro,Z" "-v" "/var/lib/crater-agent-workspace/cargo-home:/opt/rustwide/cargo-home:ro,Z" "-v" "/var/lib/crater-agent-workspace/rustup-home:/opt/rustwide/rustup-home:ro,Z" "-e" "SOURCE_DIR=/opt/rustwide/workdir" "-e" "CARGO_TARGET_DIR=/opt/rustwide/target" "-e" "CARGO_HOME=/opt/rustwide/cargo-home" "-e" "RUSTUP_HOME=/opt/rustwide/rustup-home" "-w" "/opt/rustwide/workdir" "-m" "1610612736" "--user" "0:0" "--network" "none" "ghcr.io/rust-lang/crates-build-env/linux@sha256:2788e3201cd34a07e3172128adcd8b3090168a8e3bcc40d7c032b9dda1df7d1c" "/opt/rustwide/cargo-home/bin/cargo" "+beta-2023-12-22" "metadata" "--no-deps" "--format-version=1", kill_on_drop: false }`
[INFO] [stdout] de316129a5a840e079c514fc0f625e418dfcfeca8b06979daf3af90a8f4b1ccc
[INFO] running `Command { std: "docker" "start" "-a" "de316129a5a840e079c514fc0f625e418dfcfeca8b06979daf3af90a8f4b1ccc", kill_on_drop: false }`
[INFO] running `Command { std: "docker" "inspect" "de316129a5a840e079c514fc0f625e418dfcfeca8b06979daf3af90a8f4b1ccc", kill_on_drop: false }`
[INFO] running `Command { std: "docker" "rm" "-f" "de316129a5a840e079c514fc0f625e418dfcfeca8b06979daf3af90a8f4b1ccc", kill_on_drop: false }`
[INFO] [stdout] de316129a5a840e079c514fc0f625e418dfcfeca8b06979daf3af90a8f4b1ccc
[INFO] running `Command { std: "docker" "create" "-v" "/var/lib/crater-agent-workspace/builds/worker-1-tc2/target:/opt/rustwide/target:rw,Z" "-v" "/var/lib/crater-agent-workspace/builds/worker-1-tc2/source:/opt/rustwide/workdir:ro,Z" "-v" "/var/lib/crater-agent-workspace/cargo-home:/opt/rustwide/cargo-home:ro,Z" "-v" "/var/lib/crater-agent-workspace/rustup-home:/opt/rustwide/rustup-home:ro,Z" "-e" "SOURCE_DIR=/opt/rustwide/workdir" "-e" "CARGO_TARGET_DIR=/opt/rustwide/target" "-e" "CARGO_INCREMENTAL=0" "-e" "RUST_BACKTRACE=full" "-e" "RUSTFLAGS=--cap-lints=warn" "-e" "RUSTDOCFLAGS=--cap-lints=warn" "-e" "CARGO_HOME=/opt/rustwide/cargo-home" "-e" "RUSTUP_HOME=/opt/rustwide/rustup-home" "-w" "/opt/rustwide/workdir" "-m" "1610612736" "--user" "0:0" "--network" "none" "ghcr.io/rust-lang/crates-build-env/linux@sha256:2788e3201cd34a07e3172128adcd8b3090168a8e3bcc40d7c032b9dda1df7d1c" "/opt/rustwide/cargo-home/bin/cargo" "+beta-2023-12-22" "doc" "--frozen" "--no-deps" "--document-private-items" "--message-format=json", kill_on_drop: false }`
[INFO] [stdout] 4abe837831b8cea5e1f6d8ffc7c1a4024dac19aaefbb4b8b5ad31b9d1263df9b
[INFO] running `Command { std: "docker" "start" "-a" "4abe837831b8cea5e1f6d8ffc7c1a4024dac19aaefbb4b8b5ad31b9d1263df9b", kill_on_drop: false }`
[INFO] [stderr] warning: unused manifest key: target.heroku.version
[INFO] [stderr]     Checking libc v0.2.33
[INFO] [stderr]     Checking futures v0.1.17
[INFO] [stderr]     Checking byteorder v1.1.0
[INFO] [stderr]     Checking num-traits v0.1.40
[INFO] [stderr]    Compiling version_check v0.1.3
[INFO] [stderr]     Checking cfg-if v0.1.2
[INFO] [stderr]     Checking log v0.3.8
[INFO] [stderr]     Checking matches v0.1.6
[INFO] [stderr]     Checking unicode-normalization v0.1.5
[INFO] [stderr]     Checking lazycell v0.5.1
[INFO] [stderr]     Checking percent-encoding v1.0.1
[INFO] [stderr]     Checking slab v0.3.0
[INFO] [stderr]    Compiling pkg-config v0.3.9
[INFO] [stderr]    Compiling unicode-xid v0.0.4
[INFO] [stderr]     Checking scoped-tls v0.1.0
[INFO] [stderr]     Checking void v1.0.2
[INFO] [stderr]    Compiling quote v0.3.15
[INFO] [stderr]     Checking slab v0.4.0
[INFO] [stderr]     Checking unicode-bidi v0.3.4
[INFO] [stderr]     Checking serde v1.0.21
[INFO] [stderr]     Checking unreachable v1.0.0
[INFO] [stderr]     Checking safemem v0.2.0
[INFO] [stderr]    Compiling synom v0.11.3
[INFO] [stderr]     Checking bitflags v0.7.0
[INFO] [stderr]     Checking smallvec v0.2.1
[INFO] [stderr]     Checking dtoa v0.4.2
[INFO] [stderr]     Checking lazy_static v0.2.11
[INFO] [stderr]     Checking itoa v0.3.4
[INFO] [stderr]     Checking take v0.1.0
[INFO] [stderr]     Checking base64 v0.6.0
[INFO] [stderr]     Checking thread_local v0.3.4
[INFO] [stderr]     Checking regex-syntax v0.4.1
[INFO] [stderr]    Compiling unicase v2.1.0
[INFO] [stderr]    Compiling syn v0.11.11
[INFO] [stderr]     Checking httparse v1.2.3
[INFO] [stderr]     Checking language-tags v0.2.2
[INFO] [stderr]     Checking utf8-ranges v1.0.0
[INFO] [stderr]     Checking sample v0.7.1
[INFO] [stderr]     Checking hound v3.2.0
[INFO] [stderr]    Compiling portaudio v0.7.0
[INFO] [stderr]     Checking num-integer v0.1.35
[INFO] [stderr]     Checking iovec v0.1.1
[INFO] [stderr]     Checking memchr v1.0.2
[INFO] [stderr]     Checking net2 v0.2.31
[INFO] [stderr]     Checking num_cpus v1.7.0
[INFO] [stderr]     Checking rand v0.3.18
[INFO] [stderr]     Checking time v0.1.38
[INFO] [stderr]     Checking idna v0.1.4
[INFO] [stderr]     Checking bytes v0.4.5
[INFO] [stderr]     Checking num-iter v0.1.34
[INFO] [stderr]     Checking aho-corasick v0.6.3
[INFO] [stderr]     Checking nom v3.2.1
[INFO] [stderr]     Checking mio v0.6.11
[INFO] [stderr]     Checking num v0.1.40
[INFO] [stderr] error: failed to run custom build command for `portaudio v0.7.0`
[INFO] [stderr] note: To improve backtraces for build dependencies, set the CARGO_PROFILE_DEV_BUILD_OVERRIDE_DEBUG=true environment variable to enable debug information generation.
[INFO] [stderr] 
[INFO] [stderr] Caused by:
[INFO] [stderr]   process didn't exit successfully: `/opt/rustwide/target/debug/build/portaudio-fb0dd86d1d213dfd/build-script-build` (exit status: 101)
[INFO] [stderr]   --- stderr
[INFO] [stderr]   thread 'main' panicked at /opt/rustwide/cargo-home/registry/src/index.crates.io-6f17d22bba15001f/portaudio-0.7.0/build.rs:83:23:
[INFO] [stderr]   No such file or directory (os error 2)
[INFO] [stderr]   stack backtrace:
[INFO] [stderr]      0:     0x5643774da166 - std::backtrace_rs::backtrace::libunwind::trace::h261606ad26a499c1
[INFO] [stderr]                                  at /rustc/0e09125c6c3c2fd70d7de961bcf0e51575235fad/library/std/src/../../backtrace/src/backtrace/libunwind.rs:104:5
[INFO] [stderr]      1:     0x5643774da166 - std::backtrace_rs::backtrace::trace_unsynchronized::hd183f0625477fb28
[INFO] [stderr]                                  at /rustc/0e09125c6c3c2fd70d7de961bcf0e51575235fad/library/std/src/../../backtrace/src/backtrace/mod.rs:66:5
[INFO] [stderr]      2:     0x5643774da166 - std::sys_common::backtrace::_print_fmt::hd7f8fef21b4eda67
[INFO] [stderr]                                  at /rustc/0e09125c6c3c2fd70d7de961bcf0e51575235fad/library/std/src/sys_common/backtrace.rs:68:5
[INFO] [stderr]      3:     0x5643774da166 - <std::sys_common::backtrace::_print::DisplayBacktrace as core::fmt::Display>::fmt::h623d9b51f2f453f1
[INFO] [stderr]                                  at /rustc/0e09125c6c3c2fd70d7de961bcf0e51575235fad/library/std/src/sys_common/backtrace.rs:44:22
[INFO] [stderr]      4:     0x5643774fdce0 - core::fmt::rt::Argument::fmt::h9f417ac76a86f368
[INFO] [stderr]                                  at /rustc/0e09125c6c3c2fd70d7de961bcf0e51575235fad/library/core/src/fmt/rt.rs:142:9
[INFO] [stderr]      5:     0x5643774fdce0 - core::fmt::write::hc9b6faf4ac2aeff7
[INFO] [stderr]                                  at /rustc/0e09125c6c3c2fd70d7de961bcf0e51575235fad/library/core/src/fmt/mod.rs:1120:17
[INFO] [stderr]      6:     0x5643774d7e7f - std::io::Write::write_fmt::hfead1eee52c2e65e
[INFO] [stderr]                                  at /rustc/0e09125c6c3c2fd70d7de961bcf0e51575235fad/library/std/src/io/mod.rs:1810:15
[INFO] [stderr]      7:     0x5643774d9f44 - std::sys_common::backtrace::_print::hd5d66399c7df88a2
[INFO] [stderr]                                  at /rustc/0e09125c6c3c2fd70d7de961bcf0e51575235fad/library/std/src/sys_common/backtrace.rs:47:5
[INFO] [stderr]      8:     0x5643774d9f44 - std::sys_common::backtrace::print::he81ed2da642d37e5
[INFO] [stderr]                                  at /rustc/0e09125c6c3c2fd70d7de961bcf0e51575235fad/library/std/src/sys_common/backtrace.rs:34:9
[INFO] [stderr]      9:     0x5643774db6b7 - std::panicking::default_hook::{{closure}}::h85773f4fa117163d
[INFO] [stderr]     10:     0x5643774db419 - std::panicking::default_hook::h6a1694a91d09b278
[INFO] [stderr]                                  at /rustc/0e09125c6c3c2fd70d7de961bcf0e51575235fad/library/std/src/panicking.rs:292:9
[INFO] [stderr]     11:     0x5643774dbb48 - std::panicking::rust_panic_with_hook::h0a7ad96e90f7145b
[INFO] [stderr]                                  at /rustc/0e09125c6c3c2fd70d7de961bcf0e51575235fad/library/std/src/panicking.rs:779:13
[INFO] [stderr]     12:     0x5643774dba22 - std::panicking::begin_panic_handler::{{closure}}::h7919090525c6485e
[INFO] [stderr]                                  at /rustc/0e09125c6c3c2fd70d7de961bcf0e51575235fad/library/std/src/panicking.rs:657:13
[INFO] [stderr]     13:     0x5643774da666 - std::sys_common::backtrace::__rust_end_short_backtrace::hf3289479464f7dfe
[INFO] [stderr]                                  at /rustc/0e09125c6c3c2fd70d7de961bcf0e51575235fad/library/std/src/sys_common/backtrace.rs:171:18
[INFO] [stderr]     14:     0x5643774db780 - rust_begin_unwind
[INFO] [stderr]                                  at /rustc/0e09125c6c3c2fd70d7de961bcf0e51575235fad/library/std/src/panicking.rs:645:5
[INFO] [stderr]     15:     0x5643774a5295 - core::panicking::panic_fmt::hcc9f77c5c132af55
[INFO] [stderr]                                  at /rustc/0e09125c6c3c2fd70d7de961bcf0e51575235fad/library/core/src/panicking.rs:72:14
[INFO] [stderr]     16:     0x5643774a6475 - core::panicking::panic_display::h117583b992d2249e
[INFO] [stderr]     17:     0x5643774a6b32 - build_script_build::unix_platform::build::h93c446498e2d981b
[INFO] [stderr]     18:     0x5643774a7386 - build_script_build::platform::build::hf2ec8838caf5f446
[INFO] [stderr]     19:     0x5643774a68f6 - build_script_build::build::hd431f5d4874456e8
[INFO] [stderr]     20:     0x5643774a66d0 - build_script_build::main::h14af8fa8e3c0c77e
[INFO] [stderr]     21:     0x5643774a6023 - core::ops::function::FnOnce::call_once::hf4a4af1387c55d82
[INFO] [stderr]     22:     0x5643774a5a96 - std::sys_common::backtrace::__rust_begin_short_backtrace::h26c880bf16460d08
[INFO] [stderr]     23:     0x5643774a5b99 - std::rt::lang_start::{{closure}}::h5c6ecf89cf184747
[INFO] [stderr]     24:     0x5643774d48c1 - core::ops::function::impls::<impl core::ops::function::FnOnce<A> for &F>::call_once::h4eb4c5e1620f29b0
[INFO] [stderr]                                  at /rustc/0e09125c6c3c2fd70d7de961bcf0e51575235fad/library/core/src/ops/function.rs:284:13
[INFO] [stderr]     25:     0x5643774d48c1 - std::panicking::try::do_call::h73fd26535faffcdf
[INFO] [stderr]                                  at /rustc/0e09125c6c3c2fd70d7de961bcf0e51575235fad/library/std/src/panicking.rs:552:40
[INFO] [stderr]     26:     0x5643774d48c1 - std::panicking::try::h77ff1d98f0fb9f39
[INFO] [stderr]                                  at /rustc/0e09125c6c3c2fd70d7de961bcf0e51575235fad/library/std/src/panicking.rs:516:19
[INFO] [stderr]     27:     0x5643774d48c1 - std::panic::catch_unwind::hab3caf2448b95e37
[INFO] [stderr]                                  at /rustc/0e09125c6c3c2fd70d7de961bcf0e51575235fad/library/std/src/panic.rs:142:14
[INFO] [stderr]     28:     0x5643774d48c1 - std::rt::lang_start_internal::{{closure}}::h8086711f9c783f78
[INFO] [stderr]                                  at /rustc/0e09125c6c3c2fd70d7de961bcf0e51575235fad/library/std/src/rt.rs:148:48
[INFO] [stderr]     29:     0x5643774d48c1 - std::panicking::try::do_call::hf920d4dc291cd6ca
[INFO] [stderr]                                  at /rustc/0e09125c6c3c2fd70d7de961bcf0e51575235fad/library/std/src/panicking.rs:552:40
[INFO] [stderr]     30:     0x5643774d48c1 - std::panicking::try::h2b806ccc0a85db74
[INFO] [stderr]                                  at /rustc/0e09125c6c3c2fd70d7de961bcf0e51575235fad/library/std/src/panicking.rs:516:19
[INFO] [stderr]     31:     0x5643774d48c1 - std::panic::catch_unwind::h038489539c507df2
[INFO] [stderr]                                  at /rustc/0e09125c6c3c2fd70d7de961bcf0e51575235fad/library/std/src/panic.rs:142:14
[INFO] [stderr]     32:     0x5643774d48c1 - std::rt::lang_start_internal::h28503b88912e8a5c
[INFO] [stderr]                                  at /rustc/0e09125c6c3c2fd70d7de961bcf0e51575235fad/library/std/src/rt.rs:148:20
[INFO] [stderr]     33:     0x5643774a5b77 - std::rt::lang_start::hbf02b68e78691bfe
[INFO] [stderr]     34:     0x5643774a7545 - main
[INFO] [stderr]     35:     0x7f498ef18d90 - <unknown>
[INFO] [stderr]     36:     0x7f498ef18e40 - __libc_start_main
[INFO] [stderr]     37:     0x5643774a59c5 - _start
[INFO] [stderr]     38:                0x0 - <unknown>
[INFO] [stderr] warning: build failed, waiting for other jobs to finish...
[INFO] [stdout] error[E0283]: type annotations needed
[INFO] [stdout]    --> /opt/rustwide/cargo-home/registry/src/index.crates.io-6f17d22bba15001f/sample-0.7.1/src/window.rs:72:41
[INFO] [stdout]     |
[INFO] [stdout] 72  |         let v = phase.to_float_sample().to_sample() * PI_2;
[INFO] [stdout]     |                                         ^^^^^^^^^ cannot infer type of the type parameter `S` declared on the method `to_sample`
[INFO] [stdout]     |
[INFO] [stdout]     = note: cannot satisfy `<S as Sample>::Float: ToSample<_>`
[INFO] [stdout] note: required by a bound in `Sample::to_sample`
[INFO] [stdout]    --> /opt/rustwide/cargo-home/registry/src/index.crates.io-6f17d22bba15001f/sample-0.7.1/src/lib.rs:256:21
[INFO] [stdout]     |
[INFO] [stdout] 255 |     fn to_sample<S>(self) -> S
[INFO] [stdout]     |        --------- required by a bound in this associated function
[INFO] [stdout] 256 |         where Self: ToSample<S>,
[INFO] [stdout]     |                     ^^^^^^^^^^^ required by this bound in `Sample::to_sample`
[INFO] [stdout] help: consider specifying the generic argument
[INFO] [stdout]     |
[INFO] [stdout] 72  |         let v = phase.to_float_sample().to_sample::<S>() * PI_2;
[INFO] [stdout]     |                                                  +++++
[INFO] [stdout] 
[INFO] [stdout] 
[INFO] [stdout] error: aborting due to 1 previous error
[INFO] [stdout] 
[INFO] [stdout] 
[INFO] [stdout] For more information about this error, try `rustc --explain E0283`.
[INFO] [stdout] 
[INFO] [stderr] error: could not compile `sample` (lib) due to 2 previous errors
[INFO] running `Command { std: "docker" "inspect" "4abe837831b8cea5e1f6d8ffc7c1a4024dac19aaefbb4b8b5ad31b9d1263df9b", kill_on_drop: false }`
[INFO] running `Command { std: "docker" "rm" "-f" "4abe837831b8cea5e1f6d8ffc7c1a4024dac19aaefbb4b8b5ad31b9d1263df9b", kill_on_drop: false }`
[INFO] [stdout] 4abe837831b8cea5e1f6d8ffc7c1a4024dac19aaefbb4b8b5ad31b9d1263df9b
