[INFO] cloning repository https://github.com/Narayanbhat166/blazer
[INFO] running `Command { std: "git" "-c" "credential.helper=" "-c" "credential.helper=/workspace/cargo-home/bin/git-credential-null" "clone" "--bare" "https://github.com/Narayanbhat166/blazer" "/workspace/cache/git-repos/https%3A%2F%2Fgithub.com%2FNarayanbhat166%2Fblazer", kill_on_drop: false }`
[INFO] [stderr] Cloning into bare repository '/workspace/cache/git-repos/https%3A%2F%2Fgithub.com%2FNarayanbhat166%2Fblazer'...
[INFO] running `Command { std: "git" "rev-parse" "HEAD", kill_on_drop: false }`
[INFO] [stdout] 4dc3e936b6ef339bd3bc399374793ab49838dea5
[INFO] documenting Narayanbhat166/blazer against 1.75.0 for beta-1.76-rustdoc-1
[INFO] running `Command { std: "git" "clone" "/workspace/cache/git-repos/https%3A%2F%2Fgithub.com%2FNarayanbhat166%2Fblazer" "/workspace/builds/worker-1-tc1/source", kill_on_drop: false }`
[INFO] [stderr] Cloning into '/workspace/builds/worker-1-tc1/source'...
[INFO] [stderr] done.
[INFO] validating manifest of git repo https://github.com/Narayanbhat166/blazer on toolchain 1.75.0
[INFO] running `Command { std: CARGO_HOME="/workspace/cargo-home" RUSTUP_HOME="/workspace/rustup-home" "/workspace/cargo-home/bin/cargo" "+1.75.0" "metadata" "--manifest-path" "Cargo.toml" "--no-deps", kill_on_drop: false }`
[INFO] started tweaking git repo https://github.com/Narayanbhat166/blazer
[INFO] finished tweaking git repo https://github.com/Narayanbhat166/blazer
[INFO] tweaked toml for git repo https://github.com/Narayanbhat166/blazer written to /workspace/builds/worker-1-tc1/source/Cargo.toml
[INFO] crate git repo https://github.com/Narayanbhat166/blazer already has a lockfile, it will not be regenerated
[INFO] running `Command { std: CARGO_HOME="/workspace/cargo-home" RUSTUP_HOME="/workspace/rustup-home" "/workspace/cargo-home/bin/cargo" "+1.75.0" "fetch" "--manifest-path" "Cargo.toml", kill_on_drop: false }`
[INFO] [stderr]     Blocking waiting for file lock on package cache
[ERROR] error running command: no output for 300 seconds
[ERROR] this task or one of its parent failed!
[ERROR] no output for 300 seconds
[ERROR] note: run with `RUST_BACKTRACE=1` to display a backtrace.
[INFO] documenting Narayanbhat166/blazer against beta-2023-12-22 for beta-1.76-rustdoc-1
[INFO] running `Command { std: "git" "clone" "/workspace/cache/git-repos/https%3A%2F%2Fgithub.com%2FNarayanbhat166%2Fblazer" "/workspace/builds/worker-1-tc2/source", kill_on_drop: false }`
[INFO] [stderr] Cloning into '/workspace/builds/worker-1-tc2/source'...
[INFO] [stderr] done.
[INFO] validating manifest of git repo https://github.com/Narayanbhat166/blazer on toolchain beta-2023-12-22
[INFO] running `Command { std: CARGO_HOME="/workspace/cargo-home" RUSTUP_HOME="/workspace/rustup-home" "/workspace/cargo-home/bin/cargo" "+beta-2023-12-22" "metadata" "--manifest-path" "Cargo.toml" "--no-deps", kill_on_drop: false }`
[INFO] started tweaking git repo https://github.com/Narayanbhat166/blazer
[INFO] finished tweaking git repo https://github.com/Narayanbhat166/blazer
[INFO] tweaked toml for git repo https://github.com/Narayanbhat166/blazer written to /workspace/builds/worker-1-tc2/source/Cargo.toml
[INFO] crate git repo https://github.com/Narayanbhat166/blazer already has a lockfile, it will not be regenerated
[INFO] running `Command { std: CARGO_HOME="/workspace/cargo-home" RUSTUP_HOME="/workspace/rustup-home" "/workspace/cargo-home/bin/cargo" "+beta-2023-12-22" "fetch" "--manifest-path" "Cargo.toml", kill_on_drop: false }`
[INFO] [stderr]     Blocking waiting for file lock on package cache
[INFO] [stderr]     Updating crates.io index
[INFO] [stderr]     Blocking waiting for file lock on package cache
[ERROR] error running command: no output for 300 seconds
[INFO] documenting Narayanbhat166/blazer against beta-2023-12-22 for beta-1.76-rustdoc-1
[INFO] running `Command { std: "git" "clone" "/workspace/cache/git-repos/https%3A%2F%2Fgithub.com%2FNarayanbhat166%2Fblazer" "/workspace/builds/worker-1-tc2/source", kill_on_drop: false }`
[INFO] [stderr] Cloning into '/workspace/builds/worker-1-tc2/source'...
[INFO] [stderr] done.
[INFO] validating manifest of git repo https://github.com/Narayanbhat166/blazer on toolchain beta-2023-12-22
[INFO] running `Command { std: CARGO_HOME="/workspace/cargo-home" RUSTUP_HOME="/workspace/rustup-home" "/workspace/cargo-home/bin/cargo" "+beta-2023-12-22" "metadata" "--manifest-path" "Cargo.toml" "--no-deps", kill_on_drop: false }`
[INFO] started tweaking git repo https://github.com/Narayanbhat166/blazer
[INFO] finished tweaking git repo https://github.com/Narayanbhat166/blazer
[INFO] tweaked toml for git repo https://github.com/Narayanbhat166/blazer written to /workspace/builds/worker-1-tc2/source/Cargo.toml
[INFO] crate git repo https://github.com/Narayanbhat166/blazer already has a lockfile, it will not be regenerated
[INFO] running `Command { std: CARGO_HOME="/workspace/cargo-home" RUSTUP_HOME="/workspace/rustup-home" "/workspace/cargo-home/bin/cargo" "+beta-2023-12-22" "fetch" "--manifest-path" "Cargo.toml", kill_on_drop: false }`
[INFO] [stderr]     Blocking waiting for file lock on package cache
[INFO] [stderr]     Blocking waiting for file lock on package cache
[INFO] [stderr]  Downloading crates ...
[INFO] [stderr]   Downloaded tuirealm_derive v1.0.0
[INFO] [stderr]   Downloaded tui-realm-stdlib v1.3.0
[INFO] [stderr]   Downloaded tuirealm v1.9.1
[INFO] [stderr]   Downloaded zerocopy v0.7.29
[INFO] [stderr]   Downloaded zerocopy-derive v0.7.29
[INFO] running `Command { std: "docker" "create" "-v" "/var/lib/crater-agent-workspace/builds/worker-1-tc2/target:/opt/rustwide/target:rw,Z" "-v" "/var/lib/crater-agent-workspace/builds/worker-1-tc2/source:/opt/rustwide/workdir:ro,Z" "-v" "/var/lib/crater-agent-workspace/cargo-home:/opt/rustwide/cargo-home:ro,Z" "-v" "/var/lib/crater-agent-workspace/rustup-home:/opt/rustwide/rustup-home:ro,Z" "-e" "SOURCE_DIR=/opt/rustwide/workdir" "-e" "CARGO_TARGET_DIR=/opt/rustwide/target" "-e" "CARGO_HOME=/opt/rustwide/cargo-home" "-e" "RUSTUP_HOME=/opt/rustwide/rustup-home" "-w" "/opt/rustwide/workdir" "-m" "1610612736" "--user" "0:0" "--network" "none" "ghcr.io/rust-lang/crates-build-env/linux@sha256:2788e3201cd34a07e3172128adcd8b3090168a8e3bcc40d7c032b9dda1df7d1c" "/opt/rustwide/cargo-home/bin/cargo" "+beta-2023-12-22" "metadata" "--no-deps" "--format-version=1", kill_on_drop: false }`
[INFO] [stdout] aad11c2ccf3c2ac366093d23a9f37e0f09c744be2dd69cd26d98e99ea9613717
[INFO] running `Command { std: "docker" "start" "-a" "aad11c2ccf3c2ac366093d23a9f37e0f09c744be2dd69cd26d98e99ea9613717", kill_on_drop: false }`
[INFO] running `Command { std: "docker" "inspect" "aad11c2ccf3c2ac366093d23a9f37e0f09c744be2dd69cd26d98e99ea9613717", kill_on_drop: false }`
[INFO] running `Command { std: "docker" "rm" "-f" "aad11c2ccf3c2ac366093d23a9f37e0f09c744be2dd69cd26d98e99ea9613717", kill_on_drop: false }`
[INFO] [stdout] aad11c2ccf3c2ac366093d23a9f37e0f09c744be2dd69cd26d98e99ea9613717
[INFO] running `Command { std: "docker" "create" "-v" "/var/lib/crater-agent-workspace/builds/worker-1-tc2/target:/opt/rustwide/target:rw,Z" "-v" "/var/lib/crater-agent-workspace/builds/worker-1-tc2/source:/opt/rustwide/workdir:ro,Z" "-v" "/var/lib/crater-agent-workspace/cargo-home:/opt/rustwide/cargo-home:ro,Z" "-v" "/var/lib/crater-agent-workspace/rustup-home:/opt/rustwide/rustup-home:ro,Z" "-e" "SOURCE_DIR=/opt/rustwide/workdir" "-e" "CARGO_TARGET_DIR=/opt/rustwide/target" "-e" "CARGO_INCREMENTAL=0" "-e" "RUST_BACKTRACE=full" "-e" "RUSTFLAGS=--cap-lints=warn" "-e" "RUSTDOCFLAGS=--cap-lints=warn" "-e" "CARGO_HOME=/opt/rustwide/cargo-home" "-e" "RUSTUP_HOME=/opt/rustwide/rustup-home" "-w" "/opt/rustwide/workdir" "-m" "1610612736" "--user" "0:0" "--network" "none" "ghcr.io/rust-lang/crates-build-env/linux@sha256:2788e3201cd34a07e3172128adcd8b3090168a8e3bcc40d7c032b9dda1df7d1c" "/opt/rustwide/cargo-home/bin/cargo" "+beta-2023-12-22" "doc" "--frozen" "--no-deps" "--document-private-items" "--message-format=json", kill_on_drop: false }`
[INFO] [stdout] edcac8b3b1bd9e96ab1e0be01b277d318dc84754f655e61d45e068ebee810fc2
[INFO] running `Command { std: "docker" "start" "-a" "edcac8b3b1bd9e96ab1e0be01b277d318dc84754f655e61d45e068ebee810fc2", kill_on_drop: false }`
[INFO] [stderr]    Compiling proc-macro2 v1.0.70
[INFO] [stderr]    Compiling syn v1.0.109
[INFO] [stderr]     Checking futures-core v0.3.30
[INFO] [stderr]    Compiling either v1.9.0
[INFO] [stderr]    Compiling memchr v2.7.1
[INFO] [stderr]    Compiling ahash v0.8.6
[INFO] [stderr]    Compiling anyhow v1.0.79
[INFO] [stderr]     Checking mio v0.8.10
[INFO] [stderr]    Compiling heck v0.4.1
[INFO] [stderr]    Compiling libc v0.2.150
[INFO] [stderr]    Compiling rustix v0.38.28
[INFO] [stderr]     Checking zerocopy v0.7.29
[INFO] [stderr]    Compiling itertools v0.10.5
[INFO] [stderr]     Checking allocator-api2 v0.2.16
[INFO] [stderr]     Checking itoa v1.0.10
[INFO] [stderr]    Compiling aho-corasick v1.1.2
[INFO] [stderr]    Compiling bitflags v2.4.1
[INFO] [stderr]    Compiling linux-raw-sys v0.4.12
[INFO] [stderr]     Checking futures-task v0.3.30
[INFO] [stderr]    Compiling quote v1.0.33
[INFO] [stderr]     Checking futures-util v0.3.30
[INFO] [stderr]     Checking http v0.2.11
[INFO] [stderr]    Compiling syn v2.0.39
[INFO] [stderr]     Checking hashbrown v0.14.3
[INFO] [stderr]    Compiling regex-automata v0.4.3
[INFO] [stderr]    Compiling signal-hook v0.3.17
[INFO] [stderr]    Compiling rustversion v1.0.14
[INFO] [stderr]     Checking futures-sink v0.3.30
[INFO] [stderr]    Compiling cc v1.0.83
[INFO] [stderr]    Compiling cfg-if v1.0.0
[INFO] [stderr]     Checking tower-service v0.3.2
[INFO] [stderr]    Compiling home v0.5.9
[INFO] [stderr]     Checking http-body v0.4.6
[INFO] [stderr]    Compiling indexmap v1.9.3
[INFO] [stderr]    Compiling which v4.4.2
[INFO] [stderr]    Compiling cmake v0.1.50
[INFO] [stderr]    Compiling bytes v1.5.0
[INFO] [stderr]    Compiling equivalent v1.0.1
[INFO] [stderr]     Checking indexmap v2.1.0
[INFO] [stderr]    Compiling prost-build v0.10.4
[INFO] [stderr]     Checking signal-hook-mio v0.2.3
[INFO] [stderr]     Checking try-lock v0.2.5
[INFO] [stderr]     Checking unicode-width v0.1.11
[INFO] [stderr]    Compiling regex v1.10.2
[INFO] [stderr]    Compiling fastrand v2.0.1
[INFO] [stderr]    Compiling async-trait v0.1.76
[INFO] [stderr]    Compiling fixedbitset v0.4.2
[INFO] [stderr]     Checking hashbrown v0.12.3
[INFO] [stderr]     Checking tower-layer v0.3.2
[INFO] [stderr]    Compiling prettyplease v0.1.25
[INFO] [stderr]    Compiling petgraph v0.6.4
[INFO] [stderr]    Compiling tempfile v3.9.0
[INFO] [stderr]     Checking itertools v0.11.0
[INFO] [stderr]     Checking want v0.3.1
[INFO] [stderr]     Checking crossterm v0.27.0
[INFO] [stderr]     Checking rand v0.8.5
[INFO] [stderr]     Checking futures-channel v0.3.30
[INFO] [stderr]    Compiling lazy_static v1.4.0
[INFO] [stderr]    Compiling thiserror v1.0.52
[INFO] [stderr]    Compiling indoc v2.0.4
[INFO] [stderr]     Checking cassowary v0.3.0
[INFO] [stderr]    Compiling multimap v0.8.3
[INFO] [stderr]     Checking unicode-segmentation v1.10.1
[INFO] [stderr]    Compiling serde v1.0.193
[INFO] [stderr]     Checking http-range-header v0.3.1
[INFO] [stderr]     Checking matchit v0.5.0
[INFO] [stderr]     Checking percent-encoding v2.3.1
[INFO] [stderr]     Checking smawk v0.3.2
[INFO] [stderr]     Checking unicode-linebreak v0.1.5
[INFO] [stderr]     Checking sync_wrapper v0.1.2
[INFO] [stderr]     Checking lru v0.12.1
[INFO] [stderr]     Checking humantime v2.1.0
[INFO] [stderr]     Checking base64 v0.13.1
[INFO] [stderr]     Checking textwrap v0.16.0
[INFO] [stderr]     Checking termcolor v1.4.0
[INFO] [stderr]     Checking is-terminal v0.4.10
[INFO] [stderr]     Checking env_logger v0.10.1
[INFO] [stderr]    Compiling tokio-macros v2.2.0
[INFO] [stderr]    Compiling tracing-attributes v0.1.27
[INFO] [stderr]    Compiling pin-project-internal v1.1.3
[INFO] [stderr]    Compiling strum_macros v0.25.3
[INFO] [stderr]    Compiling lazy-regex-proc_macros v3.1.0
[INFO] [stderr]    Compiling prost-derive v0.10.1
[INFO] [stderr]     Checking tokio v1.35.1
[INFO] [stderr]    Compiling thiserror-impl v1.0.52
[INFO] [stderr]     Checking tracing v0.1.40
[INFO] [stderr]     Checking lazy-regex v3.1.0
[INFO] [stderr]     Checking pin-project v1.1.3
[INFO] [stderr]     Checking axum-core v0.2.9
[INFO] [stderr]    Compiling tuirealm_derive v1.0.0
[INFO] [stderr]    Compiling async-stream-impl v0.3.5
[INFO] [stderr]     Checking tracing-futures v0.2.5
[INFO] [stderr]    Compiling prost v0.10.4
[INFO] [stderr]     Checking async-stream v0.3.5
[INFO] [stderr]     Checking strum v0.25.0
[INFO] [stderr]     Checking ratatui v0.23.0
[INFO] [stderr]     Checking ratatui v0.24.0
[INFO] [stderr]    Compiling prost-types v0.10.1
[INFO] [stderr]     Checking tuirealm v1.9.1
[INFO] [stderr]    Compiling tonic-build v0.7.2
[INFO] [stderr]     Checking tui-realm-stdlib v1.3.0
[INFO] [stderr]    Compiling blazer v0.1.0 (/opt/rustwide/workdir)
[INFO] [stderr]     Checking tokio-util v0.7.10
[INFO] [stderr]     Checking tokio-io-timeout v1.2.0
[INFO] [stderr]     Checking tokio-stream v0.1.14
[INFO] [stderr]     Checking h2 v0.3.22
[INFO] [stderr]     Checking tower v0.4.13
[INFO] [stderr] error: failed to run custom build command for `blazer v0.1.0 (/opt/rustwide/workdir)`
[INFO] [stderr] note: To improve backtraces for build dependencies, set the CARGO_PROFILE_DEV_BUILD_OVERRIDE_DEBUG=true environment variable to enable debug information generation.
[INFO] [stderr] 
[INFO] [stderr] Caused by:
[INFO] [stderr]   process didn't exit successfully: `/opt/rustwide/target/debug/build/blazer-464069e83ab3aa1c/build-script-build` (exit status: 1)
[INFO] [stderr]   --- stderr
[INFO] [stderr]   Error: Custom { kind: Other, error: "protoc failed: grpc.proto: This file contains proto3 optional fields, but --experimental_allow_proto3_optional was not set.\n" }
[INFO] [stderr] warning: build failed, waiting for other jobs to finish...
[INFO] running `Command { std: "docker" "inspect" "edcac8b3b1bd9e96ab1e0be01b277d318dc84754f655e61d45e068ebee810fc2", kill_on_drop: false }`
[INFO] running `Command { std: "docker" "rm" "-f" "edcac8b3b1bd9e96ab1e0be01b277d318dc84754f655e61d45e068ebee810fc2", kill_on_drop: false }`
[INFO] [stdout] edcac8b3b1bd9e96ab1e0be01b277d318dc84754f655e61d45e068ebee810fc2
