[INFO] cloning repository https://github.com/Mageas/twitch_recover_cli
[INFO] running `Command { std: "git" "-c" "credential.helper=" "-c" "credential.helper=/workspace/cargo-home/bin/git-credential-null" "clone" "--bare" "https://github.com/Mageas/twitch_recover_cli" "/workspace/cache/git-repos/https%3A%2F%2Fgithub.com%2FMageas%2Ftwitch_recover_cli", kill_on_drop: false }`
[INFO] [stderr] Cloning into bare repository '/workspace/cache/git-repos/https%3A%2F%2Fgithub.com%2FMageas%2Ftwitch_recover_cli'...
[INFO] running `Command { std: "git" "rev-parse" "HEAD", kill_on_drop: false }`
[INFO] [stdout] 28b5753c17c22da9d9879e3049769612e2054e55
[INFO] documenting Mageas/twitch_recover_cli against 1.75.0 for beta-1.76-rustdoc-1
[INFO] running `Command { std: "git" "clone" "/workspace/cache/git-repos/https%3A%2F%2Fgithub.com%2FMageas%2Ftwitch_recover_cli" "/workspace/builds/worker-3-tc1/source", kill_on_drop: false }`
[INFO] [stderr] Cloning into '/workspace/builds/worker-3-tc1/source'...
[INFO] [stderr] done.
[INFO] validating manifest of git repo https://github.com/Mageas/twitch_recover_cli on toolchain 1.75.0
[INFO] running `Command { std: CARGO_HOME="/workspace/cargo-home" RUSTUP_HOME="/workspace/rustup-home" "/workspace/cargo-home/bin/cargo" "+1.75.0" "metadata" "--manifest-path" "Cargo.toml" "--no-deps", kill_on_drop: false }`
[INFO] started tweaking git repo https://github.com/Mageas/twitch_recover_cli
[INFO] finished tweaking git repo https://github.com/Mageas/twitch_recover_cli
[INFO] tweaked toml for git repo https://github.com/Mageas/twitch_recover_cli written to /workspace/builds/worker-3-tc1/source/Cargo.toml
[INFO] crate git repo https://github.com/Mageas/twitch_recover_cli already has a lockfile, it will not be regenerated
[INFO] running `Command { std: CARGO_HOME="/workspace/cargo-home" RUSTUP_HOME="/workspace/rustup-home" "/workspace/cargo-home/bin/cargo" "+1.75.0" "fetch" "--manifest-path" "Cargo.toml", kill_on_drop: false }`
[INFO] [stderr]     Blocking waiting for file lock on package cache
[INFO] [stderr]     Updating crates.io index
[INFO] [stderr]     Blocking waiting for file lock on package cache
[ERROR] error running command: no output for 300 seconds
[ERROR] this task or one of its parent failed!
[ERROR] no output for 300 seconds
[ERROR] note: run with `RUST_BACKTRACE=1` to display a backtrace.
[INFO] documenting Mageas/twitch_recover_cli against beta-2023-12-22 for beta-1.76-rustdoc-1
[INFO] running `Command { std: "git" "clone" "/workspace/cache/git-repos/https%3A%2F%2Fgithub.com%2FMageas%2Ftwitch_recover_cli" "/workspace/builds/worker-3-tc2/source", kill_on_drop: false }`
[INFO] [stderr] Cloning into '/workspace/builds/worker-3-tc2/source'...
[INFO] [stderr] done.
[INFO] validating manifest of git repo https://github.com/Mageas/twitch_recover_cli on toolchain beta-2023-12-22
[INFO] running `Command { std: CARGO_HOME="/workspace/cargo-home" RUSTUP_HOME="/workspace/rustup-home" "/workspace/cargo-home/bin/cargo" "+beta-2023-12-22" "metadata" "--manifest-path" "Cargo.toml" "--no-deps", kill_on_drop: false }`
[INFO] started tweaking git repo https://github.com/Mageas/twitch_recover_cli
[INFO] finished tweaking git repo https://github.com/Mageas/twitch_recover_cli
[INFO] tweaked toml for git repo https://github.com/Mageas/twitch_recover_cli written to /workspace/builds/worker-3-tc2/source/Cargo.toml
[INFO] crate git repo https://github.com/Mageas/twitch_recover_cli already has a lockfile, it will not be regenerated
[INFO] running `Command { std: CARGO_HOME="/workspace/cargo-home" RUSTUP_HOME="/workspace/rustup-home" "/workspace/cargo-home/bin/cargo" "+beta-2023-12-22" "fetch" "--manifest-path" "Cargo.toml", kill_on_drop: false }`
[INFO] [stderr]     Blocking waiting for file lock on package cache
[INFO] [stderr]     Blocking waiting for file lock on package cache
[INFO] [stderr]  Downloading crates ...
[INFO] [stderr]   Downloaded twitch_recover v0.2.1
[INFO] running `Command { std: "docker" "create" "-v" "/var/lib/crater-agent-workspace/builds/worker-3-tc2/target:/opt/rustwide/target:rw,Z" "-v" "/var/lib/crater-agent-workspace/builds/worker-3-tc2/source:/opt/rustwide/workdir:ro,Z" "-v" "/var/lib/crater-agent-workspace/cargo-home:/opt/rustwide/cargo-home:ro,Z" "-v" "/var/lib/crater-agent-workspace/rustup-home:/opt/rustwide/rustup-home:ro,Z" "-e" "SOURCE_DIR=/opt/rustwide/workdir" "-e" "CARGO_TARGET_DIR=/opt/rustwide/target" "-e" "CARGO_HOME=/opt/rustwide/cargo-home" "-e" "RUSTUP_HOME=/opt/rustwide/rustup-home" "-w" "/opt/rustwide/workdir" "-m" "1610612736" "--user" "0:0" "--network" "none" "ghcr.io/rust-lang/crates-build-env/linux@sha256:2788e3201cd34a07e3172128adcd8b3090168a8e3bcc40d7c032b9dda1df7d1c" "/opt/rustwide/cargo-home/bin/cargo" "+beta-2023-12-22" "metadata" "--no-deps" "--format-version=1", kill_on_drop: false }`
[INFO] [stdout] 1949834188eec9abb4b7ceab0339c001fd8fd6b1001aa53e9cafefe33872edb4
[INFO] running `Command { std: "docker" "start" "-a" "1949834188eec9abb4b7ceab0339c001fd8fd6b1001aa53e9cafefe33872edb4", kill_on_drop: false }`
[INFO] running `Command { std: "docker" "inspect" "1949834188eec9abb4b7ceab0339c001fd8fd6b1001aa53e9cafefe33872edb4", kill_on_drop: false }`
[INFO] running `Command { std: "docker" "rm" "-f" "1949834188eec9abb4b7ceab0339c001fd8fd6b1001aa53e9cafefe33872edb4", kill_on_drop: false }`
[INFO] [stdout] 1949834188eec9abb4b7ceab0339c001fd8fd6b1001aa53e9cafefe33872edb4
[INFO] running `Command { std: "docker" "create" "-v" "/var/lib/crater-agent-workspace/builds/worker-3-tc2/target:/opt/rustwide/target:rw,Z" "-v" "/var/lib/crater-agent-workspace/builds/worker-3-tc2/source:/opt/rustwide/workdir:ro,Z" "-v" "/var/lib/crater-agent-workspace/cargo-home:/opt/rustwide/cargo-home:ro,Z" "-v" "/var/lib/crater-agent-workspace/rustup-home:/opt/rustwide/rustup-home:ro,Z" "-e" "SOURCE_DIR=/opt/rustwide/workdir" "-e" "CARGO_TARGET_DIR=/opt/rustwide/target" "-e" "CARGO_INCREMENTAL=0" "-e" "RUST_BACKTRACE=full" "-e" "RUSTFLAGS=--cap-lints=warn" "-e" "RUSTDOCFLAGS=--cap-lints=warn" "-e" "CARGO_HOME=/opt/rustwide/cargo-home" "-e" "RUSTUP_HOME=/opt/rustwide/rustup-home" "-w" "/opt/rustwide/workdir" "-m" "1610612736" "--user" "0:0" "--network" "none" "ghcr.io/rust-lang/crates-build-env/linux@sha256:2788e3201cd34a07e3172128adcd8b3090168a8e3bcc40d7c032b9dda1df7d1c" "/opt/rustwide/cargo-home/bin/cargo" "+beta-2023-12-22" "doc" "--frozen" "--no-deps" "--document-private-items" "--message-format=json", kill_on_drop: false }`
[INFO] [stdout] 5dede52862aa4bc5d96b71d63d5aa64409903d00d7a71b5a9d5516f17f62391e
[INFO] running `Command { std: "docker" "start" "-a" "5dede52862aa4bc5d96b71d63d5aa64409903d00d7a71b5a9d5516f17f62391e", kill_on_drop: false }`
[INFO] [stderr]    Compiling libc v0.2.137
[INFO] [stderr]    Compiling proc-macro2 v1.0.47
[INFO] [stderr]    Compiling unicode-ident v1.0.5
[INFO] [stderr]    Compiling quote v1.0.21
[INFO] [stderr]    Compiling syn v1.0.103
[INFO] [stderr]    Compiling log v0.4.17
[INFO] [stderr]     Checking once_cell v1.16.0
[INFO] [stderr]    Compiling lock_api v0.4.9
[INFO] [stderr]     Checking pin-project-lite v0.2.9
[INFO] [stderr]    Compiling pkg-config v0.3.26
[INFO] [stderr]    Compiling cc v1.0.74
[INFO] [stderr]    Compiling parking_lot_core v0.9.4
[INFO] [stderr]     Checking smallvec v1.10.0
[INFO] [stderr]     Checking scopeguard v1.1.0
[INFO] [stderr]    Compiling futures-core v0.3.25
[INFO] [stderr]     Checking bytes v1.2.1
[INFO] [stderr]    Compiling tokio v1.21.2
[INFO] [stderr]    Compiling slab v0.4.7
[INFO] [stderr]    Compiling futures-task v0.3.25
[INFO] [stderr]     Checking itoa v1.0.4
[INFO] [stderr]     Checking tracing-core v0.1.30
[INFO] [stderr]    Compiling indexmap v1.9.1
[INFO] [stderr]     Checking mio v0.8.5
[INFO] [stderr]     Checking num_cpus v1.13.1
[INFO] [stderr]     Checking signal-hook-registry v1.4.0
[INFO] [stderr]     Checking parking_lot v0.12.1
[INFO] [stderr]     Checking socket2 v0.4.7
[INFO] [stderr]    Compiling futures-util v0.3.25
[INFO] [stderr]    Compiling openssl v0.10.42
[INFO] [stderr]    Compiling openssl-sys v0.9.77
[INFO] [stderr]     Checking foreign-types-shared v0.1.1
[INFO] [stderr]     Checking foreign-types v0.3.2
[INFO] [stderr]     Checking http v0.2.8
[INFO] [stderr]     Checking tracing v0.1.37
[INFO] [stderr]     Checking tinyvec_macros v0.1.0
[INFO] [stderr]    Compiling native-tls v0.2.10
[INFO] [stderr]     Checking futures-sink v0.3.25
[INFO] [stderr]     Checking futures-io v0.3.25
[INFO] [stderr]    Compiling futures-channel v0.3.25
[INFO] [stderr]     Checking tinyvec v1.6.0
[INFO] [stderr]    Compiling proc-macro-error-attr v1.0.4
[INFO] [stderr]    Compiling num-traits v0.2.15
[INFO] [stderr]     Checking try-lock v0.2.3
[INFO] [stderr]     Checking openssl-probe v0.1.5
[INFO] [stderr]     Checking percent-encoding v2.2.0
[INFO] [stderr]    Compiling serde v1.0.147
[INFO] [stderr]     Checking http-body v0.4.5
[INFO] [stderr]     Checking form_urlencoded v1.1.0
[INFO] [stderr]     Checking want v0.3.0
[INFO] [stderr]     Checking getrandom v0.2.8
[INFO] [stderr]    Compiling proc-macro-error v1.0.4
[INFO] [stderr]    Compiling num-integer v0.1.45
[INFO] [stderr]     Checking httpdate v1.0.2
[INFO] [stderr]     Checking unicode-bidi v0.3.8
[INFO] [stderr]     Checking unicode-normalization v0.1.22
[INFO] [stderr]    Compiling encoding_rs v0.8.31
[INFO] [stderr]    Compiling gcc v0.3.55
[INFO] [stderr]     Checking rand_core v0.6.4
[INFO] [stderr]     Checking rand v0.4.6
[INFO] [stderr]     Checking idna v0.3.0
[INFO] [stderr]     Checking time v0.1.44
[INFO] [stderr]    Compiling thiserror v1.0.37
[INFO] [stderr]    Compiling rust-crypto v0.2.36
[INFO] [stderr]     Checking ryu v1.0.11
[INFO] [stderr]     Checking ppv-lite86 v0.2.16
[INFO] [stderr]     Checking rand v0.3.23
[INFO] [stderr]     Checking url v2.3.1
[INFO] [stderr]     Checking aho-corasick v0.7.19
[INFO] [stderr]     Checking iana-time-zone v0.1.53
[INFO] [stderr]     Checking rand_chacha v0.3.1
[INFO] [stderr]     Checking base64 v0.13.1
[INFO] [stderr]    Compiling heck v0.4.0
[INFO] [stderr]     Checking rustc-serialize v0.3.24
[INFO] [stderr]    Compiling anyhow v1.0.66
[INFO] [stdout] error[E0310]: the parameter type `T` may not live long enough
[INFO] [stdout]     --> /opt/rustwide/cargo-home/registry/src/index.crates.io-6f17d22bba15001f/rustc-serialize-0.3.24/src/serialize.rs:1155:5
[INFO] [stdout]      |
[INFO] [stdout] 1155 |     fn decode<D: Decoder>(d: &mut D) -> Result<Cow<'static, T>, D::Error> {
[INFO] [stdout]      |     ^^^^^^^^^^^^^^^^^^^^^^^^^^^^^^^^^^^^^^^^^^^^^^^^^^^^^^^^^^^^^^^^^^^^^
[INFO] [stdout]      |     |
[INFO] [stdout]      |     the parameter type `T` must be valid for the static lifetime...
[INFO] [stdout]      |     ...so that the type `T` will meet its required lifetime bounds...
[INFO] [stdout]      |
[INFO] [stdout] note: ...that is required by this bound
[INFO] [stdout]     --> /rustc/0e09125c6c3c2fd70d7de961bcf0e51575235fad/library/alloc/src/borrow.rs:180:30
[INFO] [stdout] help: consider adding an explicit lifetime bound
[INFO] [stdout]      |
[INFO] [stdout] 1151 | impl<'a, T: ?Sized + 'static> Decodable for Cow<'a, T>
[INFO] [stdout]      |                    +++++++++
[INFO] [stdout] 
[INFO] [stdout] 
[INFO] [stderr]     Checking ipnet v2.5.0
[INFO] [stderr]     Checking mime v0.3.16
[INFO] [stderr]     Checking os_str_bytes v6.3.1
[INFO] [stderr]     Checking regex-syntax v0.6.27
[INFO] [stderr]     Checking rand v0.8.5
[INFO] [stderr]     Checking chrono v0.4.22
[INFO] [stderr]     Checking clap_lex v0.3.0
[INFO] [stderr]     Checking atty v0.2.14
[INFO] [stderr]     Checking termcolor v1.1.3
[INFO] [stdout] error: aborting due to 1 previous error
[INFO] [stdout] 
[INFO] [stdout] 
[INFO] [stdout] For more information about this error, try `rustc --explain E0310`.
[INFO] [stdout] 
[INFO] [stderr] error: could not compile `rustc-serialize` (lib) due to 2 previous errors
[INFO] [stderr] warning: build failed, waiting for other jobs to finish...
[INFO] running `Command { std: "docker" "inspect" "5dede52862aa4bc5d96b71d63d5aa64409903d00d7a71b5a9d5516f17f62391e", kill_on_drop: false }`
[INFO] running `Command { std: "docker" "rm" "-f" "5dede52862aa4bc5d96b71d63d5aa64409903d00d7a71b5a9d5516f17f62391e", kill_on_drop: false }`
[INFO] [stdout] 5dede52862aa4bc5d96b71d63d5aa64409903d00d7a71b5a9d5516f17f62391e
