[INFO] cloning repository https://github.com/LightningPeach/lnd-rust-2
[INFO] running `Command { std: "git" "-c" "credential.helper=" "-c" "credential.helper=/workspace/cargo-home/bin/git-credential-null" "clone" "--bare" "https://github.com/LightningPeach/lnd-rust-2" "/workspace/cache/git-repos/https%3A%2F%2Fgithub.com%2FLightningPeach%2Flnd-rust-2", kill_on_drop: false }`
[INFO] [stderr] Cloning into bare repository '/workspace/cache/git-repos/https%3A%2F%2Fgithub.com%2FLightningPeach%2Flnd-rust-2'...
[INFO] running `Command { std: "git" "rev-parse" "HEAD", kill_on_drop: false }`
[INFO] [stdout] 3a7efa91b615e032b18bb54841b6b4cb95362d7c
[INFO] documenting LightningPeach/lnd-rust-2 against 1.75.0 for beta-1.76-rustdoc-1
[INFO] running `Command { std: "git" "clone" "/workspace/cache/git-repos/https%3A%2F%2Fgithub.com%2FLightningPeach%2Flnd-rust-2" "/workspace/builds/worker-5-tc1/source", kill_on_drop: false }`
[INFO] [stderr] Cloning into '/workspace/builds/worker-5-tc1/source'...
[INFO] [stderr] done.
[INFO] validating manifest of git repo https://github.com/LightningPeach/lnd-rust-2 on toolchain 1.75.0
[INFO] running `Command { std: CARGO_HOME="/workspace/cargo-home" RUSTUP_HOME="/workspace/rustup-home" "/workspace/cargo-home/bin/cargo" "+1.75.0" "metadata" "--manifest-path" "Cargo.toml" "--no-deps", kill_on_drop: false }`
[INFO] started tweaking git repo https://github.com/LightningPeach/lnd-rust-2
[INFO] finished tweaking git repo https://github.com/LightningPeach/lnd-rust-2
[INFO] tweaked toml for git repo https://github.com/LightningPeach/lnd-rust-2 written to /workspace/builds/worker-5-tc1/source/Cargo.toml
[INFO] crate git repo https://github.com/LightningPeach/lnd-rust-2 already has a lockfile, it will not be regenerated
[INFO] running `Command { std: CARGO_HOME="/workspace/cargo-home" RUSTUP_HOME="/workspace/rustup-home" "/workspace/cargo-home/bin/cargo" "+1.75.0" "fetch" "--manifest-path" "Cargo.toml", kill_on_drop: false }`
[INFO] [stderr]     Blocking waiting for file lock on package cache
[ERROR] error running command: no output for 300 seconds
[ERROR] this task or one of its parent failed!
[ERROR] no output for 300 seconds
[ERROR] note: run with `RUST_BACKTRACE=1` to display a backtrace.
[INFO] documenting LightningPeach/lnd-rust-2 against beta-2023-12-22 for beta-1.76-rustdoc-1
[INFO] running `Command { std: "git" "clone" "/workspace/cache/git-repos/https%3A%2F%2Fgithub.com%2FLightningPeach%2Flnd-rust-2" "/workspace/builds/worker-5-tc2/source", kill_on_drop: false }`
[INFO] [stderr] Cloning into '/workspace/builds/worker-5-tc2/source'...
[INFO] [stderr] done.
[INFO] validating manifest of git repo https://github.com/LightningPeach/lnd-rust-2 on toolchain beta-2023-12-22
[INFO] running `Command { std: CARGO_HOME="/workspace/cargo-home" RUSTUP_HOME="/workspace/rustup-home" "/workspace/cargo-home/bin/cargo" "+beta-2023-12-22" "metadata" "--manifest-path" "Cargo.toml" "--no-deps", kill_on_drop: false }`
[INFO] started tweaking git repo https://github.com/LightningPeach/lnd-rust-2
[INFO] finished tweaking git repo https://github.com/LightningPeach/lnd-rust-2
[INFO] tweaked toml for git repo https://github.com/LightningPeach/lnd-rust-2 written to /workspace/builds/worker-5-tc2/source/Cargo.toml
[INFO] crate git repo https://github.com/LightningPeach/lnd-rust-2 already has a lockfile, it will not be regenerated
[INFO] running `Command { std: CARGO_HOME="/workspace/cargo-home" RUSTUP_HOME="/workspace/rustup-home" "/workspace/cargo-home/bin/cargo" "+beta-2023-12-22" "fetch" "--manifest-path" "Cargo.toml", kill_on_drop: false }`
[INFO] [stderr]     Blocking waiting for file lock on package cache
[INFO] [stderr]     Updating crates.io index
[INFO] [stderr]     Blocking waiting for file lock on package cache
[INFO] [stderr]  Downloading crates ...
[INFO] [stderr]   Downloaded protobuf-codegen v2.8.1
[INFO] [stderr]   Downloaded tls-api v0.1.22
[INFO] [stderr]   Downloaded tokio-uds v0.1.7
[INFO] [stderr]   Downloaded tokio-tls-api v0.1.22
[INFO] [stderr]   Downloaded protoc-rust-grpc v0.6.1
[INFO] [stderr]   Downloaded protobuf v2.8.1
[INFO] [stderr]   Downloaded grpc-compiler v0.6.1
[INFO] [stderr]   Downloaded webpki-roots v0.16.0
[INFO] [stderr]   Downloaded tls-api-rustls v0.1.22
[INFO] [stderr]   Downloaded grpc v0.6.1
[INFO] [stderr]   Downloaded protoc-rust v2.8.1
[INFO] [stderr]   Downloaded tls-api-stub v0.1.22
[INFO] [stderr]   Downloaded protoc v2.8.1
[INFO] [stderr]   Downloaded httpbis v0.7.0
[INFO] running `Command { std: "docker" "create" "-v" "/var/lib/crater-agent-workspace/builds/worker-5-tc2/target:/opt/rustwide/target:rw,Z" "-v" "/var/lib/crater-agent-workspace/builds/worker-5-tc2/source:/opt/rustwide/workdir:ro,Z" "-v" "/var/lib/crater-agent-workspace/cargo-home:/opt/rustwide/cargo-home:ro,Z" "-v" "/var/lib/crater-agent-workspace/rustup-home:/opt/rustwide/rustup-home:ro,Z" "-e" "SOURCE_DIR=/opt/rustwide/workdir" "-e" "CARGO_TARGET_DIR=/opt/rustwide/target" "-e" "CARGO_HOME=/opt/rustwide/cargo-home" "-e" "RUSTUP_HOME=/opt/rustwide/rustup-home" "-w" "/opt/rustwide/workdir" "-m" "1610612736" "--user" "0:0" "--network" "none" "ghcr.io/rust-lang/crates-build-env/linux@sha256:2788e3201cd34a07e3172128adcd8b3090168a8e3bcc40d7c032b9dda1df7d1c" "/opt/rustwide/cargo-home/bin/cargo" "+beta-2023-12-22" "metadata" "--no-deps" "--format-version=1", kill_on_drop: false }`
[INFO] [stdout] 5bb610f9f72079c55277dde3db9e297e761e17eb8d215f2b004e41637350759f
[INFO] running `Command { std: "docker" "start" "-a" "5bb610f9f72079c55277dde3db9e297e761e17eb8d215f2b004e41637350759f", kill_on_drop: false }`
[INFO] running `Command { std: "docker" "inspect" "5bb610f9f72079c55277dde3db9e297e761e17eb8d215f2b004e41637350759f", kill_on_drop: false }`
[INFO] running `Command { std: "docker" "rm" "-f" "5bb610f9f72079c55277dde3db9e297e761e17eb8d215f2b004e41637350759f", kill_on_drop: false }`
[INFO] [stdout] 5bb610f9f72079c55277dde3db9e297e761e17eb8d215f2b004e41637350759f
[INFO] running `Command { std: "docker" "create" "-v" "/var/lib/crater-agent-workspace/builds/worker-5-tc2/target:/opt/rustwide/target:rw,Z" "-v" "/var/lib/crater-agent-workspace/builds/worker-5-tc2/source:/opt/rustwide/workdir:ro,Z" "-v" "/var/lib/crater-agent-workspace/cargo-home:/opt/rustwide/cargo-home:ro,Z" "-v" "/var/lib/crater-agent-workspace/rustup-home:/opt/rustwide/rustup-home:ro,Z" "-e" "SOURCE_DIR=/opt/rustwide/workdir" "-e" "CARGO_TARGET_DIR=/opt/rustwide/target" "-e" "CARGO_INCREMENTAL=0" "-e" "RUST_BACKTRACE=full" "-e" "RUSTFLAGS=--cap-lints=warn" "-e" "RUSTDOCFLAGS=--cap-lints=warn" "-e" "CARGO_HOME=/opt/rustwide/cargo-home" "-e" "RUSTUP_HOME=/opt/rustwide/rustup-home" "-w" "/opt/rustwide/workdir" "-m" "1610612736" "--user" "0:0" "--network" "none" "ghcr.io/rust-lang/crates-build-env/linux@sha256:2788e3201cd34a07e3172128adcd8b3090168a8e3bcc40d7c032b9dda1df7d1c" "/opt/rustwide/cargo-home/bin/cargo" "+beta-2023-12-22" "doc" "--frozen" "--no-deps" "--document-private-items" "--message-format=json", kill_on_drop: false }`
[INFO] [stdout] 7e756a299ed4a6466eb73b432794a8b974b1fa233186b62072b1973bdfcecccd
[INFO] running `Command { std: "docker" "start" "-a" "7e756a299ed4a6466eb73b432794a8b974b1fa233186b62072b1973bdfcecccd", kill_on_drop: false }`
[INFO] [stderr]    Compiling libc v0.2.62
[INFO] [stderr]     Checking cfg-if v0.1.9
[INFO] [stderr]    Compiling byteorder v1.3.2
[INFO] [stderr]    Compiling log v0.4.8
[INFO] [stderr]    Compiling autocfg v0.1.6
[INFO] [stderr]     Checking futures v0.1.29
[INFO] [stderr]     Checking slab v0.4.2
[INFO] [stderr]    Compiling parking_lot_core v0.4.0
[INFO] [stderr]     Checking crossbeam-utils v0.6.6
[INFO] [stderr]     Checking stable_deref_trait v1.1.1
[INFO] [stderr]     Checking owning_ref v0.4.0
[INFO] [stderr]    Compiling memoffset v0.5.1
[INFO] [stderr]     Checking smallvec v0.6.10
[INFO] [stderr]    Compiling rand_pcg v0.1.2
[INFO] [stderr]    Compiling rand_chacha v0.1.1
[INFO] [stderr]    Compiling rand v0.6.5
[INFO] [stderr]    Compiling arrayvec v0.4.11
[INFO] [stderr]     Checking scopeguard v0.3.3
[INFO] [stderr]     Checking lock_api v0.1.5
[INFO] [stderr]     Checking fnv v1.0.6
[INFO] [stderr]    Compiling protobuf v2.8.1
[INFO] [stderr]    Compiling getrandom v0.1.12
[INFO] [stderr]     Checking nodrop v0.1.13
[INFO] [stderr]     Checking tokio-executor v0.1.8
[INFO] [stderr]     Checking tokio-sync v0.1.6
[INFO] [stderr]     Checking iovec v0.1.2
[INFO] [stderr]     Checking rand_os v0.1.3
[INFO] [stderr]     Checking num_cpus v1.10.1
[INFO] [stderr]     Checking net2 v0.2.33
[INFO] [stderr]     Checking bytes v0.4.12
[INFO] [stderr]     Checking scopeguard v1.0.0
[INFO] [stderr]     Checking mio v0.6.19
[INFO] [stderr]    Compiling cc v1.0.45
[INFO] [stderr]    Compiling ppv-lite86 v0.2.5
[INFO] [stderr]     Checking crossbeam-epoch v0.7.2
[INFO] [stderr]     Checking tokio-io v0.1.12
[INFO] [stderr]    Compiling rand_core v0.5.1
[INFO] [stderr]     Checking crossbeam-queue v0.1.2
[INFO] [stderr]     Checking crossbeam-deque v0.7.1
[INFO] [stderr]     Checking spin v0.5.2
[INFO] [stderr]     Checking untrusted v0.6.2
[INFO] [stderr]     Checking tokio-codec v0.1.1
[INFO] [stderr]    Compiling remove_dir_all v0.5.2
[INFO] [stderr]    Compiling c2-chacha v0.2.2
[INFO] [stderr]     Checking mio-uds v0.6.7
[INFO] [stderr]     Checking tokio-current-thread v0.1.6
[INFO] [stderr]     Checking tokio-timer v0.2.11
[INFO] [stderr]     Checking tls-api v0.1.22
[INFO] [stderr]    Compiling protoc v2.8.1
[INFO] [stderr]    Compiling rand v0.4.6
[INFO] [stderr]    Compiling rand_chacha v0.2.1
[INFO] [stderr]     Checking tokio-threadpool v0.1.15
[INFO] [stderr]    Compiling rand v0.7.0
[INFO] [stderr]     Checking scoped-tls v0.1.2
[INFO] [stderr]     Checking log v0.3.9
[INFO] [stderr]     Checking parking_lot v0.7.1
[INFO] [stderr]    Compiling ring v0.14.6
[INFO] [stderr]     Checking slab v0.3.0
[INFO] [stderr]     Checking tokio-reactor v0.1.9
[INFO] [stderr]    Compiling httpbis v0.7.0
[INFO] [stderr]     Checking tokio-timer v0.1.2
[INFO] [stderr]     Checking tokio-fs v0.1.6
[INFO] [stderr]    Compiling tempdir v0.3.7
[INFO] [stderr]     Checking tls-api-stub v0.1.22
[INFO] [stderr]     Checking tokio-udp v0.1.5
[INFO] [stderr]     Checking tokio-uds v0.2.5
[INFO] [stderr]     Checking tokio-tcp v0.1.3
[INFO] [stderr]     Checking tokio-tls-api v0.1.22
[INFO] [stderr]     Checking futures-cpupool v0.1.8
[INFO] [stderr]     Checking unix_socket v0.5.0
[INFO] [stderr]     Checking base64 v0.10.1
[INFO] [stderr]     Checking safemem v0.3.2
[INFO] [stderr]     Checking tokio v0.1.22
[INFO] [stderr]     Checking base64 v0.9.3
[INFO] [stderr]    Compiling tempfile v3.1.0
[INFO] [stderr]     Checking tokio-core v0.1.17
[INFO] [stderr]     Checking tokio-uds v0.1.7
[INFO] [stderr]    Compiling protobuf-codegen v2.8.1
[INFO] [stderr]     Checking grpc v0.6.1
[INFO] [stderr]     Checking webpki v0.19.1
[INFO] [stderr]     Checking sct v0.5.0
[INFO] [stderr]    Compiling grpc-compiler v0.6.1
[INFO] [stderr]    Compiling protoc-rust v2.8.1
[INFO] [stderr]    Compiling protoc-rust-grpc v0.6.1
[INFO] [stderr]     Checking rustls v0.15.2
[INFO] [stderr]     Checking webpki-roots v0.16.0
[INFO] [stderr]    Compiling lnd-rust v0.6.0 (/opt/rustwide/workdir)
[INFO] [stderr]     Checking tls-api-rustls v0.1.22
[INFO] [stderr] error: failed to run custom build command for `lnd-rust v0.6.0 (/opt/rustwide/workdir)`
[INFO] [stderr] note: To improve backtraces for build dependencies, set the CARGO_PROFILE_DEV_BUILD_OVERRIDE_DEBUG=true environment variable to enable debug information generation.
[INFO] [stderr] 
[INFO] [stderr] Caused by:
[INFO] [stderr]   process didn't exit successfully: `/opt/rustwide/target/debug/build/lnd-rust-6c3d6d114456571f/build-script-build` (exit status: 101)
[INFO] [stderr]   --- stdout
[INFO] [stderr]   cargo:rerun-if-changed=protos/rpc.proto
[INFO] [stderr] 
[INFO] [stderr]   --- stderr
[INFO] [stderr]   thread 'main' panicked at build.rs:6:42:
[INFO] [stderr]   GOPATH is not defined: NotPresent
[INFO] [stderr]   stack backtrace:
[INFO] [stderr]      0:     0x56350e0f6be6 - std::backtrace_rs::backtrace::libunwind::trace::h261606ad26a499c1
[INFO] [stderr]                                  at /rustc/0e09125c6c3c2fd70d7de961bcf0e51575235fad/library/std/src/../../backtrace/src/backtrace/libunwind.rs:104:5
[INFO] [stderr]      1:     0x56350e0f6be6 - std::backtrace_rs::backtrace::trace_unsynchronized::hd183f0625477fb28
[INFO] [stderr]                                  at /rustc/0e09125c6c3c2fd70d7de961bcf0e51575235fad/library/std/src/../../backtrace/src/backtrace/mod.rs:66:5
[INFO] [stderr]      2:     0x56350e0f6be6 - std::sys_common::backtrace::_print_fmt::hd7f8fef21b4eda67
[INFO] [stderr]                                  at /rustc/0e09125c6c3c2fd70d7de961bcf0e51575235fad/library/std/src/sys_common/backtrace.rs:68:5
[INFO] [stderr]      3:     0x56350e0f6be6 - <std::sys_common::backtrace::_print::DisplayBacktrace as core::fmt::Display>::fmt::h623d9b51f2f453f1
[INFO] [stderr]                                  at /rustc/0e09125c6c3c2fd70d7de961bcf0e51575235fad/library/std/src/sys_common/backtrace.rs:44:22
[INFO] [stderr]      4:     0x56350e120b20 - core::fmt::rt::Argument::fmt::h9f417ac76a86f368
[INFO] [stderr]                                  at /rustc/0e09125c6c3c2fd70d7de961bcf0e51575235fad/library/core/src/fmt/rt.rs:142:9
[INFO] [stderr]      5:     0x56350e120b20 - core::fmt::write::hc9b6faf4ac2aeff7
[INFO] [stderr]                                  at /rustc/0e09125c6c3c2fd70d7de961bcf0e51575235fad/library/core/src/fmt/mod.rs:1120:17
[INFO] [stderr]      6:     0x56350e0f46ef - std::io::Write::write_fmt::hfead1eee52c2e65e
[INFO] [stderr]                                  at /rustc/0e09125c6c3c2fd70d7de961bcf0e51575235fad/library/std/src/io/mod.rs:1810:15
[INFO] [stderr]      7:     0x56350e0f69c4 - std::sys_common::backtrace::_print::hd5d66399c7df88a2
[INFO] [stderr]                                  at /rustc/0e09125c6c3c2fd70d7de961bcf0e51575235fad/library/std/src/sys_common/backtrace.rs:47:5
[INFO] [stderr]      8:     0x56350e0f69c4 - std::sys_common::backtrace::print::he81ed2da642d37e5
[INFO] [stderr]                                  at /rustc/0e09125c6c3c2fd70d7de961bcf0e51575235fad/library/std/src/sys_common/backtrace.rs:34:9
[INFO] [stderr]      9:     0x56350e0f7fa7 - std::panicking::default_hook::{{closure}}::h85773f4fa117163d
[INFO] [stderr]     10:     0x56350e0f7d09 - std::panicking::default_hook::h6a1694a91d09b278
[INFO] [stderr]                                  at /rustc/0e09125c6c3c2fd70d7de961bcf0e51575235fad/library/std/src/panicking.rs:292:9
[INFO] [stderr]     11:     0x56350e0f8438 - std::panicking::rust_panic_with_hook::h0a7ad96e90f7145b
[INFO] [stderr]                                  at /rustc/0e09125c6c3c2fd70d7de961bcf0e51575235fad/library/std/src/panicking.rs:779:13
[INFO] [stderr]     12:     0x56350e0f8312 - std::panicking::begin_panic_handler::{{closure}}::h7919090525c6485e
[INFO] [stderr]                                  at /rustc/0e09125c6c3c2fd70d7de961bcf0e51575235fad/library/std/src/panicking.rs:657:13
[INFO] [stderr]     13:     0x56350e0f70e6 - std::sys_common::backtrace::__rust_end_short_backtrace::hf3289479464f7dfe
[INFO] [stderr]                                  at /rustc/0e09125c6c3c2fd70d7de961bcf0e51575235fad/library/std/src/sys_common/backtrace.rs:171:18
[INFO] [stderr]     14:     0x56350e0f8070 - rust_begin_unwind
[INFO] [stderr]                                  at /rustc/0e09125c6c3c2fd70d7de961bcf0e51575235fad/library/std/src/panicking.rs:645:5
[INFO] [stderr]     15:     0x56350dee8aa5 - core::panicking::panic_fmt::hcc9f77c5c132af55
[INFO] [stderr]                                  at /rustc/0e09125c6c3c2fd70d7de961bcf0e51575235fad/library/core/src/panicking.rs:72:14
[INFO] [stderr]     16:     0x56350dee9043 - core::result::unwrap_failed::hbe14f498be1452f9
[INFO] [stderr]                                  at /rustc/0e09125c6c3c2fd70d7de961bcf0e51575235fad/library/core/src/result.rs:1649:5
[INFO] [stderr]     17:     0x56350dee97bc - core::result::Result<T,E>::expect::h5902d996a50f495c
[INFO] [stderr]     18:     0x56350dee99e8 - build_script_build::main::h966d1dee27d140a0
[INFO] [stderr]     19:     0x56350dee9623 - core::ops::function::FnOnce::call_once::h200beeca44163d69
[INFO] [stderr]     20:     0x56350dee93d6 - std::sys_common::backtrace::__rust_begin_short_backtrace::h01d5bb745513da7b
[INFO] [stderr]     21:     0x56350dee9429 - std::rt::lang_start::{{closure}}::h5c2bde09f8fc0117
[INFO] [stderr]     22:     0x56350e0f04f1 - core::ops::function::impls::<impl core::ops::function::FnOnce<A> for &F>::call_once::h4eb4c5e1620f29b0
[INFO] [stderr]                                  at /rustc/0e09125c6c3c2fd70d7de961bcf0e51575235fad/library/core/src/ops/function.rs:284:13
[INFO] [stderr]     23:     0x56350e0f04f1 - std::panicking::try::do_call::h73fd26535faffcdf
[INFO] [stderr]                                  at /rustc/0e09125c6c3c2fd70d7de961bcf0e51575235fad/library/std/src/panicking.rs:552:40
[INFO] [stderr]     24:     0x56350e0f04f1 - std::panicking::try::h77ff1d98f0fb9f39
[INFO] [stderr]                                  at /rustc/0e09125c6c3c2fd70d7de961bcf0e51575235fad/library/std/src/panicking.rs:516:19
[INFO] [stderr]     25:     0x56350e0f04f1 - std::panic::catch_unwind::hab3caf2448b95e37
[INFO] [stderr]                                  at /rustc/0e09125c6c3c2fd70d7de961bcf0e51575235fad/library/std/src/panic.rs:142:14
[INFO] [stderr]     26:     0x56350e0f04f1 - std::rt::lang_start_internal::{{closure}}::h8086711f9c783f78
[INFO] [stderr]                                  at /rustc/0e09125c6c3c2fd70d7de961bcf0e51575235fad/library/std/src/rt.rs:148:48
[INFO] [stderr]     27:     0x56350e0f04f1 - std::panicking::try::do_call::hf920d4dc291cd6ca
[INFO] [stderr]                                  at /rustc/0e09125c6c3c2fd70d7de961bcf0e51575235fad/library/std/src/panicking.rs:552:40
[INFO] [stderr]     28:     0x56350e0f04f1 - std::panicking::try::h2b806ccc0a85db74
[INFO] [stderr]                                  at /rustc/0e09125c6c3c2fd70d7de961bcf0e51575235fad/library/std/src/panicking.rs:516:19
[INFO] [stderr]     29:     0x56350e0f04f1 - std::panic::catch_unwind::h038489539c507df2
[INFO] [stderr]                                  at /rustc/0e09125c6c3c2fd70d7de961bcf0e51575235fad/library/std/src/panic.rs:142:14
[INFO] [stderr]     30:     0x56350e0f04f1 - std::rt::lang_start_internal::h28503b88912e8a5c
[INFO] [stderr]                                  at /rustc/0e09125c6c3c2fd70d7de961bcf0e51575235fad/library/std/src/rt.rs:148:20
[INFO] [stderr]     31:     0x56350dee9407 - std::rt::lang_start::hb7e54de93cc49754
[INFO] [stderr]     32:     0x56350dee9bf5 - main
[INFO] [stderr]     33:     0x7f32c821ed90 - <unknown>
[INFO] [stderr]     34:     0x7f32c821ee40 - __libc_start_main
[INFO] [stderr]     35:     0x56350dee9305 - _start
[INFO] [stderr]     36:                0x0 - <unknown>
[INFO] [stderr] warning: build failed, waiting for other jobs to finish...
[INFO] running `Command { std: "docker" "inspect" "7e756a299ed4a6466eb73b432794a8b974b1fa233186b62072b1973bdfcecccd", kill_on_drop: false }`
[INFO] running `Command { std: "docker" "rm" "-f" "7e756a299ed4a6466eb73b432794a8b974b1fa233186b62072b1973bdfcecccd", kill_on_drop: false }`
[INFO] [stdout] 7e756a299ed4a6466eb73b432794a8b974b1fa233186b62072b1973bdfcecccd
