[INFO] cloning repository https://github.com/JeffA233/RLGym-Rust
[INFO] running `Command { std: "git" "-c" "credential.helper=" "-c" "credential.helper=/workspace/cargo-home/bin/git-credential-null" "clone" "--bare" "https://github.com/JeffA233/RLGym-Rust" "/workspace/cache/git-repos/https%3A%2F%2Fgithub.com%2FJeffA233%2FRLGym-Rust", kill_on_drop: false }`
[INFO] [stderr] Cloning into bare repository '/workspace/cache/git-repos/https%3A%2F%2Fgithub.com%2FJeffA233%2FRLGym-Rust'...
[INFO] running `Command { std: "git" "rev-parse" "HEAD", kill_on_drop: false }`
[INFO] [stdout] c549719d683f3ce6d02eb10f30d0a804e35b780b
[INFO] documenting JeffA233/RLGym-Rust against 1.75.0 for beta-1.76-rustdoc-1
[INFO] running `Command { std: "git" "clone" "/workspace/cache/git-repos/https%3A%2F%2Fgithub.com%2FJeffA233%2FRLGym-Rust" "/workspace/builds/worker-6-tc1/source", kill_on_drop: false }`
[INFO] [stderr] Cloning into '/workspace/builds/worker-6-tc1/source'...
[INFO] [stderr] done.
[INFO] validating manifest of git repo https://github.com/JeffA233/RLGym-Rust on toolchain 1.75.0
[INFO] running `Command { std: CARGO_HOME="/workspace/cargo-home" RUSTUP_HOME="/workspace/rustup-home" "/workspace/cargo-home/bin/cargo" "+1.75.0" "metadata" "--manifest-path" "Cargo.toml" "--no-deps", kill_on_drop: false }`
[INFO] started tweaking git repo https://github.com/JeffA233/RLGym-Rust
[INFO] finished tweaking git repo https://github.com/JeffA233/RLGym-Rust
[INFO] tweaked toml for git repo https://github.com/JeffA233/RLGym-Rust written to /workspace/builds/worker-6-tc1/source/Cargo.toml
[INFO] crate git repo https://github.com/JeffA233/RLGym-Rust already has a lockfile, it will not be regenerated
[INFO] running `Command { std: CARGO_HOME="/workspace/cargo-home" RUSTUP_HOME="/workspace/rustup-home" "/workspace/cargo-home/bin/cargo" "+1.75.0" "fetch" "--manifest-path" "Cargo.toml", kill_on_drop: false }`
[INFO] [stderr]     Blocking waiting for file lock on package cache
[ERROR] error running command: no output for 300 seconds
[ERROR] this task or one of its parent failed!
[ERROR] no output for 300 seconds
[ERROR] note: run with `RUST_BACKTRACE=1` to display a backtrace.
[INFO] documenting JeffA233/RLGym-Rust against beta-2023-12-22 for beta-1.76-rustdoc-1
[INFO] running `Command { std: "git" "clone" "/workspace/cache/git-repos/https%3A%2F%2Fgithub.com%2FJeffA233%2FRLGym-Rust" "/workspace/builds/worker-6-tc2/source", kill_on_drop: false }`
[INFO] [stderr] Cloning into '/workspace/builds/worker-6-tc2/source'...
[INFO] [stderr] done.
[INFO] validating manifest of git repo https://github.com/JeffA233/RLGym-Rust on toolchain beta-2023-12-22
[INFO] running `Command { std: CARGO_HOME="/workspace/cargo-home" RUSTUP_HOME="/workspace/rustup-home" "/workspace/cargo-home/bin/cargo" "+beta-2023-12-22" "metadata" "--manifest-path" "Cargo.toml" "--no-deps", kill_on_drop: false }`
[INFO] started tweaking git repo https://github.com/JeffA233/RLGym-Rust
[INFO] finished tweaking git repo https://github.com/JeffA233/RLGym-Rust
[INFO] tweaked toml for git repo https://github.com/JeffA233/RLGym-Rust written to /workspace/builds/worker-6-tc2/source/Cargo.toml
[INFO] crate git repo https://github.com/JeffA233/RLGym-Rust already has a lockfile, it will not be regenerated
[INFO] running `Command { std: CARGO_HOME="/workspace/cargo-home" RUSTUP_HOME="/workspace/rustup-home" "/workspace/cargo-home/bin/cargo" "+beta-2023-12-22" "fetch" "--manifest-path" "Cargo.toml", kill_on_drop: false }`
[INFO] [stderr]     Blocking waiting for file lock on package cache
[INFO] [stderr]     Updating crates.io index
[INFO] [stderr]     Blocking waiting for file lock on package cache
[ERROR] error running command: no output for 300 seconds
[INFO] documenting JeffA233/RLGym-Rust against beta-2023-12-22 for beta-1.76-rustdoc-1
[INFO] running `Command { std: "git" "clone" "/workspace/cache/git-repos/https%3A%2F%2Fgithub.com%2FJeffA233%2FRLGym-Rust" "/workspace/builds/worker-6-tc2/source", kill_on_drop: false }`
[INFO] [stderr] Cloning into '/workspace/builds/worker-6-tc2/source'...
[INFO] [stderr] done.
[INFO] validating manifest of git repo https://github.com/JeffA233/RLGym-Rust on toolchain beta-2023-12-22
[INFO] running `Command { std: CARGO_HOME="/workspace/cargo-home" RUSTUP_HOME="/workspace/rustup-home" "/workspace/cargo-home/bin/cargo" "+beta-2023-12-22" "metadata" "--manifest-path" "Cargo.toml" "--no-deps", kill_on_drop: false }`
[INFO] started tweaking git repo https://github.com/JeffA233/RLGym-Rust
[INFO] finished tweaking git repo https://github.com/JeffA233/RLGym-Rust
[INFO] tweaked toml for git repo https://github.com/JeffA233/RLGym-Rust written to /workspace/builds/worker-6-tc2/source/Cargo.toml
[INFO] crate git repo https://github.com/JeffA233/RLGym-Rust already has a lockfile, it will not be regenerated
[INFO] running `Command { std: CARGO_HOME="/workspace/cargo-home" RUSTUP_HOME="/workspace/rustup-home" "/workspace/cargo-home/bin/cargo" "+beta-2023-12-22" "fetch" "--manifest-path" "Cargo.toml", kill_on_drop: false }`
[INFO] [stderr]     Blocking waiting for file lock on package cache
[INFO] [stderr]  Downloading crates ...
[INFO] [stderr]   Downloaded webbrowser v0.8.0
[INFO] [stderr]   Downloaded pyo3-macros v0.17.2
[INFO] [stderr]   Downloaded registry v1.2.2
[INFO] [stderr]   Downloaded gym v2.2.1
[INFO] [stderr]   Downloaded unindent v0.1.9
[INFO] [stderr]   Downloaded utfx v0.1.0
[INFO] [stderr]   Downloaded pyo3-macros-backend v0.17.2
[INFO] [stderr]   Downloaded python3-sys v0.4.1
[INFO] [stderr]   Downloaded cpython v0.4.1
[INFO] [stderr]   Downloaded sysinfo v0.26.2
[INFO] [stderr]   Downloaded windows_aarch64_gnullvm v0.41.0
[INFO] [stderr]   Downloaded windows_aarch64_msvc v0.41.0
[INFO] [stderr]   Downloaded ndarray v0.15.4
[INFO] [stderr]   Downloaded windows_x86_64_gnullvm v0.41.0
[INFO] [stderr]   Downloaded windows_x86_64_msvc v0.41.0
[INFO] [stderr]   Downloaded pyo3 v0.17.2
[INFO] [stderr]   Downloaded windows_x86_64_gnu v0.41.0
[INFO] [stderr]   Downloaded windows v0.41.0
[INFO] [stderr]   Downloaded windows_i686_msvc v0.41.0
[INFO] [stderr]   Downloaded windows_i686_gnu v0.41.0
[INFO] [stderr]   Downloaded pyo3-ffi v0.17.2
[INFO] [stderr]   Downloaded numpy v0.17.2
[INFO] [stderr]   Downloaded pyo3-build-config v0.17.2
[INFO] [stderr]   Downloaded indoc v1.0.6
[INFO] running `Command { std: "docker" "create" "-v" "/var/lib/crater-agent-workspace/builds/worker-6-tc2/target:/opt/rustwide/target:rw,Z" "-v" "/var/lib/crater-agent-workspace/builds/worker-6-tc2/source:/opt/rustwide/workdir:ro,Z" "-v" "/var/lib/crater-agent-workspace/cargo-home:/opt/rustwide/cargo-home:ro,Z" "-v" "/var/lib/crater-agent-workspace/rustup-home:/opt/rustwide/rustup-home:ro,Z" "-e" "SOURCE_DIR=/opt/rustwide/workdir" "-e" "CARGO_TARGET_DIR=/opt/rustwide/target" "-e" "CARGO_HOME=/opt/rustwide/cargo-home" "-e" "RUSTUP_HOME=/opt/rustwide/rustup-home" "-w" "/opt/rustwide/workdir" "-m" "1610612736" "--user" "0:0" "--network" "none" "ghcr.io/rust-lang/crates-build-env/linux@sha256:2788e3201cd34a07e3172128adcd8b3090168a8e3bcc40d7c032b9dda1df7d1c" "/opt/rustwide/cargo-home/bin/cargo" "+beta-2023-12-22" "metadata" "--no-deps" "--format-version=1", kill_on_drop: false }`
[INFO] [stdout] 2fa71155c81cc47054aa40034d126a9f489aa13a23474293d10ded699042e578
[INFO] running `Command { std: "docker" "start" "-a" "2fa71155c81cc47054aa40034d126a9f489aa13a23474293d10ded699042e578", kill_on_drop: false }`
[INFO] running `Command { std: "docker" "inspect" "2fa71155c81cc47054aa40034d126a9f489aa13a23474293d10ded699042e578", kill_on_drop: false }`
[INFO] running `Command { std: "docker" "rm" "-f" "2fa71155c81cc47054aa40034d126a9f489aa13a23474293d10ded699042e578", kill_on_drop: false }`
[INFO] [stdout] 2fa71155c81cc47054aa40034d126a9f489aa13a23474293d10ded699042e578
[INFO] running `Command { std: "docker" "create" "-v" "/var/lib/crater-agent-workspace/builds/worker-6-tc2/target:/opt/rustwide/target:rw,Z" "-v" "/var/lib/crater-agent-workspace/builds/worker-6-tc2/source:/opt/rustwide/workdir:ro,Z" "-v" "/var/lib/crater-agent-workspace/cargo-home:/opt/rustwide/cargo-home:ro,Z" "-v" "/var/lib/crater-agent-workspace/rustup-home:/opt/rustwide/rustup-home:ro,Z" "-e" "SOURCE_DIR=/opt/rustwide/workdir" "-e" "CARGO_TARGET_DIR=/opt/rustwide/target" "-e" "CARGO_INCREMENTAL=0" "-e" "RUST_BACKTRACE=full" "-e" "RUSTFLAGS=--cap-lints=warn" "-e" "RUSTDOCFLAGS=--cap-lints=warn" "-e" "CARGO_HOME=/opt/rustwide/cargo-home" "-e" "RUSTUP_HOME=/opt/rustwide/rustup-home" "-w" "/opt/rustwide/workdir" "-m" "1610612736" "--user" "0:0" "--network" "none" "ghcr.io/rust-lang/crates-build-env/linux@sha256:2788e3201cd34a07e3172128adcd8b3090168a8e3bcc40d7c032b9dda1df7d1c" "/opt/rustwide/cargo-home/bin/cargo" "+beta-2023-12-22" "doc" "--frozen" "--no-deps" "--document-private-items" "--message-format=json", kill_on_drop: false }`
[INFO] [stdout] 7690592dfd68c720250fd1cb423afe55210d5a2451683ab16ac0743eed412b02
[INFO] running `Command { std: "docker" "start" "-a" "7690592dfd68c720250fd1cb423afe55210d5a2451683ab16ac0743eed412b02", kill_on_drop: false }`
[INFO] [stderr]    Compiling libc v0.2.126
[INFO] [stderr]    Compiling proc-macro2 v1.0.40
[INFO] [stderr]    Compiling quote v1.0.20
[INFO] [stderr]    Compiling unicode-ident v1.0.1
[INFO] [stderr]    Compiling syn v1.0.98
[INFO] [stderr]    Compiling target-lexicon v0.12.4
[INFO] [stderr]    Compiling generic-array v0.14.6
[INFO] [stderr]     Checking once_cell v1.13.0
[INFO] [stderr]    Compiling crossbeam-utils v0.8.11
[INFO] [stderr]    Compiling regex-syntax v0.6.27
[INFO] [stderr]     Checking subtle v2.4.1
[INFO] [stderr]    Compiling crossbeam-epoch v0.9.10
[INFO] [stderr]     Checking getrandom v0.2.7
[INFO] [stderr]    Compiling jobserver v0.1.25
[INFO] [stderr]    Compiling num-integer v0.1.45
[INFO] [stderr]     Checking crypto-common v0.1.6
[INFO] [stderr]     Checking block-buffer v0.10.3
[INFO] [stderr]     Checking rawpointer v0.2.1
[INFO] [stderr]     Checking rand_core v0.6.3
[INFO] [stderr]     Checking digest v0.10.5
[INFO] [stderr]    Compiling cc v1.0.73
[INFO] [stderr]    Compiling pyo3-build-config v0.17.2
[INFO] [stderr]     Checking cpufeatures v0.2.5
[INFO] [stderr]    Compiling rayon-core v1.9.3
[INFO] [stderr]     Checking getrandom v0.1.16
[INFO] [stderr]    Compiling num-complex v0.2.4
[INFO] [stderr]    Compiling failure_derive v0.1.8
[INFO] [stderr]     Checking gimli v0.26.2
[INFO] [stderr]     Checking smallvec v1.9.0
[INFO] [stderr]    Compiling winapi v0.3.9
[INFO] [stderr]    Compiling zstd-safe v4.1.6+zstd.1.5.2
[INFO] [stderr]     Checking parking_lot_core v0.9.3
[INFO] [stderr]     Checking crossbeam-deque v0.8.2
[INFO] [stderr]     Checking rand_core v0.5.1
[INFO] [stderr]     Checking unicode-normalization v0.1.22
[INFO] [stderr]     Checking crossbeam-channel v0.5.6
[INFO] [stderr]     Checking num_cpus v1.13.1
[INFO] [stderr]    Compiling zstd-sys v1.6.3+zstd.1.5.2
[INFO] [stderr]    Compiling bzip2-sys v0.1.11+1.0.8
[INFO] [stderr]    Compiling regex v1.6.0
[INFO] [stderr]    Compiling backtrace v0.3.66
[INFO] [stderr]     Checking object v0.29.0
[INFO] [stderr]    Compiling ahash v0.7.6
[INFO] [stderr]    Compiling rayon v1.5.3
[INFO] [stderr]     Checking either v1.8.0
[INFO] [stderr]     Checking base64ct v1.0.1
[INFO] [stderr]    Compiling pyo3-ffi v0.17.2
[INFO] [stderr]    Compiling pyo3 v0.17.2
[INFO] [stderr]    Compiling ndarray v0.13.1
[INFO] [stderr]    Compiling serde v1.0.144
[INFO] [stderr]     Checking addr2line v0.17.0
[INFO] [stderr]    Compiling thiserror v1.0.35
[INFO] [stderr]     Checking itoa v1.0.3
[INFO] [stderr]     Checking rustc-demangle v0.1.21
[INFO] [stderr]    Compiling cpython v0.4.1
[INFO] [stderr]     Checking idna v0.3.0
[INFO] [stderr]     Checking password-hash v0.3.2
[INFO] [stderr]     Checking rand_chacha v0.2.2
[INFO] [stderr]     Checking parking_lot v0.12.1
[INFO] [stderr]     Checking sha2 v0.10.6
[INFO] [stderr]     Checking hmac v0.12.1
[INFO] [stderr]     Checking matrixmultiply v0.2.4
[INFO] [stderr]     Checking matrixmultiply v0.3.2
[INFO] [stderr]     Checking cipher v0.3.0
[INFO] [stderr]     Checking num-complex v0.4.2
[INFO] [stderr]     Checking num_threads v0.1.6
[INFO] [stderr]    Compiling winreg v0.10.1
[INFO] [stderr]     Checking unindent v0.1.9
[INFO] [stderr]    Compiling sysinfo v0.26.2
[INFO] [stderr]    Compiling indoc v1.0.6
[INFO] [stderr]    Compiling time-macros v0.2.4
[INFO] [stderr]    Compiling serde_json v1.0.85
[INFO] [stderr] error: failed to run custom build command for `winreg v0.10.1`
[INFO] [stderr] note: To improve backtraces for build dependencies, set the CARGO_PROFILE_DEV_BUILD_OVERRIDE_DEBUG=true environment variable to enable debug information generation.
[INFO] [stderr] 
[INFO] [stderr] Caused by:
[INFO] [stderr]   process didn't exit successfully: `/opt/rustwide/target/debug/build/winreg-4bb30c524a0e4e0e/build-script-build` (exit status: 1)
[INFO] [stderr]   --- stderr
[INFO] [stderr]   error: winreg is only supported on Windows platforms
[INFO] [stderr]   help: if your application is multi-platform, use `[target.'cfg(windows)'.dependencies] winreg = "..."`
[INFO] [stderr]   help: if your application is only supported on Windows, use `--target x86_64-pc-windows-gnu` or some other windows platform
[INFO] [stderr] warning: build failed, waiting for other jobs to finish...
[INFO] running `Command { std: "docker" "inspect" "7690592dfd68c720250fd1cb423afe55210d5a2451683ab16ac0743eed412b02", kill_on_drop: false }`
[INFO] running `Command { std: "docker" "rm" "-f" "7690592dfd68c720250fd1cb423afe55210d5a2451683ab16ac0743eed412b02", kill_on_drop: false }`
[INFO] [stdout] 7690592dfd68c720250fd1cb423afe55210d5a2451683ab16ac0743eed412b02
