[INFO] cloning repository https://github.com/JacobPuff/FiddlingWithSoftPot
[INFO] running `Command { std: "git" "-c" "credential.helper=" "-c" "credential.helper=/workspace/cargo-home/bin/git-credential-null" "clone" "--bare" "https://github.com/JacobPuff/FiddlingWithSoftPot" "/workspace/cache/git-repos/https%3A%2F%2Fgithub.com%2FJacobPuff%2FFiddlingWithSoftPot", kill_on_drop: false }`
[INFO] [stderr] Cloning into bare repository '/workspace/cache/git-repos/https%3A%2F%2Fgithub.com%2FJacobPuff%2FFiddlingWithSoftPot'...
[INFO] running `Command { std: "git" "rev-parse" "HEAD", kill_on_drop: false }`
[INFO] [stdout] f027e735030df84d48b44809f718afbc91d5a8aa
[INFO] documenting JacobPuff/FiddlingWithSoftPot against 1.75.0 for beta-1.76-rustdoc-1
[INFO] running `Command { std: "git" "clone" "/workspace/cache/git-repos/https%3A%2F%2Fgithub.com%2FJacobPuff%2FFiddlingWithSoftPot" "/workspace/builds/worker-7-tc1/source", kill_on_drop: false }`
[INFO] [stderr] Cloning into '/workspace/builds/worker-7-tc1/source'...
[INFO] [stderr] done.
[INFO] validating manifest of git repo https://github.com/JacobPuff/FiddlingWithSoftPot on toolchain 1.75.0
[INFO] running `Command { std: CARGO_HOME="/workspace/cargo-home" RUSTUP_HOME="/workspace/rustup-home" "/workspace/cargo-home/bin/cargo" "+1.75.0" "metadata" "--manifest-path" "Cargo.toml" "--no-deps", kill_on_drop: false }`
[INFO] started tweaking git repo https://github.com/JacobPuff/FiddlingWithSoftPot
[INFO] finished tweaking git repo https://github.com/JacobPuff/FiddlingWithSoftPot
[INFO] tweaked toml for git repo https://github.com/JacobPuff/FiddlingWithSoftPot written to /workspace/builds/worker-7-tc1/source/Cargo.toml
[INFO] crate git repo https://github.com/JacobPuff/FiddlingWithSoftPot already has a lockfile, it will not be regenerated
[INFO] running `Command { std: CARGO_HOME="/workspace/cargo-home" RUSTUP_HOME="/workspace/rustup-home" "/workspace/cargo-home/bin/cargo" "+1.75.0" "fetch" "--manifest-path" "Cargo.toml", kill_on_drop: false }`
[INFO] [stderr]     Blocking waiting for file lock on package cache
[ERROR] error running command: no output for 300 seconds
[ERROR] this task or one of its parent failed!
[ERROR] no output for 300 seconds
[ERROR] note: run with `RUST_BACKTRACE=1` to display a backtrace.
[INFO] documenting JacobPuff/FiddlingWithSoftPot against beta-2023-12-22 for beta-1.76-rustdoc-1
[INFO] running `Command { std: "git" "clone" "/workspace/cache/git-repos/https%3A%2F%2Fgithub.com%2FJacobPuff%2FFiddlingWithSoftPot" "/workspace/builds/worker-7-tc2/source", kill_on_drop: false }`
[INFO] [stderr] Cloning into '/workspace/builds/worker-7-tc2/source'...
[INFO] [stderr] done.
[INFO] validating manifest of git repo https://github.com/JacobPuff/FiddlingWithSoftPot on toolchain beta-2023-12-22
[INFO] running `Command { std: CARGO_HOME="/workspace/cargo-home" RUSTUP_HOME="/workspace/rustup-home" "/workspace/cargo-home/bin/cargo" "+beta-2023-12-22" "metadata" "--manifest-path" "Cargo.toml" "--no-deps", kill_on_drop: false }`
[INFO] started tweaking git repo https://github.com/JacobPuff/FiddlingWithSoftPot
[INFO] finished tweaking git repo https://github.com/JacobPuff/FiddlingWithSoftPot
[INFO] tweaked toml for git repo https://github.com/JacobPuff/FiddlingWithSoftPot written to /workspace/builds/worker-7-tc2/source/Cargo.toml
[INFO] crate git repo https://github.com/JacobPuff/FiddlingWithSoftPot already has a lockfile, it will not be regenerated
[INFO] running `Command { std: CARGO_HOME="/workspace/cargo-home" RUSTUP_HOME="/workspace/rustup-home" "/workspace/cargo-home/bin/cargo" "+beta-2023-12-22" "fetch" "--manifest-path" "Cargo.toml", kill_on_drop: false }`
[INFO] [stderr]     Blocking waiting for file lock on package cache
[INFO] [stderr]     Updating crates.io index
[INFO] [stderr]     Blocking waiting for file lock on package cache
[ERROR] error running command: no output for 300 seconds
[INFO] documenting JacobPuff/FiddlingWithSoftPot against beta-2023-12-22 for beta-1.76-rustdoc-1
[INFO] running `Command { std: "git" "clone" "/workspace/cache/git-repos/https%3A%2F%2Fgithub.com%2FJacobPuff%2FFiddlingWithSoftPot" "/workspace/builds/worker-7-tc2/source", kill_on_drop: false }`
[INFO] [stderr] Cloning into '/workspace/builds/worker-7-tc2/source'...
[INFO] [stderr] done.
[INFO] validating manifest of git repo https://github.com/JacobPuff/FiddlingWithSoftPot on toolchain beta-2023-12-22
[INFO] running `Command { std: CARGO_HOME="/workspace/cargo-home" RUSTUP_HOME="/workspace/rustup-home" "/workspace/cargo-home/bin/cargo" "+beta-2023-12-22" "metadata" "--manifest-path" "Cargo.toml" "--no-deps", kill_on_drop: false }`
[INFO] started tweaking git repo https://github.com/JacobPuff/FiddlingWithSoftPot
[INFO] finished tweaking git repo https://github.com/JacobPuff/FiddlingWithSoftPot
[INFO] tweaked toml for git repo https://github.com/JacobPuff/FiddlingWithSoftPot written to /workspace/builds/worker-7-tc2/source/Cargo.toml
[INFO] crate git repo https://github.com/JacobPuff/FiddlingWithSoftPot already has a lockfile, it will not be regenerated
[INFO] running `Command { std: CARGO_HOME="/workspace/cargo-home" RUSTUP_HOME="/workspace/rustup-home" "/workspace/cargo-home/bin/cargo" "+beta-2023-12-22" "fetch" "--manifest-path" "Cargo.toml", kill_on_drop: false }`
[INFO] [stderr]     Blocking waiting for file lock on package cache
[INFO] [stderr]     Blocking waiting for file lock on package cache
[INFO] [stderr]  Downloading crates ...
[INFO] [stderr]   Downloaded cpal v0.11.0
[INFO] [stderr]   Downloaded sample v0.10.0
[INFO] running `Command { std: "docker" "create" "-v" "/var/lib/crater-agent-workspace/builds/worker-7-tc2/target:/opt/rustwide/target:rw,Z" "-v" "/var/lib/crater-agent-workspace/builds/worker-7-tc2/source:/opt/rustwide/workdir:ro,Z" "-v" "/var/lib/crater-agent-workspace/cargo-home:/opt/rustwide/cargo-home:ro,Z" "-v" "/var/lib/crater-agent-workspace/rustup-home:/opt/rustwide/rustup-home:ro,Z" "-e" "SOURCE_DIR=/opt/rustwide/workdir" "-e" "CARGO_TARGET_DIR=/opt/rustwide/target" "-e" "CARGO_HOME=/opt/rustwide/cargo-home" "-e" "RUSTUP_HOME=/opt/rustwide/rustup-home" "-w" "/opt/rustwide/workdir" "-m" "1610612736" "--user" "0:0" "--network" "none" "ghcr.io/rust-lang/crates-build-env/linux@sha256:2788e3201cd34a07e3172128adcd8b3090168a8e3bcc40d7c032b9dda1df7d1c" "/opt/rustwide/cargo-home/bin/cargo" "+beta-2023-12-22" "metadata" "--no-deps" "--format-version=1", kill_on_drop: false }`
[INFO] [stdout] ef116dc156ccdd0b67fd2a055f9e2227e02b914ae3cead6d403bde4439cf734e
[INFO] running `Command { std: "docker" "start" "-a" "ef116dc156ccdd0b67fd2a055f9e2227e02b914ae3cead6d403bde4439cf734e", kill_on_drop: false }`
[INFO] running `Command { std: "docker" "inspect" "ef116dc156ccdd0b67fd2a055f9e2227e02b914ae3cead6d403bde4439cf734e", kill_on_drop: false }`
[INFO] running `Command { std: "docker" "rm" "-f" "ef116dc156ccdd0b67fd2a055f9e2227e02b914ae3cead6d403bde4439cf734e", kill_on_drop: false }`
[INFO] [stdout] ef116dc156ccdd0b67fd2a055f9e2227e02b914ae3cead6d403bde4439cf734e
[INFO] running `Command { std: "docker" "create" "-v" "/var/lib/crater-agent-workspace/builds/worker-7-tc2/target:/opt/rustwide/target:rw,Z" "-v" "/var/lib/crater-agent-workspace/builds/worker-7-tc2/source:/opt/rustwide/workdir:ro,Z" "-v" "/var/lib/crater-agent-workspace/cargo-home:/opt/rustwide/cargo-home:ro,Z" "-v" "/var/lib/crater-agent-workspace/rustup-home:/opt/rustwide/rustup-home:ro,Z" "-e" "SOURCE_DIR=/opt/rustwide/workdir" "-e" "CARGO_TARGET_DIR=/opt/rustwide/target" "-e" "CARGO_INCREMENTAL=0" "-e" "RUST_BACKTRACE=full" "-e" "RUSTFLAGS=--cap-lints=warn" "-e" "RUSTDOCFLAGS=--cap-lints=warn" "-e" "CARGO_HOME=/opt/rustwide/cargo-home" "-e" "RUSTUP_HOME=/opt/rustwide/rustup-home" "-w" "/opt/rustwide/workdir" "-m" "1610612736" "--user" "0:0" "--network" "none" "ghcr.io/rust-lang/crates-build-env/linux@sha256:2788e3201cd34a07e3172128adcd8b3090168a8e3bcc40d7c032b9dda1df7d1c" "/opt/rustwide/cargo-home/bin/cargo" "+beta-2023-12-22" "doc" "--frozen" "--no-deps" "--document-private-items" "--message-format=json", kill_on_drop: false }`
[INFO] [stdout] 6a5cb747b60ebcfaba346df8fdfd43fc8e506ecd01a497ab440a6d4b05a45645
[INFO] running `Command { std: "docker" "start" "-a" "6a5cb747b60ebcfaba346df8fdfd43fc8e506ecd01a497ab440a6d4b05a45645", kill_on_drop: false }`
[INFO] [stderr]    Compiling proc-macro2 v1.0.10
[INFO] [stderr]    Compiling getrandom v0.1.14
[INFO] [stderr]    Compiling syn v1.0.17
[INFO] [stderr]     Checking ppv-lite86 v0.2.6
[INFO] [stderr]    Compiling alsa-sys v0.1.2
[INFO] [stderr]    Compiling num-traits v0.2.11
[INFO] [stderr]     Checking termios v0.2.2
[INFO] [stderr]     Checking ioctl-rs v0.1.6
[INFO] [stderr]     Checking serial-core v0.4.0
[INFO] [stderr]    Compiling cpal v0.11.0
[INFO] [stderr]     Checking serial-unix v0.4.0
[INFO] [stderr]     Checking serial v0.4.0
[INFO] [stderr]     Checking sample v0.10.0
[INFO] [stderr]     Checking rand_core v0.5.1
[INFO] [stderr]     Checking rand_chacha v0.2.2
[INFO] [stderr]     Checking rand v0.7.3
[INFO] [stderr]    Compiling quote v1.0.3
[INFO] [stdout] error[E0283]: type annotations needed
[INFO] [stdout]    --> /opt/rustwide/cargo-home/registry/src/index.crates.io-6f17d22bba15001f/sample-0.10.0/src/window.rs:73:41
[INFO] [stdout]     |
[INFO] [stdout] 73  |         let v = phase.to_float_sample().to_sample() * PI_2;
[INFO] [stdout]     |                                         ^^^^^^^^^ cannot infer type of the type parameter `S` declared on the method `to_sample`
[INFO] [stdout]     |
[INFO] [stdout]     = note: cannot satisfy `<S as Sample>::Float: ToSample<_>`
[INFO] [stdout] note: required by a bound in `Sample::to_sample`
[INFO] [stdout]    --> /opt/rustwide/cargo-home/registry/src/index.crates.io-6f17d22bba15001f/sample-0.10.0/src/lib.rs:266:15
[INFO] [stdout]     |
[INFO] [stdout] 264 |     fn to_sample<S>(self) -> S
[INFO] [stdout]     |        --------- required by a bound in this associated function
[INFO] [stdout] 265 |     where
[INFO] [stdout] 266 |         Self: ToSample<S>,
[INFO] [stdout]     |               ^^^^^^^^^^^ required by this bound in `Sample::to_sample`
[INFO] [stdout] help: consider specifying the generic argument
[INFO] [stdout]     |
[INFO] [stdout] 73  |         let v = phase.to_float_sample().to_sample::<S>() * PI_2;
[INFO] [stdout]     |                                                  +++++
[INFO] [stdout] 
[INFO] [stdout] 
[INFO] [stdout] error: aborting due to 1 previous error
[INFO] [stdout] 
[INFO] [stdout] 
[INFO] [stdout] For more information about this error, try `rustc --explain E0283`.
[INFO] [stdout] 
[INFO] [stderr] error: could not compile `sample` (lib) due to 2 previous errors
[INFO] [stderr] warning: build failed, waiting for other jobs to finish...
[INFO] running `Command { std: "docker" "inspect" "6a5cb747b60ebcfaba346df8fdfd43fc8e506ecd01a497ab440a6d4b05a45645", kill_on_drop: false }`
[INFO] running `Command { std: "docker" "rm" "-f" "6a5cb747b60ebcfaba346df8fdfd43fc8e506ecd01a497ab440a6d4b05a45645", kill_on_drop: false }`
[INFO] [stdout] 6a5cb747b60ebcfaba346df8fdfd43fc8e506ecd01a497ab440a6d4b05a45645
