[INFO] fetching crate ztui 0.1.7...
[INFO] documenting ztui-0.1.7 against 1.75.0 for beta-1.76-rustdoc-1
[INFO] extracting crate ztui 0.1.7 into /workspace/builds/worker-6-tc1/source
[INFO] validating manifest of crates.io crate ztui 0.1.7 on toolchain 1.75.0
[INFO] running `Command { std: CARGO_HOME="/workspace/cargo-home" RUSTUP_HOME="/workspace/rustup-home" "/workspace/cargo-home/bin/cargo" "+1.75.0" "metadata" "--manifest-path" "Cargo.toml" "--no-deps", kill_on_drop: false }`
[INFO] started tweaking crates.io crate ztui 0.1.7
[INFO] finished tweaking crates.io crate ztui 0.1.7
[INFO] tweaked toml for crates.io crate ztui 0.1.7 written to /workspace/builds/worker-6-tc1/source/Cargo.toml
[INFO] crate crates.io crate ztui 0.1.7 already has a lockfile, it will not be regenerated
[INFO] running `Command { std: CARGO_HOME="/workspace/cargo-home" RUSTUP_HOME="/workspace/rustup-home" "/workspace/cargo-home/bin/cargo" "+1.75.0" "fetch" "--manifest-path" "Cargo.toml", kill_on_drop: false }`
[INFO] [stderr]     Updating crates.io index
[INFO] [stderr]  Downloading crates ...
[INFO] [stderr]   Downloaded progenitor-client v0.1.1
[INFO] [stderr]   Downloaded progenitor-macro v0.1.1
[INFO] [stderr]   Downloaded typify-macro v0.0.6
[INFO] [stderr]   Downloaded zerotier-one-api v1.2.1
[INFO] [stderr]   Downloaded rustfmt-wrapper v0.1.0
[INFO] [stderr]   Downloaded typify v0.0.6
[INFO] [stderr]   Downloaded wild v2.1.0
[INFO] [stderr]   Downloaded zerotier-central-api v1.2.1
[INFO] [stderr]   Downloaded signal v0.7.0
[INFO] [stderr]   Downloaded sys_metrics v0.2.6
[INFO] [stderr]   Downloaded progenitor v0.1.1
[INFO] [stderr]   Downloaded progenitor-impl v0.1.1
[INFO] [stderr]   Downloaded typify-impl v0.0.6
[INFO] [stderr]   Downloaded ansi_colours v1.2.1
[INFO] [stderr]   Downloaded openapiv3 v1.0.2
[INFO] [stderr]   Downloaded bat v0.23.0
[INFO] [stderr]   Downloaded openssl-src v111.25.3+1.1.1t
[INFO] [stderr]   Downloaded fancy-duration v0.2.1
[INFO] [stderr]   Downloaded progenitor-client v0.3.0
[INFO] running `Command { std: "docker" "create" "-v" "/var/lib/crater-agent-workspace/builds/worker-6-tc1/target:/opt/rustwide/target:rw,Z" "-v" "/var/lib/crater-agent-workspace/builds/worker-6-tc1/source:/opt/rustwide/workdir:ro,Z" "-v" "/var/lib/crater-agent-workspace/cargo-home:/opt/rustwide/cargo-home:ro,Z" "-v" "/var/lib/crater-agent-workspace/rustup-home:/opt/rustwide/rustup-home:ro,Z" "-e" "SOURCE_DIR=/opt/rustwide/workdir" "-e" "CARGO_TARGET_DIR=/opt/rustwide/target" "-e" "CARGO_HOME=/opt/rustwide/cargo-home" "-e" "RUSTUP_HOME=/opt/rustwide/rustup-home" "-w" "/opt/rustwide/workdir" "-m" "1610612736" "--user" "0:0" "--network" "none" "ghcr.io/rust-lang/crates-build-env/linux@sha256:2788e3201cd34a07e3172128adcd8b3090168a8e3bcc40d7c032b9dda1df7d1c" "/opt/rustwide/cargo-home/bin/cargo" "+1.75.0" "metadata" "--no-deps" "--format-version=1", kill_on_drop: false }`
[INFO] [stdout] aec46cec005af52943bb03603d8c7332c0ef44018e80942a1fa8e44c99152a3b
[INFO] running `Command { std: "docker" "start" "-a" "aec46cec005af52943bb03603d8c7332c0ef44018e80942a1fa8e44c99152a3b", kill_on_drop: false }`
[INFO] running `Command { std: "docker" "inspect" "aec46cec005af52943bb03603d8c7332c0ef44018e80942a1fa8e44c99152a3b", kill_on_drop: false }`
[INFO] running `Command { std: "docker" "rm" "-f" "aec46cec005af52943bb03603d8c7332c0ef44018e80942a1fa8e44c99152a3b", kill_on_drop: false }`
[INFO] [stdout] aec46cec005af52943bb03603d8c7332c0ef44018e80942a1fa8e44c99152a3b
[INFO] running `Command { std: "docker" "create" "-v" "/var/lib/crater-agent-workspace/builds/worker-6-tc1/target:/opt/rustwide/target:rw,Z" "-v" "/var/lib/crater-agent-workspace/builds/worker-6-tc1/source:/opt/rustwide/workdir:ro,Z" "-v" "/var/lib/crater-agent-workspace/cargo-home:/opt/rustwide/cargo-home:ro,Z" "-v" "/var/lib/crater-agent-workspace/rustup-home:/opt/rustwide/rustup-home:ro,Z" "-e" "SOURCE_DIR=/opt/rustwide/workdir" "-e" "CARGO_TARGET_DIR=/opt/rustwide/target" "-e" "CARGO_INCREMENTAL=0" "-e" "RUST_BACKTRACE=full" "-e" "RUSTFLAGS=--cap-lints=warn" "-e" "RUSTDOCFLAGS=--cap-lints=warn" "-e" "CARGO_HOME=/opt/rustwide/cargo-home" "-e" "RUSTUP_HOME=/opt/rustwide/rustup-home" "-w" "/opt/rustwide/workdir" "-m" "1610612736" "--user" "0:0" "--network" "none" "ghcr.io/rust-lang/crates-build-env/linux@sha256:2788e3201cd34a07e3172128adcd8b3090168a8e3bcc40d7c032b9dda1df7d1c" "/opt/rustwide/cargo-home/bin/cargo" "+1.75.0" "doc" "--frozen" "--no-deps" "--document-private-items" "--message-format=json", kill_on_drop: false }`
[INFO] [stdout] 34f9e94485183327d9eaf0446b35c1bf77c48ca0c686ef68512b3da521c263dd
[INFO] running `Command { std: "docker" "start" "-a" "34f9e94485183327d9eaf0446b35c1bf77c48ca0c686ef68512b3da521c263dd", kill_on_drop: false }`
[INFO] [stderr]    Compiling libc v0.2.144
[INFO] [stderr]    Compiling proc-macro2 v1.0.58
[INFO] [stderr]    Compiling quote v1.0.27
[INFO] [stderr]    Compiling unicode-ident v1.0.8
[INFO] [stderr]    Compiling io-lifetimes v1.0.10
[INFO] [stderr]    Compiling rustix v0.37.19
[INFO] [stderr]    Compiling serde v1.0.163
[INFO] [stderr]    Compiling thiserror v1.0.40
[INFO] [stderr]    Compiling log v0.4.17
[INFO] [stderr]    Compiling linux-raw-sys v0.3.7
[INFO] [stderr]    Compiling serde_json v1.0.96
[INFO] [stderr]    Compiling once_cell v1.17.1
[INFO] [stderr]    Compiling itoa v1.0.6
[INFO] [stderr]    Compiling native-tls v0.2.11
[INFO] [stderr]    Compiling pin-project-lite v0.2.9
[INFO] [stderr]    Compiling ryu v1.0.13
[INFO] [stderr]    Compiling openssl-sys v0.9.87
[INFO] [stderr]    Compiling indexmap v1.9.3
[INFO] [stderr]    Compiling ucd-trie v0.1.5
[INFO] [stderr]    Compiling syn v2.0.16
[INFO] [stderr]    Compiling bytes v1.4.0
[INFO] [stderr]    Compiling syn v1.0.109
[INFO] [stderr]    Compiling lock_api v0.4.9
[INFO] [stderr]    Compiling tokio v1.28.1
[INFO] [stderr]    Compiling hashbrown v0.12.3
[INFO] [stderr]    Compiling parking_lot_core v0.9.7
[INFO] [stderr]    Compiling aho-corasick v1.0.1
[INFO] [stderr]    Compiling num-traits v0.2.15
[INFO] [stderr]    Compiling futures-core v0.3.28
[INFO] [stderr]     Checking signal-hook-registry v1.4.1
[INFO] [stderr]    Compiling socket2 v0.4.9
[INFO] [stderr]    Compiling mio v0.8.6
[INFO] [stderr]    Compiling futures-task v0.3.28
[INFO] [stderr]    Compiling same-file v1.0.6
[INFO] [stderr]     Checking smallvec v1.10.0
[INFO] [stderr]    Compiling regex-syntax v0.7.1
[INFO] [stderr]    Compiling num-integer v0.1.45
[INFO] [stderr]    Compiling walkdir v2.3.3
[INFO] [stderr]    Compiling tracing-core v0.1.31
[INFO] [stderr]    Compiling futures-util v0.3.28
[INFO] [stderr]    Compiling home v0.5.5
[INFO] [stderr]    Compiling foreign-types-shared v0.1.1
[INFO] [stderr]    Compiling openssl v0.10.52
[INFO] [stderr]    Compiling schemars v0.8.12
[INFO] [stderr]    Compiling fastrand v1.9.0
[INFO] [stderr]    Compiling foreign-types v0.3.2
[INFO] [stderr]    Compiling http v0.2.9
[INFO] [stderr]    Compiling tracing v0.1.37
[INFO] [stderr]     Checking parking_lot v0.12.1
[INFO] [stderr]    Compiling tempfile v3.5.0
[INFO] [stderr]    Compiling chrono v0.4.24
[INFO] [stderr]    Compiling regex v1.8.1
[INFO] [stderr]    Compiling serde_derive_internals v0.26.0
[INFO] [stderr]    Compiling openssl-src v111.25.3+1.1.1t
[INFO] [stderr]    Compiling futures-sink v0.3.28
[INFO] [stderr]    Compiling dyn-clone v1.0.11
[INFO] [stderr]    Compiling uuid v0.8.2
[INFO] [stderr]    Compiling pin-utils v0.1.0
[INFO] [stderr]    Compiling tinyvec_macros v0.1.1
[INFO] [stderr]    Compiling tinyvec v1.6.0
[INFO] [stderr]    Compiling futures-channel v0.3.28
[INFO] [stderr]    Compiling serde_derive v1.0.163
[INFO] [stderr]    Compiling thiserror-impl v1.0.40
[INFO] [stderr]    Compiling openssl-macros v0.1.1
[INFO] [stderr]    Compiling tokio-util v0.7.8
[INFO] [stderr]    Compiling slab v0.4.8
[INFO] [stderr]    Compiling openssl-probe v0.1.5
[INFO] [stderr]    Compiling percent-encoding v2.2.0
[INFO] [stderr]    Compiling try-lock v0.2.4
[INFO] [stderr]    Compiling schemars_derive v0.8.12
[INFO] [stderr]    Compiling want v0.3.0
[INFO] [stderr]    Compiling form_urlencoded v1.1.0
[INFO] [stderr]    Compiling unicode-normalization v0.1.22
[INFO] [stderr]    Compiling http-body v0.4.5
[INFO] [stderr]    Compiling httparse v1.8.0
[INFO] [stderr]    Compiling pest v2.6.0
[INFO] [stderr]    Compiling httpdate v1.0.2
[INFO] [stderr]    Compiling unicode-bidi v0.3.13
[INFO] [stderr]    Compiling tower-service v0.3.2
[INFO] [stderr]    Compiling anyhow v1.0.71
[INFO] [stderr]    Compiling idna v0.3.0
[INFO] [stderr]    Compiling tokio-macros v2.1.0
[INFO] [stderr]    Compiling futures-macro v0.3.28
[INFO] [stderr]    Compiling semver-parser v0.10.2
[INFO] [stderr]     Checking num_cpus v1.15.0
[INFO] [stderr]     Checking futures-io v0.3.28
[INFO] [stderr]    Compiling unicode-width v0.1.10
[INFO] [stderr]    Compiling url v2.3.1
[INFO] [stderr]    Compiling getopts v0.2.21
[INFO] [stderr]    Compiling semver v0.11.0
[INFO] [stderr]    Compiling toolchain_find v0.2.0
[INFO] [stderr]    Compiling tokio-native-tls v0.3.1
[INFO] [stderr]    Compiling rustfmt-wrapper v0.1.0
[INFO] [stderr]    Compiling encoding_rs v0.8.32
[INFO] [stderr]    Compiling ipnet v2.7.2
[INFO] [stderr]    Compiling base64 v0.21.0
[INFO] [stderr]    Compiling mime v0.3.17
[INFO] [stderr]     Checking encoding_index_tests v0.1.4
[INFO] [stderr]    Compiling utf8parse v0.2.1
[INFO] [stderr]    Compiling anstyle-parse v0.2.0
[INFO] [stderr]    Compiling is-terminal v0.4.7
[INFO] [stderr]    Compiling anstyle v1.0.0
[INFO] [stderr]    Compiling colorchoice v1.0.0
[INFO] [stderr]    Compiling signal-hook v0.3.15
[INFO] [stderr]    Compiling anstyle-query v1.0.0
[INFO] [stderr]    Compiling anstream v0.3.2
[INFO] [stderr]    Compiling terminal_size v0.2.6
[INFO] [stderr]    Compiling onig_sys v69.8.1
[INFO] [stderr]    Compiling memoffset v0.6.5
[INFO] [stderr]    Compiling clap_lex v0.4.1
[INFO] [stderr]    Compiling serde_tokenstream v0.1.7
[INFO] [stderr]    Compiling serde_urlencoded v0.7.1
[INFO] [stderr]     Checking h2 v0.3.19
[INFO] [stderr]    Compiling clap_builder v4.2.7
[INFO] [stderr]    Compiling openapiv3 v1.0.2
[INFO] [stderr]    Compiling typify-impl v0.0.6
[INFO] [stderr]     Checking hyper v0.14.26
[INFO] [stderr]     Checking regex-automata v0.1.10
[INFO] [stderr]     Checking option-ext v0.2.0
[INFO] [stderr]     Checking dirs-sys v0.4.1
[INFO] [stderr]     Checking bstr v1.4.0
[INFO] [stderr]    Compiling clap v4.2.7
[INFO] [stderr]     Checking signal-hook-mio v0.2.3
[INFO] [stderr]     Checking futures-executor v0.3.28
[INFO] [stderr]     Checking serial-core v0.4.0
[INFO] [stderr]     Checking ioctl-rs v0.1.6
[INFO] [stderr]     Checking getrandom v0.2.9
[INFO] [stderr]     Checking time v0.1.45
[INFO] [stderr]     Checking termios v0.2.2
[INFO] [stderr]     Checking aho-corasick v0.7.20
[INFO] [stderr]     Checking iana-time-zone v0.1.56
[INFO] [stderr]    Compiling nix v0.14.1
[INFO] [stderr]     Checking bytemuck v1.13.1
[INFO] [stderr]    Compiling semver v1.0.17
[INFO] [stderr]    Compiling typify-macro v0.0.6
[INFO] [stderr]     Checking rgb v0.8.36
[INFO] [stderr]    Compiling hyper-tls v0.5.0
[INFO] [stderr]     Checking serial-unix v0.4.0
[INFO] [stderr]    Compiling reqwest v0.11.18
[INFO] [stderr]    Compiling bat v0.23.0
[INFO] [stderr]     Checking futures v0.3.28
[INFO] [stderr]     Checking onig v6.4.0
[INFO] [stderr]     Checking bincode v1.3.3
[INFO] [stderr]     Checking encoding-index-tradchinese v1.20141219.5
[INFO] [stderr]     Checking encoding-index-singlebyte v1.20141219.5
[INFO] [stderr]     Checking globset v0.4.10
[INFO] [stderr]     Checking encoding-index-korean v1.20141219.5
[INFO] [stderr]    Compiling progenitor-client v0.1.1
[INFO] [stderr]     Checking encoding-index-simpchinese v1.20141219.5
[INFO] [stderr]     Checking encoding-index-japanese v1.20141219.5
[INFO] [stderr]     Checking atty v0.2.14
[INFO] [stderr]     Checking std_prelude v0.2.12
[INFO] [stderr]     Checking time-core v0.1.1
[INFO] [stderr]     Checking termcolor v1.2.0
[INFO] [stderr]     Checking shell-words v1.1.0
[INFO] [stderr]     Checking void v1.0.2
[INFO] [stderr]     Checking regex-syntax v0.6.29
[INFO] [stderr]     Checking encoding v0.2.33
[INFO] [stderr]     Checking grep-cli v0.1.7
[INFO] [stderr]     Checking time v0.3.21
[INFO] [stderr]     Checking path_abs v0.5.1
[INFO] [stderr]     Checking serial v0.4.0
[INFO] [stderr]     Checking ansi_colours v1.2.1
[INFO] [stderr]    Compiling typify v0.0.6
[INFO] [stderr]    Compiling progenitor-impl v0.1.1
[INFO] [stderr]     Checking serde_yaml v0.8.26
[INFO] [stderr]     Checking console v0.15.6
[INFO] [stderr]     Checking nix v0.25.1
[INFO] [stderr]     Checking crossterm v0.25.0
[INFO] [stderr]     Checking dirs v5.0.1
[INFO] [stderr]     Checking filedescriptor v0.8.2
[INFO] [stderr]     Checking clircle v0.3.0
[INFO] [stderr]     Checking content_inspector v0.2.4
[INFO] [stderr]     Checking downcast-rs v1.2.0
[INFO] [stderr]     Checking bytesize v1.2.0
[INFO] [stderr]     Checking syntect v5.0.0
[INFO] [stderr]     Checking nu-ansi-term v0.47.0
[INFO] [stderr]     Checking wild v2.1.0
[INFO] [stderr]     Checking utf8-width v0.1.6
[INFO] [stderr]     Checking unicode-segmentation v1.10.1
[INFO] [stderr]     Checking glob v0.3.1
[INFO] [stderr]     Checking sys_metrics v0.2.6
[INFO] [stderr]     Checking tui v0.19.0
[INFO] [stderr]     Checking byte-unit v4.0.19
[INFO] [stderr]    Compiling progenitor-macro v0.1.1
[INFO] [stderr]     Checking signal v0.7.0
[INFO] [stderr]     Checking fancy-duration v0.2.1
[INFO] [stderr]     Checking nix v0.24.3
[INFO] [stderr]     Checking crossterm v0.26.1
[INFO] [stderr]     Checking directories v5.0.1
[INFO] [stderr]     Checking portable-pty v0.8.1
[INFO] [stderr]    Compiling progenitor v0.1.1
[INFO] [stderr]    Compiling zerotier-central-api v1.2.1
[INFO] [stderr]    Compiling zerotier-one-api v1.2.1
[INFO] [stderr] error: failed to run custom build command for `zerotier-central-api v1.2.1`
[INFO] [stderr] note: To improve backtraces for build dependencies, set the CARGO_PROFILE_DEV_BUILD_OVERRIDE_DEBUG=true environment variable to enable debug information generation.
[INFO] [stderr] 
[INFO] [stderr] Caused by:
[INFO] [stderr]   process didn't exit successfully: `/opt/rustwide/target/debug/build/zerotier-central-api-833b1ba6aa29b6fc/build-script-build` (exit status: 101)
[INFO] [stderr]   --- stderr
[INFO] [stderr]   thread 'main' panicked at /opt/rustwide/cargo-home/registry/src/index.crates.io-6f17d22bba15001f/progenitor-impl-0.1.1/src/lib.rs:191:56:
[INFO] [stderr]   called `Result::unwrap()` on an `Err` value: NoRustfmt
[INFO] [stderr]   stack backtrace:
[INFO] [stderr]      0:     0x55905e8ec02c - std::backtrace_rs::backtrace::libunwind::trace::ha637c64ce894333a
[INFO] [stderr]                                  at /rustc/82e1608dfa6e0b5569232559e3d385fea5a93112/library/std/src/../../backtrace/src/backtrace/libunwind.rs:104:5
[INFO] [stderr]      1:     0x55905e8ec02c - std::backtrace_rs::backtrace::trace_unsynchronized::h47f62dea28e0c88d
[INFO] [stderr]                                  at /rustc/82e1608dfa6e0b5569232559e3d385fea5a93112/library/std/src/../../backtrace/src/backtrace/mod.rs:66:5
[INFO] [stderr]      2:     0x55905e8ec02c - std::sys_common::backtrace::_print_fmt::h9eef0abe20ede486
[INFO] [stderr]                                  at /rustc/82e1608dfa6e0b5569232559e3d385fea5a93112/library/std/src/sys_common/backtrace.rs:67:5
[INFO] [stderr]      3:     0x55905e8ec02c - <std::sys_common::backtrace::_print::DisplayBacktrace as core::fmt::Display>::fmt::hed7f999df88cc644
[INFO] [stderr]                                  at /rustc/82e1608dfa6e0b5569232559e3d385fea5a93112/library/std/src/sys_common/backtrace.rs:44:22
[INFO] [stderr]      4:     0x55905e9161b0 - core::fmt::rt::Argument::fmt::h1539a9308b8d058d
[INFO] [stderr]                                  at /rustc/82e1608dfa6e0b5569232559e3d385fea5a93112/library/core/src/fmt/rt.rs:142:9
[INFO] [stderr]      5:     0x55905e9161b0 - core::fmt::write::h3a39390d8560d9c9
[INFO] [stderr]                                  at /rustc/82e1608dfa6e0b5569232559e3d385fea5a93112/library/core/src/fmt/mod.rs:1120:17
[INFO] [stderr]      6:     0x55905e8e947f - std::io::Write::write_fmt::h5fc9997dfe05f882
[INFO] [stderr]                                  at /rustc/82e1608dfa6e0b5569232559e3d385fea5a93112/library/std/src/io/mod.rs:1762:15
[INFO] [stderr]      7:     0x55905e8ebe14 - std::sys_common::backtrace::_print::h894006fb5c6f3d45
[INFO] [stderr]                                  at /rustc/82e1608dfa6e0b5569232559e3d385fea5a93112/library/std/src/sys_common/backtrace.rs:47:5
[INFO] [stderr]      8:     0x55905e8ebe14 - std::sys_common::backtrace::print::h23a2d212c6fff936
[INFO] [stderr]                                  at /rustc/82e1608dfa6e0b5569232559e3d385fea5a93112/library/std/src/sys_common/backtrace.rs:34:9
[INFO] [stderr]      9:     0x55905e8ed417 - std::panicking::default_hook::{{closure}}::h8a1d2ee00185001a
[INFO] [stderr]     10:     0x55905e8ed17f - std::panicking::default_hook::h6038f2eba384e475
[INFO] [stderr]                                  at /rustc/82e1608dfa6e0b5569232559e3d385fea5a93112/library/std/src/panicking.rs:292:9
[INFO] [stderr]     11:     0x55905e8ed898 - std::panicking::rust_panic_with_hook::h2b5517d590cab22e
[INFO] [stderr]                                  at /rustc/82e1608dfa6e0b5569232559e3d385fea5a93112/library/std/src/panicking.rs:779:13
[INFO] [stderr]     12:     0x55905e8ed77e - std::panicking::begin_panic_handler::{{closure}}::h233112c06e0ef43e
[INFO] [stderr]                                  at /rustc/82e1608dfa6e0b5569232559e3d385fea5a93112/library/std/src/panicking.rs:657:13
[INFO] [stderr]     13:     0x55905e8ec4f6 - std::sys_common::backtrace::__rust_end_short_backtrace::h6e893f24d7ebbff8
[INFO] [stderr]                                  at /rustc/82e1608dfa6e0b5569232559e3d385fea5a93112/library/std/src/sys_common/backtrace.rs:170:18
[INFO] [stderr]     14:     0x55905e8ed4e2 - rust_begin_unwind
[INFO] [stderr]                                  at /rustc/82e1608dfa6e0b5569232559e3d385fea5a93112/library/std/src/panicking.rs:645:5
[INFO] [stderr]     15:     0x55905e2c6435 - core::panicking::panic_fmt::hbf0e066aabfa482c
[INFO] [stderr]                                  at /rustc/82e1608dfa6e0b5569232559e3d385fea5a93112/library/core/src/panicking.rs:72:14
[INFO] [stderr]     16:     0x55905e2c6a03 - core::result::unwrap_failed::hddb4fea594200c52
[INFO] [stderr]                                  at /rustc/82e1608dfa6e0b5569232559e3d385fea5a93112/library/core/src/result.rs:1653:5
[INFO] [stderr]     17:     0x55905e51308a - core::result::Result<T,E>::unwrap::hf0754c7a6162b19d
[INFO] [stderr]     18:     0x55905e493bc4 - progenitor_impl::Generator::generate_text::h33bfdc10c3b044eb
[INFO] [stderr]     19:     0x55905e402f32 - build_script_build::main::h1ed1d7e20a403764
[INFO] [stderr]     20:     0x55905e3d8783 - core::ops::function::FnOnce::call_once::h948fff2b18f27169
[INFO] [stderr]     21:     0x55905e3ec976 - std::sys_common::backtrace::__rust_begin_short_backtrace::h7c75a7337f8ba312
[INFO] [stderr]     22:     0x55905e38ae79 - std::rt::lang_start::{{closure}}::hfda6ee1ab2277a05
[INFO] [stderr]     23:     0x55905e8e57c7 - core::ops::function::impls::<impl core::ops::function::FnOnce<A> for &F>::call_once::hd95060ecd5e1ca24
[INFO] [stderr]                                  at /rustc/82e1608dfa6e0b5569232559e3d385fea5a93112/library/core/src/ops/function.rs:284:13
[INFO] [stderr]     24:     0x55905e8e57c7 - std::panicking::try::do_call::h6e8cf51db32a6e4b
[INFO] [stderr]                                  at /rustc/82e1608dfa6e0b5569232559e3d385fea5a93112/library/std/src/panicking.rs:552:40
[INFO] [stderr]     25:     0x55905e8e57c7 - std::panicking::try::h3a52eefe24fe3c29
[INFO] [stderr]                                  at /rustc/82e1608dfa6e0b5569232559e3d385fea5a93112/library/std/src/panicking.rs:516:19
[INFO] [stderr]     26:     0x55905e8e57c7 - std::panic::catch_unwind::h24c28c23c02c3841
[INFO] [stderr]                                  at /rustc/82e1608dfa6e0b5569232559e3d385fea5a93112/library/std/src/panic.rs:142:14
[INFO] [stderr]     27:     0x55905e8e57c7 - std::rt::lang_start_internal::{{closure}}::h705d3c9cbc06ef47
[INFO] [stderr]                                  at /rustc/82e1608dfa6e0b5569232559e3d385fea5a93112/library/std/src/rt.rs:148:48
[INFO] [stderr]     28:     0x55905e8e57c7 - std::panicking::try::do_call::ha21f52ba13158470
[INFO] [stderr]                                  at /rustc/82e1608dfa6e0b5569232559e3d385fea5a93112/library/std/src/panicking.rs:552:40
[INFO] [stderr]     29:     0x55905e8e57c7 - std::panicking::try::h5581346bf6aeb1f8
[INFO] [stderr]                                  at /rustc/82e1608dfa6e0b5569232559e3d385fea5a93112/library/std/src/panicking.rs:516:19
[INFO] [stderr]     30:     0x55905e8e57c7 - std::panic::catch_unwind::h7919645a6b72e25b
[INFO] [stderr]                                  at /rustc/82e1608dfa6e0b5569232559e3d385fea5a93112/library/std/src/panic.rs:142:14
[INFO] [stderr]     31:     0x55905e8e57c7 - std::rt::lang_start_internal::h12de51168669836e
[INFO] [stderr]                                  at /rustc/82e1608dfa6e0b5569232559e3d385fea5a93112/library/std/src/rt.rs:148:20
[INFO] [stderr]     32:     0x55905e38ae57 - std::rt::lang_start::h53c42d44479f1ed2
[INFO] [stderr]     33:     0x55905e4031a5 - main
[INFO] [stderr]     34:     0x7f2a65171d90 - <unknown>
[INFO] [stderr]     35:     0x7f2a65171e40 - __libc_start_main
[INFO] [stderr]     36:     0x55905e2c6d05 - _start
[INFO] [stderr]     37:                0x0 - <unknown>
[INFO] [stderr] warning: build failed, waiting for other jobs to finish...
[INFO] [stderr] error: failed to run custom build command for `zerotier-one-api v1.2.1`
[INFO] [stderr] note: To improve backtraces for build dependencies, set the CARGO_PROFILE_DEV_BUILD_OVERRIDE_DEBUG=true environment variable to enable debug information generation.
[INFO] [stderr] 
[INFO] [stderr] Caused by:
[INFO] [stderr]   process didn't exit successfully: `/opt/rustwide/target/debug/build/zerotier-one-api-0fed465492c2d94f/build-script-build` (exit status: 101)
[INFO] [stderr]   --- stderr
[INFO] [stderr]   thread 'main' panicked at /opt/rustwide/cargo-home/registry/src/index.crates.io-6f17d22bba15001f/progenitor-impl-0.1.1/src/lib.rs:191:56:
[INFO] [stderr]   called `Result::unwrap()` on an `Err` value: NoRustfmt
[INFO] [stderr]   stack backtrace:
[INFO] [stderr]      0:     0x563684c5902c - std::backtrace_rs::backtrace::libunwind::trace::ha637c64ce894333a
[INFO] [stderr]                                  at /rustc/82e1608dfa6e0b5569232559e3d385fea5a93112/library/std/src/../../backtrace/src/backtrace/libunwind.rs:104:5
[INFO] [stderr]      1:     0x563684c5902c - std::backtrace_rs::backtrace::trace_unsynchronized::h47f62dea28e0c88d
[INFO] [stderr]                                  at /rustc/82e1608dfa6e0b5569232559e3d385fea5a93112/library/std/src/../../backtrace/src/backtrace/mod.rs:66:5
[INFO] [stderr]      2:     0x563684c5902c - std::sys_common::backtrace::_print_fmt::h9eef0abe20ede486
[INFO] [stderr]                                  at /rustc/82e1608dfa6e0b5569232559e3d385fea5a93112/library/std/src/sys_common/backtrace.rs:67:5
[INFO] [stderr]      3:     0x563684c5902c - <std::sys_common::backtrace::_print::DisplayBacktrace as core::fmt::Display>::fmt::hed7f999df88cc644
[INFO] [stderr]                                  at /rustc/82e1608dfa6e0b5569232559e3d385fea5a93112/library/std/src/sys_common/backtrace.rs:44:22
[INFO] [stderr]      4:     0x563684c831b0 - core::fmt::rt::Argument::fmt::h1539a9308b8d058d
[INFO] [stderr]                                  at /rustc/82e1608dfa6e0b5569232559e3d385fea5a93112/library/core/src/fmt/rt.rs:142:9
[INFO] [stderr]      5:     0x563684c831b0 - core::fmt::write::h3a39390d8560d9c9
[INFO] [stderr]                                  at /rustc/82e1608dfa6e0b5569232559e3d385fea5a93112/library/core/src/fmt/mod.rs:1120:17
[INFO] [stderr]      6:     0x563684c5647f - std::io::Write::write_fmt::h5fc9997dfe05f882
[INFO] [stderr]                                  at /rustc/82e1608dfa6e0b5569232559e3d385fea5a93112/library/std/src/io/mod.rs:1762:15
[INFO] [stderr]      7:     0x563684c58e14 - std::sys_common::backtrace::_print::h894006fb5c6f3d45
[INFO] [stderr]                                  at /rustc/82e1608dfa6e0b5569232559e3d385fea5a93112/library/std/src/sys_common/backtrace.rs:47:5
[INFO] [stderr]      8:     0x563684c58e14 - std::sys_common::backtrace::print::h23a2d212c6fff936
[INFO] [stderr]                                  at /rustc/82e1608dfa6e0b5569232559e3d385fea5a93112/library/std/src/sys_common/backtrace.rs:34:9
[INFO] [stderr]      9:     0x563684c5a417 - std::panicking::default_hook::{{closure}}::h8a1d2ee00185001a
[INFO] [stderr]     10:     0x563684c5a17f - std::panicking::default_hook::h6038f2eba384e475
[INFO] [stderr]                                  at /rustc/82e1608dfa6e0b5569232559e3d385fea5a93112/library/std/src/panicking.rs:292:9
[INFO] [stderr]     11:     0x563684c5a898 - std::panicking::rust_panic_with_hook::h2b5517d590cab22e
[INFO] [stderr]                                  at /rustc/82e1608dfa6e0b5569232559e3d385fea5a93112/library/std/src/panicking.rs:779:13
[INFO] [stderr]     12:     0x563684c5a77e - std::panicking::begin_panic_handler::{{closure}}::h233112c06e0ef43e
[INFO] [stderr]                                  at /rustc/82e1608dfa6e0b5569232559e3d385fea5a93112/library/std/src/panicking.rs:657:13
[INFO] [stderr]     13:     0x563684c594f6 - std::sys_common::backtrace::__rust_end_short_backtrace::h6e893f24d7ebbff8
[INFO] [stderr]                                  at /rustc/82e1608dfa6e0b5569232559e3d385fea5a93112/library/std/src/sys_common/backtrace.rs:170:18
[INFO] [stderr]     14:     0x563684c5a4e2 - rust_begin_unwind
[INFO] [stderr]                                  at /rustc/82e1608dfa6e0b5569232559e3d385fea5a93112/library/std/src/panicking.rs:645:5
[INFO] [stderr]     15:     0x563684633435 - core::panicking::panic_fmt::hbf0e066aabfa482c
[INFO] [stderr]                                  at /rustc/82e1608dfa6e0b5569232559e3d385fea5a93112/library/core/src/panicking.rs:72:14
[INFO] [stderr]     16:     0x563684633a03 - core::result::unwrap_failed::hddb4fea594200c52
[INFO] [stderr]                                  at /rustc/82e1608dfa6e0b5569232559e3d385fea5a93112/library/core/src/result.rs:1653:5
[INFO] [stderr]     17:     0x56368488008a - core::result::Result<T,E>::unwrap::hf0754c7a6162b19d
[INFO] [stderr]     18:     0x563684800bc4 - progenitor_impl::Generator::generate_text::h33bfdc10c3b044eb
[INFO] [stderr]     19:     0x56368476ff32 - build_script_build::main::hb7f67e4231dc5adb
[INFO] [stderr]     20:     0x563684744943 - core::ops::function::FnOnce::call_once::h4cc19e875e2e77e0
[INFO] [stderr]     21:     0x563684759986 - std::sys_common::backtrace::__rust_begin_short_backtrace::h8931767c3c2c05bd
[INFO] [stderr]     22:     0x5636846f7e79 - std::rt::lang_start::{{closure}}::h444a8f47a9402e00
[INFO] [stderr]     23:     0x563684c527c7 - core::ops::function::impls::<impl core::ops::function::FnOnce<A> for &F>::call_once::hd95060ecd5e1ca24
[INFO] [stderr]                                  at /rustc/82e1608dfa6e0b5569232559e3d385fea5a93112/library/core/src/ops/function.rs:284:13
[INFO] [stderr]     24:     0x563684c527c7 - std::panicking::try::do_call::h6e8cf51db32a6e4b
[INFO] [stderr]                                  at /rustc/82e1608dfa6e0b5569232559e3d385fea5a93112/library/std/src/panicking.rs:552:40
[INFO] [stderr]     25:     0x563684c527c7 - std::panicking::try::h3a52eefe24fe3c29
[INFO] [stderr]                                  at /rustc/82e1608dfa6e0b5569232559e3d385fea5a93112/library/std/src/panicking.rs:516:19
[INFO] [stderr]     26:     0x563684c527c7 - std::panic::catch_unwind::h24c28c23c02c3841
[INFO] [stderr]                                  at /rustc/82e1608dfa6e0b5569232559e3d385fea5a93112/library/std/src/panic.rs:142:14
[INFO] [stderr]     27:     0x563684c527c7 - std::rt::lang_start_internal::{{closure}}::h705d3c9cbc06ef47
[INFO] [stderr]                                  at /rustc/82e1608dfa6e0b5569232559e3d385fea5a93112/library/std/src/rt.rs:148:48
[INFO] [stderr]     28:     0x563684c527c7 - std::panicking::try::do_call::ha21f52ba13158470
[INFO] [stderr]                                  at /rustc/82e1608dfa6e0b5569232559e3d385fea5a93112/library/std/src/panicking.rs:552:40
[INFO] [stderr]     29:     0x563684c527c7 - std::panicking::try::h5581346bf6aeb1f8
[INFO] [stderr]                                  at /rustc/82e1608dfa6e0b5569232559e3d385fea5a93112/library/std/src/panicking.rs:516:19
[INFO] [stderr]     30:     0x563684c527c7 - std::panic::catch_unwind::h7919645a6b72e25b
[INFO] [stderr]                                  at /rustc/82e1608dfa6e0b5569232559e3d385fea5a93112/library/std/src/panic.rs:142:14
[INFO] [stderr]     31:     0x563684c527c7 - std::rt::lang_start_internal::h12de51168669836e
[INFO] [stderr]                                  at /rustc/82e1608dfa6e0b5569232559e3d385fea5a93112/library/std/src/rt.rs:148:20
[INFO] [stderr]     32:     0x5636846f7e57 - std::rt::lang_start::h364a36ec5c634ca7
[INFO] [stderr]     33:     0x5636847701a5 - main
[INFO] [stderr]     34:     0x7ff6c452dd90 - <unknown>
[INFO] [stderr]     35:     0x7ff6c452de40 - __libc_start_main
[INFO] [stderr]     36:     0x563684633d05 - _start
[INFO] [stderr]     37:                0x0 - <unknown>
[INFO] running `Command { std: "docker" "inspect" "34f9e94485183327d9eaf0446b35c1bf77c48ca0c686ef68512b3da521c263dd", kill_on_drop: false }`
[INFO] running `Command { std: "docker" "rm" "-f" "34f9e94485183327d9eaf0446b35c1bf77c48ca0c686ef68512b3da521c263dd", kill_on_drop: false }`
[INFO] [stdout] 34f9e94485183327d9eaf0446b35c1bf77c48ca0c686ef68512b3da521c263dd
[INFO] documenting ztui-0.1.7 against beta-2023-12-22 for beta-1.76-rustdoc-1
[INFO] extracting crate ztui 0.1.7 into /workspace/builds/worker-6-tc2/source
[INFO] validating manifest of crates.io crate ztui 0.1.7 on toolchain beta-2023-12-22
[INFO] running `Command { std: CARGO_HOME="/workspace/cargo-home" RUSTUP_HOME="/workspace/rustup-home" "/workspace/cargo-home/bin/cargo" "+beta-2023-12-22" "metadata" "--manifest-path" "Cargo.toml" "--no-deps", kill_on_drop: false }`
[INFO] started tweaking crates.io crate ztui 0.1.7
[INFO] finished tweaking crates.io crate ztui 0.1.7
[INFO] tweaked toml for crates.io crate ztui 0.1.7 written to /workspace/builds/worker-6-tc2/source/Cargo.toml
[INFO] crate crates.io crate ztui 0.1.7 already has a lockfile, it will not be regenerated
[INFO] running `Command { std: CARGO_HOME="/workspace/cargo-home" RUSTUP_HOME="/workspace/rustup-home" "/workspace/cargo-home/bin/cargo" "+beta-2023-12-22" "fetch" "--manifest-path" "Cargo.toml", kill_on_drop: false }`
[INFO] running `Command { std: "docker" "create" "-v" "/var/lib/crater-agent-workspace/builds/worker-6-tc2/target:/opt/rustwide/target:rw,Z" "-v" "/var/lib/crater-agent-workspace/builds/worker-6-tc2/source:/opt/rustwide/workdir:ro,Z" "-v" "/var/lib/crater-agent-workspace/cargo-home:/opt/rustwide/cargo-home:ro,Z" "-v" "/var/lib/crater-agent-workspace/rustup-home:/opt/rustwide/rustup-home:ro,Z" "-e" "SOURCE_DIR=/opt/rustwide/workdir" "-e" "CARGO_TARGET_DIR=/opt/rustwide/target" "-e" "CARGO_HOME=/opt/rustwide/cargo-home" "-e" "RUSTUP_HOME=/opt/rustwide/rustup-home" "-w" "/opt/rustwide/workdir" "-m" "1610612736" "--user" "0:0" "--network" "none" "ghcr.io/rust-lang/crates-build-env/linux@sha256:2788e3201cd34a07e3172128adcd8b3090168a8e3bcc40d7c032b9dda1df7d1c" "/opt/rustwide/cargo-home/bin/cargo" "+beta-2023-12-22" "metadata" "--no-deps" "--format-version=1", kill_on_drop: false }`
[INFO] [stdout] 330a0e7776a4cf68ee4c71d2a1306eb650e16176552980384ad1fb2951b2fd45
[INFO] running `Command { std: "docker" "start" "-a" "330a0e7776a4cf68ee4c71d2a1306eb650e16176552980384ad1fb2951b2fd45", kill_on_drop: false }`
[INFO] running `Command { std: "docker" "inspect" "330a0e7776a4cf68ee4c71d2a1306eb650e16176552980384ad1fb2951b2fd45", kill_on_drop: false }`
[INFO] running `Command { std: "docker" "rm" "-f" "330a0e7776a4cf68ee4c71d2a1306eb650e16176552980384ad1fb2951b2fd45", kill_on_drop: false }`
[INFO] [stdout] 330a0e7776a4cf68ee4c71d2a1306eb650e16176552980384ad1fb2951b2fd45
[INFO] running `Command { std: "docker" "create" "-v" "/var/lib/crater-agent-workspace/builds/worker-6-tc2/target:/opt/rustwide/target:rw,Z" "-v" "/var/lib/crater-agent-workspace/builds/worker-6-tc2/source:/opt/rustwide/workdir:ro,Z" "-v" "/var/lib/crater-agent-workspace/cargo-home:/opt/rustwide/cargo-home:ro,Z" "-v" "/var/lib/crater-agent-workspace/rustup-home:/opt/rustwide/rustup-home:ro,Z" "-e" "SOURCE_DIR=/opt/rustwide/workdir" "-e" "CARGO_TARGET_DIR=/opt/rustwide/target" "-e" "CARGO_INCREMENTAL=0" "-e" "RUST_BACKTRACE=full" "-e" "RUSTFLAGS=--cap-lints=warn" "-e" "RUSTDOCFLAGS=--cap-lints=warn" "-e" "CARGO_HOME=/opt/rustwide/cargo-home" "-e" "RUSTUP_HOME=/opt/rustwide/rustup-home" "-w" "/opt/rustwide/workdir" "-m" "1610612736" "--user" "0:0" "--network" "none" "ghcr.io/rust-lang/crates-build-env/linux@sha256:2788e3201cd34a07e3172128adcd8b3090168a8e3bcc40d7c032b9dda1df7d1c" "/opt/rustwide/cargo-home/bin/cargo" "+beta-2023-12-22" "doc" "--frozen" "--no-deps" "--document-private-items" "--message-format=json", kill_on_drop: false }`
[INFO] [stdout] 9817801630f2a8263beaab4b43fe5afdce1f7e31be044ad1cb26875cdaf77ed7
[INFO] running `Command { std: "docker" "start" "-a" "9817801630f2a8263beaab4b43fe5afdce1f7e31be044ad1cb26875cdaf77ed7", kill_on_drop: false }`
[INFO] [stderr]    Compiling libc v0.2.144
[INFO] [stderr]    Compiling proc-macro2 v1.0.58
[INFO] [stderr]    Compiling quote v1.0.27
[INFO] [stderr]    Compiling unicode-ident v1.0.8
[INFO] [stderr]    Compiling io-lifetimes v1.0.10
[INFO] [stderr]    Compiling rustix v0.37.19
[INFO] [stderr]    Compiling serde v1.0.163
[INFO] [stderr]    Compiling thiserror v1.0.40
[INFO] [stderr]    Compiling log v0.4.17
[INFO] [stderr]    Compiling once_cell v1.17.1
[INFO] [stderr]    Compiling itoa v1.0.6
[INFO] [stderr]    Compiling linux-raw-sys v0.3.7
[INFO] [stderr]    Compiling serde_json v1.0.96
[INFO] [stderr]    Compiling native-tls v0.2.11
[INFO] [stderr]    Compiling ryu v1.0.13
[INFO] [stderr]    Compiling pin-project-lite v0.2.9
[INFO] [stderr]    Compiling openssl-sys v0.9.87
[INFO] [stderr]    Compiling indexmap v1.9.3
[INFO] [stderr]    Compiling bytes v1.4.0
[INFO] [stderr]    Compiling ucd-trie v0.1.5
[INFO] [stderr]    Compiling syn v2.0.16
[INFO] [stderr]    Compiling syn v1.0.109
[INFO] [stderr]    Compiling tokio v1.28.1
[INFO] [stderr]    Compiling lock_api v0.4.9
[INFO] [stderr]    Compiling hashbrown v0.12.3
[INFO] [stderr]    Compiling parking_lot_core v0.9.7
[INFO] [stderr]     Checking signal-hook-registry v1.4.1
[INFO] [stderr]    Compiling aho-corasick v1.0.1
[INFO] [stderr]    Compiling socket2 v0.4.9
[INFO] [stderr]    Compiling mio v0.8.6
[INFO] [stderr]    Compiling num-traits v0.2.15
[INFO] [stderr]    Compiling futures-core v0.3.28
[INFO] [stderr]    Compiling regex-syntax v0.7.1
[INFO] [stderr]     Checking smallvec v1.10.0
[INFO] [stderr]    Compiling futures-task v0.3.28
[INFO] [stderr]    Compiling same-file v1.0.6
[INFO] [stderr]    Compiling num-integer v0.1.45
[INFO] [stderr]    Compiling walkdir v2.3.3
[INFO] [stderr]    Compiling tracing-core v0.1.31
[INFO] [stderr]    Compiling openssl v0.10.52
[INFO] [stderr]    Compiling schemars v0.8.12
[INFO] [stderr]    Compiling home v0.5.5
[INFO] [stderr]    Compiling fastrand v1.9.0
[INFO] [stderr]    Compiling futures-util v0.3.28
[INFO] [stderr]    Compiling regex v1.8.1
[INFO] [stderr]    Compiling foreign-types-shared v0.1.1
[INFO] [stderr]    Compiling foreign-types v0.3.2
[INFO] [stderr]    Compiling tempfile v3.5.0
[INFO] [stderr]    Compiling http v0.2.9
[INFO] [stderr]    Compiling tracing v0.1.37
[INFO] [stderr]     Checking parking_lot v0.12.1
[INFO] [stderr]    Compiling serde_derive_internals v0.26.0
[INFO] [stderr]    Compiling chrono v0.4.24
[INFO] [stderr]    Compiling openssl-src v111.25.3+1.1.1t
[INFO] [stderr]    Compiling futures-sink v0.3.28
[INFO] [stderr]    Compiling uuid v0.8.2
[INFO] [stderr]    Compiling tinyvec_macros v0.1.1
[INFO] [stderr]    Compiling dyn-clone v1.0.11
[INFO] [stderr]    Compiling pin-utils v0.1.0
[INFO] [stderr]    Compiling tinyvec v1.6.0
[INFO] [stderr]    Compiling serde_derive v1.0.163
[INFO] [stderr]    Compiling thiserror-impl v1.0.40
[INFO] [stderr]    Compiling openssl-macros v0.1.1
[INFO] [stderr]    Compiling tokio-util v0.7.8
[INFO] [stderr]    Compiling futures-channel v0.3.28
[INFO] [stderr]    Compiling slab v0.4.8
[INFO] [stderr]    Compiling try-lock v0.2.4
[INFO] [stderr]    Compiling schemars_derive v0.8.12
[INFO] [stderr]    Compiling percent-encoding v2.2.0
[INFO] [stderr]    Compiling pest v2.6.0
[INFO] [stderr]    Compiling openssl-probe v0.1.5
[INFO] [stderr]    Compiling form_urlencoded v1.1.0
[INFO] [stderr]    Compiling want v0.3.0
[INFO] [stderr]    Compiling unicode-normalization v0.1.22
[INFO] [stderr]    Compiling http-body v0.4.5
[INFO] [stderr]    Compiling httparse v1.8.0
[INFO] [stderr]    Compiling httpdate v1.0.2
[INFO] [stderr]    Compiling unicode-bidi v0.3.13
[INFO] [stderr]    Compiling tower-service v0.3.2
[INFO] [stderr]    Compiling anyhow v1.0.71
[INFO] [stderr]    Compiling idna v0.3.0
[INFO] [stderr]    Compiling semver-parser v0.10.2
[INFO] [stderr]    Compiling tokio-macros v2.1.0
[INFO] [stderr]    Compiling futures-macro v0.3.28
[INFO] [stderr]    Compiling semver v0.11.0
[INFO] [stderr]    Compiling tokio-native-tls v0.3.1
[INFO] [stderr]    Compiling toolchain_find v0.2.0
[INFO] [stderr]    Compiling rustfmt-wrapper v0.1.0
[INFO] [stderr]     Checking num_cpus v1.15.0
[INFO] [stderr]     Checking futures-io v0.3.28
[INFO] [stderr]    Compiling unicode-width v0.1.10
[INFO] [stderr]    Compiling url v2.3.1
[INFO] [stderr]    Compiling getopts v0.2.21
[INFO] [stderr]    Compiling encoding_rs v0.8.32
[INFO] [stderr]    Compiling base64 v0.21.0
[INFO] [stderr]    Compiling mime v0.3.17
[INFO] [stderr]    Compiling ipnet v2.7.2
[INFO] [stderr]     Checking encoding_index_tests v0.1.4
[INFO] [stderr]    Compiling utf8parse v0.2.1
[INFO] [stderr]    Compiling anstyle-parse v0.2.0
[INFO] [stderr]    Compiling is-terminal v0.4.7
[INFO] [stderr]    Compiling anstyle-query v1.0.0
[INFO] [stderr]    Compiling signal-hook v0.3.15
[INFO] [stderr]    Compiling anstyle v1.0.0
[INFO] [stderr]    Compiling serde_tokenstream v0.1.7
[INFO] [stderr]    Compiling serde_urlencoded v0.7.1
[INFO] [stderr]    Compiling colorchoice v1.0.0
[INFO] [stderr]    Compiling h2 v0.3.19
[INFO] [stderr]    Compiling anstream v0.3.2
[INFO] [stderr]    Compiling terminal_size v0.2.6
[INFO] [stderr]    Compiling onig_sys v69.8.1
[INFO] [stderr]    Compiling openapiv3 v1.0.2
[INFO] [stderr]    Compiling memoffset v0.6.5
[INFO] [stderr]    Compiling clap_lex v0.4.1
[INFO] [stderr]    Compiling clap_builder v4.2.7
[INFO] [stderr]    Compiling typify-impl v0.0.6
[INFO] [stderr]    Compiling hyper v0.14.26
[INFO] [stderr]    Compiling typify-macro v0.0.6
[INFO] [stderr]     Checking option-ext v0.2.0
[INFO] [stderr]    Compiling hyper-tls v0.5.0
[INFO] [stderr]    Compiling reqwest v0.11.18
[INFO] [stderr]     Checking regex-automata v0.1.10
[INFO] [stderr]     Checking bstr v1.4.0
[INFO] [stderr]     Checking dirs-sys v0.4.1
[INFO] [stderr]    Compiling clap v4.2.7
[INFO] [stderr]     Checking signal-hook-mio v0.2.3
[INFO] [stderr]     Checking futures-executor v0.3.28
[INFO] [stderr]     Checking getrandom v0.2.9
[INFO] [stderr]     Checking time v0.1.45
[INFO] [stderr]     Checking ioctl-rs v0.1.6
[INFO] [stderr]     Checking termios v0.2.2
[INFO] [stderr]     Checking serial-core v0.4.0
[INFO] [stderr]     Checking aho-corasick v0.7.20
[INFO] [stderr]    Compiling progenitor-client v0.1.1
[INFO] [stderr]     Checking bytemuck v1.13.1
[INFO] [stderr]    Compiling nix v0.14.1
[INFO] [stderr]    Compiling semver v1.0.17
[INFO] [stderr]     Checking iana-time-zone v0.1.56
[INFO] [stderr]     Checking rgb v0.8.36
[INFO] [stderr]     Checking serial-unix v0.4.0
[INFO] [stderr]    Compiling typify v0.0.6
[INFO] [stderr]     Checking futures v0.3.28
[INFO] [stderr]    Compiling progenitor-impl v0.1.1
[INFO] [stderr]     Checking globset v0.4.10
[INFO] [stderr]    Compiling bat v0.23.0
[INFO] [stderr]     Checking onig v6.4.0
[INFO] [stderr]     Checking bincode v1.3.3
[INFO] [stderr]     Checking encoding-index-tradchinese v1.20141219.5
[INFO] [stderr]     Checking encoding-index-japanese v1.20141219.5
[INFO] [stderr]     Checking encoding-index-simpchinese v1.20141219.5
[INFO] [stderr]     Checking encoding-index-korean v1.20141219.5
[INFO] [stderr]     Checking encoding-index-singlebyte v1.20141219.5
[INFO] [stderr]     Checking atty v0.2.14
[INFO] [stderr]     Checking termcolor v1.2.0
[INFO] [stderr]     Checking time-core v0.1.1
[INFO] [stderr]     Checking std_prelude v0.2.12
[INFO] [stderr]     Checking shell-words v1.1.0
[INFO] [stderr]     Checking void v1.0.2
[INFO] [stderr]     Checking regex-syntax v0.6.29
[INFO] [stderr]     Checking path_abs v0.5.1
[INFO] [stderr]     Checking grep-cli v0.1.7
[INFO] [stderr]     Checking time v0.3.21
[INFO] [stderr]     Checking encoding v0.2.33
[INFO] [stderr]     Checking ansi_colours v1.2.1
[INFO] [stderr]     Checking serial v0.4.0
[INFO] [stderr]     Checking serde_yaml v0.8.26
[INFO] [stderr]     Checking console v0.15.6
[INFO] [stderr]    Compiling progenitor-macro v0.1.1
[INFO] [stderr]     Checking crossterm v0.25.0
[INFO] [stderr]     Checking nix v0.25.1
[INFO] [stderr]     Checking dirs v5.0.1
[INFO] [stderr]     Checking filedescriptor v0.8.2
[INFO] [stderr]     Checking clircle v0.3.0
[INFO] [stderr]     Checking content_inspector v0.2.4
[INFO] [stderr]     Checking wild v2.1.0
[INFO] [stderr]     Checking glob v0.3.1
[INFO] [stderr]     Checking syntect v5.0.0
[INFO] [stderr]     Checking utf8-width v0.1.6
[INFO] [stderr]     Checking unicode-segmentation v1.10.1
[INFO] [stderr]     Checking bytesize v1.2.0
[INFO] [stderr]     Checking nu-ansi-term v0.47.0
[INFO] [stderr]     Checking downcast-rs v1.2.0
[INFO] [stderr]     Checking sys_metrics v0.2.6
[INFO] [stderr]     Checking tui v0.19.0
[INFO] [stderr]     Checking byte-unit v4.0.19
[INFO] [stderr]     Checking fancy-duration v0.2.1
[INFO] [stderr]     Checking crossterm v0.26.1
[INFO] [stderr]     Checking signal v0.7.0
[INFO] [stderr]     Checking nix v0.24.3
[INFO] [stderr]     Checking directories v5.0.1
[INFO] [stderr]     Checking portable-pty v0.8.1
[INFO] [stderr]    Compiling progenitor v0.1.1
[INFO] [stderr]    Compiling zerotier-one-api v1.2.1
[INFO] [stderr]    Compiling zerotier-central-api v1.2.1
[INFO] [stderr] error: failed to run custom build command for `zerotier-one-api v1.2.1`
[INFO] [stderr] note: To improve backtraces for build dependencies, set the CARGO_PROFILE_DEV_BUILD_OVERRIDE_DEBUG=true environment variable to enable debug information generation.
[INFO] [stderr] 
[INFO] [stderr] Caused by:
[INFO] [stderr]   process didn't exit successfully: `/opt/rustwide/target/debug/build/zerotier-one-api-18cc34a2f1715055/build-script-build` (exit status: 101)
[INFO] [stderr]   --- stderr
[INFO] [stderr]   thread 'main' panicked at /opt/rustwide/cargo-home/registry/src/index.crates.io-6f17d22bba15001f/progenitor-impl-0.1.1/src/lib.rs:191:56:
[INFO] [stderr]   called `Result::unwrap()` on an `Err` value: NoRustfmt
[INFO] [stderr]   stack backtrace:
[INFO] [stderr]      0:     0x55d711166136 - std::backtrace_rs::backtrace::libunwind::trace::h261606ad26a499c1
[INFO] [stderr]                                  at /rustc/0e09125c6c3c2fd70d7de961bcf0e51575235fad/library/std/src/../../backtrace/src/backtrace/libunwind.rs:104:5
[INFO] [stderr]      1:     0x55d711166136 - std::backtrace_rs::backtrace::trace_unsynchronized::hd183f0625477fb28
[INFO] [stderr]                                  at /rustc/0e09125c6c3c2fd70d7de961bcf0e51575235fad/library/std/src/../../backtrace/src/backtrace/mod.rs:66:5
[INFO] [stderr]      2:     0x55d711166136 - std::sys_common::backtrace::_print_fmt::hd7f8fef21b4eda67
[INFO] [stderr]                                  at /rustc/0e09125c6c3c2fd70d7de961bcf0e51575235fad/library/std/src/sys_common/backtrace.rs:68:5
[INFO] [stderr]      3:     0x55d711166136 - <std::sys_common::backtrace::_print::DisplayBacktrace as core::fmt::Display>::fmt::h623d9b51f2f453f1
[INFO] [stderr]                                  at /rustc/0e09125c6c3c2fd70d7de961bcf0e51575235fad/library/std/src/sys_common/backtrace.rs:44:22
[INFO] [stderr]      4:     0x55d71118f5c0 - core::fmt::rt::Argument::fmt::h9f417ac76a86f368
[INFO] [stderr]                                  at /rustc/0e09125c6c3c2fd70d7de961bcf0e51575235fad/library/core/src/fmt/rt.rs:142:9
[INFO] [stderr]      5:     0x55d71118f5c0 - core::fmt::write::hc9b6faf4ac2aeff7
[INFO] [stderr]                                  at /rustc/0e09125c6c3c2fd70d7de961bcf0e51575235fad/library/core/src/fmt/mod.rs:1120:17
[INFO] [stderr]      6:     0x55d71116370f - std::io::Write::write_fmt::hfead1eee52c2e65e
[INFO] [stderr]                                  at /rustc/0e09125c6c3c2fd70d7de961bcf0e51575235fad/library/std/src/io/mod.rs:1810:15
[INFO] [stderr]      7:     0x55d711165f14 - std::sys_common::backtrace::_print::hd5d66399c7df88a2
[INFO] [stderr]                                  at /rustc/0e09125c6c3c2fd70d7de961bcf0e51575235fad/library/std/src/sys_common/backtrace.rs:47:5
[INFO] [stderr]      8:     0x55d711165f14 - std::sys_common::backtrace::print::he81ed2da642d37e5
[INFO] [stderr]                                  at /rustc/0e09125c6c3c2fd70d7de961bcf0e51575235fad/library/std/src/sys_common/backtrace.rs:34:9
[INFO] [stderr]      9:     0x55d7111675e7 - std::panicking::default_hook::{{closure}}::h85773f4fa117163d
[INFO] [stderr]     10:     0x55d711167349 - std::panicking::default_hook::h6a1694a91d09b278
[INFO] [stderr]                                  at /rustc/0e09125c6c3c2fd70d7de961bcf0e51575235fad/library/std/src/panicking.rs:292:9
[INFO] [stderr]     11:     0x55d711167a78 - std::panicking::rust_panic_with_hook::h0a7ad96e90f7145b
[INFO] [stderr]                                  at /rustc/0e09125c6c3c2fd70d7de961bcf0e51575235fad/library/std/src/panicking.rs:779:13
[INFO] [stderr]     12:     0x55d711167952 - std::panicking::begin_panic_handler::{{closure}}::h7919090525c6485e
[INFO] [stderr]                                  at /rustc/0e09125c6c3c2fd70d7de961bcf0e51575235fad/library/std/src/panicking.rs:657:13
[INFO] [stderr]     13:     0x55d711166636 - std::sys_common::backtrace::__rust_end_short_backtrace::hf3289479464f7dfe
[INFO] [stderr]                                  at /rustc/0e09125c6c3c2fd70d7de961bcf0e51575235fad/library/std/src/sys_common/backtrace.rs:171:18
[INFO] [stderr]     14:     0x55d7111676b0 - rust_begin_unwind
[INFO] [stderr]                                  at /rustc/0e09125c6c3c2fd70d7de961bcf0e51575235fad/library/std/src/panicking.rs:645:5
[INFO] [stderr]     15:     0x55d710b32455 - core::panicking::panic_fmt::hcc9f77c5c132af55
[INFO] [stderr]                                  at /rustc/0e09125c6c3c2fd70d7de961bcf0e51575235fad/library/core/src/panicking.rs:72:14
[INFO] [stderr]     16:     0x55d710b32a33 - core::result::unwrap_failed::hbe14f498be1452f9
[INFO] [stderr]                                  at /rustc/0e09125c6c3c2fd70d7de961bcf0e51575235fad/library/core/src/result.rs:1649:5
[INFO] [stderr]     17:     0x55d710d9aab4 - core::result::Result<T,E>::unwrap::hc88aa93026caf2bc
[INFO] [stderr]     18:     0x55d710cedb24 - progenitor_impl::Generator::generate_text::hbabb344079743815
[INFO] [stderr]     19:     0x55d710c7080f - build_script_build::main::hb54fa740cc0354fd
[INFO] [stderr]     20:     0x55d710c410d3 - core::ops::function::FnOnce::call_once::hc48b69dc1509be70
[INFO] [stderr]     21:     0x55d710c30cd6 - std::sys_common::backtrace::__rust_begin_short_backtrace::ha4edbbd6eac34f49
[INFO] [stderr]     22:     0x55d710bffc19 - std::rt::lang_start::{{closure}}::h0a9d8c05d5a9284e
[INFO] [stderr]     23:     0x55d71115f681 - core::ops::function::impls::<impl core::ops::function::FnOnce<A> for &F>::call_once::h4eb4c5e1620f29b0
[INFO] [stderr]                                  at /rustc/0e09125c6c3c2fd70d7de961bcf0e51575235fad/library/core/src/ops/function.rs:284:13
[INFO] [stderr]     24:     0x55d71115f681 - std::panicking::try::do_call::h73fd26535faffcdf
[INFO] [stderr]                                  at /rustc/0e09125c6c3c2fd70d7de961bcf0e51575235fad/library/std/src/panicking.rs:552:40
[INFO] [stderr]     25:     0x55d71115f681 - std::panicking::try::h77ff1d98f0fb9f39
[INFO] [stderr]                                  at /rustc/0e09125c6c3c2fd70d7de961bcf0e51575235fad/library/std/src/panicking.rs:516:19
[INFO] [stderr]     26:     0x55d71115f681 - std::panic::catch_unwind::hab3caf2448b95e37
[INFO] [stderr]                                  at /rustc/0e09125c6c3c2fd70d7de961bcf0e51575235fad/library/std/src/panic.rs:142:14
[INFO] [stderr]     27:     0x55d71115f681 - std::rt::lang_start_internal::{{closure}}::h8086711f9c783f78
[INFO] [stderr]                                  at /rustc/0e09125c6c3c2fd70d7de961bcf0e51575235fad/library/std/src/rt.rs:148:48
[INFO] [stderr]     28:     0x55d71115f681 - std::panicking::try::do_call::hf920d4dc291cd6ca
[INFO] [stderr]                                  at /rustc/0e09125c6c3c2fd70d7de961bcf0e51575235fad/library/std/src/panicking.rs:552:40
[INFO] [stderr]     29:     0x55d71115f681 - std::panicking::try::h2b806ccc0a85db74
[INFO] [stderr]                                  at /rustc/0e09125c6c3c2fd70d7de961bcf0e51575235fad/library/std/src/panicking.rs:516:19
[INFO] [stderr]     30:     0x55d71115f681 - std::panic::catch_unwind::h038489539c507df2
[INFO] [stderr]                                  at /rustc/0e09125c6c3c2fd70d7de961bcf0e51575235fad/library/std/src/panic.rs:142:14
[INFO] [stderr]     31:     0x55d71115f681 - std::rt::lang_start_internal::h28503b88912e8a5c
[INFO] [stderr]                                  at /rustc/0e09125c6c3c2fd70d7de961bcf0e51575235fad/library/std/src/rt.rs:148:20
[INFO] [stderr]     32:     0x55d710bffbf7 - std::rt::lang_start::h9af6d8a34bbbb83f
[INFO] [stderr]     33:     0x55d710c70a75 - main
[INFO] [stderr]     34:     0x7f1a9fc45d90 - <unknown>
[INFO] [stderr]     35:     0x7f1a9fc45e40 - __libc_start_main
[INFO] [stderr]     36:     0x55d710b32d35 - _start
[INFO] [stderr]     37:                0x0 - <unknown>
[INFO] [stderr] warning: build failed, waiting for other jobs to finish...
[INFO] running `Command { std: "docker" "inspect" "9817801630f2a8263beaab4b43fe5afdce1f7e31be044ad1cb26875cdaf77ed7", kill_on_drop: false }`
[INFO] running `Command { std: "docker" "rm" "-f" "9817801630f2a8263beaab4b43fe5afdce1f7e31be044ad1cb26875cdaf77ed7", kill_on_drop: false }`
[INFO] [stdout] 9817801630f2a8263beaab4b43fe5afdce1f7e31be044ad1cb26875cdaf77ed7
