[INFO] fetching crate zitadel 3.4.29...
[INFO] documenting zitadel-3.4.29 against 1.75.0 for beta-1.76-rustdoc-1
[INFO] extracting crate zitadel 3.4.29 into /workspace/builds/worker-3-tc1/source
[INFO] validating manifest of crates.io crate zitadel 3.4.29 on toolchain 1.75.0
[INFO] running `Command { std: CARGO_HOME="/workspace/cargo-home" RUSTUP_HOME="/workspace/rustup-home" "/workspace/cargo-home/bin/cargo" "+1.75.0" "metadata" "--manifest-path" "Cargo.toml" "--no-deps", kill_on_drop: false }`
[INFO] started tweaking crates.io crate zitadel 3.4.29
[INFO] finished tweaking crates.io crate zitadel 3.4.29
[INFO] tweaked toml for crates.io crate zitadel 3.4.29 written to /workspace/builds/worker-3-tc1/source/Cargo.toml
[INFO] crate crates.io crate zitadel 3.4.29 already has a lockfile, it will not be regenerated
[INFO] running `Command { std: CARGO_HOME="/workspace/cargo-home" RUSTUP_HOME="/workspace/rustup-home" "/workspace/cargo-home/bin/cargo" "+1.75.0" "fetch" "--manifest-path" "Cargo.toml", kill_on_drop: false }`
[INFO] [stderr]     Blocking waiting for file lock on package cache
[INFO] [stderr]     Updating crates.io index
[INFO] [stderr]     Blocking waiting for file lock on package cache
[INFO] [stderr]  Downloading crates ...
[INFO] [stderr]   Downloaded custom_error v1.9.2
[INFO] [stderr]   Downloaded figment v0.10.11
[INFO] [stderr]   Downloaded axum-extra v0.8.0
[INFO] [stderr]   Downloaded cpufeatures v0.2.10
[INFO] [stderr]   Downloaded base64-compat v1.0.0
[INFO] [stderr]   Downloaded oauth2 v4.4.2
[INFO] [stderr]   Downloaded openidconnect v3.4.0
[INFO] [stderr]   Downloaded rocket v0.5.0-rc.3
[INFO] [stderr]   Downloaded rocket_codegen v0.5.0-rc.3
[INFO] [stderr]   Downloaded rocket_http v0.5.0-rc.3
[INFO] [stderr]   Downloaded tonic-types v0.9.2
[INFO] running `Command { std: "docker" "create" "-v" "/var/lib/crater-agent-workspace/builds/worker-3-tc1/target:/opt/rustwide/target:rw,Z" "-v" "/var/lib/crater-agent-workspace/builds/worker-3-tc1/source:/opt/rustwide/workdir:ro,Z" "-v" "/var/lib/crater-agent-workspace/cargo-home:/opt/rustwide/cargo-home:ro,Z" "-v" "/var/lib/crater-agent-workspace/rustup-home:/opt/rustwide/rustup-home:ro,Z" "-e" "SOURCE_DIR=/opt/rustwide/workdir" "-e" "CARGO_TARGET_DIR=/opt/rustwide/target" "-e" "CARGO_HOME=/opt/rustwide/cargo-home" "-e" "RUSTUP_HOME=/opt/rustwide/rustup-home" "-w" "/opt/rustwide/workdir" "-m" "1610612736" "--user" "0:0" "--network" "none" "ghcr.io/rust-lang/crates-build-env/linux@sha256:2788e3201cd34a07e3172128adcd8b3090168a8e3bcc40d7c032b9dda1df7d1c" "/opt/rustwide/cargo-home/bin/cargo" "+1.75.0" "metadata" "--no-deps" "--format-version=1", kill_on_drop: false }`
[INFO] [stdout] 8be30ddf8a03ae3835cd58b948e5da3b614737dfff2b3cba2f61d22eaebde288
[INFO] running `Command { std: "docker" "start" "-a" "8be30ddf8a03ae3835cd58b948e5da3b614737dfff2b3cba2f61d22eaebde288", kill_on_drop: false }`
[INFO] running `Command { std: "docker" "inspect" "8be30ddf8a03ae3835cd58b948e5da3b614737dfff2b3cba2f61d22eaebde288", kill_on_drop: false }`
[INFO] running `Command { std: "docker" "rm" "-f" "8be30ddf8a03ae3835cd58b948e5da3b614737dfff2b3cba2f61d22eaebde288", kill_on_drop: false }`
[INFO] [stdout] 8be30ddf8a03ae3835cd58b948e5da3b614737dfff2b3cba2f61d22eaebde288
[INFO] running `Command { std: "docker" "create" "-v" "/var/lib/crater-agent-workspace/builds/worker-3-tc1/target:/opt/rustwide/target:rw,Z" "-v" "/var/lib/crater-agent-workspace/builds/worker-3-tc1/source:/opt/rustwide/workdir:ro,Z" "-v" "/var/lib/crater-agent-workspace/cargo-home:/opt/rustwide/cargo-home:ro,Z" "-v" "/var/lib/crater-agent-workspace/rustup-home:/opt/rustwide/rustup-home:ro,Z" "-e" "SOURCE_DIR=/opt/rustwide/workdir" "-e" "CARGO_TARGET_DIR=/opt/rustwide/target" "-e" "CARGO_INCREMENTAL=0" "-e" "RUST_BACKTRACE=full" "-e" "RUSTFLAGS=--cap-lints=warn" "-e" "RUSTDOCFLAGS=--cap-lints=warn" "-e" "CARGO_HOME=/opt/rustwide/cargo-home" "-e" "RUSTUP_HOME=/opt/rustwide/rustup-home" "-w" "/opt/rustwide/workdir" "-m" "1610612736" "--user" "0:0" "--network" "none" "ghcr.io/rust-lang/crates-build-env/linux@sha256:2788e3201cd34a07e3172128adcd8b3090168a8e3bcc40d7c032b9dda1df7d1c" "/opt/rustwide/cargo-home/bin/cargo" "+1.75.0" "doc" "--frozen" "--no-deps" "--document-private-items" "--message-format=json", kill_on_drop: false }`
[INFO] [stdout] e9beff71830fbe95bd7a766d24f24a69ea433217ceb49c6409e38e93d0f0c0ce
[INFO] running `Command { std: "docker" "start" "-a" "e9beff71830fbe95bd7a766d24f24a69ea433217ceb49c6409e38e93d0f0c0ce", kill_on_drop: false }`
[INFO] [stderr]     Checking custom_error v1.9.2
[INFO] [stderr]  Documenting zitadel v3.4.29 (/opt/rustwide/workdir)
[INFO] [stdout] warning: unresolved link to `crate::api::clients`
[INFO] [stdout]   --> src/lib.rs:28:15
[INFO] [stdout]    |
[INFO] [stdout] 28 | //! [clients][crate::api::clients] and their convenience functions to create a client that directly authenticates
[INFO] [stdout]    |               ^^^^^^^^^^^^^^^^^^^ no item named `api` in module `zitadel`
[INFO] [stdout]    |
[INFO] [stdout]    = note: `#[warn(rustdoc::broken_intra_doc_links)]` on by default
[INFO] [stdout] 
[INFO] [stdout] 
[INFO] [stdout] warning: 1 warning emitted
[INFO] [stdout] 
[INFO] [stdout] 
[INFO] [stderr]     Finished dev [unoptimized + debuginfo] target(s) in 0.38s
[INFO] [stderr]    Generated /opt/rustwide/target/doc/zitadel/index.html
[INFO] running `Command { std: "docker" "inspect" "e9beff71830fbe95bd7a766d24f24a69ea433217ceb49c6409e38e93d0f0c0ce", kill_on_drop: false }`
[INFO] running `Command { std: "docker" "rm" "-f" "e9beff71830fbe95bd7a766d24f24a69ea433217ceb49c6409e38e93d0f0c0ce", kill_on_drop: false }`
[INFO] [stdout] e9beff71830fbe95bd7a766d24f24a69ea433217ceb49c6409e38e93d0f0c0ce
[INFO] running `Command { std: "docker" "create" "-v" "/var/lib/crater-agent-workspace/builds/worker-3-tc1/target:/opt/rustwide/target:rw,Z" "-v" "/var/lib/crater-agent-workspace/builds/worker-3-tc1/source:/opt/rustwide/workdir:ro,Z" "-v" "/var/lib/crater-agent-workspace/cargo-home:/opt/rustwide/cargo-home:ro,Z" "-v" "/var/lib/crater-agent-workspace/rustup-home:/opt/rustwide/rustup-home:ro,Z" "-e" "SOURCE_DIR=/opt/rustwide/workdir" "-e" "CARGO_TARGET_DIR=/opt/rustwide/target" "-e" "CARGO_INCREMENTAL=0" "-e" "RUST_BACKTRACE=full" "-e" "RUSTFLAGS=--cap-lints=warn" "-e" "RUSTDOCFLAGS=--cap-lints=warn" "-e" "DOCS_RS=1" "-e" "RUSTC_BOOTSTRAP=1" "-e" "CARGO_HOME=/opt/rustwide/cargo-home" "-e" "RUSTUP_HOME=/opt/rustwide/rustup-home" "-w" "/opt/rustwide/workdir" "-m" "1610612736" "--user" "0:0" "--network" "none" "ghcr.io/rust-lang/crates-build-env/linux@sha256:2788e3201cd34a07e3172128adcd8b3090168a8e3bcc40d7c032b9dda1df7d1c" "/opt/rustwide/cargo-home/bin/cargo" "+1.75.0" "rustdoc" "--lib" "-Zrustdoc-map" "--all-features" "-Z" "unstable-options" "--config" "build.rustdocflags=[\"-Z\", \"unstable-options\", \"--document-private-items\"]" "--frozen" "--message-format=json", kill_on_drop: false }`
[INFO] [stdout] ad2e1e0a2aedf38ba82d22cfa17ab359bc39ef7e4fc86c0009e9f8ee8d6be2ea
[INFO] running `Command { std: "docker" "start" "-a" "ad2e1e0a2aedf38ba82d22cfa17ab359bc39ef7e4fc86c0009e9f8ee8d6be2ea", kill_on_drop: false }`
[INFO] [stderr]    Compiling proc-macro2 v1.0.69
[INFO] [stderr]    Compiling libc v0.2.149
[INFO] [stderr]    Compiling serde v1.0.189
[INFO] [stderr]     Checking zeroize v1.6.0
[INFO] [stderr]     Checking const-oid v0.9.5
[INFO] [stderr]     Checking subtle v2.5.0
[INFO] [stderr]     Checking itoa v1.0.9
[INFO] [stderr]    Compiling futures-channel v0.3.28
[INFO] [stderr]    Compiling futures-core v0.3.28
[INFO] [stderr]    Compiling generic-array v0.14.7
[INFO] [stderr]     Checking once_cell v1.18.0
[INFO] [stderr]    Compiling futures-task v0.3.28
[INFO] [stderr]     Checking futures-sink v0.3.28
[INFO] [stderr]    Compiling futures-util v0.3.28
[INFO] [stderr]     Checking memchr v2.6.4
[INFO] [stderr]     Checking fnv v1.0.7
[INFO] [stderr]    Compiling httparse v1.8.0
[INFO] [stderr]     Checking futures-io v0.3.28
[INFO] [stderr]     Checking tracing-core v0.1.32
[INFO] [stderr]     Checking http v0.2.9
[INFO] [stderr]    Compiling indexmap v1.9.3
[INFO] [stderr]    Compiling libm v0.2.8
[INFO] [stderr]    Compiling num-traits v0.2.17
[INFO] [stderr]     Checking base64ct v1.6.0
[INFO] [stderr]     Checking tower-service v0.3.2
[INFO] [stderr]    Compiling anyhow v1.0.75
[INFO] [stderr]    Compiling proc-macro2-diagnostics v0.10.1
[INFO] [stderr]     Checking cpufeatures v0.2.10
[INFO] [stderr]     Checking httpdate v1.0.3
[INFO] [stderr]    Compiling bytes v1.5.0
[INFO] [stderr]     Checking pem-rfc7468 v0.7.0
[INFO] [stderr]     Checking try-lock v0.2.4
[INFO] [stderr]     Checking percent-encoding v2.3.0
[INFO] [stderr]     Checking want v0.3.1
[INFO] [stderr]     Checking der v0.7.8
[INFO] [stderr]    Compiling itertools v0.10.5
[INFO] [stderr]     Checking base64 v0.21.4
[INFO] [stderr]    Compiling yansi v1.0.0-rc.1
[INFO] [stderr]    Compiling rustversion v1.0.14
[INFO] [stderr]     Checking mime v0.3.17
[INFO] [stderr]    Compiling time-core v0.1.2
[INFO] [stderr]     Checking ryu v1.0.15
[INFO] [stderr]    Compiling quote v1.0.33
[INFO] [stderr]     Checking crypto-common v0.1.6
[INFO] [stderr]     Checking block-buffer v0.10.4
[INFO] [stderr]    Compiling time-macros v0.2.15
[INFO] [stderr]    Compiling heck v0.4.1
[INFO] [stderr]    Compiling serde_json v1.0.107
[INFO] [stderr]     Checking form_urlencoded v1.2.0
[INFO] [stderr]     Checking digest v0.10.7
[INFO] [stderr]     Checking http-body v0.4.5
[INFO] [stderr]     Checking getrandom v0.2.10
[INFO] [stderr]     Checking socket2 v0.5.5
[INFO] [stderr]    Compiling syn v2.0.38
[INFO] [stderr]     Checking mio v0.8.8
[INFO] [stderr]     Checking num_cpus v1.16.0
[INFO] [stderr]     Checking signal-hook-registry v1.4.1
[INFO] [stderr]    Compiling cc v1.0.83
[INFO] [stderr]    Compiling syn v1.0.109
[INFO] [stderr]     Checking socket2 v0.4.10
[INFO] [stderr]     Checking rand_core v0.6.4
[INFO] [stderr]    Compiling num-integer v0.1.45
[INFO] [stderr]    Compiling rustls v0.21.7
[INFO] [stderr]    Compiling pin-project-lite v0.2.13
[INFO] [stderr]     Checking hmac v0.12.1
[INFO] [stderr]     Checking rand_chacha v0.3.1
[INFO] [stderr]    Compiling rustix v0.38.20
[INFO] [stderr]    Compiling semver v1.0.20
[INFO] [stderr]     Checking spki v0.7.2
[INFO] [stderr]    Compiling async-trait v0.1.74
[INFO] [stderr]     Checking signature v2.1.0
[INFO] [stderr]     Checking pkcs8 v0.10.2
[INFO] [stderr]     Checking ff v0.13.0
[INFO] [stderr]    Compiling cookie v0.17.0
[INFO] [stderr]     Checking rand v0.8.5
[INFO] [stderr]     Checking smallvec v1.11.1
[INFO] [stderr]    Compiling ref-cast v1.0.20
[INFO] [stderr]     Checking tinyvec_macros v0.1.1
[INFO] [stderr]     Checking base16ct v0.2.0
[INFO] [stderr]    Compiling linux-raw-sys v0.4.10
[INFO] [stderr]     Checking powerfmt v0.2.0
[INFO] [stderr]    Compiling log v0.4.20
[INFO] [stderr]     Checking deranged v0.3.9
[INFO] [stderr]     Checking sec1 v0.7.3
[INFO] [stderr]     Checking tinyvec v1.6.0
[INFO] [stderr]     Checking group v0.13.0
[INFO] [stderr]     Checking hkdf v0.12.3
[INFO] [stderr]     Checking crypto-bigint v0.5.3
[INFO] [stderr]     Checking rustls-pemfile v1.0.3
[INFO] [stderr]    Compiling prettyplease v0.1.25
[INFO] [stderr]     Checking tower-layer v0.3.2
[INFO] [stderr]    Compiling hashbrown v0.14.2
[INFO] [stderr]    Compiling pin-utils v0.1.0
[INFO] [stderr]    Compiling axum-core v0.3.4
[INFO] [stderr]    Compiling thiserror v1.0.50
[INFO] [stderr]    Compiling regex-syntax v0.8.2
[INFO] [stderr]    Compiling axum v0.6.20
[INFO] [stderr]    Compiling rustc_version v0.4.0
[INFO] [stderr]    Compiling ring v0.16.20
[INFO] [stderr]     Checking unicode-normalization v0.1.22
[INFO] [stderr]    Compiling indexmap v2.0.2
[INFO] [stderr]     Checking sha1 v0.10.6
[INFO] [stderr]     Checking sha2 v0.10.8
[INFO] [stderr]     Checking headers-core v0.2.0
[INFO] [stderr]     Checking time v0.3.30
[INFO] [stderr]    Compiling num-iter v0.1.43
[INFO] [stderr]     Checking encoding_rs v0.8.33
[INFO] [stderr]    Compiling uncased v0.9.9
[INFO] [stderr]    Compiling home v0.5.5
[INFO] [stderr]     Checking unicode-bidi v0.3.13
[INFO] [stderr]    Compiling platforms v3.1.2
[INFO] [stderr]    Compiling fixedbitset v0.4.2
[INFO] [stderr]     Checking equivalent v1.0.1
[INFO] [stderr]    Compiling regex-automata v0.4.3
[INFO] [stderr]    Compiling fastrand v2.0.1
[INFO] [stderr]    Compiling curve25519-dalek v4.1.1
[INFO] [stderr]     Checking elliptic-curve v0.13.6
[INFO] [stderr]     Checking idna v0.4.0
[INFO] [stderr]    Compiling petgraph v0.6.4
[INFO] [stderr]    Compiling tokio v1.33.0
[INFO] [stderr]     Checking headers v0.3.9
[INFO] [stderr]    Compiling tracing v0.1.40
[INFO] [stderr]    Compiling which v4.4.2
[INFO] [stderr]    Compiling tempfile v3.8.0
[INFO] [stderr]     Checking rfc6979 v0.4.0
[INFO] [stderr]    Compiling darling_core v0.20.3
[INFO] [stderr]    Compiling num-bigint v0.4.4
[INFO] [stderr]    Compiling hashbrown v0.12.3
[INFO] [stderr]    Compiling devise_core v0.4.1
[INFO] [stderr]     Checking matchit v0.7.3
[INFO] [stderr]     Checking bitflags v2.4.1
[INFO] [stderr]    Compiling num-bigint-dig v0.8.4
[INFO] [stderr]     Checking spin v0.9.8
[INFO] [stderr]     Checking either v1.9.0
[INFO] [stderr]     Checking sync_wrapper v0.1.2
[INFO] [stderr]    Compiling multimap v0.8.3
[INFO] [stderr]     Checking iana-time-zone v0.1.58
[INFO] [stderr]     Checking inlinable_string v0.1.15
[INFO] [stderr]     Checking winnow v0.5.17
[INFO] [stderr]    Compiling regex v1.10.2
[INFO] [stderr]    Compiling stable-pattern v0.1.0
[INFO] [stderr]    Compiling futures v0.3.28
[INFO] [stderr]     Checking ecdsa v0.16.8
[INFO] [stderr]     Checking primeorder v0.13.2
[INFO] [stderr]    Compiling ring v0.17.5
[INFO] [stderr]     Checking lazy_static v1.4.0
[INFO] [stderr]    Compiling multer v2.1.0
[INFO] [stderr]    Compiling figment v0.10.11
[INFO] [stderr]     Checking openssl-probe v0.1.5
[INFO] [stderr]     Checking webpki-roots v0.25.2
[INFO] [stderr]    Compiling state v0.5.3
[INFO] [stderr]     Checking ipnet v2.8.0
[INFO] [stderr]     Checking rustls-native-certs v0.6.3
[INFO] [stderr]     Checking parking_lot_core v0.9.9
[INFO] [stderr]     Checking ordered-float v2.10.1
[INFO] [stderr]     Checking pkcs1 v0.7.5
[INFO] [stderr]     Checking sct v0.7.0
[INFO] [stderr]     Checking rustls-webpki v0.101.6
[INFO] [stderr]     Checking ed25519 v2.2.3
[INFO] [stderr]    Compiling rocket v0.5.0-rc.3
[INFO] [stderr]    Compiling unicode-xid v0.2.4
[INFO] [stderr]     Checking untrusted v0.9.0
[INFO] [stderr]     Checking parking_lot v0.12.1
[INFO] [stderr]     Checking p256 v0.13.2
[INFO] [stderr]     Checking p384 v0.13.0
[INFO] [stderr]     Checking pem v3.0.2
[INFO] [stderr]     Checking dyn-clone v1.0.14
[INFO] [stderr]    Compiling hyper v0.14.27
[INFO] [stderr]    Compiling litrs v0.2.3
[INFO] [stderr]     Checking atomic v0.5.3
[INFO] [stderr]     Checking yansi v0.5.1
[INFO] [stderr]     Checking binascii v0.1.4
[INFO] [stderr]     Checking base64-compat v1.0.0
[INFO] [stderr]    Compiling serde_derive v1.0.189
[INFO] [stderr]    Compiling tokio-macros v2.1.0
[INFO] [stderr]    Compiling futures-macro v0.3.28
[INFO] [stderr]    Compiling tracing-attributes v0.1.27
[INFO] [stderr]    Compiling pear_codegen v0.2.7
[INFO] [stderr]    Compiling pin-project-internal v1.1.3
[INFO] [stderr]    Compiling ref-cast-impl v1.0.20
[INFO] [stderr]    Compiling prost-derive v0.11.9
[INFO] [stderr]    Compiling thiserror-impl v1.0.50
[INFO] [stderr]    Compiling darling_macro v0.20.3
[INFO] [stderr]    Compiling axum-macros v0.3.8
[INFO] [stderr]    Compiling async-stream-impl v0.3.5
[INFO] [stderr]    Compiling curve25519-dalek-derive v0.1.0
[INFO] [stderr]    Compiling pear v0.2.7
[INFO] [stderr]    Compiling darling v0.20.3
[INFO] [stderr]    Compiling devise_codegen v0.4.1
[INFO] [stderr]    Compiling serde_with_macros v3.4.0
[INFO] [stderr]     Checking is-terminal v0.4.9
[INFO] [stderr]     Checking async-stream v0.3.5
[INFO] [stderr]    Compiling rocket_http v0.5.0-rc.3
[INFO] [stderr]     Checking rsa v0.9.2
[INFO] [stderr]     Checking pin-project v1.1.3
[INFO] [stderr]    Compiling document-features v0.2.7
[INFO] [stderr]     Checking simple_asn1 v0.6.2
[INFO] [stderr]    Compiling devise v0.4.1
[INFO] [stderr]    Compiling prost v0.11.9
[INFO] [stdout] error[E0423]: expected value, found module `input`
[INFO] [stdout]    --> /opt/rustwide/cargo-home/registry/src/index.crates.io-6f17d22bba15001f/rocket_http-0.5.0-rc.3/src/parse/uri/parser.rs:130:1
[INFO] [stdout]     |
[INFO] [stdout] 130 | #[parser]
[INFO] [stdout]     | ^^^^^^^^^ help: use the path separator to refer to an item: `::`
[INFO] [stdout]     |
[INFO] [stdout]     = note: this error originates in the macro `$crate::macros::switch` which comes from the expansion of the macro `switch` (in Nightly builds, run with -Z macro-backtrace for more info)
[INFO] [stdout] 
[INFO] [stdout] 
[INFO] [stdout] error[E0423]: expected value, found module `input`
[INFO] [stdout]    --> /opt/rustwide/cargo-home/registry/src/index.crates.io-6f17d22bba15001f/rocket_http-0.5.0-rc.3/src/parse/uri/parser.rs:130:1
[INFO] [stdout]     |
[INFO] [stdout] 130 | #[parser]
[INFO] [stdout]     | ^^^^^^^^^ not a value
[INFO] [stdout]     |
[INFO] [stdout]     = note: this error originates in the macro `$crate::macros::switch` which comes from the expansion of the macro `switch` (in Nightly builds, run with -Z macro-backtrace for more info)
[INFO] [stdout] 
[INFO] [stdout] 
[INFO] [stdout] error[E0423]: expected value, found module `input`
[INFO] [stdout]    --> /opt/rustwide/cargo-home/registry/src/index.crates.io-6f17d22bba15001f/rocket_http-0.5.0-rc.3/src/parse/uri/parser.rs:193:1
[INFO] [stdout]     |
[INFO] [stdout] 193 | #[parser]
[INFO] [stdout]     | ^^^^^^^^^ help: use the path separator to refer to an item: `::`
[INFO] [stdout]     |
[INFO] [stdout]     = note: this error originates in the macro `$crate::macros::switch` which comes from the expansion of the attribute macro `parser` (in Nightly builds, run with -Z macro-backtrace for more info)
[INFO] [stdout] 
[INFO] [stdout] 
[INFO] [stdout] error[E0423]: expected value, found module `input`
[INFO] [stdout]    --> /opt/rustwide/cargo-home/registry/src/index.crates.io-6f17d22bba15001f/rocket_http-0.5.0-rc.3/src/parse/uri/parser.rs:193:1
[INFO] [stdout]     |
[INFO] [stdout] 193 | #[parser]
[INFO] [stdout]     | ^^^^^^^^^ not a value
[INFO] [stdout]     |
[INFO] [stdout]     = note: this error originates in the macro `$crate::macros::switch` which comes from the expansion of the attribute macro `parser` (in Nightly builds, run with -Z macro-backtrace for more info)
[INFO] [stdout] 
[INFO] [stdout] 
[INFO] [stdout] error[E0423]: expected value, found module `input`
[INFO] [stdout]    --> /opt/rustwide/cargo-home/registry/src/index.crates.io-6f17d22bba15001f/rocket_http-0.5.0-rc.3/src/parse/uri/parser.rs:198:1
[INFO] [stdout]     |
[INFO] [stdout] 198 | #[parser]
[INFO] [stdout]     | ^^^^^^^^^ help: use the path separator to refer to an item: `::`
[INFO] [stdout]     |
[INFO] [stdout]     = note: this error originates in the macro `$crate::macros::switch` which comes from the expansion of the attribute macro `parser` (in Nightly builds, run with -Z macro-backtrace for more info)
[INFO] [stdout] 
[INFO] [stdout] 
[INFO] [stdout] error[E0423]: expected value, found module `input`
[INFO] [stdout]    --> /opt/rustwide/cargo-home/registry/src/index.crates.io-6f17d22bba15001f/rocket_http-0.5.0-rc.3/src/parse/uri/parser.rs:198:1
[INFO] [stdout]     |
[INFO] [stdout] 198 | #[parser]
[INFO] [stdout]     | ^^^^^^^^^ not a value
[INFO] [stdout]     |
[INFO] [stdout]     = note: this error originates in the macro `$crate::macros::switch` which comes from the expansion of the attribute macro `parser` (in Nightly builds, run with -Z macro-backtrace for more info)
[INFO] [stdout] 
[INFO] [stdout] 
[INFO] [stderr]     Checking prost-types v0.11.9
[INFO] [stderr]     Checking ed25519-dalek v2.0.0
[INFO] [stdout] error: aborting due to 6 previous errors
[INFO] [stdout] 
[INFO] [stdout] 
[INFO] [stdout] For more information about this error, try `rustc --explain E0423`.
[INFO] [stdout] 
[INFO] [stderr] error: could not compile `rocket_http` (lib) due to 7 previous errors
[INFO] [stderr] warning: build failed, waiting for other jobs to finish...
[INFO] running `Command { std: "docker" "inspect" "ad2e1e0a2aedf38ba82d22cfa17ab359bc39ef7e4fc86c0009e9f8ee8d6be2ea", kill_on_drop: false }`
[INFO] running `Command { std: "docker" "rm" "-f" "ad2e1e0a2aedf38ba82d22cfa17ab359bc39ef7e4fc86c0009e9f8ee8d6be2ea", kill_on_drop: false }`
[INFO] [stdout] ad2e1e0a2aedf38ba82d22cfa17ab359bc39ef7e4fc86c0009e9f8ee8d6be2ea
[INFO] documenting zitadel-3.4.29 against beta-2023-12-22 for beta-1.76-rustdoc-1
[INFO] extracting crate zitadel 3.4.29 into /workspace/builds/worker-3-tc2/source
[INFO] validating manifest of crates.io crate zitadel 3.4.29 on toolchain beta-2023-12-22
[INFO] running `Command { std: CARGO_HOME="/workspace/cargo-home" RUSTUP_HOME="/workspace/rustup-home" "/workspace/cargo-home/bin/cargo" "+beta-2023-12-22" "metadata" "--manifest-path" "Cargo.toml" "--no-deps", kill_on_drop: false }`
[INFO] started tweaking crates.io crate zitadel 3.4.29
[INFO] finished tweaking crates.io crate zitadel 3.4.29
[INFO] tweaked toml for crates.io crate zitadel 3.4.29 written to /workspace/builds/worker-3-tc2/source/Cargo.toml
[INFO] crate crates.io crate zitadel 3.4.29 already has a lockfile, it will not be regenerated
[INFO] running `Command { std: CARGO_HOME="/workspace/cargo-home" RUSTUP_HOME="/workspace/rustup-home" "/workspace/cargo-home/bin/cargo" "+beta-2023-12-22" "fetch" "--manifest-path" "Cargo.toml", kill_on_drop: false }`
[INFO] running `Command { std: "docker" "create" "-v" "/var/lib/crater-agent-workspace/builds/worker-3-tc2/target:/opt/rustwide/target:rw,Z" "-v" "/var/lib/crater-agent-workspace/builds/worker-3-tc2/source:/opt/rustwide/workdir:ro,Z" "-v" "/var/lib/crater-agent-workspace/cargo-home:/opt/rustwide/cargo-home:ro,Z" "-v" "/var/lib/crater-agent-workspace/rustup-home:/opt/rustwide/rustup-home:ro,Z" "-e" "SOURCE_DIR=/opt/rustwide/workdir" "-e" "CARGO_TARGET_DIR=/opt/rustwide/target" "-e" "CARGO_HOME=/opt/rustwide/cargo-home" "-e" "RUSTUP_HOME=/opt/rustwide/rustup-home" "-w" "/opt/rustwide/workdir" "-m" "1610612736" "--user" "0:0" "--network" "none" "ghcr.io/rust-lang/crates-build-env/linux@sha256:2788e3201cd34a07e3172128adcd8b3090168a8e3bcc40d7c032b9dda1df7d1c" "/opt/rustwide/cargo-home/bin/cargo" "+beta-2023-12-22" "metadata" "--no-deps" "--format-version=1", kill_on_drop: false }`
[INFO] [stdout] 17f29a3cdac9bcaf95e0c4ced236fa8494836d7f022792e6499273cc6892f633
[INFO] running `Command { std: "docker" "start" "-a" "17f29a3cdac9bcaf95e0c4ced236fa8494836d7f022792e6499273cc6892f633", kill_on_drop: false }`
[INFO] running `Command { std: "docker" "inspect" "17f29a3cdac9bcaf95e0c4ced236fa8494836d7f022792e6499273cc6892f633", kill_on_drop: false }`
[INFO] running `Command { std: "docker" "rm" "-f" "17f29a3cdac9bcaf95e0c4ced236fa8494836d7f022792e6499273cc6892f633", kill_on_drop: false }`
[INFO] [stdout] 17f29a3cdac9bcaf95e0c4ced236fa8494836d7f022792e6499273cc6892f633
[INFO] running `Command { std: "docker" "create" "-v" "/var/lib/crater-agent-workspace/builds/worker-3-tc2/target:/opt/rustwide/target:rw,Z" "-v" "/var/lib/crater-agent-workspace/builds/worker-3-tc2/source:/opt/rustwide/workdir:ro,Z" "-v" "/var/lib/crater-agent-workspace/cargo-home:/opt/rustwide/cargo-home:ro,Z" "-v" "/var/lib/crater-agent-workspace/rustup-home:/opt/rustwide/rustup-home:ro,Z" "-e" "SOURCE_DIR=/opt/rustwide/workdir" "-e" "CARGO_TARGET_DIR=/opt/rustwide/target" "-e" "CARGO_INCREMENTAL=0" "-e" "RUST_BACKTRACE=full" "-e" "RUSTFLAGS=--cap-lints=warn" "-e" "RUSTDOCFLAGS=--cap-lints=warn" "-e" "CARGO_HOME=/opt/rustwide/cargo-home" "-e" "RUSTUP_HOME=/opt/rustwide/rustup-home" "-w" "/opt/rustwide/workdir" "-m" "1610612736" "--user" "0:0" "--network" "none" "ghcr.io/rust-lang/crates-build-env/linux@sha256:2788e3201cd34a07e3172128adcd8b3090168a8e3bcc40d7c032b9dda1df7d1c" "/opt/rustwide/cargo-home/bin/cargo" "+beta-2023-12-22" "doc" "--frozen" "--no-deps" "--document-private-items" "--message-format=json", kill_on_drop: false }`
[INFO] [stdout] e278a818b784c6e507dda97d71525cb322726384cb977606ca0111f0d8a4c8d4
[INFO] running `Command { std: "docker" "start" "-a" "e278a818b784c6e507dda97d71525cb322726384cb977606ca0111f0d8a4c8d4", kill_on_drop: false }`
[INFO] [stderr]     Checking custom_error v1.9.2
[INFO] [stderr]  Documenting zitadel v3.4.29 (/opt/rustwide/workdir)
[INFO] [stdout] warning: unresolved link to `crate::api::clients`
[INFO] [stdout]   --> src/lib.rs:28:15
[INFO] [stdout]    |
[INFO] [stdout] 28 | //! [clients][crate::api::clients] and their convenience functions to create a client that directly authenticates
[INFO] [stdout]    |               ^^^^^^^^^^^^^^^^^^^ no item named `api` in module `zitadel`
[INFO] [stdout]    |
[INFO] [stdout]    = note: `#[warn(rustdoc::broken_intra_doc_links)]` on by default
[INFO] [stdout] 
[INFO] [stdout] 
[INFO] [stdout] warning: 1 warning emitted
[INFO] [stdout] 
[INFO] [stdout] 
[INFO] [stderr]     Finished dev [unoptimized + debuginfo] target(s) in 0.38s
[INFO] [stderr]    Generated /opt/rustwide/target/doc/zitadel/index.html
[INFO] running `Command { std: "docker" "inspect" "e278a818b784c6e507dda97d71525cb322726384cb977606ca0111f0d8a4c8d4", kill_on_drop: false }`
[INFO] running `Command { std: "docker" "rm" "-f" "e278a818b784c6e507dda97d71525cb322726384cb977606ca0111f0d8a4c8d4", kill_on_drop: false }`
[INFO] [stdout] e278a818b784c6e507dda97d71525cb322726384cb977606ca0111f0d8a4c8d4
[INFO] running `Command { std: "docker" "create" "-v" "/var/lib/crater-agent-workspace/builds/worker-3-tc2/target:/opt/rustwide/target:rw,Z" "-v" "/var/lib/crater-agent-workspace/builds/worker-3-tc2/source:/opt/rustwide/workdir:ro,Z" "-v" "/var/lib/crater-agent-workspace/cargo-home:/opt/rustwide/cargo-home:ro,Z" "-v" "/var/lib/crater-agent-workspace/rustup-home:/opt/rustwide/rustup-home:ro,Z" "-e" "SOURCE_DIR=/opt/rustwide/workdir" "-e" "CARGO_TARGET_DIR=/opt/rustwide/target" "-e" "CARGO_INCREMENTAL=0" "-e" "RUST_BACKTRACE=full" "-e" "RUSTFLAGS=--cap-lints=warn" "-e" "RUSTDOCFLAGS=--cap-lints=warn" "-e" "DOCS_RS=1" "-e" "RUSTC_BOOTSTRAP=1" "-e" "CARGO_HOME=/opt/rustwide/cargo-home" "-e" "RUSTUP_HOME=/opt/rustwide/rustup-home" "-w" "/opt/rustwide/workdir" "-m" "1610612736" "--user" "0:0" "--network" "none" "ghcr.io/rust-lang/crates-build-env/linux@sha256:2788e3201cd34a07e3172128adcd8b3090168a8e3bcc40d7c032b9dda1df7d1c" "/opt/rustwide/cargo-home/bin/cargo" "+beta-2023-12-22" "rustdoc" "--lib" "-Zrustdoc-map" "--all-features" "-Z" "unstable-options" "--config" "build.rustdocflags=[\"-Z\", \"unstable-options\", \"--document-private-items\"]" "--frozen" "--message-format=json", kill_on_drop: false }`
[INFO] [stdout] e6711517971e49a0ffb0174fc4a4abc8ce28c8a592398984d153c581a0bdaa6e
[INFO] running `Command { std: "docker" "start" "-a" "e6711517971e49a0ffb0174fc4a4abc8ce28c8a592398984d153c581a0bdaa6e", kill_on_drop: false }`
[INFO] [stderr]    Compiling proc-macro2 v1.0.69
[INFO] [stderr]    Compiling libc v0.2.149
[INFO] [stderr]    Compiling serde v1.0.189
[INFO] [stderr]     Checking zeroize v1.6.0
[INFO] [stderr]     Checking const-oid v0.9.5
[INFO] [stderr]     Checking subtle v2.5.0
[INFO] [stderr]     Checking itoa v1.0.9
[INFO] [stderr]    Compiling futures-channel v0.3.28
[INFO] [stderr]    Compiling futures-core v0.3.28
[INFO] [stderr]    Compiling generic-array v0.14.7
[INFO] [stderr]     Checking once_cell v1.18.0
[INFO] [stderr]     Checking futures-sink v0.3.28
[INFO] [stderr]    Compiling futures-task v0.3.28
[INFO] [stderr]     Checking memchr v2.6.4
[INFO] [stderr]    Compiling futures-util v0.3.28
[INFO] [stderr]    Compiling httparse v1.8.0
[INFO] [stderr]     Checking fnv v1.0.7
[INFO] [stderr]     Checking futures-io v0.3.28
[INFO] [stderr]    Compiling indexmap v1.9.3
[INFO] [stderr]    Compiling libm v0.2.8
[INFO] [stderr]    Compiling num-traits v0.2.17
[INFO] [stderr]     Checking http v0.2.9
[INFO] [stderr]     Checking base64ct v1.6.0
[INFO] [stderr]     Checking tracing-core v0.1.32
[INFO] [stderr]    Compiling anyhow v1.0.75
[INFO] [stderr]     Checking tower-service v0.3.2
[INFO] [stderr]    Compiling proc-macro2-diagnostics v0.10.1
[INFO] [stderr]     Checking httpdate v1.0.3
[INFO] [stderr]     Checking cpufeatures v0.2.10
[INFO] [stderr]     Checking pem-rfc7468 v0.7.0
[INFO] [stderr]    Compiling bytes v1.5.0
[INFO] [stderr]     Checking percent-encoding v2.3.0
[INFO] [stderr]     Checking try-lock v0.2.4
[INFO] [stderr]    Compiling itertools v0.10.5
[INFO] [stderr]    Compiling yansi v1.0.0-rc.1
[INFO] [stderr]     Checking want v0.3.1
[INFO] [stderr]     Checking base64 v0.21.4
[INFO] [stderr]     Checking der v0.7.8
[INFO] [stderr]    Compiling rustversion v1.0.14
[INFO] [stderr]     Checking mime v0.3.17
[INFO] [stderr]    Compiling time-core v0.1.2
[INFO] [stderr]    Compiling quote v1.0.33
[INFO] [stderr]    Compiling time-macros v0.2.15
[INFO] [stderr]     Checking http-body v0.4.5
[INFO] [stderr]     Checking block-buffer v0.10.4
[INFO] [stderr]     Checking crypto-common v0.1.6
[INFO] [stderr]    Compiling serde_json v1.0.107
[INFO] [stderr]    Compiling heck v0.4.1
[INFO] [stderr]     Checking getrandom v0.2.10
[INFO] [stderr]     Checking socket2 v0.5.5
[INFO] [stderr]    Compiling syn v2.0.38
[INFO] [stderr]     Checking mio v0.8.8
[INFO] [stderr]     Checking signal-hook-registry v1.4.1
[INFO] [stderr]     Checking digest v0.10.7
[INFO] [stderr]     Checking num_cpus v1.16.0
[INFO] [stderr]    Compiling cc v1.0.83
[INFO] [stderr]    Compiling syn v1.0.109
[INFO] [stderr]     Checking rand_core v0.6.4
[INFO] [stderr]     Checking socket2 v0.4.10
[INFO] [stderr]     Checking ryu v1.0.15
[INFO] [stderr]     Checking form_urlencoded v1.2.0
[INFO] [stderr]    Compiling num-integer v0.1.45
[INFO] [stderr]    Compiling pin-project-lite v0.2.13
[INFO] [stderr]    Compiling rustls v0.21.7
[INFO] [stderr]     Checking hmac v0.12.1
[INFO] [stderr]    Compiling async-trait v0.1.74
[INFO] [stderr]     Checking rand_chacha v0.3.1
[INFO] [stderr]    Compiling rustix v0.38.20
[INFO] [stderr]    Compiling semver v1.0.20
[INFO] [stderr]     Checking signature v2.1.0
[INFO] [stderr]     Checking ff v0.13.0
[INFO] [stderr]     Checking rand v0.8.5
[INFO] [stderr]     Checking spki v0.7.2
[INFO] [stderr]    Compiling cookie v0.17.0
[INFO] [stderr]    Compiling ref-cast v1.0.20
[INFO] [stderr]    Compiling linux-raw-sys v0.4.10
[INFO] [stderr]     Checking powerfmt v0.2.0
[INFO] [stderr]     Checking pkcs8 v0.10.2
[INFO] [stderr]    Compiling log v0.4.20
[INFO] [stderr]     Checking base16ct v0.2.0
[INFO] [stderr]     Checking tinyvec_macros v0.1.1
[INFO] [stderr]     Checking smallvec v1.11.1
[INFO] [stderr]     Checking tinyvec v1.6.0
[INFO] [stderr]     Checking deranged v0.3.9
[INFO] [stderr]     Checking sec1 v0.7.3
[INFO] [stderr]     Checking group v0.13.0
[INFO] [stderr]     Checking hkdf v0.12.3
[INFO] [stderr]     Checking crypto-bigint v0.5.3
[INFO] [stderr]     Checking rustls-pemfile v1.0.3
[INFO] [stderr]    Compiling axum-core v0.3.4
[INFO] [stderr]    Compiling hashbrown v0.14.2
[INFO] [stderr]     Checking tower-layer v0.3.2
[INFO] [stderr]    Compiling pin-utils v0.1.0
[INFO] [stderr]    Compiling thiserror v1.0.50
[INFO] [stderr]    Compiling regex-syntax v0.8.2
[INFO] [stderr]    Compiling prettyplease v0.1.25
[INFO] [stderr]    Compiling ring v0.16.20
[INFO] [stderr]    Compiling rustc_version v0.4.0
[INFO] [stderr]     Checking unicode-normalization v0.1.22
[INFO] [stderr]    Compiling axum v0.6.20
[INFO] [stderr]    Compiling indexmap v2.0.2
[INFO] [stderr]     Checking sha1 v0.10.6
[INFO] [stderr]     Checking sha2 v0.10.8
[INFO] [stderr]     Checking time v0.3.30
[INFO] [stderr]     Checking headers-core v0.2.0
[INFO] [stderr]    Compiling uncased v0.9.9
[INFO] [stderr]     Checking encoding_rs v0.8.33
[INFO] [stderr]    Compiling num-iter v0.1.43
[INFO] [stderr]    Compiling fastrand v2.0.1
[INFO] [stderr]    Compiling home v0.5.5
[INFO] [stderr]     Checking elliptic-curve v0.13.6
[INFO] [stderr]    Compiling fixedbitset v0.4.2
[INFO] [stderr]     Checking unicode-bidi v0.3.13
[INFO] [stderr]     Checking equivalent v1.0.1
[INFO] [stderr]    Compiling platforms v3.1.2
[INFO] [stderr]    Compiling petgraph v0.6.4
[INFO] [stderr]    Compiling regex-automata v0.4.3
[INFO] [stderr]    Compiling which v4.4.2
[INFO] [stderr]     Checking idna v0.4.0
[INFO] [stderr]    Compiling curve25519-dalek v4.1.1
[INFO] [stderr]    Compiling tempfile v3.8.0
[INFO] [stderr]    Compiling tokio v1.33.0
[INFO] [stderr]     Checking headers v0.3.9
[INFO] [stderr]    Compiling tracing v0.1.40
[INFO] [stderr]     Checking rfc6979 v0.4.0
[INFO] [stderr]    Compiling num-bigint v0.4.4
[INFO] [stderr]     Checking sync_wrapper v0.1.2
[INFO] [stderr]    Compiling multimap v0.8.3
[INFO] [stderr]     Checking matchit v0.7.3
[INFO] [stderr]     Checking either v1.9.0
[INFO] [stderr]     Checking iana-time-zone v0.1.58
[INFO] [stderr]     Checking bitflags v2.4.1
[INFO] [stderr]    Compiling darling_core v0.20.3
[INFO] [stderr]    Compiling inlinable_string v0.1.15
[INFO] [stderr]     Checking winnow v0.5.17
[INFO] [stderr]    Compiling devise_core v0.4.1
[INFO] [stderr]    Compiling hashbrown v0.12.3
[INFO] [stderr]     Checking spin v0.9.8
[INFO] [stderr]    Compiling num-bigint-dig v0.8.4
[INFO] [stderr]    Compiling stable-pattern v0.1.0
[INFO] [stderr]    Compiling futures v0.3.28
[INFO] [stderr]     Checking ecdsa v0.16.8
[INFO] [stderr]     Checking primeorder v0.13.2
[INFO] [stderr]    Compiling ring v0.17.5
[INFO] [stderr]    Compiling regex v1.10.2
[INFO] [stderr]     Checking lazy_static v1.4.0
[INFO] [stderr]    Compiling multer v2.1.0
[INFO] [stderr]    Compiling figment v0.10.11
[INFO] [stderr]     Checking openssl-probe v0.1.5
[INFO] [stderr]     Checking ipnet v2.8.0
[INFO] [stderr]     Checking webpki-roots v0.25.2
[INFO] [stderr]    Compiling state v0.5.3
[INFO] [stderr]     Checking rustls-native-certs v0.6.3
[INFO] [stderr]     Checking parking_lot_core v0.9.9
[INFO] [stderr]     Checking ordered-float v2.10.1
[INFO] [stderr]     Checking pkcs1 v0.7.5
[INFO] [stderr]     Checking sct v0.7.0
[INFO] [stderr]     Checking rustls-webpki v0.101.6
[INFO] [stderr]     Checking ed25519 v2.2.3
[INFO] [stderr]    Compiling rocket v0.5.0-rc.3
[INFO] [stderr]     Checking untrusted v0.9.0
[INFO] [stderr]    Compiling unicode-xid v0.2.4
[INFO] [stderr]     Checking parking_lot v0.12.1
[INFO] [stderr]     Checking p384 v0.13.0
[INFO] [stderr]     Checking p256 v0.13.2
[INFO] [stderr]     Checking pem v3.0.2
[INFO] [stderr]    Compiling hyper v0.14.27
[INFO] [stderr]     Checking yansi v0.5.1
[INFO] [stderr]    Compiling litrs v0.2.3
[INFO] [stderr]     Checking binascii v0.1.4
[INFO] [stderr]     Checking atomic v0.5.3
[INFO] [stderr]     Checking dyn-clone v1.0.14
[INFO] [stderr]    Compiling prost-derive v0.11.9
[INFO] [stderr]     Checking base64-compat v1.0.0
[INFO] [stderr]     Checking rsa v0.9.2
[INFO] [stderr]     Checking is-terminal v0.4.9
[INFO] [stderr]    Compiling document-features v0.2.7
[INFO] [stderr]    Compiling serde_derive v1.0.189
[INFO] [stderr]    Compiling tokio-macros v2.1.0
[INFO] [stderr]    Compiling futures-macro v0.3.28
[INFO] [stderr]    Compiling tracing-attributes v0.1.27
[INFO] [stderr]    Compiling pear_codegen v0.2.7
[INFO] [stderr]    Compiling pin-project-internal v1.1.3
[INFO] [stderr]    Compiling ref-cast-impl v1.0.20
[INFO] [stderr]    Compiling thiserror-impl v1.0.50
[INFO] [stderr]    Compiling darling_macro v0.20.3
[INFO] [stderr]    Compiling axum-macros v0.3.8
[INFO] [stderr]    Compiling async-stream-impl v0.3.5
[INFO] [stderr]    Compiling devise_codegen v0.4.1
[INFO] [stderr]    Compiling darling v0.20.3
[INFO] [stderr]    Compiling curve25519-dalek-derive v0.1.0
[INFO] [stderr]    Compiling serde_with_macros v3.4.0
[INFO] [stderr]     Checking pear v0.2.7
[INFO] [stderr]     Checking async-stream v0.3.5
[INFO] [stderr]    Compiling prost v0.11.9
[INFO] [stderr]     Checking pin-project v1.1.3
[INFO] [stderr]    Compiling devise v0.4.1
[INFO] [stderr]     Checking simple_asn1 v0.6.2
[INFO] [stderr]    Compiling rocket_http v0.5.0-rc.3
[INFO] [stderr]     Checking prost-types v0.11.9
[INFO] [stdout] error[E0423]: expected value, found module `input`
[INFO] [stdout]    --> /opt/rustwide/cargo-home/registry/src/index.crates.io-6f17d22bba15001f/rocket_http-0.5.0-rc.3/src/parse/uri/parser.rs:130:1
[INFO] [stdout]     |
[INFO] [stdout] 130 | #[parser]
[INFO] [stdout]     | ^^^^^^^^^ help: use the path separator to refer to an item: `::`
[INFO] [stdout]     |
[INFO] [stdout]     = note: this error originates in the macro `$crate::macros::switch` which comes from the expansion of the macro `switch` (in Nightly builds, run with -Z macro-backtrace for more info)
[INFO] [stdout] 
[INFO] [stdout] 
[INFO] [stdout] error[E0423]: expected value, found module `input`
[INFO] [stdout]    --> /opt/rustwide/cargo-home/registry/src/index.crates.io-6f17d22bba15001f/rocket_http-0.5.0-rc.3/src/parse/uri/parser.rs:130:1
[INFO] [stdout]     |
[INFO] [stdout] 130 | #[parser]
[INFO] [stdout]     | ^^^^^^^^^ not a value
[INFO] [stdout]     |
[INFO] [stdout]     = note: this error originates in the macro `$crate::macros::switch` which comes from the expansion of the macro `switch` (in Nightly builds, run with -Z macro-backtrace for more info)
[INFO] [stdout] 
[INFO] [stdout] 
[INFO] [stdout] error[E0423]: expected value, found module `input`
[INFO] [stdout]    --> /opt/rustwide/cargo-home/registry/src/index.crates.io-6f17d22bba15001f/rocket_http-0.5.0-rc.3/src/parse/uri/parser.rs:193:1
[INFO] [stdout]     |
[INFO] [stdout] 193 | #[parser]
[INFO] [stdout]     | ^^^^^^^^^ help: use the path separator to refer to an item: `::`
[INFO] [stdout]     |
[INFO] [stdout]     = note: this error originates in the macro `$crate::macros::switch` which comes from the expansion of the attribute macro `parser` (in Nightly builds, run with -Z macro-backtrace for more info)
[INFO] [stdout] 
[INFO] [stdout] 
[INFO] [stdout] error[E0423]: expected value, found module `input`
[INFO] [stdout]    --> /opt/rustwide/cargo-home/registry/src/index.crates.io-6f17d22bba15001f/rocket_http-0.5.0-rc.3/src/parse/uri/parser.rs:193:1
[INFO] [stdout]     |
[INFO] [stdout] 193 | #[parser]
[INFO] [stdout]     | ^^^^^^^^^ not a value
[INFO] [stdout]     |
[INFO] [stdout]     = note: this error originates in the macro `$crate::macros::switch` which comes from the expansion of the attribute macro `parser` (in Nightly builds, run with -Z macro-backtrace for more info)
[INFO] [stdout] 
[INFO] [stdout] 
[INFO] [stdout] error[E0423]: expected value, found module `input`
[INFO] [stdout]    --> /opt/rustwide/cargo-home/registry/src/index.crates.io-6f17d22bba15001f/rocket_http-0.5.0-rc.3/src/parse/uri/parser.rs:198:1
[INFO] [stdout]     |
[INFO] [stdout] 198 | #[parser]
[INFO] [stdout]     | ^^^^^^^^^ help: use the path separator to refer to an item: `::`
[INFO] [stdout]     |
[INFO] [stdout]     = note: this error originates in the macro `$crate::macros::switch` which comes from the expansion of the attribute macro `parser` (in Nightly builds, run with -Z macro-backtrace for more info)
[INFO] [stdout] 
[INFO] [stdout] 
[INFO] [stdout] error[E0423]: expected value, found module `input`
[INFO] [stdout]    --> /opt/rustwide/cargo-home/registry/src/index.crates.io-6f17d22bba15001f/rocket_http-0.5.0-rc.3/src/parse/uri/parser.rs:198:1
[INFO] [stdout]     |
[INFO] [stdout] 198 | #[parser]
[INFO] [stdout]     | ^^^^^^^^^ not a value
[INFO] [stdout]     |
[INFO] [stdout]     = note: this error originates in the macro `$crate::macros::switch` which comes from the expansion of the attribute macro `parser` (in Nightly builds, run with -Z macro-backtrace for more info)
[INFO] [stdout] 
[INFO] [stdout] 
[INFO] [stderr]     Checking ed25519-dalek v2.0.0
[INFO] [stdout] error: aborting due to 6 previous errors
[INFO] [stdout] 
[INFO] [stdout] 
[INFO] [stdout] For more information about this error, try `rustc --explain E0423`.
[INFO] [stdout] 
[INFO] [stderr] error: could not compile `rocket_http` (lib) due to 7 previous errors
[INFO] [stderr] warning: build failed, waiting for other jobs to finish...
[INFO] running `Command { std: "docker" "inspect" "e6711517971e49a0ffb0174fc4a4abc8ce28c8a592398984d153c581a0bdaa6e", kill_on_drop: false }`
[INFO] running `Command { std: "docker" "rm" "-f" "e6711517971e49a0ffb0174fc4a4abc8ce28c8a592398984d153c581a0bdaa6e", kill_on_drop: false }`
[INFO] [stdout] e6711517971e49a0ffb0174fc4a4abc8ce28c8a592398984d153c581a0bdaa6e
