[INFO] fetching crate zino 0.15.3...
[INFO] documenting zino-0.15.3 against 1.75.0 for beta-1.76-rustdoc-1
[INFO] extracting crate zino 0.15.3 into /workspace/builds/worker-6-tc1/source
[INFO] validating manifest of crates.io crate zino 0.15.3 on toolchain 1.75.0
[INFO] running `Command { std: CARGO_HOME="/workspace/cargo-home" RUSTUP_HOME="/workspace/rustup-home" "/workspace/cargo-home/bin/cargo" "+1.75.0" "metadata" "--manifest-path" "Cargo.toml" "--no-deps", kill_on_drop: false }`
[INFO] started tweaking crates.io crate zino 0.15.3
[INFO] finished tweaking crates.io crate zino 0.15.3
[INFO] tweaked toml for crates.io crate zino 0.15.3 written to /workspace/builds/worker-6-tc1/source/Cargo.toml
[INFO] running `Command { std: CARGO_HOME="/workspace/cargo-home" RUSTUP_HOME="/workspace/rustup-home" "/workspace/cargo-home/bin/cargo" "+1.75.0" "generate-lockfile" "--manifest-path" "Cargo.toml", kill_on_drop: false }`
[INFO] [stderr]     Updating crates.io index
[INFO] running `Command { std: CARGO_HOME="/workspace/cargo-home" RUSTUP_HOME="/workspace/rustup-home" "/workspace/cargo-home/bin/cargo" "+1.75.0" "fetch" "--manifest-path" "Cargo.toml", kill_on_drop: false }`
[INFO] [stderr]  Downloading crates ...
[INFO] [stderr]   Downloaded hmac-sha1-compact v1.1.4
[INFO] [stderr]   Downloaded ct-codecs v1.1.1
[INFO] [stderr]   Downloaded binstring v0.1.1
[INFO] [stderr]   Downloaded ed25519-compact v2.0.6
[INFO] [stderr]   Downloaded backon v0.4.1
[INFO] [stderr]   Downloaded gdkwayland-sys v0.16.0
[INFO] [stderr]   Downloaded utoipa-rapidoc v1.0.0
[INFO] [stderr]   Downloaded dioxus-router v0.4.3
[INFO] [stderr]   Downloaded etag v4.0.0
[INFO] [stderr]   Downloaded tracing-appender v0.2.3
[INFO] [stderr]   Downloaded javascriptcore-rs-sys v0.5.1
[INFO] [stderr]   Downloaded javascriptcore-rs v0.17.0
[INFO] [stderr]   Downloaded str-buf v3.0.2
[INFO] [stderr]   Downloaded spinning v0.1.0
[INFO] [stderr]   Downloaded dioxus-interpreter-js v0.4.3
[INFO] [stderr]   Downloaded async-backtrace v0.2.6
[INFO] [stderr]   Downloaded webkit2gtk-sys v0.19.1
[INFO] [stderr]   Downloaded webkit2gtk v0.19.2
[INFO] [stderr]   Downloaded opendal v0.42.0
[INFO] [stderr]   Downloaded procfs v0.14.2
[INFO] [stderr]   Downloaded tao v0.19.1
[INFO] [stderr]   Downloaded webview2-com-sys v0.22.1
[INFO] [stderr]   Downloaded soup3 v0.3.2
[INFO] [stderr]   Downloaded windows-metadata v0.44.0
[INFO] [stderr]   Downloaded zino-core v0.16.5
[INFO] [stderr]   Downloaded dioxus-router-macro v0.4.3
[INFO] [stderr]   Downloaded wry v0.28.3
[INFO] [stderr]   Downloaded utoipa-gen v4.1.0
[INFO] [stderr]   Downloaded tracing-opentelemetry v0.22.0
[INFO] [stderr]   Downloaded interprocess-docfix v1.2.2
[INFO] [stderr]   Downloaded utoipa v4.1.0
[INFO] [stderr]   Downloaded dioxus-hooks v0.4.3
[INFO] [stderr]   Downloaded portable-atomic v0.3.20
[INFO] [stderr]   Downloaded weak-table v0.3.2
[INFO] [stderr]   Downloaded windows-tokens v0.44.0
[INFO] [stderr]   Downloaded dioxus-debug-cell v0.1.1
[INFO] [stderr]   Downloaded soup3-sys v0.3.1
[INFO] [stderr]   Downloaded metrics v0.20.1
[INFO] [stderr]   Downloaded await-tree v0.1.2
[INFO] [stderr]   Downloaded infer v0.11.0
[INFO] [stderr]   Downloaded jwt-simple v0.11.9
[INFO] [stderr]   Downloaded retry-policies v0.2.1
[INFO] [stderr]   Downloaded webview2-com v0.22.1
[INFO] [stderr]   Downloaded dioxus-hot-reload v0.4.3
[INFO] [stderr]   Downloaded intmap v0.7.1
[INFO] [stderr]   Downloaded async-backtrace-attributes v0.2.6
[INFO] [stderr]   Downloaded hmac-sha256 v1.1.7
[INFO] [stderr]   Downloaded metrics-macros v0.6.0
[INFO] [stderr]   Downloaded windows-bindgen v0.44.0
[INFO] [stderr]   Downloaded reqwest-retry v0.3.0
[INFO] [stderr]   Downloaded to_method v1.1.0
[INFO] [stderr]   Downloaded hmac-sha512 v1.1.5
[INFO] [stderr]   Downloaded dioxus-desktop v0.4.3
[INFO] [stderr]   Downloaded gdkx11-sys v0.16.0
[INFO] running `Command { std: "docker" "create" "-v" "/var/lib/crater-agent-workspace/builds/worker-6-tc1/target:/opt/rustwide/target:rw,Z" "-v" "/var/lib/crater-agent-workspace/builds/worker-6-tc1/source:/opt/rustwide/workdir:ro,Z" "-v" "/var/lib/crater-agent-workspace/cargo-home:/opt/rustwide/cargo-home:ro,Z" "-v" "/var/lib/crater-agent-workspace/rustup-home:/opt/rustwide/rustup-home:ro,Z" "-e" "SOURCE_DIR=/opt/rustwide/workdir" "-e" "CARGO_TARGET_DIR=/opt/rustwide/target" "-e" "CARGO_HOME=/opt/rustwide/cargo-home" "-e" "RUSTUP_HOME=/opt/rustwide/rustup-home" "-w" "/opt/rustwide/workdir" "-m" "1610612736" "--user" "0:0" "--network" "none" "ghcr.io/rust-lang/crates-build-env/linux@sha256:2788e3201cd34a07e3172128adcd8b3090168a8e3bcc40d7c032b9dda1df7d1c" "/opt/rustwide/cargo-home/bin/cargo" "+1.75.0" "metadata" "--no-deps" "--format-version=1", kill_on_drop: false }`
[INFO] [stdout] d74c8ffd9ad109dd03175b3dd4d2411aab8c19a9661bc5aacee5eaf6b3705d70
[INFO] running `Command { std: "docker" "start" "-a" "d74c8ffd9ad109dd03175b3dd4d2411aab8c19a9661bc5aacee5eaf6b3705d70", kill_on_drop: false }`
[INFO] running `Command { std: "docker" "inspect" "d74c8ffd9ad109dd03175b3dd4d2411aab8c19a9661bc5aacee5eaf6b3705d70", kill_on_drop: false }`
[INFO] running `Command { std: "docker" "rm" "-f" "d74c8ffd9ad109dd03175b3dd4d2411aab8c19a9661bc5aacee5eaf6b3705d70", kill_on_drop: false }`
[INFO] [stdout] d74c8ffd9ad109dd03175b3dd4d2411aab8c19a9661bc5aacee5eaf6b3705d70
[INFO] running `Command { std: "docker" "create" "-v" "/var/lib/crater-agent-workspace/builds/worker-6-tc1/target:/opt/rustwide/target:rw,Z" "-v" "/var/lib/crater-agent-workspace/builds/worker-6-tc1/source:/opt/rustwide/workdir:ro,Z" "-v" "/var/lib/crater-agent-workspace/cargo-home:/opt/rustwide/cargo-home:ro,Z" "-v" "/var/lib/crater-agent-workspace/rustup-home:/opt/rustwide/rustup-home:ro,Z" "-e" "SOURCE_DIR=/opt/rustwide/workdir" "-e" "CARGO_TARGET_DIR=/opt/rustwide/target" "-e" "CARGO_INCREMENTAL=0" "-e" "RUST_BACKTRACE=full" "-e" "RUSTFLAGS=--cap-lints=warn" "-e" "RUSTDOCFLAGS=--cap-lints=warn" "-e" "CARGO_HOME=/opt/rustwide/cargo-home" "-e" "RUSTUP_HOME=/opt/rustwide/rustup-home" "-w" "/opt/rustwide/workdir" "-m" "1610612736" "--user" "0:0" "--network" "none" "ghcr.io/rust-lang/crates-build-env/linux@sha256:2788e3201cd34a07e3172128adcd8b3090168a8e3bcc40d7c032b9dda1df7d1c" "/opt/rustwide/cargo-home/bin/cargo" "+1.75.0" "doc" "--frozen" "--no-deps" "--document-private-items" "--message-format=json", kill_on_drop: false }`
[INFO] [stdout] 7c1faf81d7c649215acd4fc0240924af115aeafc8a6cf553c904b76eecf10691
[INFO] running `Command { std: "docker" "start" "-a" "7c1faf81d7c649215acd4fc0240924af115aeafc8a6cf553c904b76eecf10691", kill_on_drop: false }`
[INFO] [stderr]    Compiling proc-macro2 v1.0.76
[INFO] [stderr]    Compiling libc v0.2.151
[INFO] [stderr]     Checking zeroize v1.7.0
[INFO] [stderr]     Checking subtle v2.5.0
[INFO] [stderr]     Checking const-oid v0.9.6
[INFO] [stderr]    Compiling generic-array v0.14.7
[INFO] [stderr]    Compiling lock_api v0.4.11
[INFO] [stderr]    Compiling ahash v0.8.7
[INFO] [stderr]     Checking zerocopy v0.7.32
[INFO] [stderr]    Compiling serde_json v1.0.111
[INFO] [stderr]    Compiling libm v0.2.8
[INFO] [stderr]    Compiling num-traits v0.2.17
[INFO] [stderr]     Checking base64ct v1.6.0
[INFO] [stderr]     Checking getrandom v0.2.11
[INFO] [stderr]    Compiling thiserror v1.0.56
[INFO] [stderr]     Checking futures-sink v0.3.30
[INFO] [stderr]     Checking tracing-core v0.1.32
[INFO] [stderr]    Compiling parking_lot_core v0.9.9
[INFO] [stderr]     Checking mio v0.8.10
[INFO] [stderr]     Checking socket2 v0.5.5
[INFO] [stderr]     Checking futures-channel v0.3.30
[INFO] [stderr]     Checking rand_core v0.6.4
[INFO] [stderr]     Checking equivalent v1.0.1
[INFO] [stderr]     Checking untrusted v0.9.0
[INFO] [stderr]     Checking percent-encoding v2.3.1
[INFO] [stderr]    Compiling scopeguard v1.2.0
[INFO] [stderr]     Checking unicode-bidi v0.3.14
[INFO] [stderr]    Compiling rustls v0.21.10
[INFO] [stderr]     Checking cpufeatures v0.2.12
[INFO] [stderr]     Checking rand_chacha v0.3.1
[INFO] [stderr]     Checking form_urlencoded v1.2.1
[INFO] [stderr]     Checking pem-rfc7468 v0.7.0
[INFO] [stderr]     Checking powerfmt v0.2.0
[INFO] [stderr]    Compiling time-core v0.1.2
[INFO] [stderr]    Compiling quote v1.0.35
[INFO] [stderr]     Checking spin v0.9.8
[INFO] [stderr]     Checking tokio v1.35.1
[INFO] [stderr]    Compiling futures-core v0.3.30
[INFO] [stderr]    Compiling time-macros v0.2.16
[INFO] [stderr]     Checking der v0.7.8
[INFO] [stderr]     Checking hashbrown v0.14.3
[INFO] [stderr]     Checking rand v0.8.5
[INFO] [stderr]     Checking deranged v0.3.11
[INFO] [stderr]    Compiling typenum v1.17.0
[INFO] [stderr]    Compiling unicase v2.7.0
[INFO] [stderr]     Checking idna v0.5.0
[INFO] [stderr]    Compiling syn v2.0.48
[INFO] [stderr]    Compiling proc-macro-hack v0.5.20+deprecated
[INFO] [stderr]    Compiling pin-project-lite v0.2.13
[INFO] [stderr]     Checking crypto-common v0.1.6
[INFO] [stderr]     Checking block-buffer v0.10.4
[INFO] [stderr]    Compiling rust_decimal v1.33.1
[INFO] [stderr]     Checking num_threads v0.1.6
[INFO] [stderr]     Checking digest v0.10.7
[INFO] [stderr]     Checking http v0.2.11
[INFO] [stderr]     Checking url v2.5.0
[INFO] [stderr]    Compiling tinyvec_macros v0.1.1
[INFO] [stderr]     Checking hmac v0.12.1
[INFO] [stderr]     Checking base64 v0.21.5
[INFO] [stderr]    Compiling pkg-config v0.3.28
[INFO] [stderr]    Compiling tinyvec v1.6.0
[INFO] [stderr]     Checking ff v0.13.0
[INFO] [stderr]    Compiling num-integer v0.1.45
[INFO] [stderr]     Checking byteorder v1.5.0
[INFO] [stderr]     Checking webpki-roots v0.25.3
[INFO] [stderr]    Compiling smallvec v1.11.2
[INFO] [stderr]     Checking spki v0.7.3
[INFO] [stderr]    Compiling allocator-api2 v0.2.16
[INFO] [stderr]    Compiling syn v1.0.109
[INFO] [stderr]    Compiling crossbeam-utils v0.8.18
[INFO] [stderr]     Checking base16ct v0.2.0
[INFO] [stderr]     Checking pkcs8 v0.10.2
[INFO] [stderr]    Compiling cc v1.0.83
[INFO] [stderr]     Checking sec1 v0.7.3
[INFO] [stderr]    Compiling unicode-normalization v0.1.22
[INFO] [stderr]     Checking lazy_static v1.4.0
[INFO] [stderr]     Checking group v0.13.0
[INFO] [stderr]     Checking rustls-pemfile v1.0.4
[INFO] [stderr]     Checking hkdf v0.12.4
[INFO] [stderr]     Checking sha2 v0.10.8
[INFO] [stderr]     Checking crypto-bigint v0.5.5
[INFO] [stderr]    Compiling slab v0.4.9
[INFO] [stderr]    Compiling bytes v1.5.0
[INFO] [stderr]    Compiling futures-task v0.3.30
[INFO] [stderr]    Compiling pin-utils v0.1.0
[INFO] [stderr]    Compiling bitflags v2.4.1
[INFO] [stderr]    Compiling minimal-lexical v0.2.1
[INFO] [stderr]    Compiling futures-io v0.3.30
[INFO] [stderr]     Checking try-lock v0.2.5
[INFO] [stderr]     Checking iana-time-zone v0.1.59
[INFO] [stderr]    Compiling anyhow v1.0.79
[INFO] [stderr]     Checking time v0.3.31
[INFO] [stderr]     Checking want v0.3.1
[INFO] [stderr]    Compiling futures-util v0.3.30
[INFO] [stderr]    Compiling nom v7.1.3
[INFO] [stderr]    Compiling mime_guess v2.0.4
[INFO] [stderr]    Compiling parking_lot v0.12.1
[INFO] [stderr]     Checking flate2 v1.0.28
[INFO] [stderr]     Checking http-body v0.4.6
[INFO] [stderr]     Checking idna v0.3.0
[INFO] [stderr]    Compiling ring v0.17.7
[INFO] [stderr]    Compiling libsqlite3-sys v0.27.0
[INFO] [stderr]     Checking pem-rfc7468 v0.6.0
[INFO] [stderr]    Compiling rustix v0.38.28
[INFO] [stderr]    Compiling ppv-lite86 v0.2.17
[INFO] [stderr]    Compiling unicode_categories v0.1.1
[INFO] [stderr]    Compiling itoa v1.0.10
[INFO] [stderr]    Compiling ryu v1.0.16
[INFO] [stderr]     Checking elliptic-curve v0.13.8
[INFO] [stderr]    Compiling arrayvec v0.7.4
[INFO] [stderr]    Compiling crc-catalog v2.4.0
[INFO] [stderr]    Compiling crc v3.0.1
[INFO] [stderr]    Compiling indexmap v2.1.0
[INFO] [stderr]    Compiling chrono v0.4.31
[INFO] [stderr]     Checking idna v0.2.3
[INFO] [stderr]     Checking cookie v0.16.2
[INFO] [stderr]     Checking publicsuffix v2.2.3
[INFO] [stderr]     Checking der v0.6.1
[INFO] [stderr]    Compiling heck v0.4.1
[INFO] [stderr]    Compiling crossbeam-queue v0.3.10
[INFO] [stderr]    Compiling hashlink v0.8.4
[INFO] [stderr]    Compiling futures-intrusive v0.5.0
[INFO] [stderr]    Compiling atoi v2.0.0
[INFO] [stderr]     Checking rfc6979 v0.4.0
[INFO] [stderr]     Checking signature v2.2.0
[INFO] [stderr]    Compiling num-iter v0.1.43
[INFO] [stderr]    Compiling event-listener v2.5.3
[INFO] [stderr]    Compiling linux-raw-sys v0.4.12
[INFO] [stderr]     Checking atomic v0.5.3
[INFO] [stderr]    Compiling hex v0.4.3
[INFO] [stderr]    Compiling async-trait v0.1.77
[INFO] [stderr]    Compiling dotenvy v0.15.7
[INFO] [stderr]     Checking ecdsa v0.16.9
[INFO] [stderr]     Checking spki v0.6.0
[INFO] [stderr]    Compiling futures-executor v0.3.30
[INFO] [stderr]     Checking async-compression v0.4.5
[INFO] [stderr]    Compiling nix v0.27.1
[INFO] [stderr]    Compiling flume v0.11.0
[INFO] [stderr]     Checking inout v0.1.3
[INFO] [stderr]     Checking crossbeam-epoch v0.9.17
[INFO] [stderr]     Checking aho-corasick v1.1.2
[INFO] [stderr]    Compiling rustversion v1.0.14
[INFO] [stderr]    Compiling urlencoding v2.1.3
[INFO] [stderr]     Checking regex-syntax v0.6.29
[INFO] [stderr]     Checking ipnet v2.9.0
[INFO] [stderr]     Checking regex-syntax v0.8.2
[INFO] [stderr]    Compiling fastrand v2.0.1
[INFO] [stderr]    Compiling num-bigint-dig v0.8.4
[INFO] [stderr]     Checking self_cell v1.0.3
[INFO] [stderr]     Checking crossbeam-deque v0.8.4
[INFO] [stderr]     Checking type-map v0.4.0
[INFO] [stderr]     Checking cipher v0.4.4
[INFO] [stderr]    Compiling proc-macro-error-attr v1.0.4
[INFO] [stderr]     Checking pkcs8 v0.9.0
[INFO] [stderr]     Checking primeorder v0.13.6
[INFO] [stderr]     Checking tokio-stream v0.1.14
[INFO] [stderr]     Checking hashbrown v0.13.2
[INFO] [stderr]    Compiling atomic-write-file v0.1.2
[INFO] [stderr]     Checking task-local-extensions v0.1.4
[INFO] [stderr]    Compiling num-bigint v0.4.4
[INFO] [stderr]     Checking core2 v0.4.0
[INFO] [stderr]     Checking rle-decode-fast v1.0.3
[INFO] [stderr]     Checking overload v0.1.1
[INFO] [stderr]    Compiling proc-macro-error v1.0.4
[INFO] [stderr]     Checking pkcs1 v0.4.1
[INFO] [stderr]     Checking nu-ansi-term v0.46.0
[INFO] [stderr]     Checking rayon-core v1.12.0
[INFO] [stderr]     Checking libflate_lz77 v2.0.0
[INFO] [stderr]     Checking self_cell v0.10.3
[INFO] [stderr]     Checking sharded-slab v0.1.7
[INFO] [stderr]     Checking signature v1.6.4
[INFO] [stderr]     Checking universal-hash v0.5.1
[INFO] [stderr]     Checking tracing-log v0.2.0
[INFO] [stderr]    Compiling cookie v0.18.0
[INFO] [stderr]    Compiling multer v2.1.0
[INFO] [stderr]     Checking thread_local v1.1.7
[INFO] [stderr]    Compiling serde_derive v1.0.195
[INFO] [stderr]    Compiling thiserror-impl v1.0.56
[INFO] [stderr]    Compiling tracing-attributes v0.1.27
[INFO] [stderr]    Compiling futures-macro v0.3.30
[INFO] [stderr]    Compiling displaydoc v0.2.4
[INFO] [stderr]    Compiling tempfile v3.9.0
[INFO] [stderr]     Checking regex-automata v0.4.3
[INFO] [stderr]     Checking regex-automata v0.1.10
[INFO] [stderr]    Compiling typed-builder-macro v0.16.2
[INFO] [stderr]     Checking winnow v0.5.33
[INFO] [stderr]     Checking opaque-debug v0.3.0
[INFO] [stderr]     Checking dary_heap v0.3.6
[INFO] [stderr]     Checking adler32 v1.2.0
[INFO] [stderr]     Checking ct-codecs v1.1.1
[INFO] [stderr]     Checking libflate v2.0.0
[INFO] [stderr]     Checking ed25519-compact v2.0.6
[INFO] [stderr]     Checking rustls-webpki v0.101.7
[INFO] [stderr]     Checking sct v0.7.1
[INFO] [stderr]     Checking matchers v0.1.0
[INFO] [stderr]     Checking polyval v0.6.1
[INFO] [stderr]    Compiling tinystr v0.7.5
[INFO] [stderr]    Compiling strum_macros v0.25.3
[INFO] [stderr]    Compiling unic-langid-impl v0.9.4
[INFO] [stderr]     Checking p384 v0.13.0
[INFO] [stderr]    Compiling unic-langid-macros-impl v0.9.4
[INFO] [stderr]     Checking p256 v0.13.2
[INFO] [stderr]     Checking typed-builder v0.16.2
[INFO] [stderr]     Checking ctr v0.9.2
[INFO] [stderr]     Checking regex v1.10.2
[INFO] [stderr]     Checking aes v0.8.3
[INFO] [stderr]     Checking fluent-syntax v0.11.0
[INFO] [stderr]     Checking k256 v0.13.2
[INFO] [stderr]     Checking rmp v0.8.12
[INFO] [stderr]     Checking hmac-sha256 v1.1.7
[INFO] [stderr]     Checking hmac-sha512 v1.1.5
[INFO] [stderr]     Checking tracing v0.1.40
[INFO] [stderr]     Checking blake2 v0.10.6
[INFO] [stderr]     Checking aead v0.5.2
[INFO] [stderr]     Checking crossbeam-channel v0.5.10
[INFO] [stderr]     Checking password-hash v0.5.0
[INFO] [stderr]     Checking coarsetime v0.1.33
[INFO] [stderr]     Checking csv-core v0.1.11
[INFO] [stderr]     Checking matchit v0.7.3
[INFO] [stderr]     Checking tokio-util v0.7.10
[INFO] [stderr]     Checking xxhash-rust v0.8.8
[INFO] [stderr]     Checking strum v0.25.0
[INFO] [stderr]     Checking hmac-sha1-compact v1.1.4
[INFO] [stderr]     Checking binstring v0.1.1
[INFO] [stderr]     Checking regex-lite v0.1.5
[INFO] [stderr]     Checking unic-langid-macros v0.9.4
[INFO] [stderr]     Checking str-buf v3.0.2
[INFO] [stderr]     Checking memo-map v0.3.2
[INFO] [stderr]     Checking convert_case v0.6.0
[INFO] [stderr]     Checking unic-langid v0.9.4
[INFO] [stderr]     Checking argon2 v0.5.2
[INFO] [stderr]     Checking aes-gcm-siv v0.11.1
[INFO] [stderr]     Checking etag v4.0.0
[INFO] [stderr]     Checking md-5 v0.10.6
[INFO] [stderr]     Checking fluent-langneg v0.13.0
[INFO] [stderr]     Checking intl-memoizer v0.5.1
[INFO] [stderr]     Checking intl_pluralrules v7.0.2
[INFO] [stderr]     Checking tokio-rustls v0.24.1
[INFO] [stderr]     Checking serde v1.0.195
[INFO] [stderr]     Checking futures v0.3.30
[INFO] [stderr]     Checking either v1.9.0
[INFO] [stderr]     Checking serde_urlencoded v0.7.1
[INFO] [stderr]     Checking uuid v1.6.1
[INFO] [stderr]     Checking toml_datetime v0.6.5
[INFO] [stderr]     Checking tracing-serde v0.1.3
[INFO] [stderr]     Checking serde_spanned v0.6.5
[INFO] [stderr]     Checking rmp-serde v1.1.2
[INFO] [stderr]     Checking faster-hex v0.9.0
[INFO] [stderr]     Checking csv v1.3.0
[INFO] [stderr]     Checking serde_qs v0.12.0
[INFO] [stderr]     Checking minijinja v1.0.10
[INFO] [stderr]     Checking fluent-bundle v0.15.2
[INFO] [stderr]     Checking itertools v0.12.0
[INFO] [stderr]     Checking rayon v1.8.0
[INFO] [stderr]     Checking fluent v0.16.0
[INFO] [stderr]    Compiling utoipa-gen v4.1.0
[INFO] [stderr]     Checking h2 v0.3.22
[INFO] [stderr]     Checking toml_edit v0.21.0
[INFO] [stderr]     Checking cookie_store v0.16.2
[INFO] [stderr]     Checking tracing-subscriber v0.3.18
[INFO] [stderr]     Checking ureq v2.9.1
[INFO] [stderr]     Checking apache-avro v0.16.0
[INFO] [stderr]     Checking rsa v0.7.2
[INFO] [stderr]     Checking retry-policies v0.2.1
[INFO] [stderr]     Checking cron v0.12.0
[INFO] [stderr]     Checking sqlformat v0.2.3
[INFO] [stderr]     Checking jwt-simple v0.11.9
[INFO] [stderr]     Checking tracing-appender v0.2.3
[INFO] [stderr]     Checking toml v0.8.8
[INFO] [stderr]     Checking sysinfo v0.29.11
[INFO] [stderr]     Checking sqlx-core v0.7.3
[INFO] [stderr]     Checking hyper v0.14.28
[INFO] [stderr]     Checking sqlx-sqlite v0.7.3
[INFO] [stderr]     Checking utoipa v4.1.0
[INFO] [stderr]     Checking hyper-rustls v0.24.2
[INFO] [stderr]    Compiling sqlx-macros-core v0.7.3
[INFO] [stderr]     Checking reqwest v0.11.23
[INFO] [stderr]     Checking reqwest-middleware v0.2.4
[INFO] [stderr]     Checking reqwest-retry v0.3.0
[INFO] [stderr]     Checking reqwest-tracing v0.4.6
[INFO] [stderr]    Compiling sqlx-macros v0.7.3
[INFO] [stderr]     Checking sqlx v0.7.3
[INFO] [stderr]     Checking zino-core v0.16.5
[INFO] [stdout] error[E0554]: `#![feature]` may not be used on the stable release channel
[INFO] [stdout]  --> /opt/rustwide/cargo-home/registry/src/index.crates.io-6f17d22bba15001f/zino-core-0.16.5/src/lib.rs:7:1
[INFO] [stdout]   |
[INFO] [stdout] 7 | #![feature(associated_type_defaults)]
[INFO] [stdout]   | ^^^^^^^^^^^^^^^^^^^^^^^^^^^^^^^^^^^^^
[INFO] [stdout] 
[INFO] [stdout] 
[INFO] [stdout] error[E0554]: `#![feature]` may not be used on the stable release channel
[INFO] [stdout]  --> /opt/rustwide/cargo-home/registry/src/index.crates.io-6f17d22bba15001f/zino-core-0.16.5/src/lib.rs:8:1
[INFO] [stdout]   |
[INFO] [stdout] 8 | #![feature(async_fn_in_trait)]
[INFO] [stdout]   | ^^^^^^^^^^^^^^^^^^^^^^^^^^^^^^ help: remove the attribute
[INFO] [stdout]   |
[INFO] [stdout]   = help: the feature `async_fn_in_trait` has been stable since `1.75.0` and no longer requires an attribute to enable
[INFO] [stdout] 
[INFO] [stdout] 
[INFO] [stdout] error[E0554]: `#![feature]` may not be used on the stable release channel
[INFO] [stdout]  --> /opt/rustwide/cargo-home/registry/src/index.crates.io-6f17d22bba15001f/zino-core-0.16.5/src/lib.rs:9:1
[INFO] [stdout]   |
[INFO] [stdout] 9 | #![feature(decl_macro)]
[INFO] [stdout]   | ^^^^^^^^^^^^^^^^^^^^^^^
[INFO] [stdout] 
[INFO] [stdout] 
[INFO] [stdout] error[E0554]: `#![feature]` may not be used on the stable release channel
[INFO] [stdout]   --> /opt/rustwide/cargo-home/registry/src/index.crates.io-6f17d22bba15001f/zino-core-0.16.5/src/lib.rs:10:1
[INFO] [stdout]    |
[INFO] [stdout] 10 | #![feature(doc_auto_cfg)]
[INFO] [stdout]    | ^^^^^^^^^^^^^^^^^^^^^^^^^
[INFO] [stdout] 
[INFO] [stdout] 
[INFO] [stdout] error[E0554]: `#![feature]` may not be used on the stable release channel
[INFO] [stdout]   --> /opt/rustwide/cargo-home/registry/src/index.crates.io-6f17d22bba15001f/zino-core-0.16.5/src/lib.rs:11:1
[INFO] [stdout]    |
[INFO] [stdout] 11 | #![feature(lazy_cell)]
[INFO] [stdout]    | ^^^^^^^^^^^^^^^^^^^^^^
[INFO] [stdout] 
[INFO] [stdout] 
[INFO] [stdout] error[E0554]: `#![feature]` may not be used on the stable release channel
[INFO] [stdout]   --> /opt/rustwide/cargo-home/registry/src/index.crates.io-6f17d22bba15001f/zino-core-0.16.5/src/lib.rs:12:1
[INFO] [stdout]    |
[INFO] [stdout] 12 | #![feature(let_chains)]
[INFO] [stdout]    | ^^^^^^^^^^^^^^^^^^^^^^^
[INFO] [stdout] 
[INFO] [stdout] 
[INFO] [stdout] error[E0554]: `#![feature]` may not be used on the stable release channel
[INFO] [stdout]   --> /opt/rustwide/cargo-home/registry/src/index.crates.io-6f17d22bba15001f/zino-core-0.16.5/src/lib.rs:13:1
[INFO] [stdout]    |
[INFO] [stdout] 13 | #![feature(slice_first_last_chunk)]
[INFO] [stdout]    | ^^^^^^^^^^^^^^^^^^^^^^^^^^^^^^^^^^^
[INFO] [stdout] 
[INFO] [stdout] 
[INFO] [stdout] error[E0554]: `#![feature]` may not be used on the stable release channel
[INFO] [stdout]   --> /opt/rustwide/cargo-home/registry/src/index.crates.io-6f17d22bba15001f/zino-core-0.16.5/src/lib.rs:11:12
[INFO] [stdout]    |
[INFO] [stdout] 11 | #![feature(lazy_cell)]
[INFO] [stdout]    |            ^^^^^^^^^
[INFO] [stdout] 
[INFO] [stdout] 
[INFO] [stdout] error[E0554]: `#![feature]` may not be used on the stable release channel
[INFO] [stdout]   --> /opt/rustwide/cargo-home/registry/src/index.crates.io-6f17d22bba15001f/zino-core-0.16.5/src/lib.rs:13:12
[INFO] [stdout]    |
[INFO] [stdout] 13 | #![feature(slice_first_last_chunk)]
[INFO] [stdout]    |            ^^^^^^^^^^^^^^^^^^^^^^
[INFO] [stdout] 
[INFO] [stdout] 
[INFO] [stdout] error: aborting due to 9 previous errors
[INFO] [stdout] 
[INFO] [stdout] 
[INFO] [stdout] For more information about this error, try `rustc --explain E0554`.
[INFO] [stdout] 
[INFO] [stderr] error: could not compile `zino-core` (lib) due to 10 previous errors
[INFO] running `Command { std: "docker" "inspect" "7c1faf81d7c649215acd4fc0240924af115aeafc8a6cf553c904b76eecf10691", kill_on_drop: false }`
[INFO] running `Command { std: "docker" "rm" "-f" "7c1faf81d7c649215acd4fc0240924af115aeafc8a6cf553c904b76eecf10691", kill_on_drop: false }`
[INFO] [stdout] 7c1faf81d7c649215acd4fc0240924af115aeafc8a6cf553c904b76eecf10691
[INFO] documenting zino-0.15.3 against beta-2023-12-22 for beta-1.76-rustdoc-1
[INFO] extracting crate zino 0.15.3 into /workspace/builds/worker-6-tc2/source
[INFO] validating manifest of crates.io crate zino 0.15.3 on toolchain beta-2023-12-22
[INFO] running `Command { std: CARGO_HOME="/workspace/cargo-home" RUSTUP_HOME="/workspace/rustup-home" "/workspace/cargo-home/bin/cargo" "+beta-2023-12-22" "metadata" "--manifest-path" "Cargo.toml" "--no-deps", kill_on_drop: false }`
[INFO] started tweaking crates.io crate zino 0.15.3
[INFO] finished tweaking crates.io crate zino 0.15.3
[INFO] tweaked toml for crates.io crate zino 0.15.3 written to /workspace/builds/worker-6-tc2/source/Cargo.toml
[INFO] running `Command { std: CARGO_HOME="/workspace/cargo-home" RUSTUP_HOME="/workspace/rustup-home" "/workspace/cargo-home/bin/cargo" "+beta-2023-12-22" "generate-lockfile" "--manifest-path" "Cargo.toml", kill_on_drop: false }`
[INFO] [stderr]     Updating crates.io index
[INFO] running `Command { std: CARGO_HOME="/workspace/cargo-home" RUSTUP_HOME="/workspace/rustup-home" "/workspace/cargo-home/bin/cargo" "+beta-2023-12-22" "fetch" "--manifest-path" "Cargo.toml", kill_on_drop: false }`
[INFO] [stderr]     Blocking waiting for file lock on package cache
[INFO] [stderr]     Blocking waiting for file lock on package cache
[INFO] running `Command { std: "docker" "create" "-v" "/var/lib/crater-agent-workspace/builds/worker-6-tc2/target:/opt/rustwide/target:rw,Z" "-v" "/var/lib/crater-agent-workspace/builds/worker-6-tc2/source:/opt/rustwide/workdir:ro,Z" "-v" "/var/lib/crater-agent-workspace/cargo-home:/opt/rustwide/cargo-home:ro,Z" "-v" "/var/lib/crater-agent-workspace/rustup-home:/opt/rustwide/rustup-home:ro,Z" "-e" "SOURCE_DIR=/opt/rustwide/workdir" "-e" "CARGO_TARGET_DIR=/opt/rustwide/target" "-e" "CARGO_HOME=/opt/rustwide/cargo-home" "-e" "RUSTUP_HOME=/opt/rustwide/rustup-home" "-w" "/opt/rustwide/workdir" "-m" "1610612736" "--user" "0:0" "--network" "none" "ghcr.io/rust-lang/crates-build-env/linux@sha256:2788e3201cd34a07e3172128adcd8b3090168a8e3bcc40d7c032b9dda1df7d1c" "/opt/rustwide/cargo-home/bin/cargo" "+beta-2023-12-22" "metadata" "--no-deps" "--format-version=1", kill_on_drop: false }`
[INFO] [stdout] 130b1c64d4d14b119251ac9326b08be3d17df673af36510b8022d6775484ceeb
[INFO] running `Command { std: "docker" "start" "-a" "130b1c64d4d14b119251ac9326b08be3d17df673af36510b8022d6775484ceeb", kill_on_drop: false }`
[INFO] running `Command { std: "docker" "inspect" "130b1c64d4d14b119251ac9326b08be3d17df673af36510b8022d6775484ceeb", kill_on_drop: false }`
[INFO] running `Command { std: "docker" "rm" "-f" "130b1c64d4d14b119251ac9326b08be3d17df673af36510b8022d6775484ceeb", kill_on_drop: false }`
[INFO] [stdout] 130b1c64d4d14b119251ac9326b08be3d17df673af36510b8022d6775484ceeb
[INFO] running `Command { std: "docker" "create" "-v" "/var/lib/crater-agent-workspace/builds/worker-6-tc2/target:/opt/rustwide/target:rw,Z" "-v" "/var/lib/crater-agent-workspace/builds/worker-6-tc2/source:/opt/rustwide/workdir:ro,Z" "-v" "/var/lib/crater-agent-workspace/cargo-home:/opt/rustwide/cargo-home:ro,Z" "-v" "/var/lib/crater-agent-workspace/rustup-home:/opt/rustwide/rustup-home:ro,Z" "-e" "SOURCE_DIR=/opt/rustwide/workdir" "-e" "CARGO_TARGET_DIR=/opt/rustwide/target" "-e" "CARGO_INCREMENTAL=0" "-e" "RUST_BACKTRACE=full" "-e" "RUSTFLAGS=--cap-lints=warn" "-e" "RUSTDOCFLAGS=--cap-lints=warn" "-e" "CARGO_HOME=/opt/rustwide/cargo-home" "-e" "RUSTUP_HOME=/opt/rustwide/rustup-home" "-w" "/opt/rustwide/workdir" "-m" "1610612736" "--user" "0:0" "--network" "none" "ghcr.io/rust-lang/crates-build-env/linux@sha256:2788e3201cd34a07e3172128adcd8b3090168a8e3bcc40d7c032b9dda1df7d1c" "/opt/rustwide/cargo-home/bin/cargo" "+beta-2023-12-22" "doc" "--frozen" "--no-deps" "--document-private-items" "--message-format=json", kill_on_drop: false }`
[INFO] [stdout] 215e23930052154926bc3611c820a0540d57bea58446c4b2b3abd01531733a7f
[INFO] running `Command { std: "docker" "start" "-a" "215e23930052154926bc3611c820a0540d57bea58446c4b2b3abd01531733a7f", kill_on_drop: false }`
[INFO] [stderr]    Compiling proc-macro2 v1.0.76
[INFO] [stderr]    Compiling libc v0.2.151
[INFO] [stderr]     Checking zeroize v1.7.0
[INFO] [stderr]     Checking const-oid v0.9.6
[INFO] [stderr]     Checking subtle v2.5.0
[INFO] [stderr]    Compiling generic-array v0.14.7
[INFO] [stderr]    Compiling lock_api v0.4.11
[INFO] [stderr]    Compiling ahash v0.8.7
[INFO] [stderr]     Checking zerocopy v0.7.32
[INFO] [stderr]    Compiling serde_json v1.0.111
[INFO] [stderr]    Compiling libm v0.2.8
[INFO] [stderr]    Compiling num-traits v0.2.17
[INFO] [stderr]     Checking getrandom v0.2.11
[INFO] [stderr]     Checking base64ct v1.6.0
[INFO] [stderr]    Compiling thiserror v1.0.56
[INFO] [stderr]     Checking futures-sink v0.3.30
[INFO] [stderr]     Checking tracing-core v0.1.32
[INFO] [stderr]    Compiling parking_lot_core v0.9.9
[INFO] [stderr]     Checking mio v0.8.10
[INFO] [stderr]     Checking socket2 v0.5.5
[INFO] [stderr]     Checking futures-channel v0.3.30
[INFO] [stderr]     Checking rand_core v0.6.4
[INFO] [stderr]    Compiling scopeguard v1.2.0
[INFO] [stderr]     Checking equivalent v1.0.1
[INFO] [stderr]     Checking unicode-bidi v0.3.14
[INFO] [stderr]     Checking untrusted v0.9.0
[INFO] [stderr]     Checking percent-encoding v2.3.1
[INFO] [stderr]    Compiling rustls v0.21.10
[INFO] [stderr]     Checking cpufeatures v0.2.12
[INFO] [stderr]     Checking rand_chacha v0.3.1
[INFO] [stderr]     Checking pem-rfc7468 v0.7.0
[INFO] [stderr]     Checking powerfmt v0.2.0
[INFO] [stderr]    Compiling time-core v0.1.2
[INFO] [stderr]     Checking form_urlencoded v1.2.1
[INFO] [stderr]     Checking tokio v1.35.1
[INFO] [stderr]    Compiling futures-core v0.3.30
[INFO] [stderr]    Compiling quote v1.0.35
[INFO] [stderr]    Compiling time-macros v0.2.16
[INFO] [stderr]     Checking rand v0.8.5
[INFO] [stderr]     Checking der v0.7.8
[INFO] [stderr]     Checking deranged v0.3.11
[INFO] [stderr]     Checking spin v0.9.8
[INFO] [stderr]    Compiling typenum v1.17.0
[INFO] [stderr]     Checking hashbrown v0.14.3
[INFO] [stderr]     Checking idna v0.5.0
[INFO] [stderr]    Compiling syn v2.0.48
[INFO] [stderr]    Compiling unicase v2.7.0
[INFO] [stderr]    Compiling rust_decimal v1.33.1
[INFO] [stderr]     Checking crypto-common v0.1.6
[INFO] [stderr]     Checking block-buffer v0.10.4
[INFO] [stderr]    Compiling proc-macro-hack v0.5.20+deprecated
[INFO] [stderr]    Compiling pin-project-lite v0.2.13
[INFO] [stderr]     Checking num_threads v0.1.6
[INFO] [stderr]     Checking digest v0.10.7
[INFO] [stderr]     Checking url v2.5.0
[INFO] [stderr]     Checking http v0.2.11
[INFO] [stderr]    Compiling pkg-config v0.3.28
[INFO] [stderr]     Checking base64 v0.21.5
[INFO] [stderr]     Checking hmac v0.12.1
[INFO] [stderr]    Compiling tinyvec_macros v0.1.1
[INFO] [stderr]    Compiling cc v1.0.83
[INFO] [stderr]    Compiling tinyvec v1.6.0
[INFO] [stderr]     Checking ff v0.13.0
[INFO] [stderr]    Compiling num-integer v0.1.45
[INFO] [stderr]    Compiling smallvec v1.11.2
[INFO] [stderr]     Checking webpki-roots v0.25.3
[INFO] [stderr]     Checking byteorder v1.5.0
[INFO] [stderr]     Checking spki v0.7.3
[INFO] [stderr]    Compiling crossbeam-utils v0.8.18
[INFO] [stderr]     Checking base16ct v0.2.0
[INFO] [stderr]    Compiling syn v1.0.109
[INFO] [stderr]    Compiling allocator-api2 v0.2.16
[INFO] [stderr]     Checking pkcs8 v0.10.2
[INFO] [stderr]     Checking lazy_static v1.4.0
[INFO] [stderr]     Checking group v0.13.0
[INFO] [stderr]     Checking sec1 v0.7.3
[INFO] [stderr]     Checking hkdf v0.12.4
[INFO] [stderr]     Checking rustls-pemfile v1.0.4
[INFO] [stderr]     Checking sha2 v0.10.8
[INFO] [stderr]     Checking crypto-bigint v0.5.5
[INFO] [stderr]    Compiling slab v0.4.9
[INFO] [stderr]    Compiling anyhow v1.0.79
[INFO] [stderr]    Compiling bitflags v2.4.1
[INFO] [stderr]    Compiling unicode-normalization v0.1.22
[INFO] [stderr]    Compiling bytes v1.5.0
[INFO] [stderr]     Checking time v0.3.31
[INFO] [stderr]     Checking iana-time-zone v0.1.59
[INFO] [stderr]    Compiling futures-task v0.3.30
[INFO] [stderr]     Checking try-lock v0.2.5
[INFO] [stderr]    Compiling pin-utils v0.1.0
[INFO] [stderr]    Compiling futures-io v0.3.30
[INFO] [stderr]    Compiling minimal-lexical v0.2.1
[INFO] [stderr]     Checking want v0.3.1
[INFO] [stderr]    Compiling mime_guess v2.0.4
[INFO] [stderr]    Compiling futures-util v0.3.30
[INFO] [stderr]    Compiling parking_lot v0.12.1
[INFO] [stderr]    Compiling nom v7.1.3
[INFO] [stderr]     Checking flate2 v1.0.28
[INFO] [stderr]    Compiling ring v0.17.7
[INFO] [stderr]    Compiling libsqlite3-sys v0.27.0
[INFO] [stderr]     Checking http-body v0.4.6
[INFO] [stderr]     Checking idna v0.3.0
[INFO] [stderr]     Checking pem-rfc7468 v0.6.0
[INFO] [stderr]    Compiling crc-catalog v2.4.0
[INFO] [stderr]    Compiling ppv-lite86 v0.2.17
[INFO] [stderr]    Compiling rustix v0.38.28
[INFO] [stderr]     Checking elliptic-curve v0.13.8
[INFO] [stderr]    Compiling unicode_categories v0.1.1
[INFO] [stderr]    Compiling ryu v1.0.16
[INFO] [stderr]    Compiling itoa v1.0.10
[INFO] [stderr]    Compiling arrayvec v0.7.4
[INFO] [stderr]     Checking publicsuffix v2.2.3
[INFO] [stderr]     Checking idna v0.2.3
[INFO] [stderr]     Checking cookie v0.16.2
[INFO] [stderr]    Compiling heck v0.4.1
[INFO] [stderr]    Compiling chrono v0.4.31
[INFO] [stderr]    Compiling crc v3.0.1
[INFO] [stderr]     Checking der v0.6.1
[INFO] [stderr]    Compiling indexmap v2.1.0
[INFO] [stderr]    Compiling crossbeam-queue v0.3.10
[INFO] [stderr]    Compiling futures-intrusive v0.5.0
[INFO] [stderr]    Compiling hashlink v0.8.4
[INFO] [stderr]    Compiling atoi v2.0.0
[INFO] [stderr]     Checking rfc6979 v0.4.0
[INFO] [stderr]     Checking signature v2.2.0
[INFO] [stderr]    Compiling num-iter v0.1.43
[INFO] [stderr]    Compiling event-listener v2.5.3
[INFO] [stderr]     Checking atomic v0.5.3
[INFO] [stderr]    Compiling async-trait v0.1.77
[INFO] [stderr]    Compiling linux-raw-sys v0.4.12
[INFO] [stderr]    Compiling dotenvy v0.15.7
[INFO] [stderr]    Compiling hex v0.4.3
[INFO] [stderr]     Checking spki v0.6.0
[INFO] [stderr]     Checking ecdsa v0.16.9
[INFO] [stderr]     Checking async-compression v0.4.5
[INFO] [stderr]    Compiling nix v0.27.1
[INFO] [stderr]    Compiling flume v0.11.0
[INFO] [stderr]     Checking inout v0.1.3
[INFO] [stderr]     Checking crossbeam-epoch v0.9.17
[INFO] [stderr]     Checking aho-corasick v1.1.2
[INFO] [stderr]     Checking ipnet v2.9.0
[INFO] [stderr]    Compiling fastrand v2.0.1
[INFO] [stderr]    Compiling urlencoding v2.1.3
[INFO] [stderr]     Checking self_cell v1.0.3
[INFO] [stderr]    Compiling futures-executor v0.3.30
[INFO] [stderr]     Checking regex-syntax v0.6.29
[INFO] [stderr]    Compiling num-bigint-dig v0.8.4
[INFO] [stderr]     Checking regex-syntax v0.8.2
[INFO] [stderr]    Compiling rustversion v1.0.14
[INFO] [stderr]     Checking type-map v0.4.0
[INFO] [stderr]     Checking crossbeam-deque v0.8.4
[INFO] [stderr]     Checking cipher v0.4.4
[INFO] [stderr]     Checking pkcs8 v0.9.0
[INFO] [stderr]    Compiling proc-macro-error-attr v1.0.4
[INFO] [stderr]     Checking primeorder v0.13.6
[INFO] [stderr]     Checking tokio-stream v0.1.14
[INFO] [stderr]     Checking hashbrown v0.13.2
[INFO] [stderr]    Compiling atomic-write-file v0.1.2
[INFO] [stderr]     Checking task-local-extensions v0.1.4
[INFO] [stderr]     Checking core2 v0.4.0
[INFO] [stderr]    Compiling num-bigint v0.4.4
[INFO] [stderr]     Checking overload v0.1.1
[INFO] [stderr]     Checking rle-decode-fast v1.0.3
[INFO] [stderr]    Compiling proc-macro-error v1.0.4
[INFO] [stderr]     Checking nu-ansi-term v0.46.0
[INFO] [stderr]     Checking pkcs1 v0.4.1
[INFO] [stderr]     Checking rayon-core v1.12.0
[INFO] [stderr]     Checking self_cell v0.10.3
[INFO] [stderr]     Checking libflate_lz77 v2.0.0
[INFO] [stderr]     Checking sharded-slab v0.1.7
[INFO] [stderr]     Checking signature v1.6.4
[INFO] [stderr]     Checking universal-hash v0.5.1
[INFO] [stderr]    Compiling serde_derive v1.0.195
[INFO] [stderr]    Compiling thiserror-impl v1.0.56
[INFO] [stderr]    Compiling tracing-attributes v0.1.27
[INFO] [stderr]    Compiling futures-macro v0.3.30
[INFO] [stderr]    Compiling displaydoc v0.2.4
[INFO] [stderr]    Compiling tempfile v3.9.0
[INFO] [stderr]     Checking regex-automata v0.1.10
[INFO] [stderr]    Compiling typed-builder-macro v0.16.2
[INFO] [stderr]     Checking tracing-log v0.2.0
[INFO] [stderr]     Checking regex-automata v0.4.3
[INFO] [stderr]    Compiling multer v2.1.0
[INFO] [stderr]     Checking thread_local v1.1.7
[INFO] [stderr]    Compiling cookie v0.18.0
[INFO] [stderr]     Checking winnow v0.5.33
[INFO] [stderr]     Checking opaque-debug v0.3.0
[INFO] [stderr]     Checking matchers v0.1.0
[INFO] [stderr]     Checking sct v0.7.1
[INFO] [stderr]     Checking rustls-webpki v0.101.7
[INFO] [stderr]     Checking adler32 v1.2.0
[INFO] [stderr]     Checking dary_heap v0.3.6
[INFO] [stderr]     Checking ct-codecs v1.1.1
[INFO] [stderr]     Checking libflate v2.0.0
[INFO] [stderr]     Checking ed25519-compact v2.0.6
[INFO] [stderr]    Compiling tinystr v0.7.5
[INFO] [stderr]    Compiling unic-langid-impl v0.9.4
[INFO] [stderr]     Checking polyval v0.6.1
[INFO] [stderr]     Checking fluent-syntax v0.11.0
[INFO] [stderr]    Compiling strum_macros v0.25.3
[INFO] [stderr]    Compiling unic-langid-macros-impl v0.9.4
[INFO] [stderr]     Checking p384 v0.13.0
[INFO] [stderr]     Checking p256 v0.13.2
[INFO] [stderr]     Checking tracing v0.1.40
[INFO] [stderr]     Checking typed-builder v0.16.2
[INFO] [stderr]     Checking aes v0.8.3
[INFO] [stderr]     Checking ctr v0.9.2
[INFO] [stderr]     Checking tokio-util v0.7.10
[INFO] [stderr]     Checking k256 v0.13.2
[INFO] [stderr]     Checking rmp v0.8.12
[INFO] [stderr]     Checking hmac-sha512 v1.1.5
[INFO] [stderr]     Checking hmac-sha256 v1.1.7
[INFO] [stderr]     Checking blake2 v0.10.6
[INFO] [stderr]     Checking regex v1.10.2
[INFO] [stderr]     Checking aead v0.5.2
[INFO] [stderr]     Checking crossbeam-channel v0.5.10
[INFO] [stderr]     Checking password-hash v0.5.0
[INFO] [stderr]     Checking coarsetime v0.1.33
[INFO] [stderr]     Checking csv-core v0.1.11
[INFO] [stderr]     Checking matchit v0.7.3
[INFO] [stderr]     Checking str-buf v3.0.2
[INFO] [stderr]     Checking xxhash-rust v0.8.8
[INFO] [stderr]     Checking strum v0.25.0
[INFO] [stderr]     Checking regex-lite v0.1.5
[INFO] [stderr]     Checking memo-map v0.3.2
[INFO] [stderr]     Checking unic-langid-macros v0.9.4
[INFO] [stderr]     Checking binstring v0.1.1
[INFO] [stderr]     Checking hmac-sha1-compact v1.1.4
[INFO] [stderr]     Checking argon2 v0.5.2
[INFO] [stderr]     Checking unic-langid v0.9.4
[INFO] [stderr]     Checking convert_case v0.6.0
[INFO] [stderr]     Checking aes-gcm-siv v0.11.1
[INFO] [stderr]     Checking md-5 v0.10.6
[INFO] [stderr]     Checking etag v4.0.0
[INFO] [stderr]     Checking fluent-langneg v0.13.0
[INFO] [stderr]     Checking intl_pluralrules v7.0.2
[INFO] [stderr]     Checking intl-memoizer v0.5.1
[INFO] [stderr]     Checking tokio-rustls v0.24.1
[INFO] [stderr]     Checking serde v1.0.195
[INFO] [stderr]     Checking futures v0.3.30
[INFO] [stderr]     Checking either v1.9.0
[INFO] [stderr]     Checking uuid v1.6.1
[INFO] [stderr]     Checking serde_urlencoded v0.7.1
[INFO] [stderr]     Checking serde_spanned v0.6.5
[INFO] [stderr]     Checking toml_datetime v0.6.5
[INFO] [stderr]     Checking tracing-serde v0.1.3
[INFO] [stderr]     Checking csv v1.3.0
[INFO] [stderr]     Checking rmp-serde v1.1.2
[INFO] [stderr]     Checking serde_qs v0.12.0
[INFO] [stderr]     Checking minijinja v1.0.10
[INFO] [stderr]     Checking faster-hex v0.9.0
[INFO] [stderr]     Checking itertools v0.12.0
[INFO] [stderr]     Checking rayon v1.8.0
[INFO] [stderr]     Checking fluent-bundle v0.15.2
[INFO] [stderr]    Compiling utoipa-gen v4.1.0
[INFO] [stderr]     Checking h2 v0.3.22
[INFO] [stderr]     Checking toml_edit v0.21.0
[INFO] [stderr]     Checking fluent v0.16.0
[INFO] [stderr]     Checking cookie_store v0.16.2
[INFO] [stderr]     Checking tracing-subscriber v0.3.18
[INFO] [stderr]     Checking apache-avro v0.16.0
[INFO] [stderr]     Checking ureq v2.9.1
[INFO] [stderr]     Checking retry-policies v0.2.1
[INFO] [stderr]     Checking cron v0.12.0
[INFO] [stderr]     Checking rsa v0.7.2
[INFO] [stderr]     Checking sqlformat v0.2.3
[INFO] [stderr]     Checking jwt-simple v0.11.9
[INFO] [stderr]     Checking toml v0.8.8
[INFO] [stderr]     Checking tracing-appender v0.2.3
[INFO] [stderr]     Checking sysinfo v0.29.11
[INFO] [stderr]     Checking sqlx-core v0.7.3
[INFO] [stderr]     Checking hyper v0.14.28
[INFO] [stderr]     Checking utoipa v4.1.0
[INFO] [stderr]     Checking sqlx-sqlite v0.7.3
[INFO] [stderr]    Compiling sqlx-macros-core v0.7.3
[INFO] [stderr]     Checking hyper-rustls v0.24.2
[INFO] [stderr]     Checking reqwest v0.11.23
[INFO] [stderr]     Checking reqwest-middleware v0.2.4
[INFO] [stderr]     Checking reqwest-retry v0.3.0
[INFO] [stderr]     Checking reqwest-tracing v0.4.6
[INFO] [stderr]    Compiling sqlx-macros v0.7.3
[INFO] [stderr]     Checking sqlx v0.7.3
[INFO] [stderr]     Checking zino-core v0.16.5
[INFO] [stdout] error[E0554]: `#![feature]` may not be used on the beta release channel
[INFO] [stdout]  --> /opt/rustwide/cargo-home/registry/src/index.crates.io-6f17d22bba15001f/zino-core-0.16.5/src/lib.rs:7:1
[INFO] [stdout]   |
[INFO] [stdout] 7 | #![feature(associated_type_defaults)]
[INFO] [stdout]   | ^^^^^^^^^^^^^^^^^^^^^^^^^^^^^^^^^^^^^
[INFO] [stdout] 
[INFO] [stdout] 
[INFO] [stdout] error[E0554]: `#![feature]` may not be used on the beta release channel
[INFO] [stdout]  --> /opt/rustwide/cargo-home/registry/src/index.crates.io-6f17d22bba15001f/zino-core-0.16.5/src/lib.rs:8:1
[INFO] [stdout]   |
[INFO] [stdout] 8 | #![feature(async_fn_in_trait)]
[INFO] [stdout]   | ^^^^^^^^^^^^^^^^^^^^^^^^^^^^^^ help: remove the attribute
[INFO] [stdout]   |
[INFO] [stdout]   = help: the feature `async_fn_in_trait` has been stable since `1.75.0` and no longer requires an attribute to enable
[INFO] [stdout] 
[INFO] [stdout] 
[INFO] [stdout] error[E0554]: `#![feature]` may not be used on the beta release channel
[INFO] [stdout]  --> /opt/rustwide/cargo-home/registry/src/index.crates.io-6f17d22bba15001f/zino-core-0.16.5/src/lib.rs:9:1
[INFO] [stdout]   |
[INFO] [stdout] 9 | #![feature(decl_macro)]
[INFO] [stdout]   | ^^^^^^^^^^^^^^^^^^^^^^^
[INFO] [stdout] 
[INFO] [stdout] 
[INFO] [stdout] error[E0554]: `#![feature]` may not be used on the beta release channel
[INFO] [stdout]   --> /opt/rustwide/cargo-home/registry/src/index.crates.io-6f17d22bba15001f/zino-core-0.16.5/src/lib.rs:10:1
[INFO] [stdout]    |
[INFO] [stdout] 10 | #![feature(doc_auto_cfg)]
[INFO] [stdout]    | ^^^^^^^^^^^^^^^^^^^^^^^^^
[INFO] [stdout] 
[INFO] [stdout] 
[INFO] [stdout] error[E0554]: `#![feature]` may not be used on the beta release channel
[INFO] [stdout]   --> /opt/rustwide/cargo-home/registry/src/index.crates.io-6f17d22bba15001f/zino-core-0.16.5/src/lib.rs:11:1
[INFO] [stdout]    |
[INFO] [stdout] 11 | #![feature(lazy_cell)]
[INFO] [stdout]    | ^^^^^^^^^^^^^^^^^^^^^^
[INFO] [stdout] 
[INFO] [stdout] 
[INFO] [stdout] error[E0554]: `#![feature]` may not be used on the beta release channel
[INFO] [stdout]   --> /opt/rustwide/cargo-home/registry/src/index.crates.io-6f17d22bba15001f/zino-core-0.16.5/src/lib.rs:12:1
[INFO] [stdout]    |
[INFO] [stdout] 12 | #![feature(let_chains)]
[INFO] [stdout]    | ^^^^^^^^^^^^^^^^^^^^^^^
[INFO] [stdout] 
[INFO] [stdout] 
[INFO] [stdout] error[E0554]: `#![feature]` may not be used on the beta release channel
[INFO] [stdout]   --> /opt/rustwide/cargo-home/registry/src/index.crates.io-6f17d22bba15001f/zino-core-0.16.5/src/lib.rs:13:1
[INFO] [stdout]    |
[INFO] [stdout] 13 | #![feature(slice_first_last_chunk)]
[INFO] [stdout]    | ^^^^^^^^^^^^^^^^^^^^^^^^^^^^^^^^^^^
[INFO] [stdout] 
[INFO] [stdout] 
[INFO] [stdout] error[E0554]: `#![feature]` may not be used on the beta release channel
[INFO] [stdout]   --> /opt/rustwide/cargo-home/registry/src/index.crates.io-6f17d22bba15001f/zino-core-0.16.5/src/lib.rs:11:12
[INFO] [stdout]    |
[INFO] [stdout] 11 | #![feature(lazy_cell)]
[INFO] [stdout]    |            ^^^^^^^^^
[INFO] [stdout] 
[INFO] [stdout] 
[INFO] [stdout] error[E0554]: `#![feature]` may not be used on the beta release channel
[INFO] [stdout]   --> /opt/rustwide/cargo-home/registry/src/index.crates.io-6f17d22bba15001f/zino-core-0.16.5/src/lib.rs:13:12
[INFO] [stdout]    |
[INFO] [stdout] 13 | #![feature(slice_first_last_chunk)]
[INFO] [stdout]    |            ^^^^^^^^^^^^^^^^^^^^^^
[INFO] [stdout] 
[INFO] [stdout] 
[INFO] [stdout] error: aborting due to 9 previous errors
[INFO] [stdout] 
[INFO] [stdout] 
[INFO] [stdout] For more information about this error, try `rustc --explain E0554`.
[INFO] [stdout] 
[INFO] [stderr] error: could not compile `zino-core` (lib) due to 10 previous errors
[INFO] running `Command { std: "docker" "inspect" "215e23930052154926bc3611c820a0540d57bea58446c4b2b3abd01531733a7f", kill_on_drop: false }`
[INFO] running `Command { std: "docker" "rm" "-f" "215e23930052154926bc3611c820a0540d57bea58446c4b2b3abd01531733a7f", kill_on_drop: false }`
[INFO] [stdout] 215e23930052154926bc3611c820a0540d57bea58446c4b2b3abd01531733a7f
