[INFO] fetching crate zinnia_runtime 0.15.0...
[INFO] documenting zinnia_runtime-0.15.0 against 1.75.0 for beta-1.76-rustdoc-1
[INFO] extracting crate zinnia_runtime 0.15.0 into /workspace/builds/worker-1-tc1/source
[INFO] validating manifest of crates.io crate zinnia_runtime 0.15.0 on toolchain 1.75.0
[INFO] running `Command { std: CARGO_HOME="/workspace/cargo-home" RUSTUP_HOME="/workspace/rustup-home" "/workspace/cargo-home/bin/cargo" "+1.75.0" "metadata" "--manifest-path" "Cargo.toml" "--no-deps", kill_on_drop: false }`
[INFO] started tweaking crates.io crate zinnia_runtime 0.15.0
[INFO] finished tweaking crates.io crate zinnia_runtime 0.15.0
[INFO] tweaked toml for crates.io crate zinnia_runtime 0.15.0 written to /workspace/builds/worker-1-tc1/source/Cargo.toml
[INFO] running `Command { std: CARGO_HOME="/workspace/cargo-home" RUSTUP_HOME="/workspace/rustup-home" "/workspace/cargo-home/bin/cargo" "+1.75.0" "generate-lockfile" "--manifest-path" "Cargo.toml", kill_on_drop: false }`
[INFO] [stderr]     Updating crates.io index
[INFO] running `Command { std: CARGO_HOME="/workspace/cargo-home" RUSTUP_HOME="/workspace/rustup-home" "/workspace/cargo-home/bin/cargo" "+1.75.0" "fetch" "--manifest-path" "Cargo.toml", kill_on_drop: false }`
[INFO] [stderr]  Downloading crates ...
[INFO] [stderr]   Downloaded deno_ops v0.106.0
[INFO] [stderr]   Downloaded deno_native_certs v0.2.0
[INFO] [stderr]   Downloaded deno_tls v0.111.0
[INFO] [stderr]   Downloaded asn1_der v0.7.6
[INFO] [stderr]   Downloaded deno_webidl v0.124.0
[INFO] [stderr]   Downloaded console_static_text v0.8.1
[INFO] [stderr]   Downloaded aes-kw v0.2.1
[INFO] [stderr]   Downloaded deno_url v0.124.0
[INFO] [stderr]   Downloaded serde_v8 v0.139.0
[INFO] [stderr]   Downloaded deno_fetch v0.148.0
[INFO] [stderr]   Downloaded libp2p-mplex v0.39.0
[INFO] [stderr]   Downloaded deno_crypto v0.138.0
[INFO] [stderr]   Downloaded zinnia_libp2p v0.15.0
[INFO] [stderr]   Downloaded libp2p-gossipsub v0.44.4
[INFO] [stderr]   Downloaded deno_web v0.155.0
[INFO] [stderr]   Downloaded lassie v0.7.0
[INFO] [stderr]   Downloaded deno_console v0.124.0
[INFO] [stderr]   Downloaded deno_core v0.230.0
[INFO] running `Command { std: "docker" "create" "-v" "/var/lib/crater-agent-workspace/builds/worker-1-tc1/target:/opt/rustwide/target:rw,Z" "-v" "/var/lib/crater-agent-workspace/builds/worker-1-tc1/source:/opt/rustwide/workdir:ro,Z" "-v" "/var/lib/crater-agent-workspace/cargo-home:/opt/rustwide/cargo-home:ro,Z" "-v" "/var/lib/crater-agent-workspace/rustup-home:/opt/rustwide/rustup-home:ro,Z" "-e" "SOURCE_DIR=/opt/rustwide/workdir" "-e" "CARGO_TARGET_DIR=/opt/rustwide/target" "-e" "CARGO_HOME=/opt/rustwide/cargo-home" "-e" "RUSTUP_HOME=/opt/rustwide/rustup-home" "-w" "/opt/rustwide/workdir" "-m" "1610612736" "--user" "0:0" "--network" "none" "ghcr.io/rust-lang/crates-build-env/linux@sha256:2788e3201cd34a07e3172128adcd8b3090168a8e3bcc40d7c032b9dda1df7d1c" "/opt/rustwide/cargo-home/bin/cargo" "+1.75.0" "metadata" "--no-deps" "--format-version=1", kill_on_drop: false }`
[INFO] [stdout] 8de5190bd5413263b9d0fc0f85dc5bc3be9ab97dfbadb6802a99049985c08f7f
[INFO] running `Command { std: "docker" "start" "-a" "8de5190bd5413263b9d0fc0f85dc5bc3be9ab97dfbadb6802a99049985c08f7f", kill_on_drop: false }`
[INFO] running `Command { std: "docker" "inspect" "8de5190bd5413263b9d0fc0f85dc5bc3be9ab97dfbadb6802a99049985c08f7f", kill_on_drop: false }`
[INFO] running `Command { std: "docker" "rm" "-f" "8de5190bd5413263b9d0fc0f85dc5bc3be9ab97dfbadb6802a99049985c08f7f", kill_on_drop: false }`
[INFO] [stdout] 8de5190bd5413263b9d0fc0f85dc5bc3be9ab97dfbadb6802a99049985c08f7f
[INFO] running `Command { std: "docker" "create" "-v" "/var/lib/crater-agent-workspace/builds/worker-1-tc1/target:/opt/rustwide/target:rw,Z" "-v" "/var/lib/crater-agent-workspace/builds/worker-1-tc1/source:/opt/rustwide/workdir:ro,Z" "-v" "/var/lib/crater-agent-workspace/cargo-home:/opt/rustwide/cargo-home:ro,Z" "-v" "/var/lib/crater-agent-workspace/rustup-home:/opt/rustwide/rustup-home:ro,Z" "-e" "SOURCE_DIR=/opt/rustwide/workdir" "-e" "CARGO_TARGET_DIR=/opt/rustwide/target" "-e" "CARGO_INCREMENTAL=0" "-e" "RUST_BACKTRACE=full" "-e" "RUSTFLAGS=--cap-lints=warn" "-e" "RUSTDOCFLAGS=--cap-lints=warn" "-e" "CARGO_HOME=/opt/rustwide/cargo-home" "-e" "RUSTUP_HOME=/opt/rustwide/rustup-home" "-w" "/opt/rustwide/workdir" "-m" "1610612736" "--user" "0:0" "--network" "none" "ghcr.io/rust-lang/crates-build-env/linux@sha256:2788e3201cd34a07e3172128adcd8b3090168a8e3bcc40d7c032b9dda1df7d1c" "/opt/rustwide/cargo-home/bin/cargo" "+1.75.0" "doc" "--frozen" "--no-deps" "--document-private-items" "--message-format=json", kill_on_drop: false }`
[INFO] [stdout] 531c1dcc98269b95b506e54d1bcea1f86a01ccfde64a4dbf31e769b81dac16df
[INFO] running `Command { std: "docker" "start" "-a" "531c1dcc98269b95b506e54d1bcea1f86a01ccfde64a4dbf31e769b81dac16df", kill_on_drop: false }`
[INFO] [stderr]    Compiling generic-array v0.14.7
[INFO] [stderr]    Compiling libc v0.2.151
[INFO] [stderr]     Checking futures-channel v0.3.30
[INFO] [stderr]     Checking smallvec v1.11.2
[INFO] [stderr]    Compiling futures-macro v0.3.30
[INFO] [stderr]     Checking zeroize v1.7.0
[INFO] [stderr]     Checking futures-io v0.3.30
[INFO] [stderr]    Compiling thiserror v1.0.56
[INFO] [stderr]    Compiling parking_lot_core v0.9.9
[INFO] [stderr]    Compiling syn v1.0.109
[INFO] [stderr]     Checking serde v1.0.195
[INFO] [stderr]     Checking const-oid v0.9.6
[INFO] [stderr]    Compiling tokio-macros v2.2.0
[INFO] [stderr]     Checking mio v0.8.10
[INFO] [stderr]     Checking parking_lot v0.12.1
[INFO] [stderr]     Checking rand v0.8.5
[INFO] [stderr]     Checking data-encoding v2.5.0
[INFO] [stderr]     Checking crypto-common v0.1.6
[INFO] [stderr]     Checking block-buffer v0.10.4
[INFO] [stderr]     Checking digest v0.10.7
[INFO] [stderr]    Compiling pin-project-internal v1.1.3
[INFO] [stderr]    Compiling cc v1.0.83
[INFO] [stderr]     Checking signature v2.2.0
[INFO] [stderr]    Compiling platforms v3.3.0
[INFO] [stderr]    Compiling proc-macro-error-attr v1.0.4
[INFO] [stderr]     Checking tokio v1.35.1
[INFO] [stderr]     Checking futures-util v0.3.30
[INFO] [stderr]    Compiling curve25519-dalek v4.1.1
[INFO] [stderr]     Checking sha2 v0.10.8
[INFO] [stderr]    Compiling curve25519-dalek-derive v0.1.1
[INFO] [stderr]    Compiling unicode-xid v0.2.4
[INFO] [stderr]    Compiling anyhow v1.0.79
[INFO] [stderr]    Compiling synstructure v0.12.6
[INFO] [stderr]     Checking pin-project v1.1.3
[INFO] [stderr]    Compiling proc-macro-error v1.0.4
[INFO] [stderr]     Checking url v2.5.0
[INFO] [stderr]    Compiling proc-macro-crate v1.1.3
[INFO] [stderr]    Compiling num-traits v0.2.17
[INFO] [stderr]     Checking static_assertions v1.1.0
[INFO] [stderr]     Checking serde-big-array v0.3.3
[INFO] [stderr]    Compiling ring v0.17.7
[INFO] [stderr]    Compiling ring v0.16.20
[INFO] [stderr]     Checking core2 v0.4.0
[INFO] [stderr]     Checking base-x v0.2.11
[INFO] [stderr]     Checking ed25519 v2.2.3
[INFO] [stderr]     Checking quick-protobuf v0.8.1
[INFO] [stderr]    Compiling rustix v0.38.28
[INFO] [stderr]     Checking ed25519-dalek v2.1.0
[INFO] [stderr]    Compiling bitflags v2.4.1
[INFO] [stderr]     Checking asn1_der v0.7.6
[INFO] [stderr]    Compiling linux-raw-sys v0.4.12
[INFO] [stderr]     Checking futures-executor v0.3.30
[INFO] [stderr]     Checking asynchronous-codec v0.6.2
[INFO] [stderr]     Checking futures v0.3.30
[INFO] [stderr]    Compiling data-encoding-macro-internal v0.1.12
[INFO] [stderr]    Compiling multihash-derive v0.8.1
[INFO] [stderr]     Checking num-integer v0.1.45
[INFO] [stderr]     Checking unsigned-varint v0.7.2
[INFO] [stderr]     Checking multistream-select v0.12.1
[INFO] [stderr]     Checking rw-stream-sink v0.3.0
[INFO] [stderr]    Compiling home v0.5.9
[INFO] [stderr]    Compiling either v1.9.0
[INFO] [stderr]     Checking spin v0.9.8
[INFO] [stderr]     Checking void v1.0.2
[INFO] [stderr]     Checking futures-timer v3.0.2
[INFO] [stderr]    Compiling fslock v0.1.8
[INFO] [stderr]     Checking base64ct v1.6.0
[INFO] [stderr]     Checking data-encoding-macro v0.1.14
[INFO] [stderr]     Checking multibase v0.9.1
[INFO] [stderr]    Compiling serde_json v1.0.111
[INFO] [stderr]    Compiling tracing-attributes v0.1.27
[INFO] [stderr]    Compiling num-bigint v0.4.4
[INFO] [stderr]     Checking pem-rfc7468 v0.7.0
[INFO] [stderr]    Compiling convert_case v0.4.0
[INFO] [stderr]    Compiling proc-macro-rules-macros v0.4.0
[INFO] [stderr]     Checking multihash v0.17.0
[INFO] [stderr]     Checking multiaddr v0.17.1
[INFO] [stderr]    Compiling derive_more v0.99.17
[INFO] [stderr]     Checking der v0.7.8
[INFO] [stderr]    Compiling which v4.4.2
[INFO] [stderr]    Compiling strum_macros v0.25.3
[INFO] [stderr]     Checking uuid v1.6.1
[INFO] [stderr]     Checking libp2p-identity v0.1.3
[INFO] [stderr]     Checking spki v0.7.3
[INFO] [stderr]    Compiling proc-macro-rules v0.4.0
[INFO] [stderr]    Compiling v8 v0.81.0
[INFO] [stderr]     Checking debugid v0.8.0
[INFO] [stderr]     Checking libp2p-core v0.39.2
[INFO] [stderr]    Compiling async-trait v0.1.77
[INFO] [stderr]     Checking tracing v0.1.40
[INFO] [stderr]     Checking if_chain v1.0.2
[INFO] [stderr]     Checking unicode-id v0.3.4
[INFO] [stderr]     Checking sourcemap v7.0.1
[INFO] [stderr]     Checking pkcs8 v0.10.2
[INFO] [stderr]     Checking deno_unsync v0.3.2
[INFO] [stderr]     Checking netlink-packet-utils v0.5.2
[INFO] [stderr]    Compiling libp2p-swarm-derive v0.32.0
[INFO] [stderr]     Checking lazy_static v1.4.0
[INFO] [stderr]     Checking hmac v0.12.1
[INFO] [stderr]     Checking block-padding v0.3.3
[INFO] [stderr]     Checking inout v0.1.3
[INFO] [stderr]     Checking netlink-packet-core v0.4.2
[INFO] [stderr]     Checking ff v0.13.0
[INFO] [stderr]    Compiling ahash v0.8.7
[INFO] [stderr]     Checking base16ct v0.2.0
[INFO] [stderr]    Compiling rustls v0.21.10
[INFO] [stderr]     Checking sec1 v0.7.3
[INFO] [stderr]     Checking group v0.13.0
[INFO] [stderr]     Checking cipher v0.4.4
[INFO] [stderr]     Checking hkdf v0.12.4
[INFO] [stderr]     Checking tokio-util v0.7.10
[INFO] [stderr]     Checking rustls-webpki v0.101.7
[INFO] [stderr]     Checking sct v0.7.1
[INFO] [stderr]     Checking netlink-sys v0.8.5
[INFO] [stderr]     Checking crypto-bigint v0.5.5
[INFO] [stderr]     Checking match_cfg v0.1.0
[INFO] [stderr]     Checking libp2p-swarm v0.42.2
[INFO] [stderr]    Compiling windows_x86_64_gnu v0.48.5
[INFO] [stderr]     Checking matches v0.1.10
[INFO] [stderr]     Checking idna v0.2.3
[INFO] [stderr]    Compiling strum v0.25.0
[INFO] [stderr]     Checking hostname v0.3.1
[INFO] [stderr]    Compiling deno_ops v0.106.0
[INFO] [stderr]     Checking netlink-proto v0.10.0
[INFO] [stderr]     Checking netlink-packet-route v0.12.0
[INFO] [stderr]    Compiling enum-as-inner v0.5.1
[INFO] [stderr]     Checking nix v0.24.3
[INFO] [stderr]    Compiling snow v0.9.4
[INFO] [stderr]     Checking digest v0.9.0
[INFO] [stderr]    Compiling num-iter v0.1.43
[INFO] [stderr]     Checking nohash-hasher v0.2.0
[INFO] [stderr]     Checking quick-error v1.2.3
[INFO] [stderr]     Checking lru-cache v0.1.2
[INFO] [stderr]     Checking resolv-conf v0.7.0
[INFO] [stderr]     Checking curve25519-dalek v3.2.0
[INFO] [stderr]     Checking elliptic-curve v0.13.8
[INFO] [stderr]     Checking trust-dns-proto v0.22.0
[INFO] [stderr]     Checking hashbrown v0.13.2
[INFO] [stderr]     Checking h2 v0.3.22
[INFO] [stderr]     Checking rfc6979 v0.4.0
[INFO] [stderr]     Checking universal-hash v0.5.1
[INFO] [stderr]    Compiling num-bigint-dig v0.8.4
[INFO] [stderr]     Checking polyval v0.6.1
[INFO] [stderr]     Checking regex-automata v0.4.3
[INFO] [stderr]     Checking lru v0.10.1
[INFO] [stderr]     Checking rustls-native-certs v0.6.3
[INFO] [stderr]     Checking tokio-rustls v0.24.1
[INFO] [stderr]     Checking ecdsa v0.16.9
[INFO] [stderr]     Checking rtnetlink v0.10.1
[INFO] [stderr]     Checking x25519-dalek v1.1.1
[INFO] [stderr]     Checking windows-targets v0.48.5
[INFO] [stderr]     Checking primeorder v0.13.6
[INFO] [stderr]     Checking if-watch v3.2.0
[INFO] [stderr]     Checking yamux v0.10.2
[INFO] [stderr]     Checking aes v0.8.3
[INFO] [stderr]     Checking quick-protobuf-codec v0.1.0
[INFO] [stderr]     Checking socket2 v0.4.10
[INFO] [stderr]     Checking vsimd v0.8.0
[INFO] [stderr]     Checking webpki-roots v0.25.3
[INFO] [stderr]     Checking trust-dns-resolver v0.22.0
[INFO] [stderr]     Checking outref v0.5.1
[INFO] [stderr]     Checking libp2p-tcp v0.39.0
[INFO] [stderr]     Checking libp2p-yamux v0.43.1
[INFO] [stderr]     Checking libp2p-identify v0.42.2
[INFO] [stderr]     Checking libp2p-noise v0.42.2
[INFO] [stderr]     Checking base64-simd v0.8.0
[INFO] [stderr]     Checking async-compression v0.4.5
[INFO] [stderr]     Checking windows-sys v0.48.0
[INFO] [stderr]     Checking deno_native_certs v0.2.0
[INFO] [stderr]     Checking regex v1.10.2
[INFO] [stderr]     Checking unic-ucd-ident v0.9.0
[INFO] [stderr]     Checking libp2p-dns v0.39.0
[INFO] [stderr]     Checking hyper v0.14.28
[INFO] [stderr]     Checking ghash v0.5.0
[INFO] [stderr]     Checking libp2p-mplex v0.39.0
[INFO] [stderr]     Checking libp2p-allow-block-list v0.1.1
[INFO] [stderr]     Checking libp2p-ping v0.42.0
[INFO] [stderr]     Checking libp2p-connection-limits v0.1.0
[INFO] [stderr]     Checking libp2p-request-response v0.24.1
[INFO] [stderr]     Checking ctr v0.9.2
[INFO] [stderr]     Checking pkcs1 v0.7.5
[INFO] [stderr]     Checking serde_urlencoded v0.7.1
[INFO] [stderr]     Checking tokio-socks v0.5.1
[INFO] [stderr]    Compiling lassie v0.7.0
[INFO] [stderr]     Checking aead v0.5.2
[INFO] [stderr]    Compiling vte_generate_state_changes v0.1.1
[INFO] [stderr]     Checking utf8parse v0.2.1
[INFO] [stderr]     Checking aes-gcm v0.10.3
[INFO] [stderr]     Checking libp2p v0.51.4
[INFO] [stderr]     Checking rsa v0.9.6
[INFO] [stderr]     Checking urlpattern v0.2.0
[INFO] [stderr]     Checking aes-kw v0.2.1
[INFO] [stderr]     Checking p256 v0.13.2
[INFO] [stderr]     Checking vte v0.11.1
[INFO] [stderr]     Checking p384 v0.13.0
[INFO] [stderr]     Checking cbc v0.1.2
[INFO] [stderr] error: failed to run custom build command for `lassie v0.7.0`
[INFO] [stderr] note: To improve backtraces for build dependencies, set the CARGO_PROFILE_DEV_BUILD_OVERRIDE_DEBUG=true environment variable to enable debug information generation.
[INFO] [stderr] 
[INFO] [stderr] Caused by:
[INFO] [stderr]   process didn't exit successfully: `/opt/rustwide/target/debug/build/lassie-2b5da14419c16d10/build-script-build` (exit status: 101)
[INFO] [stderr]   --- stdout
[INFO] [stderr]   cargo:rerun-if-changed=build.rs
[INFO] [stderr]   cargo:rerun-if-changed=go-lib/go.sum
[INFO] [stderr]   cargo:rerun-if-changed=go-lib/lassie.go
[INFO] [stderr] 
[INFO] [stderr]   --- stderr
[INFO] [stderr]   Building /opt/rustwide/target/debug/build/lassie-92f75f5e9d35b68a/out/libgolassie.a for x86_64 (GOARCH=amd64)
[INFO] [stderr]   go: downloading github.com/filecoin-project/lassie v0.21.0
[INFO] [stderr]   lassie-ffi.go:45:2: github.com/filecoin-project/lassie@v0.21.0: Get "https://proxy.golang.org/github.com/filecoin-project/lassie/@v/v0.21.0.zip": dial tcp: lookup proxy.golang.org on 169.254.169.254:53: dial udp 169.254.169.254:53: connect: network is unreachable
[INFO] [stderr]   lassie-ffi.go:46:2: github.com/filecoin-project/lassie@v0.21.0: Get "https://proxy.golang.org/github.com/filecoin-project/lassie/@v/v0.21.0.zip": dial tcp: lookup proxy.golang.org on 169.254.169.254:53: dial udp 169.254.169.254:53: connect: network is unreachable
[INFO] [stderr]   thread 'main' panicked at /opt/rustwide/cargo-home/registry/src/index.crates.io-6f17d22bba15001f/lassie-0.7.0/build.rs:64:5:
[INFO] [stderr]   `go build` failed
[INFO] [stderr]   stack backtrace:
[INFO] [stderr]      0:     0x561dd6bccebc - std::backtrace_rs::backtrace::libunwind::trace::ha637c64ce894333a
[INFO] [stderr]                                  at /rustc/82e1608dfa6e0b5569232559e3d385fea5a93112/library/std/src/../../backtrace/src/backtrace/libunwind.rs:104:5
[INFO] [stderr]      1:     0x561dd6bccebc - std::backtrace_rs::backtrace::trace_unsynchronized::h47f62dea28e0c88d
[INFO] [stderr]                                  at /rustc/82e1608dfa6e0b5569232559e3d385fea5a93112/library/std/src/../../backtrace/src/backtrace/mod.rs:66:5
[INFO] [stderr]      2:     0x561dd6bccebc - std::sys_common::backtrace::_print_fmt::h9eef0abe20ede486
[INFO] [stderr]                                  at /rustc/82e1608dfa6e0b5569232559e3d385fea5a93112/library/std/src/sys_common/backtrace.rs:67:5
[INFO] [stderr]      3:     0x561dd6bccebc - <std::sys_common::backtrace::_print::DisplayBacktrace as core::fmt::Display>::fmt::hed7f999df88cc644
[INFO] [stderr]                                  at /rustc/82e1608dfa6e0b5569232559e3d385fea5a93112/library/std/src/sys_common/backtrace.rs:44:22
[INFO] [stderr]      4:     0x561dd6bf0120 - core::fmt::rt::Argument::fmt::h1539a9308b8d058d
[INFO] [stderr]                                  at /rustc/82e1608dfa6e0b5569232559e3d385fea5a93112/library/core/src/fmt/rt.rs:142:9
[INFO] [stderr]      5:     0x561dd6bf0120 - core::fmt::write::h3a39390d8560d9c9
[INFO] [stderr]                                  at /rustc/82e1608dfa6e0b5569232559e3d385fea5a93112/library/core/src/fmt/mod.rs:1120:17
[INFO] [stderr]      6:     0x561dd6bcb05f - std::io::Write::write_fmt::h5fc9997dfe05f882
[INFO] [stderr]                                  at /rustc/82e1608dfa6e0b5569232559e3d385fea5a93112/library/std/src/io/mod.rs:1762:15
[INFO] [stderr]      7:     0x561dd6bccca4 - std::sys_common::backtrace::_print::h894006fb5c6f3d45
[INFO] [stderr]                                  at /rustc/82e1608dfa6e0b5569232559e3d385fea5a93112/library/std/src/sys_common/backtrace.rs:47:5
[INFO] [stderr]      8:     0x561dd6bccca4 - std::sys_common::backtrace::print::h23a2d212c6fff936
[INFO] [stderr]                                  at /rustc/82e1608dfa6e0b5569232559e3d385fea5a93112/library/std/src/sys_common/backtrace.rs:34:9
[INFO] [stderr]      9:     0x561dd6bce347 - std::panicking::default_hook::{{closure}}::h8a1d2ee00185001a
[INFO] [stderr]     10:     0x561dd6bce0af - std::panicking::default_hook::h6038f2eba384e475
[INFO] [stderr]                                  at /rustc/82e1608dfa6e0b5569232559e3d385fea5a93112/library/std/src/panicking.rs:292:9
[INFO] [stderr]     11:     0x561dd6bce7c8 - std::panicking::rust_panic_with_hook::h2b5517d590cab22e
[INFO] [stderr]                                  at /rustc/82e1608dfa6e0b5569232559e3d385fea5a93112/library/std/src/panicking.rs:779:13
[INFO] [stderr]     12:     0x561dd6bce679 - std::panicking::begin_panic_handler::{{closure}}::h233112c06e0ef43e
[INFO] [stderr]                                  at /rustc/82e1608dfa6e0b5569232559e3d385fea5a93112/library/std/src/panicking.rs:649:13
[INFO] [stderr]     13:     0x561dd6bcd386 - std::sys_common::backtrace::__rust_end_short_backtrace::h6e893f24d7ebbff8
[INFO] [stderr]                                  at /rustc/82e1608dfa6e0b5569232559e3d385fea5a93112/library/std/src/sys_common/backtrace.rs:170:18
[INFO] [stderr]     14:     0x561dd6bce412 - rust_begin_unwind
[INFO] [stderr]                                  at /rustc/82e1608dfa6e0b5569232559e3d385fea5a93112/library/std/src/panicking.rs:645:5
[INFO] [stderr]     15:     0x561dd6ba71f5 - core::panicking::panic_fmt::hbf0e066aabfa482c
[INFO] [stderr]                                  at /rustc/82e1608dfa6e0b5569232559e3d385fea5a93112/library/core/src/panicking.rs:72:14
[INFO] [stderr]     16:     0x561dd6bacafb - build_script_build::build_lassie::h85a9432a74c73314
[INFO] [stderr]     17:     0x561dd6babf2f - build_script_build::main::h5942b9cdc2de1dce
[INFO] [stderr]     18:     0x561dd6baa7f3 - core::ops::function::FnOnce::call_once::h2d1201a4d0e48517
[INFO] [stderr]     19:     0x561dd6ba7d36 - std::sys_common::backtrace::__rust_begin_short_backtrace::haaaab442b0e4dbfc
[INFO] [stderr]     20:     0x561dd6ba81a9 - std::rt::lang_start::{{closure}}::h0a05939042b62800
[INFO] [stderr]     21:     0x561dd6bc7aa7 - core::ops::function::impls::<impl core::ops::function::FnOnce<A> for &F>::call_once::hd95060ecd5e1ca24
[INFO] [stderr]                                  at /rustc/82e1608dfa6e0b5569232559e3d385fea5a93112/library/core/src/ops/function.rs:284:13
[INFO] [stderr]     22:     0x561dd6bc7aa7 - std::panicking::try::do_call::h6e8cf51db32a6e4b
[INFO] [stderr]                                  at /rustc/82e1608dfa6e0b5569232559e3d385fea5a93112/library/std/src/panicking.rs:552:40
[INFO] [stderr]     23:     0x561dd6bc7aa7 - std::panicking::try::h3a52eefe24fe3c29
[INFO] [stderr]                                  at /rustc/82e1608dfa6e0b5569232559e3d385fea5a93112/library/std/src/panicking.rs:516:19
[INFO] [stderr]     24:     0x561dd6bc7aa7 - std::panic::catch_unwind::h24c28c23c02c3841
[INFO] [stderr]                                  at /rustc/82e1608dfa6e0b5569232559e3d385fea5a93112/library/std/src/panic.rs:142:14
[INFO] [stderr]     25:     0x561dd6bc7aa7 - std::rt::lang_start_internal::{{closure}}::h705d3c9cbc06ef47
[INFO] [stderr]                                  at /rustc/82e1608dfa6e0b5569232559e3d385fea5a93112/library/std/src/rt.rs:148:48
[INFO] [stderr]     26:     0x561dd6bc7aa7 - std::panicking::try::do_call::ha21f52ba13158470
[INFO] [stderr]                                  at /rustc/82e1608dfa6e0b5569232559e3d385fea5a93112/library/std/src/panicking.rs:552:40
[INFO] [stderr]     27:     0x561dd6bc7aa7 - std::panicking::try::h5581346bf6aeb1f8
[INFO] [stderr]                                  at /rustc/82e1608dfa6e0b5569232559e3d385fea5a93112/library/std/src/panicking.rs:516:19
[INFO] [stderr]     28:     0x561dd6bc7aa7 - std::panic::catch_unwind::h7919645a6b72e25b
[INFO] [stderr]                                  at /rustc/82e1608dfa6e0b5569232559e3d385fea5a93112/library/std/src/panic.rs:142:14
[INFO] [stderr]     29:     0x561dd6bc7aa7 - std::rt::lang_start_internal::h12de51168669836e
[INFO] [stderr]                                  at /rustc/82e1608dfa6e0b5569232559e3d385fea5a93112/library/std/src/rt.rs:148:20
[INFO] [stderr]     30:     0x561dd6ba8187 - std::rt::lang_start::h678a3fb5c6aa0cc1
[INFO] [stderr]     31:     0x561dd6bacbd5 - main
[INFO] [stderr]     32:     0x7fc478575d90 - <unknown>
[INFO] [stderr]     33:     0x7fc478575e40 - __libc_start_main
[INFO] [stderr]     34:     0x561dd6ba7915 - _start
[INFO] [stderr]     35:                0x0 - <unknown>
[INFO] [stderr] warning: build failed, waiting for other jobs to finish...
[INFO] [stderr] error: failed to run custom build command for `v8 v0.81.0`
[INFO] [stderr] note: To improve backtraces for build dependencies, set the CARGO_PROFILE_DEV_BUILD_OVERRIDE_DEBUG=true environment variable to enable debug information generation.
[INFO] [stderr] 
[INFO] [stderr] Caused by:
[INFO] [stderr]   process didn't exit successfully: `/opt/rustwide/target/debug/build/v8-0b39cbf5f1dc3d7f/build-script-build` (exit status: 101)
[INFO] [stderr]   --- stdout
[INFO] [stderr]   cargo:rerun-if-changed=.gn
[INFO] [stderr]   cargo:rerun-if-changed=BUILD.gn
[INFO] [stderr]   cargo:rerun-if-changed=src/binding.cc
[INFO] [stderr]   cargo:rerun-if-env-changed=CCACHE
[INFO] [stderr]   cargo:rerun-if-env-changed=CLANG_BASE_PATH
[INFO] [stderr]   cargo:rerun-if-env-changed=CXXSTDLIB
[INFO] [stderr]   cargo:rerun-if-env-changed=DENO_TRYBUILD
[INFO] [stderr]   cargo:rerun-if-env-changed=DOCS_RS
[INFO] [stderr]   cargo:rerun-if-env-changed=GN
[INFO] [stderr]   cargo:rerun-if-env-changed=GN_ARGS
[INFO] [stderr]   cargo:rerun-if-env-changed=HOST
[INFO] [stderr]   cargo:rerun-if-env-changed=NINJA
[INFO] [stderr]   cargo:rerun-if-env-changed=OUT_DIR
[INFO] [stderr]   cargo:rerun-if-env-changed=RUSTY_V8_ARCHIVE
[INFO] [stderr]   cargo:rerun-if-env-changed=RUSTY_V8_MIRROR
[INFO] [stderr]   cargo:rerun-if-env-changed=SCCACHE
[INFO] [stderr]   cargo:rerun-if-env-changed=V8_FORCE_DEBUG
[INFO] [stderr]   cargo:rerun-if-env-changed=V8_FROM_SOURCE
[INFO] [stderr]   cargo:rerun-if-env-changed=PYTHON
[INFO] [stderr]   cargo:rerun-if-env-changed=DISABLE_CLANG
[INFO] [stderr]   cargo:rerun-if-env-changed=EXTRA_GN_ARGS
[INFO] [stderr]   cargo:rerun-if-env-changed=NO_PRINT_GN_ARGS
[INFO] [stderr]   cargo:rustc-link-lib=static=rusty_v8
[INFO] [stderr]   download lockfile: "/opt/rustwide/target/debug/build/lib_download.fslock"
[INFO] [stderr]   static lib URL: https://github.com/denoland/rusty_v8/releases/download/v0.81.0/librusty_v8_release_x86_64-unknown-linux-gnu.a
[INFO] [stderr]   cargo:rustc-link-search=/opt/rustwide/target/debug/gn_out/obj
[INFO] [stderr]   Downloading https://github.com/denoland/rusty_v8/releases/download/v0.81.0/librusty_v8_release_x86_64-unknown-linux-gnu.a
[INFO] [stderr]   Downloading https://github.com/denoland/rusty_v8/releases/download/v0.81.0/librusty_v8_release_x86_64-unknown-linux-gnu.a...
[INFO] [stderr]   <urlopen error [Errno -3] Temporary failure in name resolution>
[INFO] [stderr]   Retrying in 5 s ...
[INFO] [stderr]   Downloading https://github.com/denoland/rusty_v8/releases/download/v0.81.0/librusty_v8_release_x86_64-unknown-linux-gnu.a...
[INFO] [stderr]   <urlopen error [Errno -3] Temporary failure in name resolution>
[INFO] [stderr]   Retrying in 10 s ...
[INFO] [stderr]   Downloading https://github.com/denoland/rusty_v8/releases/download/v0.81.0/librusty_v8_release_x86_64-unknown-linux-gnu.a...
[INFO] [stderr]   <urlopen error [Errno -3] Temporary failure in name resolution>
[INFO] [stderr]   Retrying in 20 s ...
[INFO] [stderr]   Downloading https://github.com/denoland/rusty_v8/releases/download/v0.81.0/librusty_v8_release_x86_64-unknown-linux-gnu.a...
[INFO] [stderr]   <urlopen error [Errno -3] Temporary failure in name resolution>
[INFO] [stderr]   Python downloader failed, trying with curl.
[INFO] [stderr] 
[INFO] [stderr]   --- stderr
[INFO] [stderr]   Traceback (most recent call last):
[INFO] [stderr]     File "/usr/lib/python3.10/urllib/request.py", line 1348, in do_open
[INFO] [stderr]       h.request(req.get_method(), req.selector, req.data, headers,
[INFO] [stderr]     File "/usr/lib/python3.10/http/client.py", line 1283, in request
[INFO] [stderr]       self._send_request(method, url, body, headers, encode_chunked)
[INFO] [stderr]     File "/usr/lib/python3.10/http/client.py", line 1329, in _send_request
[INFO] [stderr]       self.endheaders(body, encode_chunked=encode_chunked)
[INFO] [stderr]     File "/usr/lib/python3.10/http/client.py", line 1278, in endheaders
[INFO] [stderr]       self._send_output(message_body, encode_chunked=encode_chunked)
[INFO] [stderr]     File "/usr/lib/python3.10/http/client.py", line 1038, in _send_output
[INFO] [stderr]       self.send(msg)
[INFO] [stderr]     File "/usr/lib/python3.10/http/client.py", line 976, in send
[INFO] [stderr]       self.connect()
[INFO] [stderr]     File "/usr/lib/python3.10/http/client.py", line 1448, in connect
[INFO] [stderr]       super().connect()
[INFO] [stderr]     File "/usr/lib/python3.10/http/client.py", line 942, in connect
[INFO] [stderr]       self.sock = self._create_connection(
[INFO] [stderr]     File "/usr/lib/python3.10/socket.py", line 824, in create_connection
[INFO] [stderr]       for res in getaddrinfo(host, port, 0, SOCK_STREAM):
[INFO] [stderr]     File "/usr/lib/python3.10/socket.py", line 955, in getaddrinfo
[INFO] [stderr]       for res in _socket.getaddrinfo(host, port, family, type, proto, flags):
[INFO] [stderr]   socket.gaierror: [Errno -3] Temporary failure in name resolution
[INFO] [stderr] 
[INFO] [stderr]   During handling of the above exception, another exception occurred:
[INFO] [stderr] 
[INFO] [stderr]   Traceback (most recent call last):
[INFO] [stderr]     File "/opt/rustwide/cargo-home/registry/src/index.crates.io-6f17d22bba15001f/v8-0.81.0/./tools/download_file.py", line 64, in <module>
[INFO] [stderr]       sys.exit(main())
[INFO] [stderr]     File "/opt/rustwide/cargo-home/registry/src/index.crates.io-6f17d22bba15001f/v8-0.81.0/./tools/download_file.py", line 59, in main
[INFO] [stderr]       DownloadUrl(args.url, f)
[INFO] [stderr]     File "/opt/rustwide/cargo-home/registry/src/index.crates.io-6f17d22bba15001f/v8-0.81.0/./tools/download_file.py", line 45, in DownloadUrl
[INFO] [stderr]       raise e
[INFO] [stderr]     File "/opt/rustwide/cargo-home/registry/src/index.crates.io-6f17d22bba15001f/v8-0.81.0/./tools/download_file.py", line 29, in DownloadUrl
[INFO] [stderr]       response = urlopen(url)
[INFO] [stderr]     File "/usr/lib/python3.10/urllib/request.py", line 216, in urlopen
[INFO] [stderr]       return opener.open(url, data, timeout)
[INFO] [stderr]     File "/usr/lib/python3.10/urllib/request.py", line 519, in open
[INFO] [stderr]       response = self._open(req, data)
[INFO] [stderr]     File "/usr/lib/python3.10/urllib/request.py", line 536, in _open
[INFO] [stderr]       result = self._call_chain(self.handle_open, protocol, protocol +
[INFO] [stderr]     File "/usr/lib/python3.10/urllib/request.py", line 496, in _call_chain
[INFO] [stderr]       result = func(*args)
[INFO] [stderr]     File "/usr/lib/python3.10/urllib/request.py", line 1391, in https_open
[INFO] [stderr]       return self.do_open(http.client.HTTPSConnection, req,
[INFO] [stderr]     File "/usr/lib/python3.10/urllib/request.py", line 1351, in do_open
[INFO] [stderr]       raise URLError(err)
[INFO] [stderr]   urllib.error.URLError: <urlopen error [Errno -3] Temporary failure in name resolution>
[INFO] [stderr]   thread 'main' panicked at /opt/rustwide/cargo-home/registry/src/index.crates.io-6f17d22bba15001f/v8-0.81.0/build.rs:431:3:
[INFO] [stderr]   assertion failed: status.success()
[INFO] [stderr]   stack backtrace:
[INFO] [stderr]      0:     0x55c7935da95c - std::backtrace_rs::backtrace::libunwind::trace::ha637c64ce894333a
[INFO] [stderr]                                  at /rustc/82e1608dfa6e0b5569232559e3d385fea5a93112/library/std/src/../../backtrace/src/backtrace/libunwind.rs:104:5
[INFO] [stderr]      1:     0x55c7935da95c - std::backtrace_rs::backtrace::trace_unsynchronized::h47f62dea28e0c88d
[INFO] [stderr]                                  at /rustc/82e1608dfa6e0b5569232559e3d385fea5a93112/library/std/src/../../backtrace/src/backtrace/mod.rs:66:5
[INFO] [stderr]      2:     0x55c7935da95c - std::sys_common::backtrace::_print_fmt::h9eef0abe20ede486
[INFO] [stderr]                                  at /rustc/82e1608dfa6e0b5569232559e3d385fea5a93112/library/std/src/sys_common/backtrace.rs:67:5
[INFO] [stderr]      3:     0x55c7935da95c - <std::sys_common::backtrace::_print::DisplayBacktrace as core::fmt::Display>::fmt::hed7f999df88cc644
[INFO] [stderr]                                  at /rustc/82e1608dfa6e0b5569232559e3d385fea5a93112/library/std/src/sys_common/backtrace.rs:44:22
[INFO] [stderr]      4:     0x55c7935fef90 - core::fmt::rt::Argument::fmt::h1539a9308b8d058d
[INFO] [stderr]                                  at /rustc/82e1608dfa6e0b5569232559e3d385fea5a93112/library/core/src/fmt/rt.rs:142:9
[INFO] [stderr]      5:     0x55c7935fef90 - core::fmt::write::h3a39390d8560d9c9
[INFO] [stderr]                                  at /rustc/82e1608dfa6e0b5569232559e3d385fea5a93112/library/core/src/fmt/mod.rs:1120:17
[INFO] [stderr]      6:     0x55c7935d82df - std::io::Write::write_fmt::h5fc9997dfe05f882
[INFO] [stderr]                                  at /rustc/82e1608dfa6e0b5569232559e3d385fea5a93112/library/std/src/io/mod.rs:1762:15
[INFO] [stderr]      7:     0x55c7935da744 - std::sys_common::backtrace::_print::h894006fb5c6f3d45
[INFO] [stderr]                                  at /rustc/82e1608dfa6e0b5569232559e3d385fea5a93112/library/std/src/sys_common/backtrace.rs:47:5
[INFO] [stderr]      8:     0x55c7935da744 - std::sys_common::backtrace::print::h23a2d212c6fff936
[INFO] [stderr]                                  at /rustc/82e1608dfa6e0b5569232559e3d385fea5a93112/library/std/src/sys_common/backtrace.rs:34:9
[INFO] [stderr]      9:     0x55c7935dbde7 - std::panicking::default_hook::{{closure}}::h8a1d2ee00185001a
[INFO] [stderr]     10:     0x55c7935dbb4f - std::panicking::default_hook::h6038f2eba384e475
[INFO] [stderr]                                  at /rustc/82e1608dfa6e0b5569232559e3d385fea5a93112/library/std/src/panicking.rs:292:9
[INFO] [stderr]     11:     0x55c7935dc268 - std::panicking::rust_panic_with_hook::h2b5517d590cab22e
[INFO] [stderr]                                  at /rustc/82e1608dfa6e0b5569232559e3d385fea5a93112/library/std/src/panicking.rs:779:13
[INFO] [stderr]     12:     0x55c7935dc119 - std::panicking::begin_panic_handler::{{closure}}::h233112c06e0ef43e
[INFO] [stderr]                                  at /rustc/82e1608dfa6e0b5569232559e3d385fea5a93112/library/std/src/panicking.rs:649:13
[INFO] [stderr]     13:     0x55c7935dae26 - std::sys_common::backtrace::__rust_end_short_backtrace::h6e893f24d7ebbff8
[INFO] [stderr]                                  at /rustc/82e1608dfa6e0b5569232559e3d385fea5a93112/library/std/src/sys_common/backtrace.rs:170:18
[INFO] [stderr]     14:     0x55c7935dbeb2 - rust_begin_unwind
[INFO] [stderr]                                  at /rustc/82e1608dfa6e0b5569232559e3d385fea5a93112/library/std/src/panicking.rs:645:5
[INFO] [stderr]     15:     0x55c79358a8f5 - core::panicking::panic_fmt::hbf0e066aabfa482c
[INFO] [stderr]                                  at /rustc/82e1608dfa6e0b5569232559e3d385fea5a93112/library/core/src/panicking.rs:72:14
[INFO] [stderr]     16:     0x55c79358a993 - core::panicking::panic::h195fc2a96298d4c3
[INFO] [stderr]                                  at /rustc/82e1608dfa6e0b5569232559e3d385fea5a93112/library/core/src/panicking.rs:127:5
[INFO] [stderr]     17:     0x55c7935945e4 - build_script_build::download_file::hc622ba3a7a77730d
[INFO] [stderr]     18:     0x55c793594d57 - build_script_build::download_static_lib_binaries::hc5035ae461cc7e2d
[INFO] [stderr]     19:     0x55c79359034d - build_script_build::main::h37abda3f883c75d6
[INFO] [stderr]     20:     0x55c79359ebc3 - core::ops::function::FnOnce::call_once::h79306d1c85577d75
[INFO] [stderr]     21:     0x55c7935a4d66 - std::sys_common::backtrace::__rust_begin_short_backtrace::h3df042bee8b1b6b1
[INFO] [stderr]     22:     0x55c7935ab979 - std::rt::lang_start::{{closure}}::h2e1921010fa494f4
[INFO] [stderr]     23:     0x55c7935d36d7 - core::ops::function::impls::<impl core::ops::function::FnOnce<A> for &F>::call_once::hd95060ecd5e1ca24
[INFO] [stderr]                                  at /rustc/82e1608dfa6e0b5569232559e3d385fea5a93112/library/core/src/ops/function.rs:284:13
[INFO] [stderr]     24:     0x55c7935d36d7 - std::panicking::try::do_call::h6e8cf51db32a6e4b
[INFO] [stderr]                                  at /rustc/82e1608dfa6e0b5569232559e3d385fea5a93112/library/std/src/panicking.rs:552:40
[INFO] [stderr]     25:     0x55c7935d36d7 - std::panicking::try::h3a52eefe24fe3c29
[INFO] [stderr]                                  at /rustc/82e1608dfa6e0b5569232559e3d385fea5a93112/library/std/src/panicking.rs:516:19
[INFO] [stderr]     26:     0x55c7935d36d7 - std::panic::catch_unwind::h24c28c23c02c3841
[INFO] [stderr]                                  at /rustc/82e1608dfa6e0b5569232559e3d385fea5a93112/library/std/src/panic.rs:142:14
[INFO] [stderr]     27:     0x55c7935d36d7 - std::rt::lang_start_internal::{{closure}}::h705d3c9cbc06ef47
[INFO] [stderr]                                  at /rustc/82e1608dfa6e0b5569232559e3d385fea5a93112/library/std/src/rt.rs:148:48
[INFO] [stderr]     28:     0x55c7935d36d7 - std::panicking::try::do_call::ha21f52ba13158470
[INFO] [stderr]                                  at /rustc/82e1608dfa6e0b5569232559e3d385fea5a93112/library/std/src/panicking.rs:552:40
[INFO] [stderr]     29:     0x55c7935d36d7 - std::panicking::try::h5581346bf6aeb1f8
[INFO] [stderr]                                  at /rustc/82e1608dfa6e0b5569232559e3d385fea5a93112/library/std/src/panicking.rs:516:19
[INFO] [stderr]     30:     0x55c7935d36d7 - std::panic::catch_unwind::h7919645a6b72e25b
[INFO] [stderr]                                  at /rustc/82e1608dfa6e0b5569232559e3d385fea5a93112/library/std/src/panic.rs:142:14
[INFO] [stderr]     31:     0x55c7935d36d7 - std::rt::lang_start_internal::h12de51168669836e
[INFO] [stderr]                                  at /rustc/82e1608dfa6e0b5569232559e3d385fea5a93112/library/std/src/rt.rs:148:20
[INFO] [stderr]     32:     0x55c7935ab957 - std::rt::lang_start::h245e0b854b44ab50
[INFO] [stderr]     33:     0x55c793598e75 - main
[INFO] [stderr]     34:     0x7fb724b69d90 - <unknown>
[INFO] [stderr]     35:     0x7fb724b69e40 - __libc_start_main
[INFO] [stderr]     36:     0x55c79358b105 - _start
[INFO] [stderr]     37:                0x0 - <unknown>
[INFO] running `Command { std: "docker" "inspect" "531c1dcc98269b95b506e54d1bcea1f86a01ccfde64a4dbf31e769b81dac16df", kill_on_drop: false }`
[INFO] running `Command { std: "docker" "rm" "-f" "531c1dcc98269b95b506e54d1bcea1f86a01ccfde64a4dbf31e769b81dac16df", kill_on_drop: false }`
[INFO] [stdout] 531c1dcc98269b95b506e54d1bcea1f86a01ccfde64a4dbf31e769b81dac16df
[INFO] documenting zinnia_runtime-0.15.0 against beta-2023-12-22 for beta-1.76-rustdoc-1
[INFO] extracting crate zinnia_runtime 0.15.0 into /workspace/builds/worker-1-tc2/source
[INFO] validating manifest of crates.io crate zinnia_runtime 0.15.0 on toolchain beta-2023-12-22
[INFO] running `Command { std: CARGO_HOME="/workspace/cargo-home" RUSTUP_HOME="/workspace/rustup-home" "/workspace/cargo-home/bin/cargo" "+beta-2023-12-22" "metadata" "--manifest-path" "Cargo.toml" "--no-deps", kill_on_drop: false }`
[INFO] started tweaking crates.io crate zinnia_runtime 0.15.0
[INFO] finished tweaking crates.io crate zinnia_runtime 0.15.0
[INFO] tweaked toml for crates.io crate zinnia_runtime 0.15.0 written to /workspace/builds/worker-1-tc2/source/Cargo.toml
[INFO] running `Command { std: CARGO_HOME="/workspace/cargo-home" RUSTUP_HOME="/workspace/rustup-home" "/workspace/cargo-home/bin/cargo" "+beta-2023-12-22" "generate-lockfile" "--manifest-path" "Cargo.toml", kill_on_drop: false }`
[INFO] [stderr]     Updating crates.io index
[INFO] running `Command { std: CARGO_HOME="/workspace/cargo-home" RUSTUP_HOME="/workspace/rustup-home" "/workspace/cargo-home/bin/cargo" "+beta-2023-12-22" "fetch" "--manifest-path" "Cargo.toml", kill_on_drop: false }`
[INFO] running `Command { std: "docker" "create" "-v" "/var/lib/crater-agent-workspace/builds/worker-1-tc2/target:/opt/rustwide/target:rw,Z" "-v" "/var/lib/crater-agent-workspace/builds/worker-1-tc2/source:/opt/rustwide/workdir:ro,Z" "-v" "/var/lib/crater-agent-workspace/cargo-home:/opt/rustwide/cargo-home:ro,Z" "-v" "/var/lib/crater-agent-workspace/rustup-home:/opt/rustwide/rustup-home:ro,Z" "-e" "SOURCE_DIR=/opt/rustwide/workdir" "-e" "CARGO_TARGET_DIR=/opt/rustwide/target" "-e" "CARGO_HOME=/opt/rustwide/cargo-home" "-e" "RUSTUP_HOME=/opt/rustwide/rustup-home" "-w" "/opt/rustwide/workdir" "-m" "1610612736" "--user" "0:0" "--network" "none" "ghcr.io/rust-lang/crates-build-env/linux@sha256:2788e3201cd34a07e3172128adcd8b3090168a8e3bcc40d7c032b9dda1df7d1c" "/opt/rustwide/cargo-home/bin/cargo" "+beta-2023-12-22" "metadata" "--no-deps" "--format-version=1", kill_on_drop: false }`
[INFO] [stdout] 173bc227160468d9bbf58beb3c06adee1825773489370337b2ee110f5bb34f2b
[INFO] running `Command { std: "docker" "start" "-a" "173bc227160468d9bbf58beb3c06adee1825773489370337b2ee110f5bb34f2b", kill_on_drop: false }`
[INFO] running `Command { std: "docker" "inspect" "173bc227160468d9bbf58beb3c06adee1825773489370337b2ee110f5bb34f2b", kill_on_drop: false }`
[INFO] running `Command { std: "docker" "rm" "-f" "173bc227160468d9bbf58beb3c06adee1825773489370337b2ee110f5bb34f2b", kill_on_drop: false }`
[INFO] [stdout] 173bc227160468d9bbf58beb3c06adee1825773489370337b2ee110f5bb34f2b
[INFO] running `Command { std: "docker" "create" "-v" "/var/lib/crater-agent-workspace/builds/worker-1-tc2/target:/opt/rustwide/target:rw,Z" "-v" "/var/lib/crater-agent-workspace/builds/worker-1-tc2/source:/opt/rustwide/workdir:ro,Z" "-v" "/var/lib/crater-agent-workspace/cargo-home:/opt/rustwide/cargo-home:ro,Z" "-v" "/var/lib/crater-agent-workspace/rustup-home:/opt/rustwide/rustup-home:ro,Z" "-e" "SOURCE_DIR=/opt/rustwide/workdir" "-e" "CARGO_TARGET_DIR=/opt/rustwide/target" "-e" "CARGO_INCREMENTAL=0" "-e" "RUST_BACKTRACE=full" "-e" "RUSTFLAGS=--cap-lints=warn" "-e" "RUSTDOCFLAGS=--cap-lints=warn" "-e" "CARGO_HOME=/opt/rustwide/cargo-home" "-e" "RUSTUP_HOME=/opt/rustwide/rustup-home" "-w" "/opt/rustwide/workdir" "-m" "1610612736" "--user" "0:0" "--network" "none" "ghcr.io/rust-lang/crates-build-env/linux@sha256:2788e3201cd34a07e3172128adcd8b3090168a8e3bcc40d7c032b9dda1df7d1c" "/opt/rustwide/cargo-home/bin/cargo" "+beta-2023-12-22" "doc" "--frozen" "--no-deps" "--document-private-items" "--message-format=json", kill_on_drop: false }`
[INFO] [stdout] 66bf790e118fa394caa390b070351f6f0fe3bac522e312e811daad62d054e29c
[INFO] running `Command { std: "docker" "start" "-a" "66bf790e118fa394caa390b070351f6f0fe3bac522e312e811daad62d054e29c", kill_on_drop: false }`
[INFO] [stderr]    Compiling generic-array v0.14.7
[INFO] [stderr]    Compiling libc v0.2.151
[INFO] [stderr]     Checking futures-io v0.3.30
[INFO] [stderr]     Checking futures-channel v0.3.30
[INFO] [stderr]    Compiling futures-macro v0.3.30
[INFO] [stderr]     Checking zeroize v1.7.0
[INFO] [stderr]     Checking smallvec v1.11.2
[INFO] [stderr]    Compiling thiserror v1.0.56
[INFO] [stderr]    Compiling parking_lot_core v0.9.9
[INFO] [stderr]    Compiling syn v1.0.109
[INFO] [stderr]     Checking serde v1.0.195
[INFO] [stderr]     Checking const-oid v0.9.6
[INFO] [stderr]    Compiling tokio-macros v2.2.0
[INFO] [stderr]     Checking mio v0.8.10
[INFO] [stderr]     Checking parking_lot v0.12.1
[INFO] [stderr]     Checking rand v0.8.5
[INFO] [stderr]     Checking data-encoding v2.5.0
[INFO] [stderr]     Checking crypto-common v0.1.6
[INFO] [stderr]     Checking block-buffer v0.10.4
[INFO] [stderr]     Checking digest v0.10.7
[INFO] [stderr]    Compiling pin-project-internal v1.1.3
[INFO] [stderr]    Compiling cc v1.0.83
[INFO] [stderr]     Checking signature v2.2.0
[INFO] [stderr]    Compiling platforms v3.3.0
[INFO] [stderr]    Compiling proc-macro-error-attr v1.0.4
[INFO] [stderr]     Checking futures-util v0.3.30
[INFO] [stderr]     Checking tokio v1.35.1
[INFO] [stderr]    Compiling curve25519-dalek v4.1.1
[INFO] [stderr]     Checking sha2 v0.10.8
[INFO] [stderr]    Compiling curve25519-dalek-derive v0.1.1
[INFO] [stderr]    Compiling unicode-xid v0.2.4
[INFO] [stderr]    Compiling synstructure v0.12.6
[INFO] [stderr]     Checking pin-project v1.1.3
[INFO] [stderr]    Compiling proc-macro-error v1.0.4
[INFO] [stderr]     Checking url v2.5.0
[INFO] [stderr]    Compiling anyhow v1.0.79
[INFO] [stderr]    Compiling proc-macro-crate v1.1.3
[INFO] [stderr]    Compiling num-traits v0.2.17
[INFO] [stderr]     Checking static_assertions v1.1.0
[INFO] [stderr]     Checking serde-big-array v0.3.3
[INFO] [stderr]    Compiling ring v0.17.7
[INFO] [stderr]    Compiling ring v0.16.20
[INFO] [stderr]     Checking core2 v0.4.0
[INFO] [stderr]     Checking base-x v0.2.11
[INFO] [stderr]     Checking ed25519 v2.2.3
[INFO] [stderr]     Checking quick-protobuf v0.8.1
[INFO] [stderr]    Compiling rustix v0.38.28
[INFO] [stderr]     Checking ed25519-dalek v2.1.0
[INFO] [stderr]    Compiling linux-raw-sys v0.4.12
[INFO] [stderr]     Checking futures-executor v0.3.30
[INFO] [stderr]     Checking asynchronous-codec v0.6.2
[INFO] [stderr]     Checking futures v0.3.30
[INFO] [stderr]     Checking unsigned-varint v0.7.2
[INFO] [stderr]     Checking asn1_der v0.7.6
[INFO] [stderr]    Compiling data-encoding-macro-internal v0.1.12
[INFO] [stderr]    Compiling multihash-derive v0.8.1
[INFO] [stderr]    Compiling bitflags v2.4.1
[INFO] [stderr]     Checking num-integer v0.1.45
[INFO] [stderr]     Checking multistream-select v0.12.1
[INFO] [stderr]     Checking rw-stream-sink v0.3.0
[INFO] [stderr]     Checking spin v0.9.8
[INFO] [stderr]    Compiling either v1.9.0
[INFO] [stderr]     Checking futures-timer v3.0.2
[INFO] [stderr]     Checking data-encoding-macro v0.1.14
[INFO] [stderr]     Checking multibase v0.9.1
[INFO] [stderr]     Checking void v1.0.2
[INFO] [stderr]    Compiling home v0.5.9
[INFO] [stderr]    Compiling fslock v0.1.8
[INFO] [stderr]     Checking base64ct v1.6.0
[INFO] [stderr]    Compiling serde_json v1.0.111
[INFO] [stderr]    Compiling tracing-attributes v0.1.27
[INFO] [stderr]    Compiling num-bigint v0.4.4
[INFO] [stderr]     Checking pem-rfc7468 v0.7.0
[INFO] [stderr]    Compiling convert_case v0.4.0
[INFO] [stderr]     Checking der v0.7.8
[INFO] [stderr]     Checking multihash v0.17.0
[INFO] [stderr]     Checking multiaddr v0.17.1
[INFO] [stderr]    Compiling proc-macro-rules-macros v0.4.0
[INFO] [stderr]    Compiling derive_more v0.99.17
[INFO] [stderr]    Compiling which v4.4.2
[INFO] [stderr]    Compiling strum_macros v0.25.3
[INFO] [stderr]     Checking uuid v1.6.1
[INFO] [stderr]    Compiling proc-macro-rules v0.4.0
[INFO] [stderr]    Compiling v8 v0.81.0
[INFO] [stderr]     Checking libp2p-identity v0.1.3
[INFO] [stderr]     Checking debugid v0.8.0
[INFO] [stderr]     Checking spki v0.7.3
[INFO] [stderr]    Compiling async-trait v0.1.77
[INFO] [stderr]     Checking libp2p-core v0.39.2
[INFO] [stderr]     Checking tracing v0.1.40
[INFO] [stderr]     Checking unicode-id v0.3.4
[INFO] [stderr]     Checking if_chain v1.0.2
[INFO] [stderr]     Checking pkcs8 v0.10.2
[INFO] [stderr]     Checking sourcemap v7.0.1
[INFO] [stderr]     Checking deno_unsync v0.3.2
[INFO] [stderr]     Checking netlink-packet-utils v0.5.2
[INFO] [stderr]    Compiling libp2p-swarm-derive v0.32.0
[INFO] [stderr]     Checking lazy_static v1.4.0
[INFO] [stderr]     Checking hmac v0.12.1
[INFO] [stderr]     Checking block-padding v0.3.3
[INFO] [stderr]     Checking inout v0.1.3
[INFO] [stderr]     Checking netlink-packet-core v0.4.2
[INFO] [stderr]     Checking ff v0.13.0
[INFO] [stderr]    Compiling ahash v0.8.7
[INFO] [stderr]    Compiling rustls v0.21.10
[INFO] [stderr]     Checking base16ct v0.2.0
[INFO] [stderr]     Checking sec1 v0.7.3
[INFO] [stderr]     Checking group v0.13.0
[INFO] [stderr]     Checking cipher v0.4.4
[INFO] [stderr]     Checking hkdf v0.12.4
[INFO] [stderr]     Checking rustls-webpki v0.101.7
[INFO] [stderr]     Checking sct v0.7.1
[INFO] [stderr]     Checking tokio-util v0.7.10
[INFO] [stderr]     Checking netlink-sys v0.8.5
[INFO] [stderr]     Checking crypto-bigint v0.5.5
[INFO] [stderr]     Checking matches v0.1.10
[INFO] [stderr]    Compiling windows_x86_64_gnu v0.48.5
[INFO] [stderr]    Compiling strum v0.25.0
[INFO] [stderr]    Compiling deno_ops v0.106.0
[INFO] [stderr]     Checking libp2p-swarm v0.42.2
[INFO] [stderr]     Checking match_cfg v0.1.0
[INFO] [stderr]     Checking hostname v0.3.1
[INFO] [stderr]     Checking idna v0.2.3
[INFO] [stderr]     Checking netlink-proto v0.10.0
[INFO] [stderr]     Checking netlink-packet-route v0.12.0
[INFO] [stderr]    Compiling enum-as-inner v0.5.1
[INFO] [stderr]     Checking nix v0.24.3
[INFO] [stderr]    Compiling snow v0.9.4
[INFO] [stderr]     Checking digest v0.9.0
[INFO] [stderr]    Compiling num-iter v0.1.43
[INFO] [stderr]     Checking quick-error v1.2.3
[INFO] [stderr]     Checking elliptic-curve v0.13.8
[INFO] [stderr]     Checking nohash-hasher v0.2.0
[INFO] [stderr]     Checking lru-cache v0.1.2
[INFO] [stderr]     Checking resolv-conf v0.7.0
[INFO] [stderr]     Checking trust-dns-proto v0.22.0
[INFO] [stderr]     Checking curve25519-dalek v3.2.0
[INFO] [stderr]     Checking hashbrown v0.13.2
[INFO] [stderr]     Checking h2 v0.3.22
[INFO] [stderr]     Checking rfc6979 v0.4.0
[INFO] [stderr]     Checking universal-hash v0.5.1
[INFO] [stderr]    Compiling num-bigint-dig v0.8.4
[INFO] [stderr]     Checking x25519-dalek v1.1.1
[INFO] [stderr]     Checking polyval v0.6.1
[INFO] [stderr]     Checking rustls-native-certs v0.6.3
[INFO] [stderr]     Checking regex-automata v0.4.3
[INFO] [stderr]     Checking lru v0.10.1
[INFO] [stderr]     Checking ecdsa v0.16.9
[INFO] [stderr]     Checking rtnetlink v0.10.1
[INFO] [stderr]     Checking tokio-rustls v0.24.1
[INFO] [stderr]     Checking windows-targets v0.48.5
[INFO] [stderr]     Checking if-watch v3.2.0
[INFO] [stderr]     Checking primeorder v0.13.6
[INFO] [stderr]     Checking yamux v0.10.2
[INFO] [stderr]     Checking aes v0.8.3
[INFO] [stderr]     Checking quick-protobuf-codec v0.1.0
[INFO] [stderr]     Checking socket2 v0.4.10
[INFO] [stderr]     Checking vsimd v0.8.0
[INFO] [stderr]     Checking outref v0.5.1
[INFO] [stderr]     Checking webpki-roots v0.25.3
[INFO] [stderr]     Checking trust-dns-resolver v0.22.0
[INFO] [stderr]     Checking libp2p-yamux v0.43.1
[INFO] [stderr]     Checking libp2p-tcp v0.39.0
[INFO] [stderr]     Checking libp2p-identify v0.42.2
[INFO] [stderr]     Checking libp2p-noise v0.42.2
[INFO] [stderr]     Checking base64-simd v0.8.0
[INFO] [stderr]     Checking async-compression v0.4.5
[INFO] [stderr]     Checking windows-sys v0.48.0
[INFO] [stderr]     Checking ghash v0.5.0
[INFO] [stderr]     Checking deno_native_certs v0.2.0
[INFO] [stderr]     Checking libp2p-dns v0.39.0
[INFO] [stderr]     Checking unic-ucd-ident v0.9.0
[INFO] [stderr]     Checking libp2p-mplex v0.39.0
[INFO] [stderr]     Checking libp2p-allow-block-list v0.1.1
[INFO] [stderr]     Checking libp2p-request-response v0.24.1
[INFO] [stderr]     Checking regex v1.10.2
[INFO] [stderr]     Checking libp2p-connection-limits v0.1.0
[INFO] [stderr]     Checking hyper v0.14.28
[INFO] [stderr]     Checking libp2p-ping v0.42.0
[INFO] [stderr]     Checking ctr v0.9.2
[INFO] [stderr]     Checking pkcs1 v0.7.5
[INFO] [stderr]     Checking serde_urlencoded v0.7.1
[INFO] [stderr]     Checking tokio-socks v0.5.1
[INFO] [stderr]    Compiling lassie v0.7.0
[INFO] [stderr]     Checking aead v0.5.2
[INFO] [stderr]    Compiling vte_generate_state_changes v0.1.1
[INFO] [stderr]     Checking utf8parse v0.2.1
[INFO] [stderr]     Checking aes-gcm v0.10.3
[INFO] [stderr]     Checking rsa v0.9.6
[INFO] [stderr]     Checking libp2p v0.51.4
[INFO] [stderr]     Checking urlpattern v0.2.0
[INFO] [stderr]     Checking aes-kw v0.2.1
[INFO] [stderr] error: failed to run custom build command for `lassie v0.7.0`
[INFO] [stderr] note: To improve backtraces for build dependencies, set the CARGO_PROFILE_DEV_BUILD_OVERRIDE_DEBUG=true environment variable to enable debug information generation.
[INFO] [stderr] 
[INFO] [stderr] Caused by:
[INFO] [stderr]   process didn't exit successfully: `/opt/rustwide/target/debug/build/lassie-1420e3069649ba94/build-script-build` (exit status: 101)
[INFO] [stderr]   --- stdout
[INFO] [stderr]   cargo:rerun-if-changed=build.rs
[INFO] [stderr]   cargo:rerun-if-changed=go-lib/go.sum
[INFO] [stderr]   cargo:rerun-if-changed=go-lib/lassie.go
[INFO] [stderr] 
[INFO] [stderr]   --- stderr
[INFO] [stderr]   Building /opt/rustwide/target/debug/build/lassie-7f3d1abcea6b91d4/out/libgolassie.a for x86_64 (GOARCH=amd64)
[INFO] [stderr]   go: downloading github.com/filecoin-project/lassie v0.21.0
[INFO] [stderr]   lassie-ffi.go:45:2: github.com/filecoin-project/lassie@v0.21.0: Get "https://proxy.golang.org/github.com/filecoin-project/lassie/@v/v0.21.0.zip": dial tcp: lookup proxy.golang.org on 169.254.169.254:53: dial udp 169.254.169.254:53: connect: network is unreachable
[INFO] [stderr]   lassie-ffi.go:46:2: github.com/filecoin-project/lassie@v0.21.0: Get "https://proxy.golang.org/github.com/filecoin-project/lassie/@v/v0.21.0.zip": dial tcp: lookup proxy.golang.org on 169.254.169.254:53: dial udp 169.254.169.254:53: connect: network is unreachable
[INFO] [stderr]   thread 'main' panicked at /opt/rustwide/cargo-home/registry/src/index.crates.io-6f17d22bba15001f/lassie-0.7.0/build.rs:64:5:
[INFO] [stderr]   `go build` failed
[INFO] [stderr]   stack backtrace:
[INFO] [stderr]      0:     0x560404b9cfb6 - std::backtrace_rs::backtrace::libunwind::trace::h261606ad26a499c1
[INFO] [stderr]                                  at /rustc/0e09125c6c3c2fd70d7de961bcf0e51575235fad/library/std/src/../../backtrace/src/backtrace/libunwind.rs:104:5
[INFO] [stderr]      1:     0x560404b9cfb6 - std::backtrace_rs::backtrace::trace_unsynchronized::hd183f0625477fb28
[INFO] [stderr]                                  at /rustc/0e09125c6c3c2fd70d7de961bcf0e51575235fad/library/std/src/../../backtrace/src/backtrace/mod.rs:66:5
[INFO] [stderr]      2:     0x560404b9cfb6 - std::sys_common::backtrace::_print_fmt::hd7f8fef21b4eda67
[INFO] [stderr]                                  at /rustc/0e09125c6c3c2fd70d7de961bcf0e51575235fad/library/std/src/sys_common/backtrace.rs:68:5
[INFO] [stderr]      3:     0x560404b9cfb6 - <std::sys_common::backtrace::_print::DisplayBacktrace as core::fmt::Display>::fmt::h623d9b51f2f453f1
[INFO] [stderr]                                  at /rustc/0e09125c6c3c2fd70d7de961bcf0e51575235fad/library/std/src/sys_common/backtrace.rs:44:22
[INFO] [stderr]      4:     0x560404bbf540 - core::fmt::rt::Argument::fmt::h9f417ac76a86f368
[INFO] [stderr]                                  at /rustc/0e09125c6c3c2fd70d7de961bcf0e51575235fad/library/core/src/fmt/rt.rs:142:9
[INFO] [stderr]      5:     0x560404bbf540 - core::fmt::write::hc9b6faf4ac2aeff7
[INFO] [stderr]                                  at /rustc/0e09125c6c3c2fd70d7de961bcf0e51575235fad/library/core/src/fmt/mod.rs:1120:17
[INFO] [stderr]      6:     0x560404b9b20f - std::io::Write::write_fmt::hfead1eee52c2e65e
[INFO] [stderr]                                  at /rustc/0e09125c6c3c2fd70d7de961bcf0e51575235fad/library/std/src/io/mod.rs:1810:15
[INFO] [stderr]      7:     0x560404b9cd94 - std::sys_common::backtrace::_print::hd5d66399c7df88a2
[INFO] [stderr]                                  at /rustc/0e09125c6c3c2fd70d7de961bcf0e51575235fad/library/std/src/sys_common/backtrace.rs:47:5
[INFO] [stderr]      8:     0x560404b9cd94 - std::sys_common::backtrace::print::he81ed2da642d37e5
[INFO] [stderr]                                  at /rustc/0e09125c6c3c2fd70d7de961bcf0e51575235fad/library/std/src/sys_common/backtrace.rs:34:9
[INFO] [stderr]      9:     0x560404b9e487 - std::panicking::default_hook::{{closure}}::h85773f4fa117163d
[INFO] [stderr]     10:     0x560404b9e1e9 - std::panicking::default_hook::h6a1694a91d09b278
[INFO] [stderr]                                  at /rustc/0e09125c6c3c2fd70d7de961bcf0e51575235fad/library/std/src/panicking.rs:292:9
[INFO] [stderr]     11:     0x560404b9e918 - std::panicking::rust_panic_with_hook::h0a7ad96e90f7145b
[INFO] [stderr]                                  at /rustc/0e09125c6c3c2fd70d7de961bcf0e51575235fad/library/std/src/panicking.rs:779:13
[INFO] [stderr]     12:     0x560404b9e7b9 - std::panicking::begin_panic_handler::{{closure}}::h7919090525c6485e
[INFO] [stderr]                                  at /rustc/0e09125c6c3c2fd70d7de961bcf0e51575235fad/library/std/src/panicking.rs:649:13
[INFO] [stderr]     13:     0x560404b9d4b6 - std::sys_common::backtrace::__rust_end_short_backtrace::hf3289479464f7dfe
[INFO] [stderr]                                  at /rustc/0e09125c6c3c2fd70d7de961bcf0e51575235fad/library/std/src/sys_common/backtrace.rs:171:18
[INFO] [stderr]     14:     0x560404b9e550 - rust_begin_unwind
[INFO] [stderr]                                  at /rustc/0e09125c6c3c2fd70d7de961bcf0e51575235fad/library/std/src/panicking.rs:645:5
[INFO] [stderr]     15:     0x560404b771e5 - core::panicking::panic_fmt::hcc9f77c5c132af55
[INFO] [stderr]                                  at /rustc/0e09125c6c3c2fd70d7de961bcf0e51575235fad/library/core/src/panicking.rs:72:14
[INFO] [stderr]     16:     0x560404b7cb2b - build_script_build::build_lassie::hb7520d7cc1aa5e01
[INFO] [stderr]     17:     0x560404b7bf5f - build_script_build::main::h69c3a96b479f5bf1
[INFO] [stderr]     18:     0x560404b7a813 - core::ops::function::FnOnce::call_once::hcb80dae672411832
[INFO] [stderr]     19:     0x560404b77d36 - std::sys_common::backtrace::__rust_begin_short_backtrace::h7bd6a0178eb834f0
[INFO] [stderr]     20:     0x560404b78199 - std::rt::lang_start::{{closure}}::h7ee96eb5de3b922d
[INFO] [stderr]     21:     0x560404b97b21 - core::ops::function::impls::<impl core::ops::function::FnOnce<A> for &F>::call_once::h4eb4c5e1620f29b0
[INFO] [stderr]                                  at /rustc/0e09125c6c3c2fd70d7de961bcf0e51575235fad/library/core/src/ops/function.rs:284:13
[INFO] [stderr]     22:     0x560404b97b21 - std::panicking::try::do_call::h73fd26535faffcdf
[INFO] [stderr]                                  at /rustc/0e09125c6c3c2fd70d7de961bcf0e51575235fad/library/std/src/panicking.rs:552:40
[INFO] [stderr]     23:     0x560404b97b21 - std::panicking::try::h77ff1d98f0fb9f39
[INFO] [stderr]                                  at /rustc/0e09125c6c3c2fd70d7de961bcf0e51575235fad/library/std/src/panicking.rs:516:19
[INFO] [stderr]     24:     0x560404b97b21 - std::panic::catch_unwind::hab3caf2448b95e37
[INFO] [stderr]                                  at /rustc/0e09125c6c3c2fd70d7de961bcf0e51575235fad/library/std/src/panic.rs:142:14
[INFO] [stderr]     25:     0x560404b97b21 - std::rt::lang_start_internal::{{closure}}::h8086711f9c783f78
[INFO] [stderr]                                  at /rustc/0e09125c6c3c2fd70d7de961bcf0e51575235fad/library/std/src/rt.rs:148:48
[INFO] [stderr]     26:     0x560404b97b21 - std::panicking::try::do_call::hf920d4dc291cd6ca
[INFO] [stderr]                                  at /rustc/0e09125c6c3c2fd70d7de961bcf0e51575235fad/library/std/src/panicking.rs:552:40
[INFO] [stderr]     27:     0x560404b97b21 - std::panicking::try::h2b806ccc0a85db74
[INFO] [stderr]                                  at /rustc/0e09125c6c3c2fd70d7de961bcf0e51575235fad/library/std/src/panicking.rs:516:19
[INFO] [stderr]     28:     0x560404b97b21 - std::panic::catch_unwind::h038489539c507df2
[INFO] [stderr]                                  at /rustc/0e09125c6c3c2fd70d7de961bcf0e51575235fad/library/std/src/panic.rs:142:14
[INFO] [stderr]     29:     0x560404b97b21 - std::rt::lang_start_internal::h28503b88912e8a5c
[INFO] [stderr]                                  at /rustc/0e09125c6c3c2fd70d7de961bcf0e51575235fad/library/std/src/rt.rs:148:20
[INFO] [stderr]     30:     0x560404b78177 - std::rt::lang_start::hb1f689b630bed7c3
[INFO] [stderr]     31:     0x560404b7cbf5 - main
[INFO] [stderr]     32:     0x7f5641d55d90 - <unknown>
[INFO] [stderr]     33:     0x7f5641d55e40 - __libc_start_main
[INFO] [stderr]     34:     0x560404b77915 - _start
[INFO] [stderr]     35:                0x0 - <unknown>
[INFO] [stderr] warning: build failed, waiting for other jobs to finish...
[INFO] [stderr] error: failed to run custom build command for `v8 v0.81.0`
[INFO] [stderr] note: To improve backtraces for build dependencies, set the CARGO_PROFILE_DEV_BUILD_OVERRIDE_DEBUG=true environment variable to enable debug information generation.
[INFO] [stderr] 
[INFO] [stderr] Caused by:
[INFO] [stderr]   process didn't exit successfully: `/opt/rustwide/target/debug/build/v8-6a7f76b25a578c72/build-script-build` (exit status: 101)
[INFO] [stderr]   --- stdout
[INFO] [stderr]   cargo:rerun-if-changed=.gn
[INFO] [stderr]   cargo:rerun-if-changed=BUILD.gn
[INFO] [stderr]   cargo:rerun-if-changed=src/binding.cc
[INFO] [stderr]   cargo:rerun-if-env-changed=CCACHE
[INFO] [stderr]   cargo:rerun-if-env-changed=CLANG_BASE_PATH
[INFO] [stderr]   cargo:rerun-if-env-changed=CXXSTDLIB
[INFO] [stderr]   cargo:rerun-if-env-changed=DENO_TRYBUILD
[INFO] [stderr]   cargo:rerun-if-env-changed=DOCS_RS
[INFO] [stderr]   cargo:rerun-if-env-changed=GN
[INFO] [stderr]   cargo:rerun-if-env-changed=GN_ARGS
[INFO] [stderr]   cargo:rerun-if-env-changed=HOST
[INFO] [stderr]   cargo:rerun-if-env-changed=NINJA
[INFO] [stderr]   cargo:rerun-if-env-changed=OUT_DIR
[INFO] [stderr]   cargo:rerun-if-env-changed=RUSTY_V8_ARCHIVE
[INFO] [stderr]   cargo:rerun-if-env-changed=RUSTY_V8_MIRROR
[INFO] [stderr]   cargo:rerun-if-env-changed=SCCACHE
[INFO] [stderr]   cargo:rerun-if-env-changed=V8_FORCE_DEBUG
[INFO] [stderr]   cargo:rerun-if-env-changed=V8_FROM_SOURCE
[INFO] [stderr]   cargo:rerun-if-env-changed=PYTHON
[INFO] [stderr]   cargo:rerun-if-env-changed=DISABLE_CLANG
[INFO] [stderr]   cargo:rerun-if-env-changed=EXTRA_GN_ARGS
[INFO] [stderr]   cargo:rerun-if-env-changed=NO_PRINT_GN_ARGS
[INFO] [stderr]   cargo:rustc-link-lib=static=rusty_v8
[INFO] [stderr]   download lockfile: "/opt/rustwide/target/debug/build/lib_download.fslock"
[INFO] [stderr]   static lib URL: https://github.com/denoland/rusty_v8/releases/download/v0.81.0/librusty_v8_release_x86_64-unknown-linux-gnu.a
[INFO] [stderr]   cargo:rustc-link-search=/opt/rustwide/target/debug/gn_out/obj
[INFO] [stderr]   Downloading https://github.com/denoland/rusty_v8/releases/download/v0.81.0/librusty_v8_release_x86_64-unknown-linux-gnu.a
[INFO] [stderr]   Downloading https://github.com/denoland/rusty_v8/releases/download/v0.81.0/librusty_v8_release_x86_64-unknown-linux-gnu.a...
[INFO] [stderr]   <urlopen error [Errno -3] Temporary failure in name resolution>
[INFO] [stderr]   Retrying in 5 s ...
[INFO] [stderr]   Downloading https://github.com/denoland/rusty_v8/releases/download/v0.81.0/librusty_v8_release_x86_64-unknown-linux-gnu.a...
[INFO] [stderr]   <urlopen error [Errno -3] Temporary failure in name resolution>
[INFO] [stderr]   Retrying in 10 s ...
[INFO] [stderr]   Downloading https://github.com/denoland/rusty_v8/releases/download/v0.81.0/librusty_v8_release_x86_64-unknown-linux-gnu.a...
[INFO] [stderr]   <urlopen error [Errno -3] Temporary failure in name resolution>
[INFO] [stderr]   Retrying in 20 s ...
[INFO] [stderr]   Downloading https://github.com/denoland/rusty_v8/releases/download/v0.81.0/librusty_v8_release_x86_64-unknown-linux-gnu.a...
[INFO] [stderr]   <urlopen error [Errno -3] Temporary failure in name resolution>
[INFO] [stderr]   Python downloader failed, trying with curl.
[INFO] [stderr] 
[INFO] [stderr]   --- stderr
[INFO] [stderr]   Traceback (most recent call last):
[INFO] [stderr]     File "/usr/lib/python3.10/urllib/request.py", line 1348, in do_open
[INFO] [stderr]       h.request(req.get_method(), req.selector, req.data, headers,
[INFO] [stderr]     File "/usr/lib/python3.10/http/client.py", line 1283, in request
[INFO] [stderr]       self._send_request(method, url, body, headers, encode_chunked)
[INFO] [stderr]     File "/usr/lib/python3.10/http/client.py", line 1329, in _send_request
[INFO] [stderr]       self.endheaders(body, encode_chunked=encode_chunked)
[INFO] [stderr]     File "/usr/lib/python3.10/http/client.py", line 1278, in endheaders
[INFO] [stderr]       self._send_output(message_body, encode_chunked=encode_chunked)
[INFO] [stderr]     File "/usr/lib/python3.10/http/client.py", line 1038, in _send_output
[INFO] [stderr]       self.send(msg)
[INFO] [stderr]     File "/usr/lib/python3.10/http/client.py", line 976, in send
[INFO] [stderr]       self.connect()
[INFO] [stderr]     File "/usr/lib/python3.10/http/client.py", line 1448, in connect
[INFO] [stderr]       super().connect()
[INFO] [stderr]     File "/usr/lib/python3.10/http/client.py", line 942, in connect
[INFO] [stderr]       self.sock = self._create_connection(
[INFO] [stderr]     File "/usr/lib/python3.10/socket.py", line 824, in create_connection
[INFO] [stderr]       for res in getaddrinfo(host, port, 0, SOCK_STREAM):
[INFO] [stderr]     File "/usr/lib/python3.10/socket.py", line 955, in getaddrinfo
[INFO] [stderr]       for res in _socket.getaddrinfo(host, port, family, type, proto, flags):
[INFO] [stderr]   socket.gaierror: [Errno -3] Temporary failure in name resolution
[INFO] [stderr] 
[INFO] [stderr]   During handling of the above exception, another exception occurred:
[INFO] [stderr] 
[INFO] [stderr]   Traceback (most recent call last):
[INFO] [stderr]     File "/opt/rustwide/cargo-home/registry/src/index.crates.io-6f17d22bba15001f/v8-0.81.0/./tools/download_file.py", line 64, in <module>
[INFO] [stderr]       sys.exit(main())
[INFO] [stderr]     File "/opt/rustwide/cargo-home/registry/src/index.crates.io-6f17d22bba15001f/v8-0.81.0/./tools/download_file.py", line 59, in main
[INFO] [stderr]       DownloadUrl(args.url, f)
[INFO] [stderr]     File "/opt/rustwide/cargo-home/registry/src/index.crates.io-6f17d22bba15001f/v8-0.81.0/./tools/download_file.py", line 45, in DownloadUrl
[INFO] [stderr]       raise e
[INFO] [stderr]     File "/opt/rustwide/cargo-home/registry/src/index.crates.io-6f17d22bba15001f/v8-0.81.0/./tools/download_file.py", line 29, in DownloadUrl
[INFO] [stderr]       response = urlopen(url)
[INFO] [stderr]     File "/usr/lib/python3.10/urllib/request.py", line 216, in urlopen
[INFO] [stderr]       return opener.open(url, data, timeout)
[INFO] [stderr]     File "/usr/lib/python3.10/urllib/request.py", line 519, in open
[INFO] [stderr]       response = self._open(req, data)
[INFO] [stderr]     File "/usr/lib/python3.10/urllib/request.py", line 536, in _open
[INFO] [stderr]       result = self._call_chain(self.handle_open, protocol, protocol +
[INFO] [stderr]     File "/usr/lib/python3.10/urllib/request.py", line 496, in _call_chain
[INFO] [stderr]       result = func(*args)
[INFO] [stderr]     File "/usr/lib/python3.10/urllib/request.py", line 1391, in https_open
[INFO] [stderr]       return self.do_open(http.client.HTTPSConnection, req,
[INFO] [stderr]     File "/usr/lib/python3.10/urllib/request.py", line 1351, in do_open
[INFO] [stderr]       raise URLError(err)
[INFO] [stderr]   urllib.error.URLError: <urlopen error [Errno -3] Temporary failure in name resolution>
[INFO] [stderr]   thread 'main' panicked at /opt/rustwide/cargo-home/registry/src/index.crates.io-6f17d22bba15001f/v8-0.81.0/build.rs:431:3:
[INFO] [stderr]   assertion failed: status.success()
[INFO] [stderr]   stack backtrace:
[INFO] [stderr]      0:     0x55fb9de1c026 - std::backtrace_rs::backtrace::libunwind::trace::h261606ad26a499c1
[INFO] [stderr]                                  at /rustc/0e09125c6c3c2fd70d7de961bcf0e51575235fad/library/std/src/../../backtrace/src/backtrace/libunwind.rs:104:5
[INFO] [stderr]      1:     0x55fb9de1c026 - std::backtrace_rs::backtrace::trace_unsynchronized::hd183f0625477fb28
[INFO] [stderr]                                  at /rustc/0e09125c6c3c2fd70d7de961bcf0e51575235fad/library/std/src/../../backtrace/src/backtrace/mod.rs:66:5
[INFO] [stderr]      2:     0x55fb9de1c026 - std::sys_common::backtrace::_print_fmt::hd7f8fef21b4eda67
[INFO] [stderr]                                  at /rustc/0e09125c6c3c2fd70d7de961bcf0e51575235fad/library/std/src/sys_common/backtrace.rs:68:5
[INFO] [stderr]      3:     0x55fb9de1c026 - <std::sys_common::backtrace::_print::DisplayBacktrace as core::fmt::Display>::fmt::h623d9b51f2f453f1
[INFO] [stderr]                                  at /rustc/0e09125c6c3c2fd70d7de961bcf0e51575235fad/library/std/src/sys_common/backtrace.rs:44:22
[INFO] [stderr]      4:     0x55fb9de3f960 - core::fmt::rt::Argument::fmt::h9f417ac76a86f368
[INFO] [stderr]                                  at /rustc/0e09125c6c3c2fd70d7de961bcf0e51575235fad/library/core/src/fmt/rt.rs:142:9
[INFO] [stderr]      5:     0x55fb9de3f960 - core::fmt::write::hc9b6faf4ac2aeff7
[INFO] [stderr]                                  at /rustc/0e09125c6c3c2fd70d7de961bcf0e51575235fad/library/core/src/fmt/mod.rs:1120:17
[INFO] [stderr]      6:     0x55fb9de19aef - std::io::Write::write_fmt::hfead1eee52c2e65e
[INFO] [stderr]                                  at /rustc/0e09125c6c3c2fd70d7de961bcf0e51575235fad/library/std/src/io/mod.rs:1810:15
[INFO] [stderr]      7:     0x55fb9de1be04 - std::sys_common::backtrace::_print::hd5d66399c7df88a2
[INFO] [stderr]                                  at /rustc/0e09125c6c3c2fd70d7de961bcf0e51575235fad/library/std/src/sys_common/backtrace.rs:47:5
[INFO] [stderr]      8:     0x55fb9de1be04 - std::sys_common::backtrace::print::he81ed2da642d37e5
[INFO] [stderr]                                  at /rustc/0e09125c6c3c2fd70d7de961bcf0e51575235fad/library/std/src/sys_common/backtrace.rs:34:9
[INFO] [stderr]      9:     0x55fb9de1d4f7 - std::panicking::default_hook::{{closure}}::h85773f4fa117163d
[INFO] [stderr]     10:     0x55fb9de1d259 - std::panicking::default_hook::h6a1694a91d09b278
[INFO] [stderr]                                  at /rustc/0e09125c6c3c2fd70d7de961bcf0e51575235fad/library/std/src/panicking.rs:292:9
[INFO] [stderr]     11:     0x55fb9de1d988 - std::panicking::rust_panic_with_hook::h0a7ad96e90f7145b
[INFO] [stderr]                                  at /rustc/0e09125c6c3c2fd70d7de961bcf0e51575235fad/library/std/src/panicking.rs:779:13
[INFO] [stderr]     12:     0x55fb9de1d829 - std::panicking::begin_panic_handler::{{closure}}::h7919090525c6485e
[INFO] [stderr]                                  at /rustc/0e09125c6c3c2fd70d7de961bcf0e51575235fad/library/std/src/panicking.rs:649:13
[INFO] [stderr]     13:     0x55fb9de1c526 - std::sys_common::backtrace::__rust_end_short_backtrace::hf3289479464f7dfe
[INFO] [stderr]                                  at /rustc/0e09125c6c3c2fd70d7de961bcf0e51575235fad/library/std/src/sys_common/backtrace.rs:171:18
[INFO] [stderr]     14:     0x55fb9de1d5c0 - rust_begin_unwind
[INFO] [stderr]                                  at /rustc/0e09125c6c3c2fd70d7de961bcf0e51575235fad/library/std/src/panicking.rs:645:5
[INFO] [stderr]     15:     0x55fb9ddcb915 - core::panicking::panic_fmt::hcc9f77c5c132af55
[INFO] [stderr]                                  at /rustc/0e09125c6c3c2fd70d7de961bcf0e51575235fad/library/core/src/panicking.rs:72:14
[INFO] [stderr]     16:     0x55fb9ddcb9d3 - core::panicking::panic::h5a1259c1164bd480
[INFO] [stderr]                                  at /rustc/0e09125c6c3c2fd70d7de961bcf0e51575235fad/library/core/src/panicking.rs:144:5
[INFO] [stderr]     17:     0x55fb9ddd6984 - build_script_build::download_file::h91339eae39002c28
[INFO] [stderr]     18:     0x55fb9ddd70f7 - build_script_build::download_static_lib_binaries::he0da89d50961ebcc
[INFO] [stderr]     19:     0x55fb9ddd26cb - build_script_build::main::h9c06963aa7029b0f
[INFO] [stderr]     20:     0x55fb9ddd0543 - core::ops::function::FnOnce::call_once::h7c865a55468010cd
[INFO] [stderr]     21:     0x55fb9ddeb906 - std::sys_common::backtrace::__rust_begin_short_backtrace::h271cd026370c5371
[INFO] [stderr]     22:     0x55fb9ddddcf9 - std::rt::lang_start::{{closure}}::h1cede9558b006a0d
[INFO] [stderr]     23:     0x55fb9de14af1 - core::ops::function::impls::<impl core::ops::function::FnOnce<A> for &F>::call_once::h4eb4c5e1620f29b0
[INFO] [stderr]                                  at /rustc/0e09125c6c3c2fd70d7de961bcf0e51575235fad/library/core/src/ops/function.rs:284:13
[INFO] [stderr]     24:     0x55fb9de14af1 - std::panicking::try::do_call::h73fd26535faffcdf
[INFO] [stderr]                                  at /rustc/0e09125c6c3c2fd70d7de961bcf0e51575235fad/library/std/src/panicking.rs:552:40
[INFO] [stderr]     25:     0x55fb9de14af1 - std::panicking::try::h77ff1d98f0fb9f39
[INFO] [stderr]                                  at /rustc/0e09125c6c3c2fd70d7de961bcf0e51575235fad/library/std/src/panicking.rs:516:19
[INFO] [stderr]     26:     0x55fb9de14af1 - std::panic::catch_unwind::hab3caf2448b95e37
[INFO] [stderr]                                  at /rustc/0e09125c6c3c2fd70d7de961bcf0e51575235fad/library/std/src/panic.rs:142:14
[INFO] [stderr]     27:     0x55fb9de14af1 - std::rt::lang_start_internal::{{closure}}::h8086711f9c783f78
[INFO] [stderr]                                  at /rustc/0e09125c6c3c2fd70d7de961bcf0e51575235fad/library/std/src/rt.rs:148:48
[INFO] [stderr]     28:     0x55fb9de14af1 - std::panicking::try::do_call::hf920d4dc291cd6ca
[INFO] [stderr]                                  at /rustc/0e09125c6c3c2fd70d7de961bcf0e51575235fad/library/std/src/panicking.rs:552:40
[INFO] [stderr]     29:     0x55fb9de14af1 - std::panicking::try::h2b806ccc0a85db74
[INFO] [stderr]                                  at /rustc/0e09125c6c3c2fd70d7de961bcf0e51575235fad/library/std/src/panicking.rs:516:19
[INFO] [stderr]     30:     0x55fb9de14af1 - std::panic::catch_unwind::h038489539c507df2
[INFO] [stderr]                                  at /rustc/0e09125c6c3c2fd70d7de961bcf0e51575235fad/library/std/src/panic.rs:142:14
[INFO] [stderr]     31:     0x55fb9de14af1 - std::rt::lang_start_internal::h28503b88912e8a5c
[INFO] [stderr]                                  at /rustc/0e09125c6c3c2fd70d7de961bcf0e51575235fad/library/std/src/rt.rs:148:20
[INFO] [stderr]     32:     0x55fb9ddddcd7 - std::rt::lang_start::hc8854bb2f53acd50
[INFO] [stderr]     33:     0x55fb9dddb235 - main
[INFO] [stderr]     34:     0x7fe914de6d90 - <unknown>
[INFO] [stderr]     35:     0x7fe914de6e40 - __libc_start_main
[INFO] [stderr]     36:     0x55fb9ddcc135 - _start
[INFO] [stderr]     37:                0x0 - <unknown>
[INFO] running `Command { std: "docker" "inspect" "66bf790e118fa394caa390b070351f6f0fe3bac522e312e811daad62d054e29c", kill_on_drop: false }`
[INFO] running `Command { std: "docker" "rm" "-f" "66bf790e118fa394caa390b070351f6f0fe3bac522e312e811daad62d054e29c", kill_on_drop: false }`
[INFO] [stdout] 66bf790e118fa394caa390b070351f6f0fe3bac522e312e811daad62d054e29c
