[INFO] fetching crate yttrium 1.0.0...
[INFO] documenting yttrium-1.0.0 against 1.75.0 for beta-1.76-rustdoc-1
[INFO] extracting crate yttrium 1.0.0 into /workspace/builds/worker-3-tc1/source
[INFO] validating manifest of crates.io crate yttrium 1.0.0 on toolchain 1.75.0
[INFO] running `Command { std: CARGO_HOME="/workspace/cargo-home" RUSTUP_HOME="/workspace/rustup-home" "/workspace/cargo-home/bin/cargo" "+1.75.0" "metadata" "--manifest-path" "Cargo.toml" "--no-deps", kill_on_drop: false }`
[INFO] started tweaking crates.io crate yttrium 1.0.0
[INFO] finished tweaking crates.io crate yttrium 1.0.0
[INFO] tweaked toml for crates.io crate yttrium 1.0.0 written to /workspace/builds/worker-3-tc1/source/Cargo.toml
[INFO] running `Command { std: CARGO_HOME="/workspace/cargo-home" RUSTUP_HOME="/workspace/rustup-home" "/workspace/cargo-home/bin/cargo" "+1.75.0" "generate-lockfile" "--manifest-path" "Cargo.toml", kill_on_drop: false }`
[INFO] [stderr]     Updating crates.io index
[INFO] running `Command { std: CARGO_HOME="/workspace/cargo-home" RUSTUP_HOME="/workspace/rustup-home" "/workspace/cargo-home/bin/cargo" "+1.75.0" "fetch" "--manifest-path" "Cargo.toml", kill_on_drop: false }`
[INFO] [stderr]  Downloading crates ...
[INFO] [stderr]   Downloaded async-tungstenite v0.11.0
[INFO] [stderr]   Downloaded command_attr v0.3.8
[INFO] [stderr]   Downloaded serenity v0.10.10
[INFO] [stderr]   Downloaded yttrium_key_base v1.0.0
[INFO] [stderr]   Downloaded yttrium_std_math v1.0.0
[INFO] running `Command { std: "docker" "create" "-v" "/var/lib/crater-agent-workspace/builds/worker-3-tc1/target:/opt/rustwide/target:rw,Z" "-v" "/var/lib/crater-agent-workspace/builds/worker-3-tc1/source:/opt/rustwide/workdir:ro,Z" "-v" "/var/lib/crater-agent-workspace/cargo-home:/opt/rustwide/cargo-home:ro,Z" "-v" "/var/lib/crater-agent-workspace/rustup-home:/opt/rustwide/rustup-home:ro,Z" "-e" "SOURCE_DIR=/opt/rustwide/workdir" "-e" "CARGO_TARGET_DIR=/opt/rustwide/target" "-e" "CARGO_HOME=/opt/rustwide/cargo-home" "-e" "RUSTUP_HOME=/opt/rustwide/rustup-home" "-w" "/opt/rustwide/workdir" "-m" "1610612736" "--user" "0:0" "--network" "none" "ghcr.io/rust-lang/crates-build-env/linux@sha256:2788e3201cd34a07e3172128adcd8b3090168a8e3bcc40d7c032b9dda1df7d1c" "/opt/rustwide/cargo-home/bin/cargo" "+1.75.0" "metadata" "--no-deps" "--format-version=1", kill_on_drop: false }`
[INFO] [stdout] 4e1b042a2b810780cb2882af2f598840d247c27a201c70e8dd17b55840c587eb
[INFO] running `Command { std: "docker" "start" "-a" "4e1b042a2b810780cb2882af2f598840d247c27a201c70e8dd17b55840c587eb", kill_on_drop: false }`
[INFO] running `Command { std: "docker" "inspect" "4e1b042a2b810780cb2882af2f598840d247c27a201c70e8dd17b55840c587eb", kill_on_drop: false }`
[INFO] running `Command { std: "docker" "rm" "-f" "4e1b042a2b810780cb2882af2f598840d247c27a201c70e8dd17b55840c587eb", kill_on_drop: false }`
[INFO] [stdout] 4e1b042a2b810780cb2882af2f598840d247c27a201c70e8dd17b55840c587eb
[INFO] running `Command { std: "docker" "create" "-v" "/var/lib/crater-agent-workspace/builds/worker-3-tc1/target:/opt/rustwide/target:rw,Z" "-v" "/var/lib/crater-agent-workspace/builds/worker-3-tc1/source:/opt/rustwide/workdir:ro,Z" "-v" "/var/lib/crater-agent-workspace/cargo-home:/opt/rustwide/cargo-home:ro,Z" "-v" "/var/lib/crater-agent-workspace/rustup-home:/opt/rustwide/rustup-home:ro,Z" "-e" "SOURCE_DIR=/opt/rustwide/workdir" "-e" "CARGO_TARGET_DIR=/opt/rustwide/target" "-e" "CARGO_INCREMENTAL=0" "-e" "RUST_BACKTRACE=full" "-e" "RUSTFLAGS=--cap-lints=warn" "-e" "RUSTDOCFLAGS=--cap-lints=warn" "-e" "CARGO_HOME=/opt/rustwide/cargo-home" "-e" "RUSTUP_HOME=/opt/rustwide/rustup-home" "-w" "/opt/rustwide/workdir" "-m" "1610612736" "--user" "0:0" "--network" "none" "ghcr.io/rust-lang/crates-build-env/linux@sha256:2788e3201cd34a07e3172128adcd8b3090168a8e3bcc40d7c032b9dda1df7d1c" "/opt/rustwide/cargo-home/bin/cargo" "+1.75.0" "doc" "--frozen" "--no-deps" "--document-private-items" "--message-format=json", kill_on_drop: false }`
[INFO] [stdout] 7f12d83d1bd138f5d6e664ee31e7656487a7399131b892acb1ecfb7894d4b4eb
[INFO] running `Command { std: "docker" "start" "-a" "7f12d83d1bd138f5d6e664ee31e7656487a7399131b892acb1ecfb7894d4b4eb", kill_on_drop: false }`
[INFO] [stderr]    Compiling proc-macro2 v1.0.76
[INFO] [stderr]     Checking spin v0.9.8
[INFO] [stderr]     Checking untrusted v0.9.0
[INFO] [stderr]    Compiling unicase v2.7.0
[INFO] [stderr]    Compiling generic-array v0.14.7
[INFO] [stderr]    Compiling ring v0.17.7
[INFO] [stderr]    Compiling ring v0.16.20
[INFO] [stderr]     Checking getrandom v0.1.16
[INFO] [stderr]    Compiling rustls v0.21.10
[INFO] [stderr]     Checking unicode-bidi v0.3.14
[INFO] [stderr]     Checking try-lock v0.2.5
[INFO] [stderr]    Compiling link-cplusplus v1.0.9
[INFO] [stderr]     Checking http-body v0.4.6
[INFO] [stderr]     Checking httpdate v1.0.3
[INFO] [stderr]    Compiling scratch v1.0.7
[INFO] [stderr]     Checking bytes v0.5.6
[INFO] [stderr]    Compiling syn v1.0.109
[INFO] [stderr]     Checking want v0.3.1
[INFO] [stderr]     Checking base64 v0.12.3
[INFO] [stderr]     Checking base64 v0.21.5
[INFO] [stderr]     Checking rand_core v0.5.1
[INFO] [stderr]    Compiling cxxbridge-flags v1.0.115
[INFO] [stderr]    Compiling async-trait v0.1.77
[INFO] [stderr]    Compiling cxx v1.0.115
[INFO] [stderr]    Compiling codespan-reporting v0.11.1
[INFO] [stderr]    Compiling mime_guess v2.0.4
[INFO] [stderr]     Checking idna v0.5.0
[INFO] [stderr]     Checking webpki-roots v0.25.3
[INFO] [stderr]     Checking rand_chacha v0.2.2
[INFO] [stderr]    Compiling serenity v0.10.10
[INFO] [stderr]     Checking rustls-pemfile v1.0.4
[INFO] [stderr]     Checking input_buffer v0.3.1
[INFO] [stderr]     Checking iana-time-zone v0.1.59
[INFO] [stderr]     Checking typemap_rev v0.1.5
[INFO] [stderr]     Checking uwl v0.6.0
[INFO] [stderr]     Checking rand v0.7.3
[INFO] [stderr]     Checking glob v0.3.1
[INFO] [stderr]     Checking block-buffer v0.9.0
[INFO] [stderr]     Checking digest v0.9.0
[INFO] [stderr]     Checking sha-1 v0.9.8
[INFO] [stderr]    Compiling quote v1.0.35
[INFO] [stderr]     Checking url v2.5.0
[INFO] [stderr]    Compiling syn v2.0.48
[INFO] [stderr]     Checking tungstenite v0.11.1
[INFO] [stderr]     Checking webpki v0.21.4
[INFO] [stderr]     Checking sct v0.6.1
[INFO] [stderr]     Checking rustls v0.19.1
[INFO] [stderr]     Checking webpki-roots v0.20.0
[INFO] [stderr]     Checking rustls-webpki v0.101.7
[INFO] [stderr]     Checking sct v0.7.1
[INFO] [stderr]    Compiling cxx-build v1.0.115
[INFO] [stderr]    Compiling command_attr v0.3.8
[INFO] [stderr]    Compiling tokio-macros v2.2.0
[INFO] [stderr]    Compiling futures-macro v0.3.30
[INFO] [stderr]    Compiling tracing-attributes v0.1.27
[INFO] [stderr]    Compiling serde_derive v1.0.195
[INFO] [stderr]    Compiling pin-project-internal v1.1.3
[INFO] [stderr]    Compiling cxxbridge-macro v1.0.115
[INFO] [stderr]     Checking tokio v1.35.1
[INFO] [stderr]     Checking futures-util v0.3.30
[INFO] [stderr]     Checking pin-project v1.1.3
[INFO] [stderr]     Checking tracing v0.1.40
[INFO] [stderr]    Compiling yttrium_std_math v1.0.0
[INFO] [stderr]     Checking serde v1.0.195
[INFO] [stderr]     Checking futures v0.3.30
[INFO] [stderr]     Checking tokio-util v0.7.10
[INFO] [stderr]     Checking tokio-rustls v0.24.1
[INFO] [stderr]     Checking tokio-rustls v0.22.0
[INFO] [stderr]     Checking async-tungstenite v0.11.0
[INFO] [stderr]     Checking h2 v0.3.22
[INFO] [stderr] The following warnings were emitted during compilation:
[INFO] [stderr] 
[INFO] [stderr] warning: yttrium_std_math@1.0.0: cpp/qalc.cpp:2:10: fatal error: 'libqalculate/Calculator.h' file not found
[INFO] [stderr] warning: yttrium_std_math@1.0.0: #include <libqalculate/Calculator.h>
[INFO] [stderr] warning: yttrium_std_math@1.0.0:          ^~~~~~~~~~~~~~~~~~~~~~~~~~~
[INFO] [stderr] warning: yttrium_std_math@1.0.0: 1 error generated.
[INFO] [stderr] 
[INFO] [stderr] error: failed to run custom build command for `yttrium_std_math v1.0.0`
[INFO] [stderr] note: To improve backtraces for build dependencies, set the CARGO_PROFILE_DEV_BUILD_OVERRIDE_DEBUG=true environment variable to enable debug information generation.
[INFO] [stderr] 
[INFO] [stderr] Caused by:
[INFO] [stderr]   process didn't exit successfully: `/opt/rustwide/target/debug/build/yttrium_std_math-9878057b530cfff5/build-script-build` (exit status: 1)
[INFO] [stderr]   --- stdout
[INFO] [stderr]   cargo:rustc-link-lib=qalculate
[INFO] [stderr]   cargo:CXXBRIDGE_PREFIX=yttrium_std_math
[INFO] [stderr]   cargo:CXXBRIDGE_DIR0=/opt/rustwide/target/debug/build/yttrium_std_math-04e974abc5fbf102/out/cxxbridge/include
[INFO] [stderr]   cargo:CXXBRIDGE_DIR1=/opt/rustwide/target/debug/build/yttrium_std_math-04e974abc5fbf102/out/cxxbridge/crate
[INFO] [stderr]   TARGET = Some("x86_64-unknown-linux-gnu")
[INFO] [stderr]   OPT_LEVEL = Some("0")
[INFO] [stderr]   cargo:rerun-if-env-changed=CRATE_CC_NO_DEFAULTS
[INFO] [stderr]   CRATE_CC_NO_DEFAULTS = None
[INFO] [stderr]   DEBUG = Some("true")
[INFO] [stderr]   HOST = Some("x86_64-unknown-linux-gnu")
[INFO] [stderr]   cargo:rerun-if-env-changed=CXXFLAGS_x86_64-unknown-linux-gnu
[INFO] [stderr]   CXXFLAGS_x86_64-unknown-linux-gnu = None
[INFO] [stderr]   cargo:rerun-if-env-changed=CXXFLAGS_x86_64_unknown_linux_gnu
[INFO] [stderr]   CXXFLAGS_x86_64_unknown_linux_gnu = None
[INFO] [stderr]   cargo:rerun-if-env-changed=HOST_CXXFLAGS
[INFO] [stderr]   HOST_CXXFLAGS = None
[INFO] [stderr]   cargo:rerun-if-env-changed=CXXFLAGS
[INFO] [stderr]   CXXFLAGS = None
[INFO] [stderr]   cargo:rerun-if-env-changed=CRATE_CC_NO_DEFAULTS
[INFO] [stderr]   CRATE_CC_NO_DEFAULTS = None
[INFO] [stderr]   cargo:rerun-if-env-changed=CXXFLAGS_x86_64-unknown-linux-gnu
[INFO] [stderr]   CXXFLAGS_x86_64-unknown-linux-gnu = None
[INFO] [stderr]   cargo:rerun-if-env-changed=CXXFLAGS_x86_64_unknown_linux_gnu
[INFO] [stderr]   CXXFLAGS_x86_64_unknown_linux_gnu = None
[INFO] [stderr]   cargo:rerun-if-env-changed=HOST_CXXFLAGS
[INFO] [stderr]   HOST_CXXFLAGS = None
[INFO] [stderr]   cargo:rerun-if-env-changed=CXXFLAGS
[INFO] [stderr]   CXXFLAGS = None
[INFO] [stderr]   running: "clang++" "-O0" "-ffunction-sections" "-fdata-sections" "-fPIC" "-gdwarf-4" "-fno-omit-frame-pointer" "--target=x86_64-unknown-linux-gnu" "-I" "/opt/rustwide/target/debug/build/yttrium_std_math-04e974abc5fbf102/out/cxxbridge/include" "-I" "/opt/rustwide/target/debug/build/yttrium_std_math-04e974abc5fbf102/out/cxxbridge/crate" "-Wall" "-Wextra" "-std=c++14" "-o" "/opt/rustwide/target/debug/build/yttrium_std_math-04e974abc5fbf102/out/7ac9b0bbef711224-lib.rs.o" "-c" "/opt/rustwide/target/debug/build/yttrium_std_math-04e974abc5fbf102/out/cxxbridge/sources/yttrium_std_math/src/lib.rs.cc"
[INFO] [stderr]   exit status: 0
[INFO] [stderr]   running: "clang++" "-O0" "-ffunction-sections" "-fdata-sections" "-fPIC" "-gdwarf-4" "-fno-omit-frame-pointer" "--target=x86_64-unknown-linux-gnu" "-I" "/opt/rustwide/target/debug/build/yttrium_std_math-04e974abc5fbf102/out/cxxbridge/include" "-I" "/opt/rustwide/target/debug/build/yttrium_std_math-04e974abc5fbf102/out/cxxbridge/crate" "-Wall" "-Wextra" "-std=c++14" "-o" "/opt/rustwide/target/debug/build/yttrium_std_math-04e974abc5fbf102/out/cpp/qalc.o" "-c" "cpp/qalc.cpp"
[INFO] [stderr]   cargo:warning=cpp/qalc.cpp:2:10: fatal error: 'libqalculate/Calculator.h' file not found
[INFO] [stderr] 
[INFO] [stderr]   cargo:warning=#include <libqalculate/Calculator.h>
[INFO] [stderr] 
[INFO] [stderr]   cargo:warning=         ^~~~~~~~~~~~~~~~~~~~~~~~~~~
[INFO] [stderr] 
[INFO] [stderr]   cargo:warning=1 error generated.
[INFO] [stderr] 
[INFO] [stderr]   exit status: 1
[INFO] [stderr] 
[INFO] [stderr]   --- stderr
[INFO] [stderr] 
[INFO] [stderr]   CXX include path:
[INFO] [stderr]     /opt/rustwide/target/debug/build/yttrium_std_math-04e974abc5fbf102/out/cxxbridge/include
[INFO] [stderr]     /opt/rustwide/target/debug/build/yttrium_std_math-04e974abc5fbf102/out/cxxbridge/crate
[INFO] [stderr] 
[INFO] [stderr] 
[INFO] [stderr]   error occurred: Command "clang++" "-O0" "-ffunction-sections" "-fdata-sections" "-fPIC" "-gdwarf-4" "-fno-omit-frame-pointer" "--target=x86_64-unknown-linux-gnu" "-I" "/opt/rustwide/target/debug/build/yttrium_std_math-04e974abc5fbf102/out/cxxbridge/include" "-I" "/opt/rustwide/target/debug/build/yttrium_std_math-04e974abc5fbf102/out/cxxbridge/crate" "-Wall" "-Wextra" "-std=c++14" "-o" "/opt/rustwide/target/debug/build/yttrium_std_math-04e974abc5fbf102/out/cpp/qalc.o" "-c" "cpp/qalc.cpp" with args "clang++" did not execute successfully (status code exit status: 1).
[INFO] [stderr] 
[INFO] [stderr] 
[INFO] [stderr] warning: build failed, waiting for other jobs to finish...
[INFO] running `Command { std: "docker" "inspect" "7f12d83d1bd138f5d6e664ee31e7656487a7399131b892acb1ecfb7894d4b4eb", kill_on_drop: false }`
[INFO] running `Command { std: "docker" "rm" "-f" "7f12d83d1bd138f5d6e664ee31e7656487a7399131b892acb1ecfb7894d4b4eb", kill_on_drop: false }`
[INFO] [stdout] 7f12d83d1bd138f5d6e664ee31e7656487a7399131b892acb1ecfb7894d4b4eb
[INFO] documenting yttrium-1.0.0 against beta-2023-12-22 for beta-1.76-rustdoc-1
[INFO] extracting crate yttrium 1.0.0 into /workspace/builds/worker-3-tc2/source
[INFO] validating manifest of crates.io crate yttrium 1.0.0 on toolchain beta-2023-12-22
[INFO] running `Command { std: CARGO_HOME="/workspace/cargo-home" RUSTUP_HOME="/workspace/rustup-home" "/workspace/cargo-home/bin/cargo" "+beta-2023-12-22" "metadata" "--manifest-path" "Cargo.toml" "--no-deps", kill_on_drop: false }`
[INFO] started tweaking crates.io crate yttrium 1.0.0
[INFO] finished tweaking crates.io crate yttrium 1.0.0
[INFO] tweaked toml for crates.io crate yttrium 1.0.0 written to /workspace/builds/worker-3-tc2/source/Cargo.toml
[INFO] running `Command { std: CARGO_HOME="/workspace/cargo-home" RUSTUP_HOME="/workspace/rustup-home" "/workspace/cargo-home/bin/cargo" "+beta-2023-12-22" "generate-lockfile" "--manifest-path" "Cargo.toml", kill_on_drop: false }`
[INFO] [stderr]     Updating crates.io index
[INFO] running `Command { std: CARGO_HOME="/workspace/cargo-home" RUSTUP_HOME="/workspace/rustup-home" "/workspace/cargo-home/bin/cargo" "+beta-2023-12-22" "fetch" "--manifest-path" "Cargo.toml", kill_on_drop: false }`
[INFO] [stderr]     Blocking waiting for file lock on package cache
[INFO] running `Command { std: "docker" "create" "-v" "/var/lib/crater-agent-workspace/builds/worker-3-tc2/target:/opt/rustwide/target:rw,Z" "-v" "/var/lib/crater-agent-workspace/builds/worker-3-tc2/source:/opt/rustwide/workdir:ro,Z" "-v" "/var/lib/crater-agent-workspace/cargo-home:/opt/rustwide/cargo-home:ro,Z" "-v" "/var/lib/crater-agent-workspace/rustup-home:/opt/rustwide/rustup-home:ro,Z" "-e" "SOURCE_DIR=/opt/rustwide/workdir" "-e" "CARGO_TARGET_DIR=/opt/rustwide/target" "-e" "CARGO_HOME=/opt/rustwide/cargo-home" "-e" "RUSTUP_HOME=/opt/rustwide/rustup-home" "-w" "/opt/rustwide/workdir" "-m" "1610612736" "--user" "0:0" "--network" "none" "ghcr.io/rust-lang/crates-build-env/linux@sha256:2788e3201cd34a07e3172128adcd8b3090168a8e3bcc40d7c032b9dda1df7d1c" "/opt/rustwide/cargo-home/bin/cargo" "+beta-2023-12-22" "metadata" "--no-deps" "--format-version=1", kill_on_drop: false }`
[INFO] [stdout] ab740131af856ef24262aaf12d196585388eed75427486d2461780a2b8857ec9
[INFO] running `Command { std: "docker" "start" "-a" "ab740131af856ef24262aaf12d196585388eed75427486d2461780a2b8857ec9", kill_on_drop: false }`
[INFO] running `Command { std: "docker" "inspect" "ab740131af856ef24262aaf12d196585388eed75427486d2461780a2b8857ec9", kill_on_drop: false }`
[INFO] running `Command { std: "docker" "rm" "-f" "ab740131af856ef24262aaf12d196585388eed75427486d2461780a2b8857ec9", kill_on_drop: false }`
[INFO] [stdout] ab740131af856ef24262aaf12d196585388eed75427486d2461780a2b8857ec9
[INFO] running `Command { std: "docker" "create" "-v" "/var/lib/crater-agent-workspace/builds/worker-3-tc2/target:/opt/rustwide/target:rw,Z" "-v" "/var/lib/crater-agent-workspace/builds/worker-3-tc2/source:/opt/rustwide/workdir:ro,Z" "-v" "/var/lib/crater-agent-workspace/cargo-home:/opt/rustwide/cargo-home:ro,Z" "-v" "/var/lib/crater-agent-workspace/rustup-home:/opt/rustwide/rustup-home:ro,Z" "-e" "SOURCE_DIR=/opt/rustwide/workdir" "-e" "CARGO_TARGET_DIR=/opt/rustwide/target" "-e" "CARGO_INCREMENTAL=0" "-e" "RUST_BACKTRACE=full" "-e" "RUSTFLAGS=--cap-lints=warn" "-e" "RUSTDOCFLAGS=--cap-lints=warn" "-e" "CARGO_HOME=/opt/rustwide/cargo-home" "-e" "RUSTUP_HOME=/opt/rustwide/rustup-home" "-w" "/opt/rustwide/workdir" "-m" "1610612736" "--user" "0:0" "--network" "none" "ghcr.io/rust-lang/crates-build-env/linux@sha256:2788e3201cd34a07e3172128adcd8b3090168a8e3bcc40d7c032b9dda1df7d1c" "/opt/rustwide/cargo-home/bin/cargo" "+beta-2023-12-22" "doc" "--frozen" "--no-deps" "--document-private-items" "--message-format=json", kill_on_drop: false }`
[INFO] [stdout] 25382f3c55b96fca3bbd64e5aef4c33c03fe15aeab60a691347b871db087ee57
[INFO] running `Command { std: "docker" "start" "-a" "25382f3c55b96fca3bbd64e5aef4c33c03fe15aeab60a691347b871db087ee57", kill_on_drop: false }`
[INFO] [stderr]    Compiling proc-macro2 v1.0.76
[INFO] [stderr]     Checking untrusted v0.9.0
[INFO] [stderr]     Checking spin v0.9.8
[INFO] [stderr]    Compiling generic-array v0.14.7
[INFO] [stderr]    Compiling unicase v2.7.0
[INFO] [stderr]    Compiling ring v0.17.7
[INFO] [stderr]    Compiling ring v0.16.20
[INFO] [stderr]     Checking getrandom v0.1.16
[INFO] [stderr]    Compiling rustls v0.21.10
[INFO] [stderr]     Checking unicode-bidi v0.3.14
[INFO] [stderr]     Checking try-lock v0.2.5
[INFO] [stderr]    Compiling link-cplusplus v1.0.9
[INFO] [stderr]     Checking http-body v0.4.6
[INFO] [stderr]    Compiling syn v1.0.109
[INFO] [stderr]     Checking bytes v0.5.6
[INFO] [stderr]    Compiling scratch v1.0.7
[INFO] [stderr]     Checking want v0.3.1
[INFO] [stderr]     Checking base64 v0.12.3
[INFO] [stderr]     Checking rand_core v0.5.1
[INFO] [stderr]     Checking base64 v0.21.5
[INFO] [stderr]    Compiling cxxbridge-flags v1.0.115
[INFO] [stderr]    Compiling codespan-reporting v0.11.1
[INFO] [stderr]    Compiling async-trait v0.1.77
[INFO] [stderr]     Checking idna v0.5.0
[INFO] [stderr]     Checking webpki-roots v0.25.3
[INFO] [stderr]    Compiling mime_guess v2.0.4
[INFO] [stderr]    Compiling cxx v1.0.115
[INFO] [stderr]     Checking iana-time-zone v0.1.59
[INFO] [stderr]     Checking rand_chacha v0.2.2
[INFO] [stderr]    Compiling serenity v0.10.10
[INFO] [stderr]     Checking typemap_rev v0.1.5
[INFO] [stderr]     Checking rustls-pemfile v1.0.4
[INFO] [stderr]     Checking uwl v0.6.0
[INFO] [stderr]     Checking glob v0.3.1
[INFO] [stderr]     Checking rand v0.7.3
[INFO] [stderr]     Checking input_buffer v0.3.1
[INFO] [stderr]     Checking digest v0.9.0
[INFO] [stderr]     Checking block-buffer v0.9.0
[INFO] [stderr]     Checking sha-1 v0.9.8
[INFO] [stderr]     Checking url v2.5.0
[INFO] [stderr]    Compiling quote v1.0.35
[INFO] [stderr]    Compiling syn v2.0.48
[INFO] [stderr]     Checking tungstenite v0.11.1
[INFO] [stderr]     Checking webpki v0.21.4
[INFO] [stderr]     Checking sct v0.6.1
[INFO] [stderr]     Checking rustls v0.19.1
[INFO] [stderr]     Checking webpki-roots v0.20.0
[INFO] [stderr]    Compiling cxx-build v1.0.115
[INFO] [stderr]     Checking sct v0.7.1
[INFO] [stderr]     Checking rustls-webpki v0.101.7
[INFO] [stderr]    Compiling tokio-macros v2.2.0
[INFO] [stderr]    Compiling futures-macro v0.3.30
[INFO] [stderr]    Compiling tracing-attributes v0.1.27
[INFO] [stderr]    Compiling serde_derive v1.0.195
[INFO] [stderr]    Compiling pin-project-internal v1.1.3
[INFO] [stderr]    Compiling cxxbridge-macro v1.0.115
[INFO] [stderr]    Compiling command_attr v0.3.8
[INFO] [stderr]     Checking tokio v1.35.1
[INFO] [stderr]     Checking futures-util v0.3.30
[INFO] [stderr]     Checking pin-project v1.1.3
[INFO] [stderr]     Checking tracing v0.1.40
[INFO] [stderr]    Compiling yttrium_std_math v1.0.0
[INFO] [stderr]     Checking serde v1.0.195
[INFO] [stderr] The following warnings were emitted during compilation:
[INFO] [stderr] 
[INFO] [stderr] warning: yttrium_std_math@1.0.0: cpp/qalc.cpp:2:10: fatal error: 'libqalculate/Calculator.h' file not found
[INFO] [stderr] warning: yttrium_std_math@1.0.0: #include <libqalculate/Calculator.h>
[INFO] [stderr] warning: yttrium_std_math@1.0.0:          ^~~~~~~~~~~~~~~~~~~~~~~~~~~
[INFO] [stderr] warning: yttrium_std_math@1.0.0: 1 error generated.
[INFO] [stderr] 
[INFO] [stderr] error: failed to run custom build command for `yttrium_std_math v1.0.0`
[INFO] [stderr] note: To improve backtraces for build dependencies, set the CARGO_PROFILE_DEV_BUILD_OVERRIDE_DEBUG=true environment variable to enable debug information generation.
[INFO] [stderr] 
[INFO] [stderr] Caused by:
[INFO] [stderr]   process didn't exit successfully: `/opt/rustwide/target/debug/build/yttrium_std_math-6322dc66d77951eb/build-script-build` (exit status: 1)
[INFO] [stderr]   --- stdout
[INFO] [stderr]   cargo:rustc-link-lib=qalculate
[INFO] [stderr]   cargo:CXXBRIDGE_PREFIX=yttrium_std_math
[INFO] [stderr]   cargo:CXXBRIDGE_DIR0=/opt/rustwide/target/debug/build/yttrium_std_math-05a58da394c1c2e3/out/cxxbridge/include
[INFO] [stderr]   cargo:CXXBRIDGE_DIR1=/opt/rustwide/target/debug/build/yttrium_std_math-05a58da394c1c2e3/out/cxxbridge/crate
[INFO] [stderr]   TARGET = Some("x86_64-unknown-linux-gnu")
[INFO] [stderr]   OPT_LEVEL = Some("0")
[INFO] [stderr]   cargo:rerun-if-env-changed=CRATE_CC_NO_DEFAULTS
[INFO] [stderr]   CRATE_CC_NO_DEFAULTS = None
[INFO] [stderr]   DEBUG = Some("true")
[INFO] [stderr]   HOST = Some("x86_64-unknown-linux-gnu")
[INFO] [stderr]   cargo:rerun-if-env-changed=CXXFLAGS_x86_64-unknown-linux-gnu
[INFO] [stderr]   CXXFLAGS_x86_64-unknown-linux-gnu = None
[INFO] [stderr]   cargo:rerun-if-env-changed=CXXFLAGS_x86_64_unknown_linux_gnu
[INFO] [stderr]   CXXFLAGS_x86_64_unknown_linux_gnu = None
[INFO] [stderr]   cargo:rerun-if-env-changed=HOST_CXXFLAGS
[INFO] [stderr]   HOST_CXXFLAGS = None
[INFO] [stderr]   cargo:rerun-if-env-changed=CXXFLAGS
[INFO] [stderr]   CXXFLAGS = None
[INFO] [stderr]   cargo:rerun-if-env-changed=CRATE_CC_NO_DEFAULTS
[INFO] [stderr]   CRATE_CC_NO_DEFAULTS = None
[INFO] [stderr]   cargo:rerun-if-env-changed=CXXFLAGS_x86_64-unknown-linux-gnu
[INFO] [stderr]   CXXFLAGS_x86_64-unknown-linux-gnu = None
[INFO] [stderr]   cargo:rerun-if-env-changed=CXXFLAGS_x86_64_unknown_linux_gnu
[INFO] [stderr]   CXXFLAGS_x86_64_unknown_linux_gnu = None
[INFO] [stderr]   cargo:rerun-if-env-changed=HOST_CXXFLAGS
[INFO] [stderr]   HOST_CXXFLAGS = None
[INFO] [stderr]   cargo:rerun-if-env-changed=CXXFLAGS
[INFO] [stderr]   CXXFLAGS = None
[INFO] [stderr]   running: "clang++" "-O0" "-ffunction-sections" "-fdata-sections" "-fPIC" "-gdwarf-4" "-fno-omit-frame-pointer" "--target=x86_64-unknown-linux-gnu" "-I" "/opt/rustwide/target/debug/build/yttrium_std_math-05a58da394c1c2e3/out/cxxbridge/include" "-I" "/opt/rustwide/target/debug/build/yttrium_std_math-05a58da394c1c2e3/out/cxxbridge/crate" "-Wall" "-Wextra" "-std=c++14" "-o" "/opt/rustwide/target/debug/build/yttrium_std_math-05a58da394c1c2e3/out/394770ba115d5313-lib.rs.o" "-c" "/opt/rustwide/target/debug/build/yttrium_std_math-05a58da394c1c2e3/out/cxxbridge/sources/yttrium_std_math/src/lib.rs.cc"
[INFO] [stderr]   exit status: 0
[INFO] [stderr]   running: "clang++" "-O0" "-ffunction-sections" "-fdata-sections" "-fPIC" "-gdwarf-4" "-fno-omit-frame-pointer" "--target=x86_64-unknown-linux-gnu" "-I" "/opt/rustwide/target/debug/build/yttrium_std_math-05a58da394c1c2e3/out/cxxbridge/include" "-I" "/opt/rustwide/target/debug/build/yttrium_std_math-05a58da394c1c2e3/out/cxxbridge/crate" "-Wall" "-Wextra" "-std=c++14" "-o" "/opt/rustwide/target/debug/build/yttrium_std_math-05a58da394c1c2e3/out/cpp/qalc.o" "-c" "cpp/qalc.cpp"
[INFO] [stderr]   cargo:warning=cpp/qalc.cpp:2:10: fatal error: 'libqalculate/Calculator.h' file not found
[INFO] [stderr] 
[INFO] [stderr]   cargo:warning=#include <libqalculate/Calculator.h>
[INFO] [stderr] 
[INFO] [stderr]   cargo:warning=         ^~~~~~~~~~~~~~~~~~~~~~~~~~~
[INFO] [stderr] 
[INFO] [stderr]   cargo:warning=1 error generated.
[INFO] [stderr] 
[INFO] [stderr]   exit status: 1
[INFO] [stderr] 
[INFO] [stderr]   --- stderr
[INFO] [stderr] 
[INFO] [stderr]   CXX include path:
[INFO] [stderr]     /opt/rustwide/target/debug/build/yttrium_std_math-05a58da394c1c2e3/out/cxxbridge/include
[INFO] [stderr]     /opt/rustwide/target/debug/build/yttrium_std_math-05a58da394c1c2e3/out/cxxbridge/crate
[INFO] [stderr] 
[INFO] [stderr] 
[INFO] [stderr]   error occurred: Command "clang++" "-O0" "-ffunction-sections" "-fdata-sections" "-fPIC" "-gdwarf-4" "-fno-omit-frame-pointer" "--target=x86_64-unknown-linux-gnu" "-I" "/opt/rustwide/target/debug/build/yttrium_std_math-05a58da394c1c2e3/out/cxxbridge/include" "-I" "/opt/rustwide/target/debug/build/yttrium_std_math-05a58da394c1c2e3/out/cxxbridge/crate" "-Wall" "-Wextra" "-std=c++14" "-o" "/opt/rustwide/target/debug/build/yttrium_std_math-05a58da394c1c2e3/out/cpp/qalc.o" "-c" "cpp/qalc.cpp" with args "clang++" did not execute successfully (status code exit status: 1).
[INFO] [stderr] 
[INFO] [stderr] 
[INFO] [stderr] warning: build failed, waiting for other jobs to finish...
[INFO] running `Command { std: "docker" "inspect" "25382f3c55b96fca3bbd64e5aef4c33c03fe15aeab60a691347b871db087ee57", kill_on_drop: false }`
[INFO] running `Command { std: "docker" "rm" "-f" "25382f3c55b96fca3bbd64e5aef4c33c03fe15aeab60a691347b871db087ee57", kill_on_drop: false }`
[INFO] [stdout] 25382f3c55b96fca3bbd64e5aef4c33c03fe15aeab60a691347b871db087ee57
