[INFO] fetching crate wikidata-rs 0.0.4...
[INFO] documenting wikidata-rs-0.0.4 against 1.75.0 for beta-1.76-rustdoc-1
[INFO] extracting crate wikidata-rs 0.0.4 into /workspace/builds/worker-7-tc1/source
[INFO] validating manifest of crates.io crate wikidata-rs 0.0.4 on toolchain 1.75.0
[INFO] running `Command { std: CARGO_HOME="/workspace/cargo-home" RUSTUP_HOME="/workspace/rustup-home" "/workspace/cargo-home/bin/cargo" "+1.75.0" "metadata" "--manifest-path" "Cargo.toml" "--no-deps", kill_on_drop: false }`
[INFO] started tweaking crates.io crate wikidata-rs 0.0.4
[INFO] finished tweaking crates.io crate wikidata-rs 0.0.4
[INFO] tweaked toml for crates.io crate wikidata-rs 0.0.4 written to /workspace/builds/worker-7-tc1/source/Cargo.toml
[INFO] running `Command { std: CARGO_HOME="/workspace/cargo-home" RUSTUP_HOME="/workspace/rustup-home" "/workspace/cargo-home/bin/cargo" "+1.75.0" "generate-lockfile" "--manifest-path" "Cargo.toml", kill_on_drop: false }`
[INFO] [stderr]     Updating crates.io index
[INFO] running `Command { std: CARGO_HOME="/workspace/cargo-home" RUSTUP_HOME="/workspace/rustup-home" "/workspace/cargo-home/bin/cargo" "+1.75.0" "fetch" "--manifest-path" "Cargo.toml", kill_on_drop: false }`
[INFO] [stderr]  Downloading crates ...
[INFO] [stderr]   Downloaded polars-row v0.30.0
[INFO] [stderr]   Downloaded polars v0.30.0
[INFO] [stderr]   Downloaded polars-error v0.30.0
[INFO] [stderr]   Downloaded now v0.1.3
[INFO] [stderr]   Downloaded multiversion-macros v0.7.3
[INFO] [stderr]   Downloaded polars-ops v0.30.0
[INFO] [stderr]   Downloaded polars-utils v0.30.0
[INFO] [stderr]   Downloaded arrow-arith v34.0.0
[INFO] [stderr]   Downloaded arrow-data v34.0.0
[INFO] [stderr]   Downloaded arrow-array v34.0.0
[INFO] [stderr]   Downloaded arrow2 v0.17.4
[INFO] [stderr]   Downloaded libduckdb-sys v0.7.1
[INFO] [stderr]   Downloaded arrow-string v34.0.0
[INFO] [stderr]   Downloaded polars-core v0.30.0
[INFO] [stderr]   Downloaded wikidata v0.3.1
[INFO] [stderr]   Downloaded polars-plan v0.30.0
[INFO] [stderr]   Downloaded sqlparser v0.34.0
[INFO] [stderr]   Downloaded arrow v34.0.0
[INFO] [stderr]   Downloaded duckdb v0.7.1
[INFO] [stderr]   Downloaded polars-pipe v0.30.0
[INFO] [stderr]   Downloaded polars-lazy v0.30.0
[INFO] [stderr]   Downloaded fast-float v0.2.0
[INFO] [stderr]   Downloaded polars-io v0.30.0
[INFO] [stderr]   Downloaded argminmax v0.6.1
[INFO] [stderr]   Downloaded polars-arrow v0.30.0
[INFO] [stderr]   Downloaded arrow-select v34.0.0
[INFO] [stderr]   Downloaded arrow-cast v34.0.0
[INFO] [stderr]   Downloaded arrow-ord v34.0.0
[INFO] [stderr]   Downloaded arrow-row v34.0.0
[INFO] [stderr]   Downloaded arrow-buffer v34.0.0
[INFO] [stderr]   Downloaded arrow-schema v34.0.0
[INFO] [stderr]   Downloaded polars-sql v0.30.0
[INFO] [stderr]   Downloaded planus v0.3.1
[INFO] [stderr]   Downloaded foreign_vec v0.1.0
[INFO] [stderr]   Downloaded hash_hasher v2.0.3
[INFO] [stderr]   Downloaded target-features v0.1.5
[INFO] [stderr]   Downloaded arrow-format v0.8.1
[INFO] [stderr]   Downloaded multiversion v0.7.3
[INFO] [stderr]   Downloaded polars-time v0.30.0
[INFO] [stderr]   Downloaded array-init-cursor v0.2.0
[INFO] running `Command { std: "docker" "create" "-v" "/var/lib/crater-agent-workspace/builds/worker-7-tc1/target:/opt/rustwide/target:rw,Z" "-v" "/var/lib/crater-agent-workspace/builds/worker-7-tc1/source:/opt/rustwide/workdir:ro,Z" "-v" "/var/lib/crater-agent-workspace/cargo-home:/opt/rustwide/cargo-home:ro,Z" "-v" "/var/lib/crater-agent-workspace/rustup-home:/opt/rustwide/rustup-home:ro,Z" "-e" "SOURCE_DIR=/opt/rustwide/workdir" "-e" "CARGO_TARGET_DIR=/opt/rustwide/target" "-e" "CARGO_HOME=/opt/rustwide/cargo-home" "-e" "RUSTUP_HOME=/opt/rustwide/rustup-home" "-w" "/opt/rustwide/workdir" "-m" "1610612736" "--user" "0:0" "--network" "none" "ghcr.io/rust-lang/crates-build-env/linux@sha256:2788e3201cd34a07e3172128adcd8b3090168a8e3bcc40d7c032b9dda1df7d1c" "/opt/rustwide/cargo-home/bin/cargo" "+1.75.0" "metadata" "--no-deps" "--format-version=1", kill_on_drop: false }`
[INFO] [stdout] c77b95b1165ab5b1c8d0723d6507797eeb0b56783213675653795573607dec15
[INFO] running `Command { std: "docker" "start" "-a" "c77b95b1165ab5b1c8d0723d6507797eeb0b56783213675653795573607dec15", kill_on_drop: false }`
[INFO] running `Command { std: "docker" "inspect" "c77b95b1165ab5b1c8d0723d6507797eeb0b56783213675653795573607dec15", kill_on_drop: false }`
[INFO] running `Command { std: "docker" "rm" "-f" "c77b95b1165ab5b1c8d0723d6507797eeb0b56783213675653795573607dec15", kill_on_drop: false }`
[INFO] [stdout] c77b95b1165ab5b1c8d0723d6507797eeb0b56783213675653795573607dec15
[INFO] running `Command { std: "docker" "create" "-v" "/var/lib/crater-agent-workspace/builds/worker-7-tc1/target:/opt/rustwide/target:rw,Z" "-v" "/var/lib/crater-agent-workspace/builds/worker-7-tc1/source:/opt/rustwide/workdir:ro,Z" "-v" "/var/lib/crater-agent-workspace/cargo-home:/opt/rustwide/cargo-home:ro,Z" "-v" "/var/lib/crater-agent-workspace/rustup-home:/opt/rustwide/rustup-home:ro,Z" "-e" "SOURCE_DIR=/opt/rustwide/workdir" "-e" "CARGO_TARGET_DIR=/opt/rustwide/target" "-e" "CARGO_INCREMENTAL=0" "-e" "RUST_BACKTRACE=full" "-e" "RUSTFLAGS=--cap-lints=warn" "-e" "RUSTDOCFLAGS=--cap-lints=warn" "-e" "CARGO_HOME=/opt/rustwide/cargo-home" "-e" "RUSTUP_HOME=/opt/rustwide/rustup-home" "-w" "/opt/rustwide/workdir" "-m" "1610612736" "--user" "0:0" "--network" "none" "ghcr.io/rust-lang/crates-build-env/linux@sha256:2788e3201cd34a07e3172128adcd8b3090168a8e3bcc40d7c032b9dda1df7d1c" "/opt/rustwide/cargo-home/bin/cargo" "+1.75.0" "doc" "--frozen" "--no-deps" "--document-private-items" "--message-format=json", kill_on_drop: false }`
[INFO] [stdout] f351e0ae2686f1913939a61ca9ae1d0480036dafbc8dc15ace3aadb76718954e
[INFO] running `Command { std: "docker" "start" "-a" "f351e0ae2686f1913939a61ca9ae1d0480036dafbc8dc15ace3aadb76718954e", kill_on_drop: false }`
[INFO] [stderr]    Compiling libm v0.2.8
[INFO] [stderr]    Compiling num-traits v0.2.17
[INFO] [stderr]     Checking zerocopy v0.7.32
[INFO] [stderr]     Checking iana-time-zone v0.1.59
[INFO] [stderr]     Checking static_assertions v1.1.0
[INFO] [stderr]    Compiling proc-macro2 v1.0.76
[INFO] [stderr]    Compiling ahash v0.8.7
[INFO] [stderr]    Compiling syn v1.0.109
[INFO] [stderr]    Compiling target-features v0.1.5
[INFO] [stderr]    Compiling semver v1.0.21
[INFO] [stderr]     Checking getrandom v0.2.11
[INFO] [stderr]    Compiling lz4-sys v1.9.4
[INFO] [stderr]    Compiling signal-hook v0.3.17
[INFO] [stderr]    Compiling zstd-safe v6.0.6
[INFO] [stderr]    Compiling parking_lot_core v0.9.9
[INFO] [stderr]     Checking mio v0.8.10
[INFO] [stderr]     Checking signal-hook-registry v1.4.1
[INFO] [stderr]     Checking lexical-util v0.8.5
[INFO] [stderr]     Checking array-init-cursor v0.2.0
[INFO] [stderr]     Checking planus v0.3.1
[INFO] [stderr]    Compiling thiserror v1.0.56
[INFO] [stderr]    Compiling smartstring v1.0.1
[INFO] [stderr]     Checking foreign_vec v0.1.0
[INFO] [stderr]     Checking parking_lot v0.12.1
[INFO] [stderr]     Checking simdutf8 v0.1.4
[INFO] [stderr]     Checking strength_reduce v0.2.4
[INFO] [stderr]     Checking dyn-clone v1.0.16
[INFO] [stderr]     Checking ethnum v1.5.0
[INFO] [stderr]     Checking signal-hook-mio v0.2.3
[INFO] [stderr]    Compiling quote v1.0.35
[INFO] [stderr]     Checking zstd v0.12.4
[INFO] [stderr]     Checking hash_hasher v2.0.3
[INFO] [stderr]     Checking rand_core v0.6.4
[INFO] [stderr]     Checking sysinfo v0.29.11
[INFO] [stderr]     Checking crossterm v0.26.1
[INFO] [stderr]    Compiling rustc_version v0.4.0
[INFO] [stderr]     Checking hashbrown v0.13.2
[INFO] [stderr]    Compiling syn v2.0.48
[INFO] [stderr]     Checking rand_chacha v0.3.1
[INFO] [stderr]     Checking lexical-write-integer v0.8.5
[INFO] [stderr]     Checking lexical-parse-integer v0.8.6
[INFO] [stderr]     Checking rand v0.8.5
[INFO] [stderr]     Checking lexical-write-float v0.8.5
[INFO] [stderr]     Checking lexical-parse-float v0.8.5
[INFO] [stderr]     Checking arrow-schema v34.0.0
[INFO] [stderr]    Compiling arrow2 v0.17.4
[INFO] [stderr]     Checking xxhash-rust v0.8.8
[INFO] [stderr]    Compiling async-trait v0.1.77
[INFO] [stderr]     Checking tokio v1.35.1
[INFO] [stderr]     Checking fast-float v0.2.0
[INFO] [stderr]    Compiling libduckdb-sys v0.7.1
[INFO] [stderr]     Checking allocator-api2 v0.2.16
[INFO] [stderr]    Compiling rust_decimal v1.33.1
[INFO] [stderr]     Checking sqlparser v0.34.0
[INFO] [stderr]    Compiling polars v0.30.0
[INFO] [stderr]     Checking polars-utils v0.30.0
[INFO] [stderr]     Checking arrayvec v0.7.4
[INFO] [stderr]     Checking fallible-iterator v0.2.0
[INFO] [stderr]     Checking fallible-streaming-iterator v0.1.9
[INFO] [stderr]     Checking lexical-core v0.8.5
[INFO] [stderr]     Checking cast v0.3.0
[INFO] [stderr]     Checking lexical v6.1.1
[INFO] [stderr]     Checking hashbrown v0.14.3
[INFO] [stderr]     Checking num-integer v0.1.45
[INFO] [stderr]     Checking num-complex v0.4.4
[INFO] [stderr]     Checking half v2.3.1
[INFO] [stderr]     Checking rand_distr v0.4.3
[INFO] [stderr]     Checking argminmax v0.6.1
[INFO] [stderr]     Checking atoi v2.0.0
[INFO] [stderr]     Checking num-bigint v0.4.4
[INFO] [stderr]     Checking num-iter v0.1.43
[INFO] [stderr]     Checking hashlink v0.8.4
[INFO] [stderr]     Checking num-rational v0.4.1
[INFO] [stderr]     Checking num v0.4.1
[INFO] [stderr]     Checking arrow-buffer v34.0.0
[INFO] [stderr]    Compiling serde_derive v1.0.195
[INFO] [stderr]    Compiling futures-macro v0.3.30
[INFO] [stderr]    Compiling bytemuck_derive v1.5.0
[INFO] [stderr]    Compiling thiserror-impl v1.0.56
[INFO] [stderr]    Compiling enum_dispatch v0.3.12
[INFO] [stderr]     Checking arrow-data v34.0.0
[INFO] [stderr]    Compiling multiversion-macros v0.7.3
[INFO] [stderr]    Compiling strum_macros v0.24.3
[INFO] [stderr]     Checking futures-util v0.3.30
[INFO] [stderr]     Checking bytemuck v1.14.0
[INFO] [stderr]     Checking multiversion v0.7.3
[INFO] [stderr]     Checking strum v0.24.1
[INFO] [stderr]     Checking comfy-table v6.2.0
[INFO] [stderr]     Checking serde v1.0.195
[INFO] [stderr]     Checking lz4 v1.24.0
[INFO] [stderr]     Checking futures-executor v0.3.30
[INFO] [stderr]     Checking futures v0.3.30
[INFO] [stderr]     Checking chrono v0.4.31
[INFO] [stderr]     Checking arrow-format v0.8.1
[INFO] [stderr]     Checking serde_json v1.0.111
[INFO] [stderr]     Checking arrow-array v34.0.0
[INFO] [stderr]     Checking now v0.1.3
[INFO] [stderr]     Checking wikidata v0.3.1
[INFO] [stderr]     Checking arrow-select v34.0.0
[INFO] [stderr]     Checking arrow-arith v34.0.0
[INFO] [stderr]     Checking arrow-row v34.0.0
[INFO] [stderr]     Checking arrow-string v34.0.0
[INFO] [stderr]     Checking arrow-ord v34.0.0
[INFO] [stderr]     Checking arrow-cast v34.0.0
[INFO] [stderr]     Checking arrow v34.0.0
[INFO] [stderr]     Checking duckdb v0.7.1
[INFO] [stderr]     Checking polars-error v0.30.0
[INFO] [stderr]     Checking polars-row v0.30.0
[INFO] [stderr]     Checking polars-arrow v0.30.0
[INFO] [stdout] error[E0034]: multiple applicable items in scope
[INFO] [stdout]   --> /opt/rustwide/cargo-home/registry/src/index.crates.io-6f17d22bba15001f/polars-arrow-0.30.0/src/array/get.rs:33:17
[INFO] [stdout]    |
[INFO] [stdout] 33 |         if self.is_null_unchecked(item) {
[INFO] [stdout]    |                 ^^^^^^^^^^^^^^^^^ multiple `is_null_unchecked` found
[INFO] [stdout]    |
[INFO] [stdout] note: candidate #1 is defined in an impl of the trait `IsValid` for the type `A`
[INFO] [stdout]   --> /opt/rustwide/cargo-home/registry/src/index.crates.io-6f17d22bba15001f/polars-arrow-0.30.0/src/is_valid.rs:34:5
[INFO] [stdout]    |
[INFO] [stdout] 34 |     unsafe fn is_null_unchecked(&self, i: usize) -> bool {
[INFO] [stdout]    |     ^^^^^^^^^^^^^^^^^^^^^^^^^^^^^^^^^^^^^^^^^^^^^^^^^^^^
[INFO] [stdout]    = note: candidate #2 is defined in an impl of the trait `arrow2::array::Array` for the type `arrow2::array::PrimitiveArray<T>`
[INFO] [stdout] help: disambiguate the method for candidate #1
[INFO] [stdout]    |
[INFO] [stdout] 33 |         if IsValid::is_null_unchecked(&self, item) {
[INFO] [stdout]    |            ~~~~~~~~~~~~~~~~~~~~~~~~~~~~~~~~~~~~~~~
[INFO] [stdout] help: disambiguate the method for candidate #2
[INFO] [stdout]    |
[INFO] [stdout] 33 |         if arrow2::array::Array::is_null_unchecked(&self, item) {
[INFO] [stdout]    |            ~~~~~~~~~~~~~~~~~~~~~~~~~~~~~~~~~~~~~~~~~~~~~~~~~~~~
[INFO] [stdout] 
[INFO] [stdout] 
[INFO] [stdout] error[E0034]: multiple applicable items in scope
[INFO] [stdout]   --> /opt/rustwide/cargo-home/registry/src/index.crates.io-6f17d22bba15001f/polars-arrow-0.30.0/src/array/get.rs:56:17
[INFO] [stdout]    |
[INFO] [stdout] 56 |         if self.is_null_unchecked(item) {
[INFO] [stdout]    |                 ^^^^^^^^^^^^^^^^^ multiple `is_null_unchecked` found
[INFO] [stdout]    |
[INFO] [stdout] note: candidate #1 is defined in an impl of the trait `IsValid` for the type `A`
[INFO] [stdout]   --> /opt/rustwide/cargo-home/registry/src/index.crates.io-6f17d22bba15001f/polars-arrow-0.30.0/src/is_valid.rs:34:5
[INFO] [stdout]    |
[INFO] [stdout] 34 |     unsafe fn is_null_unchecked(&self, i: usize) -> bool {
[INFO] [stdout]    |     ^^^^^^^^^^^^^^^^^^^^^^^^^^^^^^^^^^^^^^^^^^^^^^^^^^^^
[INFO] [stdout]    = note: candidate #2 is defined in an impl of the trait `arrow2::array::Array` for the type `arrow2::array::BooleanArray`
[INFO] [stdout] help: disambiguate the method for candidate #1
[INFO] [stdout]    |
[INFO] [stdout] 56 |         if IsValid::is_null_unchecked(&self, item) {
[INFO] [stdout]    |            ~~~~~~~~~~~~~~~~~~~~~~~~~~~~~~~~~~~~~~~
[INFO] [stdout] help: disambiguate the method for candidate #2
[INFO] [stdout]    |
[INFO] [stdout] 56 |         if arrow2::array::Array::is_null_unchecked(&self, item) {
[INFO] [stdout]    |            ~~~~~~~~~~~~~~~~~~~~~~~~~~~~~~~~~~~~~~~~~~~~~~~~~~~~
[INFO] [stdout] 
[INFO] [stdout] 
[INFO] [stdout] error[E0034]: multiple applicable items in scope
[INFO] [stdout]   --> /opt/rustwide/cargo-home/registry/src/index.crates.io-6f17d22bba15001f/polars-arrow-0.30.0/src/array/get.rs:79:17
[INFO] [stdout]    |
[INFO] [stdout] 79 |         if self.is_null_unchecked(item) {
[INFO] [stdout]    |                 ^^^^^^^^^^^^^^^^^ multiple `is_null_unchecked` found
[INFO] [stdout]    |
[INFO] [stdout] note: candidate #1 is defined in an impl of the trait `IsValid` for the type `A`
[INFO] [stdout]   --> /opt/rustwide/cargo-home/registry/src/index.crates.io-6f17d22bba15001f/polars-arrow-0.30.0/src/is_valid.rs:34:5
[INFO] [stdout]    |
[INFO] [stdout] 34 |     unsafe fn is_null_unchecked(&self, i: usize) -> bool {
[INFO] [stdout]    |     ^^^^^^^^^^^^^^^^^^^^^^^^^^^^^^^^^^^^^^^^^^^^^^^^^^^^
[INFO] [stdout]    = note: candidate #2 is defined in an impl of the trait `arrow2::array::Array` for the type `arrow2::array::Utf8Array<O>`
[INFO] [stdout] help: disambiguate the method for candidate #1
[INFO] [stdout]    |
[INFO] [stdout] 79 |         if IsValid::is_null_unchecked(&self, item) {
[INFO] [stdout]    |            ~~~~~~~~~~~~~~~~~~~~~~~~~~~~~~~~~~~~~~~
[INFO] [stdout] help: disambiguate the method for candidate #2
[INFO] [stdout]    |
[INFO] [stdout] 79 |         if arrow2::array::Array::is_null_unchecked(&self, item) {
[INFO] [stdout]    |            ~~~~~~~~~~~~~~~~~~~~~~~~~~~~~~~~~~~~~~~~~~~~~~~~~~~~
[INFO] [stdout] 
[INFO] [stdout] 
[INFO] [stdout] error[E0034]: multiple applicable items in scope
[INFO] [stdout]    --> /opt/rustwide/cargo-home/registry/src/index.crates.io-6f17d22bba15001f/polars-arrow-0.30.0/src/array/get.rs:102:17
[INFO] [stdout]     |
[INFO] [stdout] 102 |         if self.is_null_unchecked(item) {
[INFO] [stdout]     |                 ^^^^^^^^^^^^^^^^^ multiple `is_null_unchecked` found
[INFO] [stdout]     |
[INFO] [stdout] note: candidate #1 is defined in an impl of the trait `IsValid` for the type `A`
[INFO] [stdout]    --> /opt/rustwide/cargo-home/registry/src/index.crates.io-6f17d22bba15001f/polars-arrow-0.30.0/src/is_valid.rs:34:5
[INFO] [stdout]     |
[INFO] [stdout] 34  |     unsafe fn is_null_unchecked(&self, i: usize) -> bool {
[INFO] [stdout]     |     ^^^^^^^^^^^^^^^^^^^^^^^^^^^^^^^^^^^^^^^^^^^^^^^^^^^^
[INFO] [stdout]     = note: candidate #2 is defined in an impl of the trait `arrow2::array::Array` for the type `arrow2::array::BinaryArray<O>`
[INFO] [stdout] help: disambiguate the method for candidate #1
[INFO] [stdout]     |
[INFO] [stdout] 102 |         if IsValid::is_null_unchecked(&self, item) {
[INFO] [stdout]     |            ~~~~~~~~~~~~~~~~~~~~~~~~~~~~~~~~~~~~~~~
[INFO] [stdout] help: disambiguate the method for candidate #2
[INFO] [stdout]     |
[INFO] [stdout] 102 |         if arrow2::array::Array::is_null_unchecked(&self, item) {
[INFO] [stdout]     |            ~~~~~~~~~~~~~~~~~~~~~~~~~~~~~~~~~~~~~~~~~~~~~~~~~~~~
[INFO] [stdout] 
[INFO] [stdout] 
[INFO] [stdout] error[E0034]: multiple applicable items in scope
[INFO] [stdout]    --> /opt/rustwide/cargo-home/registry/src/index.crates.io-6f17d22bba15001f/polars-arrow-0.30.0/src/array/get.rs:126:17
[INFO] [stdout]     |
[INFO] [stdout] 126 |         if self.is_null_unchecked(item) {
[INFO] [stdout]     |                 ^^^^^^^^^^^^^^^^^ multiple `is_null_unchecked` found
[INFO] [stdout]     |
[INFO] [stdout] note: candidate #1 is defined in an impl of the trait `IsValid` for the type `A`
[INFO] [stdout]    --> /opt/rustwide/cargo-home/registry/src/index.crates.io-6f17d22bba15001f/polars-arrow-0.30.0/src/is_valid.rs:34:5
[INFO] [stdout]     |
[INFO] [stdout] 34  |     unsafe fn is_null_unchecked(&self, i: usize) -> bool {
[INFO] [stdout]     |     ^^^^^^^^^^^^^^^^^^^^^^^^^^^^^^^^^^^^^^^^^^^^^^^^^^^^
[INFO] [stdout]     = note: candidate #2 is defined in an impl of the trait `arrow2::array::Array` for the type `arrow2::array::ListArray<O>`
[INFO] [stdout] help: disambiguate the method for candidate #1
[INFO] [stdout]     |
[INFO] [stdout] 126 |         if IsValid::is_null_unchecked(&self, item) {
[INFO] [stdout]     |            ~~~~~~~~~~~~~~~~~~~~~~~~~~~~~~~~~~~~~~~
[INFO] [stdout] help: disambiguate the method for candidate #2
[INFO] [stdout]     |
[INFO] [stdout] 126 |         if arrow2::array::Array::is_null_unchecked(&self, item) {
[INFO] [stdout]     |            ~~~~~~~~~~~~~~~~~~~~~~~~~~~~~~~~~~~~~~~~~~~~~~~~~~~~
[INFO] [stdout] 
[INFO] [stdout] 
[INFO] [stdout] error[E0034]: multiple applicable items in scope
[INFO] [stdout]    --> /opt/rustwide/cargo-home/registry/src/index.crates.io-6f17d22bba15001f/polars-arrow-0.30.0/src/array/get.rs:150:17
[INFO] [stdout]     |
[INFO] [stdout] 150 |         if self.is_null_unchecked(item) {
[INFO] [stdout]     |                 ^^^^^^^^^^^^^^^^^ multiple `is_null_unchecked` found
[INFO] [stdout]     |
[INFO] [stdout] note: candidate #1 is defined in an impl of the trait `IsValid` for the type `A`
[INFO] [stdout]    --> /opt/rustwide/cargo-home/registry/src/index.crates.io-6f17d22bba15001f/polars-arrow-0.30.0/src/is_valid.rs:34:5
[INFO] [stdout]     |
[INFO] [stdout] 34  |     unsafe fn is_null_unchecked(&self, i: usize) -> bool {
[INFO] [stdout]     |     ^^^^^^^^^^^^^^^^^^^^^^^^^^^^^^^^^^^^^^^^^^^^^^^^^^^^
[INFO] [stdout]     = note: candidate #2 is defined in an impl of the trait `arrow2::array::Array` for the type `FixedSizeListArray`
[INFO] [stdout] help: disambiguate the method for candidate #1
[INFO] [stdout]     |
[INFO] [stdout] 150 |         if IsValid::is_null_unchecked(&self, item) {
[INFO] [stdout]     |            ~~~~~~~~~~~~~~~~~~~~~~~~~~~~~~~~~~~~~~~
[INFO] [stdout] help: disambiguate the method for candidate #2
[INFO] [stdout]     |
[INFO] [stdout] 150 |         if arrow2::array::Array::is_null_unchecked(&self, item) {
[INFO] [stdout]     |            ~~~~~~~~~~~~~~~~~~~~~~~~~~~~~~~~~~~~~~~~~~~~~~~~~~~~
[INFO] [stdout] 
[INFO] [stdout] 
[INFO] [stdout] error: aborting due to 6 previous errors
[INFO] [stdout] 
[INFO] [stdout] 
[INFO] [stdout] For more information about this error, try `rustc --explain E0034`.
[INFO] [stdout] 
[INFO] [stderr] error: could not compile `polars-arrow` (lib) due to 7 previous errors
[INFO] running `Command { std: "docker" "inspect" "f351e0ae2686f1913939a61ca9ae1d0480036dafbc8dc15ace3aadb76718954e", kill_on_drop: false }`
[INFO] running `Command { std: "docker" "rm" "-f" "f351e0ae2686f1913939a61ca9ae1d0480036dafbc8dc15ace3aadb76718954e", kill_on_drop: false }`
[INFO] [stdout] f351e0ae2686f1913939a61ca9ae1d0480036dafbc8dc15ace3aadb76718954e
