[INFO] fetching crate wicrs_api 0.2.1...
[INFO] documenting wicrs_api-0.2.1 against 1.75.0 for beta-1.76-rustdoc-1
[INFO] extracting crate wicrs_api 0.2.1 into /workspace/builds/worker-6-tc1/source
[INFO] validating manifest of crates.io crate wicrs_api 0.2.1 on toolchain 1.75.0
[INFO] running `Command { std: CARGO_HOME="/workspace/cargo-home" RUSTUP_HOME="/workspace/rustup-home" "/workspace/cargo-home/bin/cargo" "+1.75.0" "metadata" "--manifest-path" "Cargo.toml" "--no-deps", kill_on_drop: false }`
[INFO] started tweaking crates.io crate wicrs_api 0.2.1
[INFO] finished tweaking crates.io crate wicrs_api 0.2.1
[INFO] tweaked toml for crates.io crate wicrs_api 0.2.1 written to /workspace/builds/worker-6-tc1/source/Cargo.toml
[INFO] running `Command { std: CARGO_HOME="/workspace/cargo-home" RUSTUP_HOME="/workspace/rustup-home" "/workspace/cargo-home/bin/cargo" "+1.75.0" "generate-lockfile" "--manifest-path" "Cargo.toml", kill_on_drop: false }`
[INFO] [stderr]     Updating crates.io index
[INFO] running `Command { std: CARGO_HOME="/workspace/cargo-home" RUSTUP_HOME="/workspace/rustup-home" "/workspace/cargo-home/bin/cargo" "+1.75.0" "fetch" "--manifest-path" "Cargo.toml", kill_on_drop: false }`
[INFO] [stderr]  Downloading crates ...
[INFO] [stderr]   Downloaded oauth2 v3.0.0
[INFO] [stderr]   Downloaded url v2.3.0
[INFO] [stderr]   Downloaded wicrs_server v0.8.0
[INFO] running `Command { std: "docker" "create" "-v" "/var/lib/crater-agent-workspace/builds/worker-6-tc1/target:/opt/rustwide/target:rw,Z" "-v" "/var/lib/crater-agent-workspace/builds/worker-6-tc1/source:/opt/rustwide/workdir:ro,Z" "-v" "/var/lib/crater-agent-workspace/cargo-home:/opt/rustwide/cargo-home:ro,Z" "-v" "/var/lib/crater-agent-workspace/rustup-home:/opt/rustwide/rustup-home:ro,Z" "-e" "SOURCE_DIR=/opt/rustwide/workdir" "-e" "CARGO_TARGET_DIR=/opt/rustwide/target" "-e" "CARGO_HOME=/opt/rustwide/cargo-home" "-e" "RUSTUP_HOME=/opt/rustwide/rustup-home" "-w" "/opt/rustwide/workdir" "-m" "1610612736" "--user" "0:0" "--network" "none" "ghcr.io/rust-lang/crates-build-env/linux@sha256:2788e3201cd34a07e3172128adcd8b3090168a8e3bcc40d7c032b9dda1df7d1c" "/opt/rustwide/cargo-home/bin/cargo" "+1.75.0" "metadata" "--no-deps" "--format-version=1", kill_on_drop: false }`
[INFO] [stdout] d7b934a15a87dd16fd1a863dc12fdd06b7f112daa657ef70928a322ba1ab057e
[INFO] running `Command { std: "docker" "start" "-a" "d7b934a15a87dd16fd1a863dc12fdd06b7f112daa657ef70928a322ba1ab057e", kill_on_drop: false }`
[INFO] running `Command { std: "docker" "inspect" "d7b934a15a87dd16fd1a863dc12fdd06b7f112daa657ef70928a322ba1ab057e", kill_on_drop: false }`
[INFO] running `Command { std: "docker" "rm" "-f" "d7b934a15a87dd16fd1a863dc12fdd06b7f112daa657ef70928a322ba1ab057e", kill_on_drop: false }`
[INFO] [stdout] d7b934a15a87dd16fd1a863dc12fdd06b7f112daa657ef70928a322ba1ab057e
[INFO] running `Command { std: "docker" "create" "-v" "/var/lib/crater-agent-workspace/builds/worker-6-tc1/target:/opt/rustwide/target:rw,Z" "-v" "/var/lib/crater-agent-workspace/builds/worker-6-tc1/source:/opt/rustwide/workdir:ro,Z" "-v" "/var/lib/crater-agent-workspace/cargo-home:/opt/rustwide/cargo-home:ro,Z" "-v" "/var/lib/crater-agent-workspace/rustup-home:/opt/rustwide/rustup-home:ro,Z" "-e" "SOURCE_DIR=/opt/rustwide/workdir" "-e" "CARGO_TARGET_DIR=/opt/rustwide/target" "-e" "CARGO_INCREMENTAL=0" "-e" "RUST_BACKTRACE=full" "-e" "RUSTFLAGS=--cap-lints=warn" "-e" "RUSTDOCFLAGS=--cap-lints=warn" "-e" "CARGO_HOME=/opt/rustwide/cargo-home" "-e" "RUSTUP_HOME=/opt/rustwide/rustup-home" "-w" "/opt/rustwide/workdir" "-m" "1610612736" "--user" "0:0" "--network" "none" "ghcr.io/rust-lang/crates-build-env/linux@sha256:2788e3201cd34a07e3172128adcd8b3090168a8e3bcc40d7c032b9dda1df7d1c" "/opt/rustwide/cargo-home/bin/cargo" "+1.75.0" "doc" "--frozen" "--no-deps" "--document-private-items" "--message-format=json", kill_on_drop: false }`
[INFO] [stdout] 8d3fdfe2f0f5ed11d5021090f97948879dc10942dc05f4c51c5f2f5968f1302a
[INFO] running `Command { std: "docker" "start" "-a" "8d3fdfe2f0f5ed11d5021090f97948879dc10942dc05f4c51c5f2f5968f1302a", kill_on_drop: false }`
[INFO] [stderr]    Compiling libc v0.2.151
[INFO] [stderr]    Compiling autocfg v1.1.0
[INFO] [stderr]    Compiling proc-macro2 v1.0.76
[INFO] [stderr]    Compiling unicode-ident v1.0.12
[INFO] [stderr]    Compiling syn v1.0.109
[INFO] [stderr]     Checking cfg-if v1.0.0
[INFO] [stderr]     Checking cfg-if v0.1.10
[INFO] [stderr]     Checking log v0.4.20
[INFO] [stderr]     Checking lazy_static v1.4.0
[INFO] [stderr]    Compiling version_check v0.9.4
[INFO] [stderr]     Checking memchr v2.7.1
[INFO] [stderr]     Checking fnv v1.0.7
[INFO] [stderr]    Compiling maybe-uninit v2.0.0
[INFO] [stderr]     Checking futures-core v0.3.30
[INFO] [stderr]     Checking scopeguard v1.2.0
[INFO] [stderr]     Checking futures-sink v0.3.30
[INFO] [stderr]     Checking either v1.9.0
[INFO] [stderr]     Checking pin-project-lite v0.2.13
[INFO] [stderr]     Checking byteorder v1.5.0
[INFO] [stderr]     Checking bytes v0.5.6
[INFO] [stderr]     Checking futures-io v0.3.30
[INFO] [stderr]     Checking futures-task v0.3.30
[INFO] [stderr]     Checking pin-project-lite v0.1.12
[INFO] [stderr]     Checking futures-channel v0.3.30
[INFO] [stderr]     Checking pin-utils v0.1.0
[INFO] [stderr]     Checking futures v0.1.31
[INFO] [stderr]     Checking matches v0.1.10
[INFO] [stderr]    Compiling semver-parser v0.7.0
[INFO] [stderr]     Checking unicode-bidi v0.3.14
[INFO] [stderr]     Checking once_cell v1.19.0
[INFO] [stderr]     Checking itoa v1.0.10
[INFO] [stderr]     Checking percent-encoding v2.3.1
[INFO] [stderr]    Compiling typenum v1.17.0
[INFO] [stderr]    Compiling serde v1.0.195
[INFO] [stderr]     Checking itoa v0.4.8
[INFO] [stderr]     Checking smallvec v1.11.2
[INFO] [stderr]    Compiling semver v0.9.0
[INFO] [stderr]     Checking form_urlencoded v1.2.1
[INFO] [stderr]    Compiling slab v0.4.9
[INFO] [stderr]    Compiling crossbeam-utils v0.7.2
[INFO] [stderr]     Checking smallvec v0.6.14
[INFO] [stderr]    Compiling indexmap v1.9.3
[INFO] [stderr]    Compiling lock_api v0.4.11
[INFO] [stderr]     Checking hashbrown v0.12.3
[INFO] [stderr]    Compiling parking_lot_core v0.8.6
[INFO] [stderr]    Compiling rustc_version v0.2.3
[INFO] [stderr]    Compiling pin-project-internal v0.4.30
[INFO] [stderr]     Checking unicode-normalization v0.1.9
[INFO] [stderr]    Compiling pkg-config v0.3.28
[INFO] [stderr]    Compiling vcpkg v0.2.15
[INFO] [stderr]    Compiling autocfg v0.1.8
[INFO] [stderr]     Checking instant v0.1.12
[INFO] [stderr]     Checking rand_core v0.4.2
[INFO] [stderr]    Compiling getrandom v0.1.16
[INFO] [stderr]     Checking bytes v1.5.0
[INFO] [stderr]    Compiling httparse v1.8.0
[INFO] [stderr]    Compiling quote v1.0.35
[INFO] [stderr]    Compiling convert_case v0.4.0
[INFO] [stderr]    Compiling parking_lot_core v0.6.3
[INFO] [stderr]    Compiling syn v2.0.48
[INFO] [stderr]     Checking aho-corasick v1.1.2
[INFO] [stderr]     Checking http v0.2.11
[INFO] [stderr]    Compiling memoffset v0.5.6
[INFO] [stderr]     Checking idna v0.2.1
[INFO] [stderr]    Compiling standback v0.2.17
[INFO] [stderr]     Checking regex-syntax v0.8.2
[INFO] [stderr]     Checking adler v1.0.2
[INFO] [stderr]     Checking tokio-executor v0.1.10
[INFO] [stderr]     Checking miniz_oxide v0.7.1
[INFO] [stderr]    Compiling parking_lot v0.9.0
[INFO] [stderr]    Compiling crossbeam-epoch v0.8.2
[INFO] [stderr]    Compiling unicase v2.7.0
[INFO] [stderr]    Compiling generic-array v0.14.7
[INFO] [stderr]     Checking tracing-core v0.1.32
[INFO] [stderr]     Checking ryu v1.0.16
[INFO] [stderr]     Checking foreign-types-shared v0.1.1
[INFO] [stderr]     Checking ppv-lite86 v0.2.17
[INFO] [stderr]    Compiling openssl v0.10.62
[INFO] [stderr]    Compiling serde_json v1.0.111
[INFO] [stderr]    Compiling proc-macro-hack v0.5.20+deprecated
[INFO] [stderr]     Checking url v2.3.0
[INFO] [stderr]     Checking try-lock v0.2.5
[INFO] [stderr]     Checking copyless v0.1.5
[INFO] [stderr]     Checking bitflags v1.3.2
[INFO] [stderr]     Checking foreign-types v0.3.2
[INFO] [stderr]     Checking rand_core v0.3.1
[INFO] [stderr]     Checking lock_api v0.3.4
[INFO] [stderr]     Checking iovec v0.1.4
[INFO] [stderr]     Checking net2 v0.2.39
[INFO] [stderr]     Checking num_cpus v1.16.0
[INFO] [stderr]     Checking signal-hook-registry v1.4.1
[INFO] [stderr]     Checking tracing v0.1.40
[INFO] [stderr]     Checking bytes v0.4.12
[INFO] [stderr]    Compiling crc32fast v1.3.2
[INFO] [stderr]    Compiling cc v1.0.83
[INFO] [stderr]     Checking threadpool v1.8.1
[INFO] [stderr]     Checking rand_core v0.5.1
[INFO] [stderr]    Compiling async-trait v0.1.77
[INFO] [stderr]     Checking parking_lot v0.11.2
[INFO] [stderr]    Compiling native-tls v0.2.11
[INFO] [stderr]     Checking bitflags v2.4.1
[INFO] [stderr]     Checking mio v0.6.23
[INFO] [stderr]    Compiling thiserror v1.0.56
[INFO] [stderr]     Checking rand_chacha v0.2.2
[INFO] [stderr]     Checking tokio-io v0.1.13
[INFO] [stderr]     Checking tokio-sync v0.1.8
[INFO] [stderr]    Compiling const_fn v0.4.9
[INFO] [stderr]     Checking rand v0.7.3
[INFO] [stderr]     Checking match_cfg v0.1.0
[INFO] [stderr]    Compiling heck v0.4.1
[INFO] [stderr]     Checking openssl-probe v0.1.5
[INFO] [stderr]     Checking mime v0.3.17
[INFO] [stderr]     Checking crossbeam-deque v0.7.4
[INFO] [stderr]     Checking hostname v0.3.1
[INFO] [stderr]     Checking http v0.1.21
[INFO] [stderr]     Checking socket2 v0.3.19
[INFO] [stderr]     Checking time v0.1.45
[INFO] [stderr]     Checking idna v0.1.5
[INFO] [stderr]     Checking crossbeam-queue v0.2.3
[INFO] [stderr]    Compiling rand_pcg v0.1.2
[INFO] [stderr]    Compiling rand_chacha v0.1.1
[INFO] [stderr]    Compiling time v0.2.27
[INFO] [stderr]     Checking mio-uds v0.6.8
[INFO] [stderr]     Checking tokio-reactor v0.1.12
[INFO] [stderr]    Compiling error-chain v0.12.4
[INFO] [stderr]     Checking encoding_rs v0.8.33
[INFO] [stderr]     Checking linked-hash-map v0.5.6
[INFO] [stderr]    Compiling failure_derive v0.1.8
[INFO] [stderr]    Compiling crossbeam-utils v0.8.18
[INFO] [stderr]    Compiling unicode-xid v0.2.4
[INFO] [stderr]     Checking block-padding v0.2.1
[INFO] [stderr]     Checking alloc-no-stdlib v2.0.4
[INFO] [stderr]     Checking gimli v0.28.1
[INFO] [stderr]     Checking percent-encoding v1.0.1
[INFO] [stderr]     Checking quick-error v1.2.3
[INFO] [stderr]     Checking block-buffer v0.9.0
[INFO] [stderr]     Checking alloc-stdlib v0.2.2
[INFO] [stderr]     Checking resolv-conf v0.7.0
[INFO] [stderr]     Checking lru-cache v0.1.2
[INFO] [stderr]     Checking url v1.7.2
[INFO] [stderr]     Checking tokio-tcp v0.1.4
[INFO] [stderr]    Compiling mime_guess v2.0.4
[INFO] [stderr]     Checking tokio-threadpool v0.1.18
[INFO] [stderr]     Checking flate2 v1.0.28
[INFO] [stderr]     Checking digest v0.9.0
[INFO] [stderr]     Checking regex-automata v0.4.3
[INFO] [stderr]     Checking tokio-buf v0.1.1
[INFO] [stderr]     Checking string v0.2.1
[INFO] [stderr]     Checking tokio-current-thread v0.1.7
[INFO] [stderr]     Checking tokio-timer v0.2.13
[INFO] [stderr]    Compiling rand v0.6.5
[INFO] [stderr]    Compiling hyper v0.12.36
[INFO] [stderr]    Compiling openssl-sys v0.9.98
[INFO] [stderr]    Compiling backtrace v0.3.69
[INFO] [stderr]     Checking object v0.32.2
[INFO] [stderr]    Compiling cookie v0.14.4
[INFO] [stderr]    Compiling strsim v0.10.0
[INFO] [stderr]     Checking opaque-debug v0.3.0
[INFO] [stderr]    Compiling ident_case v1.0.1
[INFO] [stderr]     Checking rustc-demangle v0.1.23
[INFO] [stderr]     Checking tokio v0.1.22
[INFO] [stderr]     Checking brotli-decompressor v2.5.1
[INFO] [stderr]     Checking futures-cpupool v0.1.8
[INFO] [stderr]     Checking rand_isaac v0.1.1
[INFO] [stderr]     Checking rand_xorshift v0.1.1
[INFO] [stderr]     Checking rand_hc v0.1.0
[INFO] [stderr]     Checking rand_os v0.1.3
[INFO] [stderr]     Checking want v0.2.0
[INFO] [stderr]     Checking generic-array v0.12.4
[INFO] [stderr]     Checking rand_jitter v0.1.4
[INFO] [stderr]     Checking cpufeatures v0.2.12
[INFO] [stderr]     Checking byte-tools v0.3.1
[INFO] [stderr]     Checking base64 v0.13.1
[INFO] [stderr]     Checking sha-1 v0.9.8
[INFO] [stderr]     Checking cookie v0.12.0
[INFO] [stderr]     Checking block-padding v0.1.5
[INFO] [stderr]     Checking crossbeam-epoch v0.9.17
[INFO] [stderr]     Checking h2 v0.1.26
[INFO] [stderr]     Checking http-body v0.1.0
[INFO] [stderr]     Checking http-body v0.3.1
[INFO] [stderr]     Checking want v0.3.1
[INFO] [stderr]     Checking fxhash v0.2.1
[INFO] [stderr]     Checking try_from v0.3.2
[INFO] [stderr]     Checking language-tags v0.2.2
[INFO] [stderr]     Checking dtoa v0.4.8
[INFO] [stderr]     Checking tower-service v0.3.2
[INFO] [stderr]    Compiling rayon-core v1.12.0
[INFO] [stderr]     Checking httpdate v0.3.2
[INFO] [stderr]     Checking crossbeam-deque v0.8.4
[INFO] [stderr]     Checking block-buffer v0.7.3
[INFO] [stderr]     Checking digest v0.8.1
[INFO] [stderr]     Checking bytestring v1.3.1
[INFO] [stderr]     Checking base64 v0.10.1
[INFO] [stderr]     Checking opaque-debug v0.2.3
[INFO] [stderr]     Checking fake-simd v0.1.2
[INFO] [stderr]     Checking tinyvec_macros v0.1.1
[INFO] [stderr]     Checking getrandom v0.2.11
[INFO] [stderr]     Checking sha2 v0.8.2
[INFO] [stderr]     Checking tinyvec v1.6.0
[INFO] [stderr]     Checking base64 v0.12.3
[INFO] [stderr]     Checking keccak v0.1.4
[INFO] [stderr]     Checking ipnet v2.9.0
[INFO] [stderr]     Checking sha3 v0.9.1
[INFO] [stderr]     Checking uuid v0.7.4
[INFO] [stderr]     Checking brotli v3.4.0
[INFO] [stderr]     Checking rayon v1.8.0
[INFO] [stderr]     Checking addr2line v0.21.0
[INFO] [stderr]    Compiling synstructure v0.12.6
[INFO] [stderr]    Compiling darling_core v0.13.4
[INFO] [stderr]    Compiling futures-macro v0.3.30
[INFO] [stderr]    Compiling serde_derive v1.0.195
[INFO] [stderr]    Compiling pin-project-internal v1.1.3
[INFO] [stderr]    Compiling openssl-macros v0.1.1
[INFO] [stderr]    Compiling thiserror-impl v1.0.56
[INFO] [stderr]     Checking regex v1.10.2
[INFO] [stderr]     Checking publicsuffix v1.5.4
[INFO] [stderr]    Compiling tokio-macros v0.2.6
[INFO] [stderr]    Compiling derive_more v0.99.17
[INFO] [stderr]    Compiling actix-macros v0.1.3
[INFO] [stderr]    Compiling enum-as-inner v0.3.4
[INFO] [stderr]    Compiling time-macros-impl v0.1.2
[INFO] [stderr]     Checking futures-util v0.3.30
[INFO] [stderr]    Compiling actix-web-codegen v0.4.0
[INFO] [stderr]     Checking pin-project v1.1.3
[INFO] [stderr]     Checking tracing-futures v0.2.5
[INFO] [stderr]     Checking tokio v0.2.25
[INFO] [stderr]     Checking time-macros v0.1.1
[INFO] [stderr]    Compiling darling_macro v0.13.4
[INFO] [stderr]     Checking failure v0.1.8
[INFO] [stderr]     Checking pin-project v0.4.30
[INFO] [stderr]    Compiling darling v0.13.4
[INFO] [stderr]    Compiling serde_with_macros v1.5.2
[INFO] [stderr]     Checking hyper-tls v0.3.2
[INFO] [stderr]     Checking actix-threadpool v0.3.3
[INFO] [stderr]     Checking actix-service v1.0.6
[INFO] [stderr]     Checking futures-executor v0.3.30
[INFO] [stderr]     Checking futures v0.3.30
[INFO] [stderr]     Checking tokio-util v0.3.1
[INFO] [stderr]     Checking actix-rt v1.1.1
[INFO] [stderr]     Checking trust-dns-proto v0.19.7
[INFO] [stderr]     Checking tokio-tls v0.3.1
[INFO] [stderr]     Checking actix-codec v0.3.0
[INFO] [stderr]     Checking h2 v0.2.7
[INFO] [stderr]     Checking actix-utils v2.0.0
[INFO] [stderr]     Checking actix-server v1.0.4
[INFO] [stderr]     Checking actix-tls v2.0.0
[INFO] [stderr]     Checking serde_urlencoded v0.7.1
[INFO] [stderr]     Checking serde_urlencoded v0.5.5
[INFO] [stderr]     Checking actix-router v0.2.7
[INFO] [stderr]     Checking serde_with v1.14.0
[INFO] [stderr]     Checking uuid v0.8.2
[INFO] [stderr]     Checking actix-testing v1.0.1
[INFO] [stderr]     Checking trust-dns-resolver v0.19.7
[INFO] [stderr]     Checking cookie_store v0.7.0
[INFO] [stderr]     Checking reqwest v0.9.24
[INFO] [stderr]     Checking actix-connect v2.0.0
[INFO] [stderr]     Checking oauth2 v3.0.0
[INFO] [stderr]     Checking hyper v0.13.10
[INFO] [stderr]     Checking actix-http v2.2.2
[INFO] [stderr]     Checking awc v2.0.3
[INFO] [stderr]     Checking actix-web v3.3.3
[INFO] [stderr]     Checking hyper-tls v0.4.3
[INFO] [stderr]     Checking reqwest v0.10.10
[INFO] [stderr]     Checking wicrs_server v0.8.0
[INFO] [stdout] error[E0557]: feature has been removed
[INFO] [stdout]  --> /opt/rustwide/cargo-home/registry/src/index.crates.io-6f17d22bba15001f/wicrs_server-0.8.0/src/lib.rs:2:12
[INFO] [stdout]   |
[INFO] [stdout] 2 | #![feature(in_band_lifetimes)]
[INFO] [stdout]   |            ^^^^^^^^^^^^^^^^^ feature has been removed
[INFO] [stdout]   |
[INFO] [stdout]   = note: removed due to unsolved ergonomic questions and added lifetime resolution complexity
[INFO] [stdout] 
[INFO] [stdout] 
[INFO] [stdout] error[E0554]: `#![feature]` may not be used on the stable release channel
[INFO] [stdout]  --> /opt/rustwide/cargo-home/registry/src/index.crates.io-6f17d22bba15001f/wicrs_server-0.8.0/src/lib.rs:1:1
[INFO] [stdout]   |
[INFO] [stdout] 1 | #![feature(proc_macro_hygiene, decl_macro)]
[INFO] [stdout]   | ^^^^^^^^^^^^^^^^^^^^^^^^^^^^^^^^^^^^^^^^^^^
[INFO] [stdout] 
[INFO] [stdout] 
[INFO] [stdout] error[E0554]: `#![feature]` may not be used on the stable release channel
[INFO] [stdout]  --> /opt/rustwide/cargo-home/registry/src/index.crates.io-6f17d22bba15001f/wicrs_server-0.8.0/src/lib.rs:2:1
[INFO] [stdout]   |
[INFO] [stdout] 2 | #![feature(in_band_lifetimes)]
[INFO] [stdout]   | ^^^^^^^^^^^^^^^^^^^^^^^^^^^^^^
[INFO] [stdout] 
[INFO] [stdout] 
[INFO] [stdout] error: aborting due to 3 previous errors
[INFO] [stdout] 
[INFO] [stdout] 
[INFO] [stdout] Some errors have detailed explanations: E0554, E0557.
[INFO] [stdout] 
[INFO] [stdout] For more information about an error, try `rustc --explain E0554`.
[INFO] [stdout] 
[INFO] [stderr] error: could not compile `wicrs_server` (lib) due to 4 previous errors
[INFO] running `Command { std: "docker" "inspect" "8d3fdfe2f0f5ed11d5021090f97948879dc10942dc05f4c51c5f2f5968f1302a", kill_on_drop: false }`
[INFO] running `Command { std: "docker" "rm" "-f" "8d3fdfe2f0f5ed11d5021090f97948879dc10942dc05f4c51c5f2f5968f1302a", kill_on_drop: false }`
[INFO] [stdout] 8d3fdfe2f0f5ed11d5021090f97948879dc10942dc05f4c51c5f2f5968f1302a
[INFO] documenting wicrs_api-0.2.1 against beta-2023-12-22 for beta-1.76-rustdoc-1
[INFO] extracting crate wicrs_api 0.2.1 into /workspace/builds/worker-6-tc2/source
[INFO] validating manifest of crates.io crate wicrs_api 0.2.1 on toolchain beta-2023-12-22
[INFO] running `Command { std: CARGO_HOME="/workspace/cargo-home" RUSTUP_HOME="/workspace/rustup-home" "/workspace/cargo-home/bin/cargo" "+beta-2023-12-22" "metadata" "--manifest-path" "Cargo.toml" "--no-deps", kill_on_drop: false }`
[INFO] started tweaking crates.io crate wicrs_api 0.2.1
[INFO] finished tweaking crates.io crate wicrs_api 0.2.1
[INFO] tweaked toml for crates.io crate wicrs_api 0.2.1 written to /workspace/builds/worker-6-tc2/source/Cargo.toml
[INFO] running `Command { std: CARGO_HOME="/workspace/cargo-home" RUSTUP_HOME="/workspace/rustup-home" "/workspace/cargo-home/bin/cargo" "+beta-2023-12-22" "generate-lockfile" "--manifest-path" "Cargo.toml", kill_on_drop: false }`
[INFO] [stderr]     Updating crates.io index
[INFO] running `Command { std: CARGO_HOME="/workspace/cargo-home" RUSTUP_HOME="/workspace/rustup-home" "/workspace/cargo-home/bin/cargo" "+beta-2023-12-22" "fetch" "--manifest-path" "Cargo.toml", kill_on_drop: false }`
[INFO] running `Command { std: "docker" "create" "-v" "/var/lib/crater-agent-workspace/builds/worker-6-tc2/target:/opt/rustwide/target:rw,Z" "-v" "/var/lib/crater-agent-workspace/builds/worker-6-tc2/source:/opt/rustwide/workdir:ro,Z" "-v" "/var/lib/crater-agent-workspace/cargo-home:/opt/rustwide/cargo-home:ro,Z" "-v" "/var/lib/crater-agent-workspace/rustup-home:/opt/rustwide/rustup-home:ro,Z" "-e" "SOURCE_DIR=/opt/rustwide/workdir" "-e" "CARGO_TARGET_DIR=/opt/rustwide/target" "-e" "CARGO_HOME=/opt/rustwide/cargo-home" "-e" "RUSTUP_HOME=/opt/rustwide/rustup-home" "-w" "/opt/rustwide/workdir" "-m" "1610612736" "--user" "0:0" "--network" "none" "ghcr.io/rust-lang/crates-build-env/linux@sha256:2788e3201cd34a07e3172128adcd8b3090168a8e3bcc40d7c032b9dda1df7d1c" "/opt/rustwide/cargo-home/bin/cargo" "+beta-2023-12-22" "metadata" "--no-deps" "--format-version=1", kill_on_drop: false }`
[INFO] [stdout] ceddfc1b37508abcc3e85e9288208c8a567c2e9182e899cd76ca38e3fd501607
[INFO] running `Command { std: "docker" "start" "-a" "ceddfc1b37508abcc3e85e9288208c8a567c2e9182e899cd76ca38e3fd501607", kill_on_drop: false }`
[INFO] running `Command { std: "docker" "inspect" "ceddfc1b37508abcc3e85e9288208c8a567c2e9182e899cd76ca38e3fd501607", kill_on_drop: false }`
[INFO] running `Command { std: "docker" "rm" "-f" "ceddfc1b37508abcc3e85e9288208c8a567c2e9182e899cd76ca38e3fd501607", kill_on_drop: false }`
[INFO] [stdout] ceddfc1b37508abcc3e85e9288208c8a567c2e9182e899cd76ca38e3fd501607
[INFO] running `Command { std: "docker" "create" "-v" "/var/lib/crater-agent-workspace/builds/worker-6-tc2/target:/opt/rustwide/target:rw,Z" "-v" "/var/lib/crater-agent-workspace/builds/worker-6-tc2/source:/opt/rustwide/workdir:ro,Z" "-v" "/var/lib/crater-agent-workspace/cargo-home:/opt/rustwide/cargo-home:ro,Z" "-v" "/var/lib/crater-agent-workspace/rustup-home:/opt/rustwide/rustup-home:ro,Z" "-e" "SOURCE_DIR=/opt/rustwide/workdir" "-e" "CARGO_TARGET_DIR=/opt/rustwide/target" "-e" "CARGO_INCREMENTAL=0" "-e" "RUST_BACKTRACE=full" "-e" "RUSTFLAGS=--cap-lints=warn" "-e" "RUSTDOCFLAGS=--cap-lints=warn" "-e" "CARGO_HOME=/opt/rustwide/cargo-home" "-e" "RUSTUP_HOME=/opt/rustwide/rustup-home" "-w" "/opt/rustwide/workdir" "-m" "1610612736" "--user" "0:0" "--network" "none" "ghcr.io/rust-lang/crates-build-env/linux@sha256:2788e3201cd34a07e3172128adcd8b3090168a8e3bcc40d7c032b9dda1df7d1c" "/opt/rustwide/cargo-home/bin/cargo" "+beta-2023-12-22" "doc" "--frozen" "--no-deps" "--document-private-items" "--message-format=json", kill_on_drop: false }`
[INFO] [stdout] ab6fec736616cea0c8b72ab1426197ab122f67d549bd708ab28e8ed3816cbe2a
[INFO] running `Command { std: "docker" "start" "-a" "ab6fec736616cea0c8b72ab1426197ab122f67d549bd708ab28e8ed3816cbe2a", kill_on_drop: false }`
[INFO] [stderr]    Compiling libc v0.2.151
[INFO] [stderr]    Compiling autocfg v1.1.0
[INFO] [stderr]    Compiling proc-macro2 v1.0.76
[INFO] [stderr]    Compiling unicode-ident v1.0.12
[INFO] [stderr]    Compiling syn v1.0.109
[INFO] [stderr]     Checking cfg-if v1.0.0
[INFO] [stderr]     Checking cfg-if v0.1.10
[INFO] [stderr]     Checking log v0.4.20
[INFO] [stderr]     Checking lazy_static v1.4.0
[INFO] [stderr]    Compiling version_check v0.9.4
[INFO] [stderr]     Checking memchr v2.7.1
[INFO] [stderr]     Checking fnv v1.0.7
[INFO] [stderr]    Compiling maybe-uninit v2.0.0
[INFO] [stderr]     Checking futures-core v0.3.30
[INFO] [stderr]     Checking scopeguard v1.2.0
[INFO] [stderr]     Checking futures-sink v0.3.30
[INFO] [stderr]     Checking either v1.9.0
[INFO] [stderr]     Checking byteorder v1.5.0
[INFO] [stderr]     Checking pin-project-lite v0.2.13
[INFO] [stderr]     Checking bytes v0.5.6
[INFO] [stderr]     Checking pin-utils v0.1.0
[INFO] [stderr]     Checking pin-project-lite v0.1.12
[INFO] [stderr]     Checking futures-task v0.3.30
[INFO] [stderr]     Checking futures-channel v0.3.30
[INFO] [stderr]     Checking futures-io v0.3.30
[INFO] [stderr]     Checking futures v0.1.31
[INFO] [stderr]    Compiling semver-parser v0.7.0
[INFO] [stderr]     Checking matches v0.1.10
[INFO] [stderr]     Checking unicode-bidi v0.3.14
[INFO] [stderr]     Checking itoa v1.0.10
[INFO] [stderr]     Checking once_cell v1.19.0
[INFO] [stderr]    Compiling serde v1.0.195
[INFO] [stderr]     Checking percent-encoding v2.3.1
[INFO] [stderr]    Compiling semver v0.9.0
[INFO] [stderr]    Compiling typenum v1.17.0
[INFO] [stderr]     Checking smallvec v1.11.2
[INFO] [stderr]     Checking itoa v0.4.8
[INFO] [stderr]     Checking form_urlencoded v1.2.1
[INFO] [stderr]    Compiling pin-project-internal v0.4.30
[INFO] [stderr]    Compiling slab v0.4.9
[INFO] [stderr]    Compiling crossbeam-utils v0.7.2
[INFO] [stderr]     Checking smallvec v0.6.14
[INFO] [stderr]    Compiling indexmap v1.9.3
[INFO] [stderr]    Compiling rustc_version v0.2.3
[INFO] [stderr]    Compiling lock_api v0.4.11
[INFO] [stderr]    Compiling vcpkg v0.2.15
[INFO] [stderr]    Compiling parking_lot_core v0.8.6
[INFO] [stderr]    Compiling pkg-config v0.3.28
[INFO] [stderr]     Checking hashbrown v0.12.3
[INFO] [stderr]     Checking unicode-normalization v0.1.9
[INFO] [stderr]    Compiling autocfg v0.1.8
[INFO] [stderr]     Checking instant v0.1.12
[INFO] [stderr]     Checking bytes v1.5.0
[INFO] [stderr]    Compiling httparse v1.8.0
[INFO] [stderr]     Checking rand_core v0.4.2
[INFO] [stderr]    Compiling getrandom v0.1.16
[INFO] [stderr]    Compiling quote v1.0.35
[INFO] [stderr]    Compiling convert_case v0.4.0
[INFO] [stderr]    Compiling syn v2.0.48
[INFO] [stderr]     Checking http v0.2.11
[INFO] [stderr]    Compiling parking_lot_core v0.6.3
[INFO] [stderr]     Checking aho-corasick v1.1.2
[INFO] [stderr]     Checking tokio-executor v0.1.10
[INFO] [stderr]    Compiling memoffset v0.5.6
[INFO] [stderr]    Compiling standback v0.2.17
[INFO] [stderr]     Checking adler v1.0.2
[INFO] [stderr]     Checking idna v0.2.1
[INFO] [stderr]     Checking regex-syntax v0.8.2
[INFO] [stderr]     Checking miniz_oxide v0.7.1
[INFO] [stderr]    Compiling parking_lot v0.9.0
[INFO] [stderr]    Compiling crossbeam-epoch v0.8.2
[INFO] [stderr]    Compiling unicase v2.7.0
[INFO] [stderr]    Compiling generic-array v0.14.7
[INFO] [stderr]     Checking tracing-core v0.1.32
[INFO] [stderr]    Compiling openssl v0.10.62
[INFO] [stderr]     Checking try-lock v0.2.5
[INFO] [stderr]     Checking ppv-lite86 v0.2.17
[INFO] [stderr]    Compiling proc-macro-hack v0.5.20+deprecated
[INFO] [stderr]     Checking url v2.3.0
[INFO] [stderr]     Checking bitflags v1.3.2
[INFO] [stderr]    Compiling serde_json v1.0.111
[INFO] [stderr]     Checking ryu v1.0.16
[INFO] [stderr]     Checking foreign-types-shared v0.1.1
[INFO] [stderr]     Checking copyless v0.1.5
[INFO] [stderr]     Checking foreign-types v0.3.2
[INFO] [stderr]     Checking rand_core v0.3.1
[INFO] [stderr]     Checking iovec v0.1.4
[INFO] [stderr]     Checking net2 v0.2.39
[INFO] [stderr]     Checking num_cpus v1.16.0
[INFO] [stderr]     Checking signal-hook-registry v1.4.1
[INFO] [stderr]     Checking tracing v0.1.40
[INFO] [stderr]     Checking bytes v0.4.12
[INFO] [stderr]    Compiling cc v1.0.83
[INFO] [stderr]     Checking rand_core v0.5.1
[INFO] [stderr]     Checking lock_api v0.3.4
[INFO] [stderr]     Checking threadpool v1.8.1
[INFO] [stderr]    Compiling async-trait v0.1.77
[INFO] [stderr]     Checking parking_lot v0.11.2
[INFO] [stderr]     Checking mio v0.6.23
[INFO] [stderr]    Compiling native-tls v0.2.11
[INFO] [stderr]     Checking bitflags v2.4.1
[INFO] [stderr]    Compiling crc32fast v1.3.2
[INFO] [stderr]     Checking rand_chacha v0.2.2
[INFO] [stderr]    Compiling thiserror v1.0.56
[INFO] [stderr]     Checking tokio-io v0.1.13
[INFO] [stderr]     Checking rand v0.7.3
[INFO] [stderr]     Checking tokio-sync v0.1.8
[INFO] [stderr]    Compiling const_fn v0.4.9
[INFO] [stderr]     Checking openssl-probe v0.1.5
[INFO] [stderr]    Compiling heck v0.4.1
[INFO] [stderr]     Checking match_cfg v0.1.0
[INFO] [stderr]     Checking mime v0.3.17
[INFO] [stderr]     Checking hostname v0.3.1
[INFO] [stderr]     Checking crossbeam-deque v0.7.4
[INFO] [stderr]     Checking http v0.1.21
[INFO] [stderr]     Checking time v0.1.45
[INFO] [stderr]     Checking socket2 v0.3.19
[INFO] [stderr]     Checking idna v0.1.5
[INFO] [stderr]     Checking mio-uds v0.6.8
[INFO] [stderr]     Checking crossbeam-queue v0.2.3
[INFO] [stderr]    Compiling rand_pcg v0.1.2
[INFO] [stderr]     Checking tokio-reactor v0.1.12
[INFO] [stderr]    Compiling rand_chacha v0.1.1
[INFO] [stderr]    Compiling time v0.2.27
[INFO] [stderr]    Compiling error-chain v0.12.4
[INFO] [stderr]     Checking encoding_rs v0.8.33
[INFO] [stderr]     Checking alloc-no-stdlib v2.0.4
[INFO] [stderr]     Checking block-padding v0.2.1
[INFO] [stderr]    Compiling crossbeam-utils v0.8.18
[INFO] [stderr]     Checking percent-encoding v1.0.1
[INFO] [stderr]     Checking linked-hash-map v0.5.6
[INFO] [stderr]     Checking gimli v0.28.1
[INFO] [stderr]     Checking quick-error v1.2.3
[INFO] [stderr]    Compiling failure_derive v0.1.8
[INFO] [stderr]    Compiling unicode-xid v0.2.4
[INFO] [stderr]     Checking resolv-conf v0.7.0
[INFO] [stderr]     Checking tokio-tcp v0.1.4
[INFO] [stderr]     Checking url v1.7.2
[INFO] [stderr]     Checking lru-cache v0.1.2
[INFO] [stderr]     Checking block-buffer v0.9.0
[INFO] [stderr]     Checking alloc-stdlib v0.2.2
[INFO] [stderr]     Checking tokio-threadpool v0.1.18
[INFO] [stderr]    Compiling mime_guess v2.0.4
[INFO] [stderr]     Checking regex-automata v0.4.3
[INFO] [stderr]     Checking flate2 v1.0.28
[INFO] [stderr]     Checking digest v0.9.0
[INFO] [stderr]     Checking tokio-buf v0.1.1
[INFO] [stderr]     Checking string v0.2.1
[INFO] [stderr]     Checking tokio-timer v0.2.13
[INFO] [stderr]     Checking tokio-current-thread v0.1.7
[INFO] [stderr]    Compiling rand v0.6.5
[INFO] [stderr]    Compiling hyper v0.12.36
[INFO] [stderr]    Compiling openssl-sys v0.9.98
[INFO] [stderr]    Compiling backtrace v0.3.69
[INFO] [stderr]     Checking object v0.32.2
[INFO] [stderr]    Compiling cookie v0.14.4
[INFO] [stderr]     Checking opaque-debug v0.3.0
[INFO] [stderr]    Compiling ident_case v1.0.1
[INFO] [stderr]    Compiling strsim v0.10.0
[INFO] [stderr]     Checking rustc-demangle v0.1.23
[INFO] [stderr]     Checking tokio v0.1.22
[INFO] [stderr]     Checking brotli-decompressor v2.5.1
[INFO] [stderr]     Checking futures-cpupool v0.1.8
[INFO] [stderr]     Checking rand_isaac v0.1.1
[INFO] [stderr]     Checking rand_hc v0.1.0
[INFO] [stderr]     Checking rand_xorshift v0.1.1
[INFO] [stderr]     Checking rand_os v0.1.3
[INFO] [stderr]     Checking generic-array v0.12.4
[INFO] [stderr]     Checking want v0.2.0
[INFO] [stderr]     Checking rand_jitter v0.1.4
[INFO] [stderr]     Checking base64 v0.13.1
[INFO] [stderr]     Checking cpufeatures v0.2.12
[INFO] [stderr]     Checking byte-tools v0.3.1
[INFO] [stderr]     Checking h2 v0.1.26
[INFO] [stderr]     Checking http-body v0.1.0
[INFO] [stderr]     Checking sha-1 v0.9.8
[INFO] [stderr]     Checking block-padding v0.1.5
[INFO] [stderr]     Checking crossbeam-epoch v0.9.17
[INFO] [stderr]     Checking cookie v0.12.0
[INFO] [stderr]     Checking http-body v0.3.1
[INFO] [stderr]     Checking want v0.3.1
[INFO] [stderr]     Checking fxhash v0.2.1
[INFO] [stderr]     Checking try_from v0.3.2
[INFO] [stderr]    Compiling rayon-core v1.12.0
[INFO] [stderr]     Checking tower-service v0.3.2
[INFO] [stderr]     Checking language-tags v0.2.2
[INFO] [stderr]     Checking dtoa v0.4.8
[INFO] [stderr]     Checking httpdate v0.3.2
[INFO] [stderr]     Checking crossbeam-deque v0.8.4
[INFO] [stderr]     Checking block-buffer v0.7.3
[INFO] [stderr]     Checking digest v0.8.1
[INFO] [stderr]     Checking bytestring v1.3.1
[INFO] [stderr]     Checking base64 v0.10.1
[INFO] [stderr]     Checking opaque-debug v0.2.3
[INFO] [stderr]     Checking tinyvec_macros v0.1.1
[INFO] [stderr]     Checking fake-simd v0.1.2
[INFO] [stderr]     Checking getrandom v0.2.11
[INFO] [stderr]     Checking tinyvec v1.6.0
[INFO] [stderr]     Checking base64 v0.12.3
[INFO] [stderr]     Checking keccak v0.1.4
[INFO] [stderr]     Checking sha2 v0.8.2
[INFO] [stderr]     Checking ipnet v2.9.0
[INFO] [stderr]     Checking sha3 v0.9.1
[INFO] [stderr]     Checking brotli v3.4.0
[INFO] [stderr]     Checking rayon v1.8.0
[INFO] [stderr]     Checking uuid v0.7.4
[INFO] [stderr]    Compiling synstructure v0.12.6
[INFO] [stderr]    Compiling darling_core v0.13.4
[INFO] [stderr]     Checking addr2line v0.21.0
[INFO] [stderr]     Checking regex v1.10.2
[INFO] [stderr]     Checking publicsuffix v1.5.4
[INFO] [stderr]    Compiling futures-macro v0.3.30
[INFO] [stderr]    Compiling serde_derive v1.0.195
[INFO] [stderr]    Compiling pin-project-internal v1.1.3
[INFO] [stderr]    Compiling openssl-macros v0.1.1
[INFO] [stderr]    Compiling thiserror-impl v1.0.56
[INFO] [stderr]    Compiling tokio-macros v0.2.6
[INFO] [stderr]    Compiling derive_more v0.99.17
[INFO] [stderr]    Compiling actix-macros v0.1.3
[INFO] [stderr]    Compiling enum-as-inner v0.3.4
[INFO] [stderr]     Checking futures-util v0.3.30
[INFO] [stderr]    Compiling time-macros-impl v0.1.2
[INFO] [stderr]    Compiling actix-web-codegen v0.4.0
[INFO] [stderr]     Checking tokio v0.2.25
[INFO] [stderr]     Checking pin-project v1.1.3
[INFO] [stderr]     Checking tracing-futures v0.2.5
[INFO] [stderr]    Compiling darling_macro v0.13.4
[INFO] [stderr]     Checking time-macros v0.1.1
[INFO] [stderr]     Checking failure v0.1.8
[INFO] [stderr]     Checking pin-project v0.4.30
[INFO] [stderr]    Compiling darling v0.13.4
[INFO] [stderr]    Compiling serde_with_macros v1.5.2
[INFO] [stderr]     Checking actix-threadpool v0.3.3
[INFO] [stderr]     Checking actix-service v1.0.6
[INFO] [stderr]     Checking futures-executor v0.3.30
[INFO] [stderr]     Checking futures v0.3.30
[INFO] [stderr]     Checking hyper-tls v0.3.2
[INFO] [stderr]     Checking tokio-util v0.3.1
[INFO] [stderr]     Checking actix-rt v1.1.1
[INFO] [stderr]     Checking trust-dns-proto v0.19.7
[INFO] [stderr]     Checking tokio-tls v0.3.1
[INFO] [stderr]     Checking actix-codec v0.3.0
[INFO] [stderr]     Checking h2 v0.2.7
[INFO] [stderr]     Checking actix-utils v2.0.0
[INFO] [stderr]     Checking actix-server v1.0.4
[INFO] [stderr]     Checking actix-tls v2.0.0
[INFO] [stderr]     Checking actix-testing v1.0.1
[INFO] [stderr]     Checking trust-dns-resolver v0.19.7
[INFO] [stderr]     Checking serde_urlencoded v0.7.1
[INFO] [stderr]     Checking serde_urlencoded v0.5.5
[INFO] [stderr]     Checking actix-router v0.2.7
[INFO] [stderr]     Checking uuid v0.8.2
[INFO] [stderr]     Checking serde_with v1.14.0
[INFO] [stderr]     Checking actix-connect v2.0.0
[INFO] [stderr]     Checking cookie_store v0.7.0
[INFO] [stderr]     Checking reqwest v0.9.24
[INFO] [stderr]     Checking oauth2 v3.0.0
[INFO] [stderr]     Checking hyper v0.13.10
[INFO] [stderr]     Checking actix-http v2.2.2
[INFO] [stderr]     Checking awc v2.0.3
[INFO] [stderr]     Checking actix-web v3.3.3
[INFO] [stderr]     Checking hyper-tls v0.4.3
[INFO] [stderr]     Checking reqwest v0.10.10
[INFO] [stderr]     Checking wicrs_server v0.8.0
[INFO] [stdout] error[E0557]: feature has been removed
[INFO] [stdout]  --> /opt/rustwide/cargo-home/registry/src/index.crates.io-6f17d22bba15001f/wicrs_server-0.8.0/src/lib.rs:2:12
[INFO] [stdout]   |
[INFO] [stdout] 2 | #![feature(in_band_lifetimes)]
[INFO] [stdout]   |            ^^^^^^^^^^^^^^^^^ feature has been removed
[INFO] [stdout]   |
[INFO] [stdout]   = note: removed due to unsolved ergonomic questions and added lifetime resolution complexity
[INFO] [stdout] 
[INFO] [stdout] 
[INFO] [stdout] error[E0554]: `#![feature]` may not be used on the beta release channel
[INFO] [stdout]  --> /opt/rustwide/cargo-home/registry/src/index.crates.io-6f17d22bba15001f/wicrs_server-0.8.0/src/lib.rs:1:1
[INFO] [stdout]   |
[INFO] [stdout] 1 | #![feature(proc_macro_hygiene, decl_macro)]
[INFO] [stdout]   | ^^^^^^^^^^^^^^^^^^^^^^^^^^^^^^^^^^^^^^^^^^^
[INFO] [stdout] 
[INFO] [stdout] 
[INFO] [stdout] error[E0554]: `#![feature]` may not be used on the beta release channel
[INFO] [stdout]  --> /opt/rustwide/cargo-home/registry/src/index.crates.io-6f17d22bba15001f/wicrs_server-0.8.0/src/lib.rs:2:1
[INFO] [stdout]   |
[INFO] [stdout] 2 | #![feature(in_band_lifetimes)]
[INFO] [stdout]   | ^^^^^^^^^^^^^^^^^^^^^^^^^^^^^^
[INFO] [stdout] 
[INFO] [stdout] 
[INFO] [stdout] error: aborting due to 3 previous errors
[INFO] [stdout] 
[INFO] [stdout] 
[INFO] [stdout] Some errors have detailed explanations: E0554, E0557.
[INFO] [stdout] 
[INFO] [stdout] For more information about an error, try `rustc --explain E0554`.
[INFO] [stdout] 
[INFO] [stderr] error: could not compile `wicrs_server` (lib) due to 4 previous errors
[INFO] running `Command { std: "docker" "inspect" "ab6fec736616cea0c8b72ab1426197ab122f67d549bd708ab28e8ed3816cbe2a", kill_on_drop: false }`
[INFO] running `Command { std: "docker" "rm" "-f" "ab6fec736616cea0c8b72ab1426197ab122f67d549bd708ab28e8ed3816cbe2a", kill_on_drop: false }`
[INFO] [stdout] ab6fec736616cea0c8b72ab1426197ab122f67d549bd708ab28e8ed3816cbe2a
