[INFO] fetching crate wick-trigger-wasm-command 0.1.1...
[INFO] documenting wick-trigger-wasm-command-0.1.1 against 1.75.0 for beta-1.76-rustdoc-1
[INFO] extracting crate wick-trigger-wasm-command 0.1.1 into /workspace/builds/worker-6-tc1/source
[INFO] validating manifest of crates.io crate wick-trigger-wasm-command 0.1.1 on toolchain 1.75.0
[INFO] running `Command { std: CARGO_HOME="/workspace/cargo-home" RUSTUP_HOME="/workspace/rustup-home" "/workspace/cargo-home/bin/cargo" "+1.75.0" "metadata" "--manifest-path" "Cargo.toml" "--no-deps", kill_on_drop: false }`
[INFO] started tweaking crates.io crate wick-trigger-wasm-command 0.1.1
[INFO] finished tweaking crates.io crate wick-trigger-wasm-command 0.1.1
[INFO] tweaked toml for crates.io crate wick-trigger-wasm-command 0.1.1 written to /workspace/builds/worker-6-tc1/source/Cargo.toml
[INFO] running `Command { std: CARGO_HOME="/workspace/cargo-home" RUSTUP_HOME="/workspace/rustup-home" "/workspace/cargo-home/bin/cargo" "+1.75.0" "generate-lockfile" "--manifest-path" "Cargo.toml", kill_on_drop: false }`
[INFO] [stderr]     Updating crates.io index
[INFO] running `Command { std: CARGO_HOME="/workspace/cargo-home" RUSTUP_HOME="/workspace/rustup-home" "/workspace/cargo-home/bin/cargo" "+1.75.0" "fetch" "--manifest-path" "Cargo.toml", kill_on_drop: false }`
[INFO] [stderr]  Downloading crates ...
[INFO] [stderr]   Downloaded wasmtime-jit-icache-coherence v13.0.1
[INFO] [stderr]   Downloaded wick-component v0.17.0
[INFO] [stderr]   Downloaded cranelift-native v0.100.1
[INFO] [stderr]   Downloaded wiggle-generate v13.0.1
[INFO] [stderr]   Downloaded wasmtime-types v13.0.1
[INFO] [stderr]   Downloaded wiggle v13.0.1
[INFO] [stderr]   Downloaded cranelift-isle v0.100.1
[INFO] [stderr]   Downloaded performance-mark v0.3.0
[INFO] [stderr]   Downloaded wit-parser v0.11.3
[INFO] [stderr]   Downloaded check_keyword v0.2.0
[INFO] [stderr]   Downloaded wick-wasm-engine v0.1.0
[INFO] [stderr]   Downloaded flow-graph v0.23.0
[INFO] [stderr]   Downloaded structmeta-derive v0.2.0
[INFO] [stderr]   Downloaded wasmtime-wmemcheck v13.0.1
[INFO] [stderr]   Downloaded atomic-write-file v0.1.2
[INFO] [stderr]   Downloaded wick-interface-http v0.4.0
[INFO] [stderr]   Downloaded bb8-tiberius v0.15.0
[INFO] [stderr]   Downloaded wick-sql v0.3.0
[INFO] [stderr]   Downloaded flow-component v0.7.0
[INFO] [stderr]   Downloaded wasmtime-jit-debug v13.0.1
[INFO] [stderr]   Downloaded wasmrs-runtime v0.17.1
[INFO] [stderr]   Downloaded wick-wascap v0.3.0
[INFO] [stderr]   Downloaded connection-string v0.2.0
[INFO] [stderr]   Downloaded sqlx-macros-core v0.7.3
[INFO] [stderr]   Downloaded cranelift-wasm v0.100.1
[INFO] [stderr]   Downloaded cranelift-codegen v0.100.1
[INFO] [stderr]   Downloaded wasmtime v13.0.1
[INFO] [stderr]   Downloaded wasmparser v0.112.0
[INFO] [stderr]   Downloaded wasi-common v13.0.1
[INFO] [stderr]   Downloaded tiberius v0.12.2
[INFO] [stderr]   Downloaded sqlx v0.7.3
[INFO] [stderr]   Downloaded cranelift-entity v0.100.1
[INFO] [stderr]   Downloaded winch-codegen v0.11.1
[INFO] [stderr]   Downloaded wasm-encoder v0.35.0
[INFO] [stderr]   Downloaded wick-config v0.28.0
[INFO] [stderr]   Downloaded loose-liquid-derive v0.27.0
[INFO] [stderr]   Downloaded oci-distribution v0.9.4
[INFO] [stderr]   Downloaded wasmrs-frames v0.17.1
[INFO] [stderr]   Downloaded wasmparser v0.115.0
[INFO] [stderr]   Downloaded cranelift-bforest v0.100.1
[INFO] [stderr]   Downloaded wasm-encoder v0.32.0
[INFO] [stderr]   Downloaded cranelift-frontend v0.100.1
[INFO] [stderr]   Downloaded flow-graph-interpreter v0.22.0
[INFO] [stderr]   Downloaded sqlx-mysql v0.7.3
[INFO] [stderr]   Downloaded sqlx-sqlite v0.7.3
[INFO] [stderr]   Downloaded wick-oci-utils v0.5.0
[INFO] [stderr]   Downloaded wasmtime-cranelift v13.0.1
[INFO] [stderr]   Downloaded wick-packet v0.17.0
[INFO] [stderr]   Downloaded olpc-cjson v0.1.3
[INFO] [stderr]   Downloaded wasi-cap-std-sync v13.0.1
[INFO] [stderr]   Downloaded base64-serde v0.7.0
[INFO] [stderr]   Downloaded wick-http-client v0.3.0
[INFO] [stderr]   Downloaded wick-interface-types v0.17.0
[INFO] [stderr]   Downloaded wick-rpc v0.3.0
[INFO] [stderr]   Downloaded wick-component-codegen v0.6.0
[INFO] [stderr]   Downloaded wasmrs-guest v0.17.0
[INFO] [stderr]   Downloaded wasmtime-component-macro v13.0.1
[INFO] [stderr]   Downloaded wasmtime-jit v13.0.1
[INFO] [stderr]   Downloaded wasmtime-wit-bindgen v13.0.1
[INFO] [stderr]   Downloaded wiggle-macro v13.0.1
[INFO] [stderr]   Downloaded wasmtime-fiber v13.0.1
[INFO] [stderr]   Downloaded loose-liquid-lib v0.27.0
[INFO] [stderr]   Downloaded wick-component-wasmrs v0.3.0
[INFO] [stderr]   Downloaded liquid-json v0.6.1
[INFO] [stderr]   Downloaded http-auth v0.1.9
[INFO] [stderr]   Downloaded wasmrs v0.17.0
[INFO] [stderr]   Downloaded wick-runtime v0.24.1
[INFO] [stderr]   Downloaded wasmtime-cranelift-shared v13.0.1
[INFO] [stderr]   Downloaded eventsource-stream v0.2.3
[INFO] [stderr]   Downloaded wasi-tokio v13.0.1
[INFO] [stderr]   Downloaded sqlx-postgres v0.7.3
[INFO] [stderr]   Downloaded structured-output v0.1.1
[INFO] [stderr]   Downloaded nuid v0.4.1
[INFO] [stderr]   Downloaded structmeta v0.2.0
[INFO] [stderr]   Downloaded property v0.3.3
[INFO] [stderr]   Downloaded wasmrs-codec v0.17.0
[INFO] [stderr]   Downloaded wick-trigger v0.1.0
[INFO] [stderr]   Downloaded wasmtime-component-util v13.0.1
[INFO] [stderr]   Downloaded wick-interface-cli v0.4.0
[INFO] [stderr]   Downloaded wasmtime-cache v13.0.1
[INFO] [stderr]   Downloaded wick-operation v0.3.0
[INFO] [stderr]   Downloaded wasmtime-versioned-export-macros v13.0.1
[INFO] [stderr]   Downloaded cranelift-codegen-shared v0.100.1
[INFO] [stderr]   Downloaded uhttp_sse v0.5.1
[INFO] [stderr]   Downloaded sqlx-macros v0.7.3
[INFO] [stderr]   Downloaded option-utils v0.1.0
[INFO] [stderr]   Downloaded loose-liquid v0.27.0
[INFO] [stderr]   Downloaded wasmrs-rx v0.17.0
[INFO] [stderr]   Downloaded wasmrs-wasmtime v0.17.0
[INFO] [stderr]   Downloaded jwt v0.16.0
[INFO] [stderr]   Downloaded wasmtime-winch v13.0.1
[INFO] [stderr]   Downloaded flow-expression-parser v0.7.0
[INFO] [stderr]   Downloaded cranelift-control v0.100.1
[INFO] [stderr]   Downloaded sha256 v1.5.0
[INFO] [stderr]   Downloaded wick-xdg v0.4.0
[INFO] [stderr]   Downloaded derive-asset-container v0.4.0
[INFO] [stderr]   Downloaded wasmtime-environ v13.0.1
[INFO] [stderr]   Downloaded wasmtime-runtime v13.0.1
[INFO] [stderr]   Downloaded loose-liquid-core v0.27.0
[INFO] [stderr]   Downloaded wick-asset-reference v0.5.0
[INFO] [stderr]   Downloaded asset-container v0.4.0
[INFO] [stderr]   Downloaded wasmtime-asm-macros v13.0.1
[INFO] [stderr]   Downloaded wasmtime-wasi v13.0.1
[INFO] [stderr]   Downloaded wasmrs-host v0.17.0
[INFO] [stderr]   Downloaded cranelift-codegen-meta v0.100.1
[INFO] [stderr]   Downloaded seeded-random v0.6.0
[INFO] running `Command { std: "docker" "create" "-v" "/var/lib/crater-agent-workspace/builds/worker-6-tc1/target:/opt/rustwide/target:rw,Z" "-v" "/var/lib/crater-agent-workspace/builds/worker-6-tc1/source:/opt/rustwide/workdir:ro,Z" "-v" "/var/lib/crater-agent-workspace/cargo-home:/opt/rustwide/cargo-home:ro,Z" "-v" "/var/lib/crater-agent-workspace/rustup-home:/opt/rustwide/rustup-home:ro,Z" "-e" "SOURCE_DIR=/opt/rustwide/workdir" "-e" "CARGO_TARGET_DIR=/opt/rustwide/target" "-e" "CARGO_HOME=/opt/rustwide/cargo-home" "-e" "RUSTUP_HOME=/opt/rustwide/rustup-home" "-w" "/opt/rustwide/workdir" "-m" "1610612736" "--user" "0:0" "--network" "none" "ghcr.io/rust-lang/crates-build-env/linux@sha256:2788e3201cd34a07e3172128adcd8b3090168a8e3bcc40d7c032b9dda1df7d1c" "/opt/rustwide/cargo-home/bin/cargo" "+1.75.0" "metadata" "--no-deps" "--format-version=1", kill_on_drop: false }`
[INFO] [stdout] 0a4cf8450a4aa39d31406f7ce5a7498fa6fe1a0bf40fda47e4fa73e69cda3449
[INFO] running `Command { std: "docker" "start" "-a" "0a4cf8450a4aa39d31406f7ce5a7498fa6fe1a0bf40fda47e4fa73e69cda3449", kill_on_drop: false }`
[INFO] running `Command { std: "docker" "inspect" "0a4cf8450a4aa39d31406f7ce5a7498fa6fe1a0bf40fda47e4fa73e69cda3449", kill_on_drop: false }`
[INFO] running `Command { std: "docker" "rm" "-f" "0a4cf8450a4aa39d31406f7ce5a7498fa6fe1a0bf40fda47e4fa73e69cda3449", kill_on_drop: false }`
[INFO] [stdout] 0a4cf8450a4aa39d31406f7ce5a7498fa6fe1a0bf40fda47e4fa73e69cda3449
[INFO] running `Command { std: "docker" "create" "-v" "/var/lib/crater-agent-workspace/builds/worker-6-tc1/target:/opt/rustwide/target:rw,Z" "-v" "/var/lib/crater-agent-workspace/builds/worker-6-tc1/source:/opt/rustwide/workdir:ro,Z" "-v" "/var/lib/crater-agent-workspace/cargo-home:/opt/rustwide/cargo-home:ro,Z" "-v" "/var/lib/crater-agent-workspace/rustup-home:/opt/rustwide/rustup-home:ro,Z" "-e" "SOURCE_DIR=/opt/rustwide/workdir" "-e" "CARGO_TARGET_DIR=/opt/rustwide/target" "-e" "CARGO_INCREMENTAL=0" "-e" "RUST_BACKTRACE=full" "-e" "RUSTFLAGS=--cap-lints=warn" "-e" "RUSTDOCFLAGS=--cap-lints=warn" "-e" "CARGO_HOME=/opt/rustwide/cargo-home" "-e" "RUSTUP_HOME=/opt/rustwide/rustup-home" "-w" "/opt/rustwide/workdir" "-m" "1610612736" "--user" "0:0" "--network" "none" "ghcr.io/rust-lang/crates-build-env/linux@sha256:2788e3201cd34a07e3172128adcd8b3090168a8e3bcc40d7c032b9dda1df7d1c" "/opt/rustwide/cargo-home/bin/cargo" "+1.75.0" "doc" "--frozen" "--no-deps" "--document-private-items" "--message-format=json", kill_on_drop: false }`
[INFO] [stdout] 88a659b19865eed040775991db9f0e7be93e967a89ad886c58972d813e965960
[INFO] running `Command { std: "docker" "start" "-a" "88a659b19865eed040775991db9f0e7be93e967a89ad886c58972d813e965960", kill_on_drop: false }`
[INFO] [stderr]    Compiling proc-macro2 v1.0.76
[INFO] [stderr]    Compiling serde v1.0.195
[INFO] [stderr]    Compiling thiserror v1.0.56
[INFO] [stderr]    Compiling ahash v0.8.7
[INFO] [stderr]     Checking smallvec v1.11.2
[INFO] [stderr]    Compiling semver v1.0.21
[INFO] [stderr]    Compiling anyhow v1.0.79
[INFO] [stderr]    Compiling async-trait v0.1.77
[INFO] [stderr]    Compiling itoa v1.0.10
[INFO] [stderr]    Compiling ring v0.17.7
[INFO] [stderr]    Compiling fnv v1.0.7
[INFO] [stderr]     Checking futures-channel v0.3.30
[INFO] [stderr]    Compiling hashbrown v0.14.3
[INFO] [stderr]     Checking spin v0.9.8
[INFO] [stderr]    Compiling serde_json v1.0.111
[INFO] [stderr]    Compiling byteorder v1.5.0
[INFO] [stderr]    Compiling equivalent v1.0.1
[INFO] [stderr]    Compiling ryu v1.0.16
[INFO] [stderr]    Compiling unicase v2.7.0
[INFO] [stderr]    Compiling ident_case v1.0.1
[INFO] [stderr]    Compiling rustls v0.21.10
[INFO] [stderr]    Compiling strsim v0.10.0
[INFO] [stderr]     Checking parking_lot_core v0.9.9
[INFO] [stderr]     Checking rand_chacha v0.3.1
[INFO] [stderr]    Compiling iovec v0.1.4
[INFO] [stderr]    Compiling rustc_version v0.4.0
[INFO] [stderr]    Compiling futures-sink v0.3.30
[INFO] [stderr]    Compiling scopeguard v1.2.0
[INFO] [stderr]    Compiling bytes v0.4.12
[INFO] [stderr]    Compiling futures v0.1.31
[INFO] [stderr]    Compiling unicode-normalization v0.1.22
[INFO] [stderr]     Checking parking_lot v0.12.1
[INFO] [stderr]    Compiling lock_api v0.4.11
[INFO] [stderr]     Checking rand v0.8.5
[INFO] [stderr]     Checking untrusted v0.9.0
[INFO] [stderr]    Compiling quote v1.0.35
[INFO] [stderr]    Compiling ucd-trie v0.1.6
[INFO] [stderr]     Checking sha2 v0.10.8
[INFO] [stderr]    Compiling getrandom v0.2.11
[INFO] [stderr]    Compiling heapless v0.7.17
[INFO] [stderr]    Compiling socket2 v0.5.5
[INFO] [stderr]    Compiling syn v2.0.48
[INFO] [stderr]    Compiling syn v1.0.109
[INFO] [stderr]    Compiling mio v0.8.10
[INFO] [stderr]    Compiling num_cpus v1.16.0
[INFO] [stderr]    Compiling rustix v0.38.28
[INFO] [stderr]    Compiling idna v0.5.0
[INFO] [stderr]    Compiling tracing-core v0.1.32
[INFO] [stderr]    Compiling num-traits v0.2.17
[INFO] [stderr]    Compiling doc-comment v0.3.3
[INFO] [stderr]    Compiling proc-macro-error-attr v1.0.4
[INFO] [stderr]     Checking nom v7.1.3
[INFO] [stderr]    Compiling target-lexicon v0.12.13
[INFO] [stderr]     Checking leb128 v0.2.5
[INFO] [stderr]    Compiling generic-array v0.14.7
[INFO] [stderr]    Compiling cranelift-isle v0.100.1
[INFO] [stderr]    Compiling base64 v0.21.5
[INFO] [stderr]     Checking rustls-pemfile v1.0.4
[INFO] [stderr]    Compiling cranelift-codegen-shared v0.100.1
[INFO] [stderr]    Compiling subtle v2.5.0
[INFO] [stderr]    Compiling cranelift-codegen-meta v0.100.1
[INFO] [stderr]    Compiling tokio-io v0.1.13
[INFO] [stderr]    Compiling io-lifetimes v2.0.3
[INFO] [stderr]     Checking dashmap v5.5.3
[INFO] [stderr]     Checking hashbrown v0.13.2
[INFO] [stderr]     Checking rmp v0.8.12
[INFO] [stderr]     Checking hash32 v0.2.1
[INFO] [stderr]     Checking arbitrary v1.3.2
[INFO] [stderr]    Compiling block-buffer v0.10.4
[INFO] [stderr]    Compiling crypto-common v0.1.6
[INFO] [stderr]    Compiling bitflags v2.4.1
[INFO] [stderr]     Checking slice-group-by v0.3.1
[INFO] [stderr]    Compiling powerfmt v0.2.0
[INFO] [stderr]    Compiling digest v0.10.7
[INFO] [stderr]     Checking unsafe-libyaml v0.2.10
[INFO] [stderr]     Checking rustc-hash v1.1.0
[INFO] [stderr]    Compiling rustversion v1.0.14
[INFO] [stderr]    Compiling try-lock v0.2.5
[INFO] [stderr]     Checking stable_deref_trait v1.2.0
[INFO] [stderr]    Compiling deranged v0.3.11
[INFO] [stderr]    Compiling want v0.3.1
[INFO] [stderr]    Compiling zstd-sys v2.0.9+zstd.1.5.5
[INFO] [stderr]    Compiling rand_core v0.6.4
[INFO] [stderr]    Compiling httparse v1.8.0
[INFO] [stderr]     Checking regalloc2 v0.9.3
[INFO] [stderr]    Compiling httpdate v1.0.3
[INFO] [stderr]    Compiling cpufeatures v0.2.12
[INFO] [stderr]    Compiling io-extras v0.18.1
[INFO] [stderr]    Compiling tower-service v0.3.2
[INFO] [stderr]    Compiling static_assertions v1.1.0
[INFO] [stderr]     Checking cranelift-control v0.100.1
[INFO] [stderr]     Checking bumpalo v3.14.0
[INFO] [stderr]     Checking wasm-encoder v0.32.0
[INFO] [stderr]    Compiling itertools v0.11.0
[INFO] [stderr]    Compiling time v0.3.31
[INFO] [stderr]    Compiling anymap2 v0.13.0
[INFO] [stderr]    Compiling pulldown-cmark v0.9.3
[INFO] [stderr]     Checking ambient-authority v0.0.2
[INFO] [stderr]     Checking wasmtime-component-util v13.0.1
[INFO] [stderr]    Compiling minimal-lexical v0.2.1
[INFO] [stderr]    Compiling cap-primitives v2.0.1
[INFO] [stderr]    Compiling hmac v0.12.1
[INFO] [stderr]    Compiling encoding_rs v0.8.33
[INFO] [stderr]    Compiling ittapi-sys v0.3.5
[INFO] [stderr]    Compiling memoffset v0.9.0
[INFO] [stderr]    Compiling base64 v0.13.1
[INFO] [stderr]     Checking webpki-roots v0.25.3
[INFO] [stderr]    Compiling mime v0.3.17
[INFO] [stderr]    Compiling ipnet v2.9.0
[INFO] [stderr]    Compiling zstd-safe v5.0.2+zstd.1.5.2
[INFO] [stderr]    Compiling uuid v1.6.1
[INFO] [stderr]    Compiling adler v1.0.2
[INFO] [stderr]    Compiling darling_core v0.14.4
[INFO] [stderr]    Compiling proc-macro-error v1.0.4
[INFO] [stderr]     Checking maybe-owned v0.3.4
[INFO] [stderr]    Compiling seeded-random v0.6.0
[INFO] [stderr]    Compiling miniz_oxide v0.7.1
[INFO] [stderr]    Compiling darling_core v0.20.3
[INFO] [stderr]     Checking crossbeam-epoch v0.9.17
[INFO] [stderr]    Compiling crc32fast v1.3.2
[INFO] [stderr]    Compiling filetime v0.2.23
[INFO] [stderr]    Compiling dirs-sys v0.3.7
[INFO] [stderr]    Compiling http-auth v0.1.9
[INFO] [stderr]     Checking wasmtime-asm-macros v13.0.1
[INFO] [stderr]    Compiling cpp_demangle v0.3.5
[INFO] [stderr]    Compiling hex v0.4.3
[INFO] [stderr]    Compiling rayon-core v1.12.0
[INFO] [stderr]    Compiling cap-std v2.0.1
[INFO] [stderr]    Compiling id-arena v2.2.1
[INFO] [stderr]    Compiling wast v35.0.2
[INFO] [stderr]    Compiling flate2 v1.0.28
[INFO] [stderr]    Compiling dirs v4.0.0
[INFO] [stderr]     Checking crossbeam-deque v0.8.4
[INFO] [stderr]    Compiling tar v0.4.40
[INFO] [stderr]     Checking wasm-encoder v0.38.1
[INFO] [stderr]    Compiling psm v0.1.21
[INFO] [stderr]     Checking dirs-sys-next v0.1.2
[INFO] [stderr]     Checking sptr v0.3.2
[INFO] [stderr]    Compiling wasmtime-cache v13.0.1
[INFO] [stderr]    Compiling cranelift-codegen v0.100.1
[INFO] [stderr]     Checking wasmtime-wmemcheck v13.0.1
[INFO] [stderr]     Checking directories-next v2.0.0
[INFO] [stderr]    Compiling shellexpand v2.1.2
[INFO] [stderr]    Compiling ordered-float v2.10.1
[INFO] [stderr]     Checking fs-set-times v0.20.1
[INFO] [stderr]     Checking memfd v0.6.4
[INFO] [stderr]     Checking wasmtime-jit-icache-coherence v13.0.1
[INFO] [stderr]    Compiling normpath v1.1.1
[INFO] [stderr]     Checking wast v69.0.1
[INFO] [stderr]    Compiling prettyplease v0.2.16
[INFO] [stderr]     Checking encoding_index_tests v0.1.4
[INFO] [stderr]    Compiling option-utils v0.1.0
[INFO] [stderr]    Compiling wildmatch v2.3.0
[INFO] [stderr]    Compiling wasi-common v13.0.1
[INFO] [stderr]    Compiling ring v0.16.20
[INFO] [stderr]    Compiling cap-fs-ext v2.0.1
[INFO] [stderr]     Checking base64ct v1.6.0
[INFO] [stderr]    Compiling check_keyword v0.2.0
[INFO] [stderr]    Compiling system-interface v0.26.1
[INFO] [stderr]     Checking pem-rfc7468 v0.7.0
[INFO] [stderr]    Compiling axum-core v0.3.4
[INFO] [stderr]     Checking cap-rand v2.0.1
[INFO] [stderr]     Checking zeroize v1.7.0
[INFO] [stderr]    Compiling toml_datetime v0.6.5
[INFO] [stderr]     Checking const-oid v0.9.6
[INFO] [stderr]    Compiling platforms v3.3.0
[INFO] [stderr]    Compiling winnow v0.5.33
[INFO] [stderr]     Checking cap-time-ext v2.0.1
[INFO] [stderr]     Checking is-terminal v0.4.10
[INFO] [stderr]     Checking der v0.7.8
[INFO] [stderr]    Compiling axum v0.6.20
[INFO] [stderr]    Compiling itertools v0.10.5
[INFO] [stderr]     Checking signature v2.2.0
[INFO] [stderr]    Compiling curve25519-dalek v4.1.1
[INFO] [stderr]    Compiling darling_macro v0.14.4
[INFO] [stderr]    Compiling getset v0.1.2
[INFO] [stderr]    Compiling property v0.3.3
[INFO] [stderr]    Compiling rustls v0.20.9
[INFO] [stderr]     Checking crc-catalog v2.4.0
[INFO] [stderr]     Checking unicode_categories v0.1.1
[INFO] [stderr]    Compiling serde_derive v1.0.195
[INFO] [stderr]    Compiling thiserror-impl v1.0.56
[INFO] [stderr]    Compiling futures-macro v0.3.30
[INFO] [stderr]    Compiling tokio-macros v2.2.0
[INFO] [stderr]    Compiling tracing-attributes v0.1.27
[INFO] [stderr]    Compiling loose-liquid-derive v0.27.0
[INFO] [stderr]    Compiling serde_repr v0.1.18
[INFO] [stderr]    Compiling darling v0.14.4
[INFO] [stderr]    Compiling wasmtime-versioned-export-macros v13.0.1
[INFO] [stderr]    Compiling derive_builder_core v0.12.0
[INFO] [stderr]    Compiling structmeta-derive v0.2.0
[INFO] [stderr]    Compiling async-recursion v1.0.5
[INFO] [stderr]    Compiling darling_macro v0.20.3
[INFO] [stderr]    Compiling pin-project-internal v1.1.3
[INFO] [stderr]     Checking futures-util v0.3.30
[INFO] [stderr]    Compiling wasmtime-fiber v13.0.1
[INFO] [stderr]    Compiling wasmtime-runtime v13.0.1
[INFO] [stderr]    Compiling derive_builder_macro v0.12.0
[INFO] [stderr]     Checking pest v2.7.6
[INFO] [stderr]    Compiling wick-xdg v0.4.0
[INFO] [stderr]     Checking tracing v0.1.40
[INFO] [stderr]    Compiling darling v0.20.3
[INFO] [stderr]    Compiling witx v0.9.1
[INFO] [stderr]    Compiling serde_with_macros v3.4.0
[INFO] [stderr]    Compiling prost-derive v0.11.9
[INFO] [stderr]     Checking spki v0.7.3
[INFO] [stderr]     Checking crc v3.0.1
[INFO] [stderr]    Compiling async-stream-impl v0.3.5
[INFO] [stderr]    Compiling curve25519-dalek-derive v0.1.1
[INFO] [stderr]     Checking derive_builder v0.12.0
[INFO] [stderr]    Compiling structmeta v0.2.0
[INFO] [stderr]    Compiling libsqlite3-sys v0.27.0
[INFO] [stderr]     Checking wat v1.0.82
[INFO] [stderr]     Checking crossbeam-queue v0.3.10
[INFO] [stderr]     Checking pin-project v1.1.3
[INFO] [stderr]     Checking hashlink v0.8.4
[INFO] [stderr]     Checking futures-intrusive v0.5.0
[INFO] [stderr]     Checking atoi v2.0.0
[INFO] [stderr]     Checking matchit v0.7.3
[INFO] [stderr]    Compiling wasmtime-wasi v13.0.1
[INFO] [stderr]    Compiling wiggle-generate v13.0.1
[INFO] [stderr]    Compiling pest_meta v2.7.6
[INFO] [stderr]     Checking dotenvy v0.15.7
[INFO] [stderr]     Checking glob v0.3.1
[INFO] [stderr]     Checking async-stream v0.3.5
[INFO] [stderr]     Checking pkcs8 v0.10.2
[INFO] [stderr]    Compiling enumflags2_derive v0.7.8
[INFO] [stderr]     Checking ed25519 v2.2.3
[INFO] [stderr]    Compiling strum_macros v0.24.3
[INFO] [stderr]     Checking cap-net-ext v2.0.1
[INFO] [stderr]     Checking encoding-index-japanese v1.20141219.5
[INFO] [stderr]     Checking encoding-index-simpchinese v1.20141219.5
[INFO] [stderr]     Checking encoding-index-tradchinese v1.20141219.5
[INFO] [stderr]     Checking encoding-index-korean v1.20141219.5
[INFO] [stderr]     Checking encoding-index-singlebyte v1.20141219.5
[INFO] [stderr]     Checking futures-executor v0.3.30
[INFO] [stderr]     Checking finl_unicode v1.2.0
[INFO] [stderr]     Checking rustls-native-certs v0.6.3
[INFO] [stderr]     Checking signatory v0.27.1
[INFO] [stderr]     Checking encoding v0.2.33
[INFO] [stderr]     Checking futures v0.3.30
[INFO] [stderr]     Checking hkdf v0.12.4
[INFO] [stderr]    Compiling pest_generator v2.7.6
[INFO] [stderr]     Checking asset-container v0.4.0
[INFO] [stderr]     Checking stringprep v0.1.4
[INFO] [stderr]     Checking ed25519-dalek v2.1.0
[INFO] [stderr]     Checking sha1 v0.10.6
[INFO] [stderr]     Checking enumflags2 v0.7.8
[INFO] [stderr]     Checking flume v0.11.0
[INFO] [stderr]     Checking md-5 v0.10.6
[INFO] [stderr]     Checking urlencoding v2.1.3
[INFO] [stderr]     Checking whoami v1.4.1
[INFO] [stderr]     Checking connection-string v0.2.0
[INFO] [stderr]     Checking pretty-hex v0.3.0
[INFO] [stderr]     Checking nkeys v0.3.2
[INFO] [stderr]     Checking wasm-encoder v0.35.0
[INFO] [stderr]     Checking nuid v0.4.1
[INFO] [stderr]     Checking humantime v2.1.0
[INFO] [stderr]     Checking tracing-futures v0.2.5
[INFO] [stderr]    Compiling derive-asset-container v0.4.0
[INFO] [stderr]     Checking flow-graph v0.23.0
[INFO] [stderr]     Checking eventsource-stream v0.2.3
[INFO] [stderr]     Checking uhttp_sse v0.5.1
[INFO] [stderr]     Checking performance-mark v0.3.0
[INFO] [stderr]    Compiling pest_derive v2.7.6
[INFO] [stderr]    Compiling wiggle-macro v13.0.1
[INFO] [stderr]     Checking ittapi v0.3.5
[INFO] [stderr]     Checking strum v0.24.1
[INFO] [stderr]     Checking indexmap v2.1.0
[INFO] [stderr]     Checking bytes v1.5.0
[INFO] [stderr]     Checking either v1.9.0
[INFO] [stderr]     Checking cranelift-entity v0.100.1
[INFO] [stderr]     Checking url v2.5.0
[INFO] [stderr]     Checking chrono v0.4.31
[INFO] [stderr]     Checking rmp-serde v1.1.2
[INFO] [stderr]     Checking cranelift-bforest v0.100.1
[INFO] [stderr]     Checking tokio v1.35.1
[INFO] [stderr]     Checking gimli v0.28.1
[INFO] [stderr]     Checking http v0.2.11
[INFO] [stderr]     Checking wasmrs-frames v0.17.1
[INFO] [stderr]     Checking wasmparser v0.112.0
[INFO] [stderr]     Checking object v0.32.2
[INFO] [stderr]     Checking http-body v0.4.6
[INFO] [stderr]     Checking serde_yaml v0.9.30
[INFO] [stderr]     Checking wasmparser v0.118.1
[INFO] [stderr]     Checking sct v0.7.1
[INFO] [stderr]     Checking rustls-webpki v0.101.7
[INFO] [stderr]     Checking wasmrs-codec v0.17.0
[INFO] [stderr]    Compiling kstring v2.0.0
[INFO] [stderr]    Compiling serde_urlencoded v0.7.1
[INFO] [stderr]    Compiling loose-liquid-core v0.27.0
[INFO] [stderr] The following warnings were emitted during compilation:
[INFO] [stderr] 
[INFO] [stderr] warning: libsqlite3-sys@0.27.0: cc: fatal error: Killed signal terminated program cc1
[INFO] [stderr] warning: libsqlite3-sys@0.27.0: compilation terminated.
[INFO] [stderr] 
[INFO] [stderr] error: failed to run custom build command for `libsqlite3-sys v0.27.0`
[INFO] [stderr] note: To improve backtraces for build dependencies, set the CARGO_PROFILE_DEV_BUILD_OVERRIDE_DEBUG=true environment variable to enable debug information generation.
[INFO] [stderr] 
[INFO] [stderr] Caused by:
[INFO] [stderr]   process didn't exit successfully: `/opt/rustwide/target/debug/build/libsqlite3-sys-4db788f35be04de9/build-script-build` (exit status: 1)
[INFO] [stderr]   --- stdout
[INFO] [stderr]   cargo:rerun-if-env-changed=LIBSQLITE3_SYS_USE_PKG_CONFIG
[INFO] [stderr]   cargo:rerun-if-changed=sqlite3/sqlite3.c
[INFO] [stderr]   cargo:rerun-if-changed=sqlite3/wasm32-wasi-vfs.c
[INFO] [stderr]   cargo:rerun-if-env-changed=SQLITE_MAX_VARIABLE_NUMBER
[INFO] [stderr]   cargo:rerun-if-env-changed=SQLITE_MAX_EXPR_DEPTH
[INFO] [stderr]   cargo:rerun-if-env-changed=SQLITE_MAX_COLUMN
[INFO] [stderr]   cargo:rerun-if-env-changed=LIBSQLITE3_FLAGS
[INFO] [stderr]   TARGET = Some("x86_64-unknown-linux-gnu")
[INFO] [stderr]   OPT_LEVEL = Some("0")
[INFO] [stderr]   HOST = Some("x86_64-unknown-linux-gnu")
[INFO] [stderr]   cargo:rerun-if-env-changed=CC_x86_64-unknown-linux-gnu
[INFO] [stderr]   CC_x86_64-unknown-linux-gnu = None
[INFO] [stderr]   cargo:rerun-if-env-changed=CC_x86_64_unknown_linux_gnu
[INFO] [stderr]   CC_x86_64_unknown_linux_gnu = None
[INFO] [stderr]   cargo:rerun-if-env-changed=HOST_CC
[INFO] [stderr]   HOST_CC = None
[INFO] [stderr]   cargo:rerun-if-env-changed=CC
[INFO] [stderr]   CC = None
[INFO] [stderr]   cargo:rerun-if-env-changed=CRATE_CC_NO_DEFAULTS
[INFO] [stderr]   CRATE_CC_NO_DEFAULTS = None
[INFO] [stderr]   DEBUG = Some("true")
[INFO] [stderr]   CARGO_CFG_TARGET_FEATURE = Some("fxsr,sse,sse2")
[INFO] [stderr]   cargo:rerun-if-env-changed=CFLAGS_x86_64-unknown-linux-gnu
[INFO] [stderr]   CFLAGS_x86_64-unknown-linux-gnu = None
[INFO] [stderr]   cargo:rerun-if-env-changed=CFLAGS_x86_64_unknown_linux_gnu
[INFO] [stderr]   CFLAGS_x86_64_unknown_linux_gnu = None
[INFO] [stderr]   cargo:rerun-if-env-changed=HOST_CFLAGS
[INFO] [stderr]   HOST_CFLAGS = None
[INFO] [stderr]   cargo:rerun-if-env-changed=CFLAGS
[INFO] [stderr]   CFLAGS = None
[INFO] [stderr]   running: "cc" "-O0" "-ffunction-sections" "-fdata-sections" "-fPIC" "-gdwarf-4" "-fno-omit-frame-pointer" "-m64" "-DSQLITE_CORE" "-DSQLITE_DEFAULT_FOREIGN_KEYS=1" "-DSQLITE_ENABLE_API_ARMOR" "-DSQLITE_ENABLE_COLUMN_METADATA" "-DSQLITE_ENABLE_DBSTAT_VTAB" "-DSQLITE_ENABLE_FTS3" "-DSQLITE_ENABLE_FTS3_PARENTHESIS" "-DSQLITE_ENABLE_FTS5" "-DSQLITE_ENABLE_JSON1" "-DSQLITE_ENABLE_LOAD_EXTENSION=1" "-DSQLITE_ENABLE_MEMORY_MANAGEMENT" "-DSQLITE_ENABLE_RTREE" "-DSQLITE_ENABLE_STAT2" "-DSQLITE_ENABLE_STAT4" "-DSQLITE_SOUNDEX" "-DSQLITE_THREADSAFE=1" "-DSQLITE_USE_URI" "-DHAVE_USLEEP=1" "-D_POSIX_THREAD_SAFE_FUNCTIONS" "-DHAVE_ISNAN" "-DHAVE_LOCALTIME_R" "-DSQLITE_ENABLE_UNLOCK_NOTIFY" "-o" "/opt/rustwide/target/debug/build/libsqlite3-sys-b2371e05440007e6/out/sqlite3/sqlite3.o" "-c" "sqlite3/sqlite3.c"
[INFO] [stderr]   exit status: 1
[INFO] [stderr]   cargo:warning=cc: fatal error: Killed signal terminated program cc1
[INFO] [stderr] 
[INFO] [stderr]   cargo:warning=compilation terminated.
[INFO] [stderr] 
[INFO] [stderr] 
[INFO] [stderr]   --- stderr
[INFO] [stderr] 
[INFO] [stderr] 
[INFO] [stderr]   error occurred: Command "cc" "-O0" "-ffunction-sections" "-fdata-sections" "-fPIC" "-gdwarf-4" "-fno-omit-frame-pointer" "-m64" "-DSQLITE_CORE" "-DSQLITE_DEFAULT_FOREIGN_KEYS=1" "-DSQLITE_ENABLE_API_ARMOR" "-DSQLITE_ENABLE_COLUMN_METADATA" "-DSQLITE_ENABLE_DBSTAT_VTAB" "-DSQLITE_ENABLE_FTS3" "-DSQLITE_ENABLE_FTS3_PARENTHESIS" "-DSQLITE_ENABLE_FTS5" "-DSQLITE_ENABLE_JSON1" "-DSQLITE_ENABLE_LOAD_EXTENSION=1" "-DSQLITE_ENABLE_MEMORY_MANAGEMENT" "-DSQLITE_ENABLE_RTREE" "-DSQLITE_ENABLE_STAT2" "-DSQLITE_ENABLE_STAT4" "-DSQLITE_SOUNDEX" "-DSQLITE_THREADSAFE=1" "-DSQLITE_USE_URI" "-DHAVE_USLEEP=1" "-D_POSIX_THREAD_SAFE_FUNCTIONS" "-DHAVE_ISNAN" "-DHAVE_LOCALTIME_R" "-DSQLITE_ENABLE_UNLOCK_NOTIFY" "-o" "/opt/rustwide/target/debug/build/libsqlite3-sys-b2371e05440007e6/out/sqlite3/sqlite3.o" "-c" "sqlite3/sqlite3.c" with args "cc" did not execute successfully (status code exit status: 1).
[INFO] [stderr] 
[INFO] [stderr] 
[INFO] [stderr] warning: build failed, waiting for other jobs to finish...
[INFO] running `Command { std: "docker" "inspect" "88a659b19865eed040775991db9f0e7be93e967a89ad886c58972d813e965960", kill_on_drop: false }`
[INFO] running `Command { std: "docker" "rm" "-f" "88a659b19865eed040775991db9f0e7be93e967a89ad886c58972d813e965960", kill_on_drop: false }`
[INFO] [stdout] 88a659b19865eed040775991db9f0e7be93e967a89ad886c58972d813e965960
[INFO] documenting wick-trigger-wasm-command-0.1.1 against beta-2023-12-22 for beta-1.76-rustdoc-1
[INFO] extracting crate wick-trigger-wasm-command 0.1.1 into /workspace/builds/worker-6-tc2/source
[INFO] validating manifest of crates.io crate wick-trigger-wasm-command 0.1.1 on toolchain beta-2023-12-22
[INFO] running `Command { std: CARGO_HOME="/workspace/cargo-home" RUSTUP_HOME="/workspace/rustup-home" "/workspace/cargo-home/bin/cargo" "+beta-2023-12-22" "metadata" "--manifest-path" "Cargo.toml" "--no-deps", kill_on_drop: false }`
[INFO] started tweaking crates.io crate wick-trigger-wasm-command 0.1.1
[INFO] finished tweaking crates.io crate wick-trigger-wasm-command 0.1.1
[INFO] tweaked toml for crates.io crate wick-trigger-wasm-command 0.1.1 written to /workspace/builds/worker-6-tc2/source/Cargo.toml
[INFO] running `Command { std: CARGO_HOME="/workspace/cargo-home" RUSTUP_HOME="/workspace/rustup-home" "/workspace/cargo-home/bin/cargo" "+beta-2023-12-22" "generate-lockfile" "--manifest-path" "Cargo.toml", kill_on_drop: false }`
[INFO] [stderr]     Blocking waiting for file lock on package cache
[INFO] [stderr]     Updating crates.io index
[INFO] running `Command { std: CARGO_HOME="/workspace/cargo-home" RUSTUP_HOME="/workspace/rustup-home" "/workspace/cargo-home/bin/cargo" "+beta-2023-12-22" "fetch" "--manifest-path" "Cargo.toml", kill_on_drop: false }`
[INFO] [stderr]     Blocking waiting for file lock on package cache
[INFO] [stderr]     Blocking waiting for file lock on package cache
[INFO] running `Command { std: "docker" "create" "-v" "/var/lib/crater-agent-workspace/builds/worker-6-tc2/target:/opt/rustwide/target:rw,Z" "-v" "/var/lib/crater-agent-workspace/builds/worker-6-tc2/source:/opt/rustwide/workdir:ro,Z" "-v" "/var/lib/crater-agent-workspace/cargo-home:/opt/rustwide/cargo-home:ro,Z" "-v" "/var/lib/crater-agent-workspace/rustup-home:/opt/rustwide/rustup-home:ro,Z" "-e" "SOURCE_DIR=/opt/rustwide/workdir" "-e" "CARGO_TARGET_DIR=/opt/rustwide/target" "-e" "CARGO_HOME=/opt/rustwide/cargo-home" "-e" "RUSTUP_HOME=/opt/rustwide/rustup-home" "-w" "/opt/rustwide/workdir" "-m" "1610612736" "--user" "0:0" "--network" "none" "ghcr.io/rust-lang/crates-build-env/linux@sha256:2788e3201cd34a07e3172128adcd8b3090168a8e3bcc40d7c032b9dda1df7d1c" "/opt/rustwide/cargo-home/bin/cargo" "+beta-2023-12-22" "metadata" "--no-deps" "--format-version=1", kill_on_drop: false }`
[INFO] [stdout] 8ec2507359fbcd0230caca29209ed37b09308d53f76f543441f529858e993fcf
[INFO] running `Command { std: "docker" "start" "-a" "8ec2507359fbcd0230caca29209ed37b09308d53f76f543441f529858e993fcf", kill_on_drop: false }`
[INFO] running `Command { std: "docker" "inspect" "8ec2507359fbcd0230caca29209ed37b09308d53f76f543441f529858e993fcf", kill_on_drop: false }`
[INFO] running `Command { std: "docker" "rm" "-f" "8ec2507359fbcd0230caca29209ed37b09308d53f76f543441f529858e993fcf", kill_on_drop: false }`
[INFO] [stdout] 8ec2507359fbcd0230caca29209ed37b09308d53f76f543441f529858e993fcf
[INFO] running `Command { std: "docker" "create" "-v" "/var/lib/crater-agent-workspace/builds/worker-6-tc2/target:/opt/rustwide/target:rw,Z" "-v" "/var/lib/crater-agent-workspace/builds/worker-6-tc2/source:/opt/rustwide/workdir:ro,Z" "-v" "/var/lib/crater-agent-workspace/cargo-home:/opt/rustwide/cargo-home:ro,Z" "-v" "/var/lib/crater-agent-workspace/rustup-home:/opt/rustwide/rustup-home:ro,Z" "-e" "SOURCE_DIR=/opt/rustwide/workdir" "-e" "CARGO_TARGET_DIR=/opt/rustwide/target" "-e" "CARGO_INCREMENTAL=0" "-e" "RUST_BACKTRACE=full" "-e" "RUSTFLAGS=--cap-lints=warn" "-e" "RUSTDOCFLAGS=--cap-lints=warn" "-e" "CARGO_HOME=/opt/rustwide/cargo-home" "-e" "RUSTUP_HOME=/opt/rustwide/rustup-home" "-w" "/opt/rustwide/workdir" "-m" "1610612736" "--user" "0:0" "--network" "none" "ghcr.io/rust-lang/crates-build-env/linux@sha256:2788e3201cd34a07e3172128adcd8b3090168a8e3bcc40d7c032b9dda1df7d1c" "/opt/rustwide/cargo-home/bin/cargo" "+beta-2023-12-22" "doc" "--frozen" "--no-deps" "--document-private-items" "--message-format=json", kill_on_drop: false }`
[INFO] [stdout] 6777818f2434fd6aa937ad90bb921cad5dd430f29e92cf9d44ab18f956504d46
[INFO] running `Command { std: "docker" "start" "-a" "6777818f2434fd6aa937ad90bb921cad5dd430f29e92cf9d44ab18f956504d46", kill_on_drop: false }`
[INFO] [stderr]    Compiling proc-macro2 v1.0.76
[INFO] [stderr]    Compiling serde v1.0.195
[INFO] [stderr]    Compiling thiserror v1.0.56
[INFO] [stderr]    Compiling ahash v0.8.7
[INFO] [stderr]     Checking smallvec v1.11.2
[INFO] [stderr]    Compiling semver v1.0.21
[INFO] [stderr]    Compiling anyhow v1.0.79
[INFO] [stderr]    Compiling async-trait v0.1.77
[INFO] [stderr]    Compiling itoa v1.0.10
[INFO] [stderr]    Compiling ring v0.17.7
[INFO] [stderr]    Compiling fnv v1.0.7
[INFO] [stderr]     Checking futures-channel v0.3.30
[INFO] [stderr]    Compiling hashbrown v0.14.3
[INFO] [stderr]     Checking spin v0.9.8
[INFO] [stderr]    Compiling equivalent v1.0.1
[INFO] [stderr]    Compiling serde_json v1.0.111
[INFO] [stderr]    Compiling byteorder v1.5.0
[INFO] [stderr]    Compiling ryu v1.0.16
[INFO] [stderr]    Compiling unicase v2.7.0
[INFO] [stderr]    Compiling ident_case v1.0.1
[INFO] [stderr]    Compiling rustls v0.21.10
[INFO] [stderr]    Compiling strsim v0.10.0
[INFO] [stderr]     Checking parking_lot_core v0.9.9
[INFO] [stderr]     Checking rand_chacha v0.3.1
[INFO] [stderr]    Compiling iovec v0.1.4
[INFO] [stderr]    Compiling futures-sink v0.3.30
[INFO] [stderr]    Compiling rustc_version v0.4.0
[INFO] [stderr]    Compiling scopeguard v1.2.0
[INFO] [stderr]    Compiling bytes v0.4.12
[INFO] [stderr]     Checking parking_lot v0.12.1
[INFO] [stderr]    Compiling lock_api v0.4.11
[INFO] [stderr]    Compiling futures v0.1.31
[INFO] [stderr]    Compiling unicode-normalization v0.1.22
[INFO] [stderr]    Compiling ucd-trie v0.1.6
[INFO] [stderr]     Checking rand v0.8.5
[INFO] [stderr]     Checking untrusted v0.9.0
[INFO] [stderr]    Compiling quote v1.0.35
[INFO] [stderr]     Checking sha2 v0.10.8
[INFO] [stderr]    Compiling getrandom v0.2.11
[INFO] [stderr]    Compiling mio v0.8.10
[INFO] [stderr]    Compiling num_cpus v1.16.0
[INFO] [stderr]    Compiling heapless v0.7.17
[INFO] [stderr]    Compiling syn v2.0.48
[INFO] [stderr]    Compiling syn v1.0.109
[INFO] [stderr]    Compiling socket2 v0.5.5
[INFO] [stderr]    Compiling rustix v0.38.28
[INFO] [stderr]    Compiling tracing-core v0.1.32
[INFO] [stderr]    Compiling idna v0.5.0
[INFO] [stderr]    Compiling num-traits v0.2.17
[INFO] [stderr]    Compiling doc-comment v0.3.3
[INFO] [stderr]    Compiling proc-macro-error-attr v1.0.4
[INFO] [stderr]     Checking nom v7.1.3
[INFO] [stderr]    Compiling target-lexicon v0.12.13
[INFO] [stderr]     Checking leb128 v0.2.5
[INFO] [stderr]    Compiling generic-array v0.14.7
[INFO] [stderr]    Compiling base64 v0.21.5
[INFO] [stderr]    Compiling cranelift-isle v0.100.1
[INFO] [stderr]    Compiling tokio-io v0.1.13
[INFO] [stderr]     Checking rustls-pemfile v1.0.4
[INFO] [stderr]    Compiling cranelift-codegen-shared v0.100.1
[INFO] [stderr]    Compiling cranelift-codegen-meta v0.100.1
[INFO] [stderr]    Compiling subtle v2.5.0
[INFO] [stderr]    Compiling io-lifetimes v2.0.3
[INFO] [stderr]     Checking dashmap v5.5.3
[INFO] [stderr]     Checking hashbrown v0.13.2
[INFO] [stderr]     Checking rmp v0.8.12
[INFO] [stderr]     Checking hash32 v0.2.1
[INFO] [stderr]    Compiling bitflags v2.4.1
[INFO] [stderr]     Checking stable_deref_trait v1.2.0
[INFO] [stderr]    Compiling try-lock v0.2.5
[INFO] [stderr]     Checking rustc-hash v1.1.0
[INFO] [stderr]     Checking slice-group-by v0.3.1
[INFO] [stderr]     Checking unsafe-libyaml v0.2.10
[INFO] [stderr]    Compiling powerfmt v0.2.0
[INFO] [stderr]    Compiling block-buffer v0.10.4
[INFO] [stderr]    Compiling crypto-common v0.1.6
[INFO] [stderr]     Checking arbitrary v1.3.2
[INFO] [stderr]    Compiling rustversion v1.0.14
[INFO] [stderr]    Compiling want v0.3.1
[INFO] [stderr]    Compiling digest v0.10.7
[INFO] [stderr]    Compiling deranged v0.3.11
[INFO] [stderr]    Compiling zstd-sys v2.0.9+zstd.1.5.5
[INFO] [stderr]    Compiling rand_core v0.6.4
[INFO] [stderr]    Compiling httparse v1.8.0
[INFO] [stderr]    Compiling tower-service v0.3.2
[INFO] [stderr]    Compiling static_assertions v1.1.0
[INFO] [stderr]    Compiling cpufeatures v0.2.12
[INFO] [stderr]    Compiling httpdate v1.0.3
[INFO] [stderr]     Checking bumpalo v3.14.0
[INFO] [stderr]    Compiling io-extras v0.18.1
[INFO] [stderr]     Checking regalloc2 v0.9.3
[INFO] [stderr]     Checking cranelift-control v0.100.1
[INFO] [stderr]    Compiling time v0.3.31
[INFO] [stderr]     Checking wasm-encoder v0.32.0
[INFO] [stderr]    Compiling itertools v0.11.0
[INFO] [stderr]     Checking wasmtime-component-util v13.0.1
[INFO] [stderr]    Compiling pulldown-cmark v0.9.3
[INFO] [stderr]    Compiling cap-primitives v2.0.1
[INFO] [stderr]    Compiling anymap2 v0.13.0
[INFO] [stderr]    Compiling minimal-lexical v0.2.1
[INFO] [stderr]     Checking ambient-authority v0.0.2
[INFO] [stderr]    Compiling hmac v0.12.1
[INFO] [stderr]    Compiling encoding_rs v0.8.33
[INFO] [stderr]    Compiling ittapi-sys v0.3.5
[INFO] [stderr]    Compiling memoffset v0.9.0
[INFO] [stderr]    Compiling ipnet v2.9.0
[INFO] [stderr]    Compiling zstd-safe v5.0.2+zstd.1.5.2
[INFO] [stderr]    Compiling webpki-roots v0.25.3
[INFO] [stderr]    Compiling darling_core v0.14.4
[INFO] [stderr]    Compiling proc-macro-error v1.0.4
[INFO] [stderr]    Compiling uuid v1.6.1
[INFO] [stderr]     Checking maybe-owned v0.3.4
[INFO] [stderr]    Compiling darling_core v0.20.3
[INFO] [stderr]    Compiling base64 v0.13.1
[INFO] [stderr]    Compiling adler v1.0.2
[INFO] [stderr]    Compiling mime v0.3.17
[INFO] [stderr]    Compiling miniz_oxide v0.7.1
[INFO] [stderr]    Compiling seeded-random v0.6.0
[INFO] [stderr]     Checking crossbeam-epoch v0.9.17
[INFO] [stderr]    Compiling crc32fast v1.3.2
[INFO] [stderr]    Compiling filetime v0.2.23
[INFO] [stderr]    Compiling dirs-sys v0.3.7
[INFO] [stderr]     Checking wasmtime-asm-macros v13.0.1
[INFO] [stderr]    Compiling http-auth v0.1.9
[INFO] [stderr]    Compiling hex v0.4.3
[INFO] [stderr]    Compiling rayon-core v1.12.0
[INFO] [stderr]    Compiling cpp_demangle v0.3.5
[INFO] [stderr]    Compiling cap-std v2.0.1
[INFO] [stderr]    Compiling id-arena v2.2.1
[INFO] [stderr]    Compiling wast v35.0.2
[INFO] [stderr]     Checking crossbeam-deque v0.8.4
[INFO] [stderr]    Compiling dirs v4.0.0
[INFO] [stderr]    Compiling flate2 v1.0.28
[INFO] [stderr]    Compiling tar v0.4.40
[INFO] [stderr]    Compiling cranelift-codegen v0.100.1
[INFO] [stderr]     Checking wasm-encoder v0.38.1
[INFO] [stderr]    Compiling psm v0.1.21
[INFO] [stderr]     Checking dirs-sys-next v0.1.2
[INFO] [stderr]     Checking wasmtime-wmemcheck v13.0.1
[INFO] [stderr]     Checking sptr v0.3.2
[INFO] [stderr]    Compiling wasmtime-cache v13.0.1
[INFO] [stderr]     Checking directories-next v2.0.0
[INFO] [stderr]    Compiling shellexpand v2.1.2
[INFO] [stderr]    Compiling ordered-float v2.10.1
[INFO] [stderr]     Checking wast v69.0.1
[INFO] [stderr]     Checking wasmtime-jit-icache-coherence v13.0.1
[INFO] [stderr]     Checking fs-set-times v0.20.1
[INFO] [stderr]     Checking memfd v0.6.4
[INFO] [stderr]    Compiling prettyplease v0.2.16
[INFO] [stderr]    Compiling normpath v1.1.1
[INFO] [stderr]    Compiling wildmatch v2.3.0
[INFO] [stderr]    Compiling option-utils v0.1.0
[INFO] [stderr]     Checking encoding_index_tests v0.1.4
[INFO] [stderr]    Compiling wasi-common v13.0.1
[INFO] [stderr]    Compiling ring v0.16.20
[INFO] [stderr]     Checking base64ct v1.6.0
[INFO] [stderr]    Compiling system-interface v0.26.1
[INFO] [stderr]    Compiling check_keyword v0.2.0
[INFO] [stderr]    Compiling cap-fs-ext v2.0.1
[INFO] [stderr]     Checking pem-rfc7468 v0.7.0
[INFO] [stderr]    Compiling axum-core v0.3.4
[INFO] [stderr]     Checking cap-rand v2.0.1
[INFO] [stderr]    Compiling serde_derive v1.0.195
[INFO] [stderr]    Compiling thiserror-impl v1.0.56
[INFO] [stderr]    Compiling futures-macro v0.3.30
[INFO] [stderr]    Compiling tokio-macros v2.2.0
[INFO] [stderr]    Compiling tracing-attributes v0.1.27
[INFO] [stderr]    Compiling loose-liquid-derive v0.27.0
[INFO] [stderr]    Compiling serde_repr v0.1.18
[INFO] [stderr]    Compiling wasmtime-versioned-export-macros v13.0.1
[INFO] [stderr]    Compiling structmeta-derive v0.2.0
[INFO] [stderr]    Compiling async-recursion v1.0.5
[INFO] [stderr]    Compiling darling_macro v0.14.4
[INFO] [stderr]    Compiling getset v0.1.2
[INFO] [stderr]    Compiling property v0.3.3
[INFO] [stderr]    Compiling wasmtime-fiber v13.0.1
[INFO] [stderr]    Compiling wasmtime-runtime v13.0.1
[INFO] [stderr]    Compiling darling_macro v0.20.3
[INFO] [stderr]     Checking futures-util v0.3.30
[INFO] [stderr]    Compiling pin-project-internal v1.1.3
[INFO] [stderr]    Compiling darling v0.14.4
[INFO] [stderr]    Compiling derive_builder_core v0.12.0
[INFO] [stderr]    Compiling darling v0.20.3
[INFO] [stderr]    Compiling serde_with_macros v3.4.0
[INFO] [stderr]     Checking zeroize v1.7.0
[INFO] [stderr]    Compiling platforms v3.3.0
[INFO] [stderr]    Compiling winnow v0.5.33
[INFO] [stderr]    Compiling structmeta v0.2.0
[INFO] [stderr]     Checking const-oid v0.9.6
[INFO] [stderr]     Checking pest v2.7.6
[INFO] [stderr]     Checking wick-xdg v0.4.0
[INFO] [stderr]    Compiling witx v0.9.1
[INFO] [stderr]    Compiling toml_datetime v0.6.5
[INFO] [stderr]    Compiling curve25519-dalek v4.1.1
[INFO] [stderr]     Checking tracing v0.1.40
[INFO] [stderr]     Checking der v0.7.8
[INFO] [stderr]    Compiling derive_builder_macro v0.12.0
[INFO] [stderr]     Checking cap-time-ext v2.0.1
[INFO] [stderr]     Checking is-terminal v0.4.10
[INFO] [stderr]     Checking pin-project v1.1.3
[INFO] [stderr]    Compiling axum v0.6.20
[INFO] [stderr]    Compiling itertools v0.10.5
[INFO] [stderr]     Checking signature v2.2.0
[INFO] [stderr]     Checking crc-catalog v2.4.0
[INFO] [stderr]    Compiling wiggle-generate v13.0.1
[INFO] [stderr]     Checking unicode_categories v0.1.1
[INFO] [stderr]    Compiling pest_meta v2.7.6
[INFO] [stderr]    Compiling rustls v0.20.9
[INFO] [stderr]     Checking derive_builder v0.12.0
[INFO] [stderr]     Checking wat v1.0.82
[INFO] [stderr]    Compiling libsqlite3-sys v0.27.0
[INFO] [stderr]     Checking spki v0.7.3
[INFO] [stderr]     Checking crc v3.0.1
[INFO] [stderr]    Compiling curve25519-dalek-derive v0.1.1
[INFO] [stderr]    Compiling async-stream-impl v0.3.5
[INFO] [stderr]     Checking crossbeam-queue v0.3.10
[INFO] [stderr]     Checking hashlink v0.8.4
[INFO] [stderr]     Checking futures-executor v0.3.30
[INFO] [stderr]     Checking futures-intrusive v0.5.0
[INFO] [stderr]     Checking atoi v2.0.0
[INFO] [stderr]     Checking futures v0.3.30
[INFO] [stderr]     Checking dotenvy v0.15.7
[INFO] [stderr]     Checking asset-container v0.4.0
[INFO] [stderr]     Checking matchit v0.7.3
[INFO] [stderr]    Compiling pest_generator v2.7.6
[INFO] [stderr]    Compiling prost-derive v0.11.9
[INFO] [stderr]    Compiling wasmtime-wasi v13.0.1
[INFO] [stderr]     Checking glob v0.3.1
[INFO] [stderr]     Checking pkcs8 v0.10.2
[INFO] [stderr]     Checking ed25519 v2.2.3
[INFO] [stderr]    Compiling strum_macros v0.24.3
[INFO] [stderr]    Compiling enumflags2_derive v0.7.8
[INFO] [stderr]     Checking cap-net-ext v2.0.1
[INFO] [stderr]     Checking encoding-index-korean v1.20141219.5
[INFO] [stderr]     Checking async-stream v0.3.5
[INFO] [stderr]    Compiling derive-asset-container v0.4.0
[INFO] [stderr]     Checking encoding-index-singlebyte v1.20141219.5
[INFO] [stderr]     Checking encoding-index-tradchinese v1.20141219.5
[INFO] [stderr]     Checking encoding-index-japanese v1.20141219.5
[INFO] [stderr]     Checking encoding-index-simpchinese v1.20141219.5
[INFO] [stderr]     Checking finl_unicode v1.2.0
[INFO] [stderr]     Checking rustls-native-certs v0.6.3
[INFO] [stderr]     Checking signatory v0.27.1
[INFO] [stderr]     Checking encoding v0.2.33
[INFO] [stderr]     Checking hkdf v0.12.4
[INFO] [stderr]     Checking sha1 v0.10.6
[INFO] [stderr]     Checking flume v0.11.0
[INFO] [stderr]     Checking stringprep v0.1.4
[INFO] [stderr]     Checking md-5 v0.10.6
[INFO] [stderr]    Compiling wiggle-macro v13.0.1
[INFO] [stderr]     Checking connection-string v0.2.0
[INFO] [stderr]     Checking pretty-hex v0.3.0
[INFO] [stderr]     Checking whoami v1.4.1
[INFO] [stderr]     Checking urlencoding v2.1.3
[INFO] [stderr]     Checking ed25519-dalek v2.1.0
[INFO] [stderr]     Checking wasm-encoder v0.35.0
[INFO] [stderr]     Checking nuid v0.4.1
[INFO] [stderr]     Checking humantime v2.1.0
[INFO] [stderr]     Checking enumflags2 v0.7.8
[INFO] [stderr]     Checking tracing-futures v0.2.5
[INFO] [stderr]     Checking flow-graph v0.23.0
[INFO] [stderr]     Checking eventsource-stream v0.2.3
[INFO] [stderr]     Checking nkeys v0.3.2
[INFO] [stderr]     Checking uhttp_sse v0.5.1
[INFO] [stderr]     Checking performance-mark v0.3.0
[INFO] [stderr]    Compiling pest_derive v2.7.6
[INFO] [stderr]     Checking ittapi v0.3.5
[INFO] [stderr]     Checking strum v0.24.1
[INFO] [stderr]     Checking indexmap v2.1.0
[INFO] [stderr]     Checking bytes v1.5.0
[INFO] [stderr]     Checking either v1.9.0
[INFO] [stderr]     Checking cranelift-entity v0.100.1
[INFO] [stderr]     Checking url v2.5.0
[INFO] [stderr]     Checking chrono v0.4.31
[INFO] [stderr]     Checking rmp-serde v1.1.2
[INFO] [stderr]     Checking bincode v1.3.3
[INFO] [stderr]     Checking sct v0.7.1
[INFO] [stderr]     Checking rustls-webpki v0.101.7
[INFO] [stderr]     Checking cranelift-bforest v0.100.1
[INFO] [stderr]     Checking tokio v1.35.1
[INFO] [stderr]     Checking http v0.2.11
[INFO] [stderr]     Checking wasmrs-frames v0.17.1
[INFO] [stderr]     Checking base64-serde v0.7.0
[INFO] [stderr]     Checking debugid v0.8.0
[INFO] [stderr]     Checking gimli v0.28.1
[INFO] [stderr]     Checking wasmparser v0.112.0
[INFO] [stderr]     Checking object v0.32.2
[INFO] [stderr]     Checking http-body v0.4.6
[INFO] [stderr]     Checking wasmparser v0.118.1
[INFO] [stderr]     Checking serde_yaml v0.9.30
[INFO] [stderr]     Checking wasmrs-codec v0.17.0
[INFO] [stderr]    Compiling kstring v2.0.0
[INFO] [stderr]    Compiling serde_urlencoded v0.7.1
[INFO] [stderr]    Compiling loose-liquid-core v0.27.0
[INFO] [stderr]    Compiling olpc-cjson v0.1.3
[INFO] [stderr]    Compiling jwt v0.16.0
[INFO] [stderr]    Compiling wit-parser v0.11.3
[INFO] [stderr]    Compiling sha256 v1.5.0
[INFO] [stderr] The following warnings were emitted during compilation:
[INFO] [stderr] 
[INFO] [stderr] warning: libsqlite3-sys@0.27.0: cc: fatal error: Killed signal terminated program cc1
[INFO] [stderr] warning: libsqlite3-sys@0.27.0: compilation terminated.
[INFO] [stderr] 
[INFO] [stderr] error: failed to run custom build command for `libsqlite3-sys v0.27.0`
[INFO] [stderr] note: To improve backtraces for build dependencies, set the CARGO_PROFILE_DEV_BUILD_OVERRIDE_DEBUG=true environment variable to enable debug information generation.
[INFO] [stderr] 
[INFO] [stderr] Caused by:
[INFO] [stderr]   process didn't exit successfully: `/opt/rustwide/target/debug/build/libsqlite3-sys-4460662a3ae43faf/build-script-build` (exit status: 1)
[INFO] [stderr]   --- stdout
[INFO] [stderr]   cargo:rerun-if-env-changed=LIBSQLITE3_SYS_USE_PKG_CONFIG
[INFO] [stderr]   cargo:rerun-if-changed=sqlite3/sqlite3.c
[INFO] [stderr]   cargo:rerun-if-changed=sqlite3/wasm32-wasi-vfs.c
[INFO] [stderr]   cargo:rerun-if-env-changed=SQLITE_MAX_VARIABLE_NUMBER
[INFO] [stderr]   cargo:rerun-if-env-changed=SQLITE_MAX_EXPR_DEPTH
[INFO] [stderr]   cargo:rerun-if-env-changed=SQLITE_MAX_COLUMN
[INFO] [stderr]   cargo:rerun-if-env-changed=LIBSQLITE3_FLAGS
[INFO] [stderr]   TARGET = Some("x86_64-unknown-linux-gnu")
[INFO] [stderr]   OPT_LEVEL = Some("0")
[INFO] [stderr]   HOST = Some("x86_64-unknown-linux-gnu")
[INFO] [stderr]   cargo:rerun-if-env-changed=CC_x86_64-unknown-linux-gnu
[INFO] [stderr]   CC_x86_64-unknown-linux-gnu = None
[INFO] [stderr]   cargo:rerun-if-env-changed=CC_x86_64_unknown_linux_gnu
[INFO] [stderr]   CC_x86_64_unknown_linux_gnu = None
[INFO] [stderr]   cargo:rerun-if-env-changed=HOST_CC
[INFO] [stderr]   HOST_CC = None
[INFO] [stderr]   cargo:rerun-if-env-changed=CC
[INFO] [stderr]   CC = None
[INFO] [stderr]   cargo:rerun-if-env-changed=CRATE_CC_NO_DEFAULTS
[INFO] [stderr]   CRATE_CC_NO_DEFAULTS = None
[INFO] [stderr]   DEBUG = Some("true")
[INFO] [stderr]   CARGO_CFG_TARGET_FEATURE = Some("fxsr,sse,sse2")
[INFO] [stderr]   cargo:rerun-if-env-changed=CFLAGS_x86_64-unknown-linux-gnu
[INFO] [stderr]   CFLAGS_x86_64-unknown-linux-gnu = None
[INFO] [stderr]   cargo:rerun-if-env-changed=CFLAGS_x86_64_unknown_linux_gnu
[INFO] [stderr]   CFLAGS_x86_64_unknown_linux_gnu = None
[INFO] [stderr]   cargo:rerun-if-env-changed=HOST_CFLAGS
[INFO] [stderr]   HOST_CFLAGS = None
[INFO] [stderr]   cargo:rerun-if-env-changed=CFLAGS
[INFO] [stderr]   CFLAGS = None
[INFO] [stderr]   running: "cc" "-O0" "-ffunction-sections" "-fdata-sections" "-fPIC" "-gdwarf-4" "-fno-omit-frame-pointer" "-m64" "-DSQLITE_CORE" "-DSQLITE_DEFAULT_FOREIGN_KEYS=1" "-DSQLITE_ENABLE_API_ARMOR" "-DSQLITE_ENABLE_COLUMN_METADATA" "-DSQLITE_ENABLE_DBSTAT_VTAB" "-DSQLITE_ENABLE_FTS3" "-DSQLITE_ENABLE_FTS3_PARENTHESIS" "-DSQLITE_ENABLE_FTS5" "-DSQLITE_ENABLE_JSON1" "-DSQLITE_ENABLE_LOAD_EXTENSION=1" "-DSQLITE_ENABLE_MEMORY_MANAGEMENT" "-DSQLITE_ENABLE_RTREE" "-DSQLITE_ENABLE_STAT2" "-DSQLITE_ENABLE_STAT4" "-DSQLITE_SOUNDEX" "-DSQLITE_THREADSAFE=1" "-DSQLITE_USE_URI" "-DHAVE_USLEEP=1" "-D_POSIX_THREAD_SAFE_FUNCTIONS" "-DHAVE_ISNAN" "-DHAVE_LOCALTIME_R" "-DSQLITE_ENABLE_UNLOCK_NOTIFY" "-o" "/opt/rustwide/target/debug/build/libsqlite3-sys-6b285a99fb038838/out/sqlite3/sqlite3.o" "-c" "sqlite3/sqlite3.c"
[INFO] [stderr]   exit status: 1
[INFO] [stderr]   cargo:warning=cc: fatal error: Killed signal terminated program cc1
[INFO] [stderr] 
[INFO] [stderr]   cargo:warning=compilation terminated.
[INFO] [stderr] 
[INFO] [stderr] 
[INFO] [stderr]   --- stderr
[INFO] [stderr] 
[INFO] [stderr] 
[INFO] [stderr]   error occurred: Command "cc" "-O0" "-ffunction-sections" "-fdata-sections" "-fPIC" "-gdwarf-4" "-fno-omit-frame-pointer" "-m64" "-DSQLITE_CORE" "-DSQLITE_DEFAULT_FOREIGN_KEYS=1" "-DSQLITE_ENABLE_API_ARMOR" "-DSQLITE_ENABLE_COLUMN_METADATA" "-DSQLITE_ENABLE_DBSTAT_VTAB" "-DSQLITE_ENABLE_FTS3" "-DSQLITE_ENABLE_FTS3_PARENTHESIS" "-DSQLITE_ENABLE_FTS5" "-DSQLITE_ENABLE_JSON1" "-DSQLITE_ENABLE_LOAD_EXTENSION=1" "-DSQLITE_ENABLE_MEMORY_MANAGEMENT" "-DSQLITE_ENABLE_RTREE" "-DSQLITE_ENABLE_STAT2" "-DSQLITE_ENABLE_STAT4" "-DSQLITE_SOUNDEX" "-DSQLITE_THREADSAFE=1" "-DSQLITE_USE_URI" "-DHAVE_USLEEP=1" "-D_POSIX_THREAD_SAFE_FUNCTIONS" "-DHAVE_ISNAN" "-DHAVE_LOCALTIME_R" "-DSQLITE_ENABLE_UNLOCK_NOTIFY" "-o" "/opt/rustwide/target/debug/build/libsqlite3-sys-6b285a99fb038838/out/sqlite3/sqlite3.o" "-c" "sqlite3/sqlite3.c" with args "cc" did not execute successfully (status code exit status: 1).
[INFO] [stderr] 
[INFO] [stderr] 
[INFO] [stderr] warning: build failed, waiting for other jobs to finish...
[INFO] running `Command { std: "docker" "inspect" "6777818f2434fd6aa937ad90bb921cad5dd430f29e92cf9d44ab18f956504d46", kill_on_drop: false }`
[INFO] running `Command { std: "docker" "rm" "-f" "6777818f2434fd6aa937ad90bb921cad5dd430f29e92cf9d44ab18f956504d46", kill_on_drop: false }`
[INFO] [stdout] 6777818f2434fd6aa937ad90bb921cad5dd430f29e92cf9d44ab18f956504d46
