[INFO] fetching crate weval 0.1.0...
[INFO] documenting weval-0.1.0 against 1.75.0 for beta-1.76-rustdoc-1
[INFO] extracting crate weval 0.1.0 into /workspace/builds/worker-3-tc1/source
[INFO] validating manifest of crates.io crate weval 0.1.0 on toolchain 1.75.0
[INFO] running `Command { std: CARGO_HOME="/workspace/cargo-home" RUSTUP_HOME="/workspace/rustup-home" "/workspace/cargo-home/bin/cargo" "+1.75.0" "metadata" "--manifest-path" "Cargo.toml" "--no-deps", kill_on_drop: false }`
[INFO] started tweaking crates.io crate weval 0.1.0
[INFO] finished tweaking crates.io crate weval 0.1.0
[INFO] tweaked toml for crates.io crate weval 0.1.0 written to /workspace/builds/worker-3-tc1/source/Cargo.toml
[INFO] crate crates.io crate weval 0.1.0 already has a lockfile, it will not be regenerated
[INFO] running `Command { std: CARGO_HOME="/workspace/cargo-home" RUSTUP_HOME="/workspace/rustup-home" "/workspace/cargo-home/bin/cargo" "+1.75.0" "fetch" "--manifest-path" "Cargo.toml", kill_on_drop: false }`
[INFO] [stderr]     Updating crates.io index
[INFO] [stderr]  Downloading crates ...
[INFO] [stderr]   Downloaded fs-set-times v0.19.1
[INFO] [stderr]   Downloaded cap-std v1.0.14
[INFO] [stderr]   Downloaded io-extras v0.17.4
[INFO] [stderr]   Downloaded cap-rand v1.0.14
[INFO] [stderr]   Downloaded ittapi v0.3.3
[INFO] [stderr]   Downloaded wasmtime-component-macro v8.0.1
[INFO] [stderr]   Downloaded wat v1.0.63
[INFO] [stderr]   Downloaded wasmtime-component-util v8.0.1
[INFO] [stderr]   Downloaded cap-time-ext v1.0.14
[INFO] [stderr]   Downloaded wasmtime-fiber v8.0.1
[INFO] [stderr]   Downloaded memfd v0.6.3
[INFO] [stderr]   Downloaded cap-primitives v1.0.14
[INFO] [stderr]   Downloaded wasmparser v0.103.0
[INFO] [stderr]   Downloaded ittapi-sys v0.3.3
[INFO] [stderr]   Downloaded cap-fs-ext v1.0.14
[INFO] [stderr]   Downloaded wizer v2.0.0
[INFO] [stderr]   Downloaded wasi-common v8.0.1
[INFO] [stderr]   Downloaded rustix v0.36.13
[INFO] [stderr]   Downloaded wast v57.0.0
[INFO] [stderr]   Downloaded cpp_demangle v0.4.0
[INFO] [stderr]   Downloaded wasm-encoder v0.25.0
[INFO] [stderr]   Downloaded target-lexicon v0.12.7
[INFO] [stderr]   Downloaded wit-parser v0.6.4
[INFO] [stderr]   Downloaded waffle v0.0.22
[INFO] [stderr]   Downloaded fs-set-times v0.18.1
[INFO] [stderr]   Downloaded wasm-encoder v0.26.0
[INFO] [stderr]   Downloaded fd-lock v3.0.12
[INFO] [stderr]   Downloaded system-interface v0.25.7
[INFO] [stderr]   Downloaded wasm-encoder v0.20.0
[INFO] [stderr]   Downloaded wasmtime-wit-bindgen v8.0.1
[INFO] [stderr]   Downloaded wasi-cap-std-sync v8.0.1
[INFO] [stderr]   Downloaded wiggle-generate v8.0.1
[INFO] [stderr]   Downloaded winx v0.35.1
[INFO] [stderr]   Downloaded wiggle-macro v8.0.1
[INFO] [stderr]   Downloaded wasmtime-wasi v8.0.1
[INFO] [stderr]   Downloaded wasmparser v0.95.0
[INFO] [stderr]   Downloaded wiggle v8.0.1
[INFO] running `Command { std: "docker" "create" "-v" "/var/lib/crater-agent-workspace/builds/worker-3-tc1/target:/opt/rustwide/target:rw,Z" "-v" "/var/lib/crater-agent-workspace/builds/worker-3-tc1/source:/opt/rustwide/workdir:ro,Z" "-v" "/var/lib/crater-agent-workspace/cargo-home:/opt/rustwide/cargo-home:ro,Z" "-v" "/var/lib/crater-agent-workspace/rustup-home:/opt/rustwide/rustup-home:ro,Z" "-e" "SOURCE_DIR=/opt/rustwide/workdir" "-e" "CARGO_TARGET_DIR=/opt/rustwide/target" "-e" "CARGO_HOME=/opt/rustwide/cargo-home" "-e" "RUSTUP_HOME=/opt/rustwide/rustup-home" "-w" "/opt/rustwide/workdir" "-m" "1610612736" "--user" "0:0" "--network" "none" "ghcr.io/rust-lang/crates-build-env/linux@sha256:2788e3201cd34a07e3172128adcd8b3090168a8e3bcc40d7c032b9dda1df7d1c" "/opt/rustwide/cargo-home/bin/cargo" "+1.75.0" "metadata" "--no-deps" "--format-version=1", kill_on_drop: false }`
[INFO] [stdout] 1aa14bf03b51877eb634ef30c5902f5ca01391cfeacb53e8b82b7facee5e595e
[INFO] running `Command { std: "docker" "start" "-a" "1aa14bf03b51877eb634ef30c5902f5ca01391cfeacb53e8b82b7facee5e595e", kill_on_drop: false }`
[INFO] running `Command { std: "docker" "inspect" "1aa14bf03b51877eb634ef30c5902f5ca01391cfeacb53e8b82b7facee5e595e", kill_on_drop: false }`
[INFO] running `Command { std: "docker" "rm" "-f" "1aa14bf03b51877eb634ef30c5902f5ca01391cfeacb53e8b82b7facee5e595e", kill_on_drop: false }`
[INFO] [stdout] 1aa14bf03b51877eb634ef30c5902f5ca01391cfeacb53e8b82b7facee5e595e
[INFO] running `Command { std: "docker" "create" "-v" "/var/lib/crater-agent-workspace/builds/worker-3-tc1/target:/opt/rustwide/target:rw,Z" "-v" "/var/lib/crater-agent-workspace/builds/worker-3-tc1/source:/opt/rustwide/workdir:ro,Z" "-v" "/var/lib/crater-agent-workspace/cargo-home:/opt/rustwide/cargo-home:ro,Z" "-v" "/var/lib/crater-agent-workspace/rustup-home:/opt/rustwide/rustup-home:ro,Z" "-e" "SOURCE_DIR=/opt/rustwide/workdir" "-e" "CARGO_TARGET_DIR=/opt/rustwide/target" "-e" "CARGO_INCREMENTAL=0" "-e" "RUST_BACKTRACE=full" "-e" "RUSTFLAGS=--cap-lints=warn" "-e" "RUSTDOCFLAGS=--cap-lints=warn" "-e" "CARGO_HOME=/opt/rustwide/cargo-home" "-e" "RUSTUP_HOME=/opt/rustwide/rustup-home" "-w" "/opt/rustwide/workdir" "-m" "1610612736" "--user" "0:0" "--network" "none" "ghcr.io/rust-lang/crates-build-env/linux@sha256:2788e3201cd34a07e3172128adcd8b3090168a8e3bcc40d7c032b9dda1df7d1c" "/opt/rustwide/cargo-home/bin/cargo" "+1.75.0" "doc" "--frozen" "--no-deps" "--document-private-items" "--message-format=json", kill_on_drop: false }`
[INFO] [stdout] dc09f395571396bd13ed7e8c9a4b1cf4146bafdcae5c533a67f2f25a2506e774
[INFO] running `Command { std: "docker" "start" "-a" "dc09f395571396bd13ed7e8c9a4b1cf4146bafdcae5c533a67f2f25a2506e774", kill_on_drop: false }`
[INFO] [stderr]    Compiling proc-macro2 v1.0.56
[INFO] [stderr]    Compiling libc v0.2.144
[INFO] [stderr]    Compiling unicode-ident v1.0.4
[INFO] [stderr]    Compiling quote v1.0.27
[INFO] [stderr]     Checking once_cell v1.17.1
[INFO] [stderr]    Compiling serde v1.0.163
[INFO] [stderr]     Checking bitflags v1.3.2
[INFO] [stderr]    Compiling io-lifetimes v1.0.10
[INFO] [stderr]    Compiling memchr v2.5.0
[INFO] [stderr]    Compiling log v0.4.17
[INFO] [stderr]     Checking itoa v1.0.6
[INFO] [stderr]    Compiling indexmap v1.9.2
[INFO] [stderr]    Compiling ahash v0.8.3
[INFO] [stderr]    Compiling rustix v0.37.19
[INFO] [stderr]     Checking tinyvec_macros v0.1.0
[INFO] [stderr]     Checking tinyvec v1.6.0
[INFO] [stderr]     Checking linux-raw-sys v0.3.7
[INFO] [stderr]    Compiling anyhow v1.0.65
[INFO] [stderr]     Checking unicode-bidi v0.3.8
[INFO] [stderr]    Compiling thiserror v1.0.40
[INFO] [stderr]     Checking percent-encoding v2.2.0
[INFO] [stderr]     Checking fallible-iterator v0.2.0
[INFO] [stderr]    Compiling crc32fast v1.3.2
[INFO] [stderr]     Checking form_urlencoded v1.1.0
[INFO] [stderr]     Checking stable_deref_trait v1.2.0
[INFO] [stderr]    Compiling target-lexicon v0.12.7
[INFO] [stderr]     Checking adler v1.0.2
[INFO] [stderr]    Compiling cranelift-isle v0.95.1
[INFO] [stderr]     Checking smallvec v1.10.0
[INFO] [stderr]     Checking byteorder v1.4.3
[INFO] [stderr]     Checking miniz_oxide v0.6.2
[INFO] [stderr]    Compiling cranelift-codegen-shared v0.95.1
[INFO] [stderr]     Checking hashbrown v0.13.2
[INFO] [stderr]    Compiling cranelift-codegen-meta v0.95.1
[INFO] [stderr]     Checking unicode-width v0.1.10
[INFO] [stderr]    Compiling typenum v1.16.0
[INFO] [stderr]    Compiling rustix v0.36.13
[INFO] [stderr]    Compiling crossbeam-utils v0.8.12
[INFO] [stderr]    Compiling memoffset v0.6.5
[INFO] [stderr]     Checking slice-group-by v0.3.1
[INFO] [stderr]     Checking fxhash v0.2.1
[INFO] [stderr]     Checking unicode-normalization v0.1.22
[INFO] [stderr]    Compiling pkg-config v0.3.27
[INFO] [stderr]    Compiling jobserver v0.1.26
[INFO] [stderr]     Checking linux-raw-sys v0.1.4
[INFO] [stderr]    Compiling syn v2.0.15
[INFO] [stderr]    Compiling syn v1.0.99
[INFO] [stderr]    Compiling cc v1.0.79
[INFO] [stderr]     Checking flate2 v1.0.25
[INFO] [stderr]     Checking regalloc2 v0.6.1
[INFO] [stderr]     Checking idna v0.3.0
[INFO] [stderr]     Checking aho-corasick v0.7.19
[INFO] [stderr]    Compiling crossbeam-epoch v0.9.11
[INFO] [stderr]     Checking leb128 v0.2.5
[INFO] [stderr]     Checking regex-syntax v0.6.27
[INFO] [stderr]     Checking bumpalo v3.12.2
[INFO] [stderr]     Checking humantime v2.1.0
[INFO] [stderr]     Checking maybe-owned v0.3.4
[INFO] [stderr]    Compiling io-extras v0.17.4
[INFO] [stderr]    Compiling cpp_demangle v0.4.0
[INFO] [stderr]    Compiling rayon-core v1.9.3
[INFO] [stderr]     Checking termcolor v1.1.3
[INFO] [stderr]     Checking url v2.3.1
[INFO] [stderr]     Checking scopeguard v1.1.0
[INFO] [stderr]     Checking getrandom v0.2.9
[INFO] [stderr]     Checking either v1.8.0
[INFO] [stderr]     Checking ipnet v2.7.2
[INFO] [stderr]     Checking rand_core v0.6.4
[INFO] [stderr]    Compiling memoffset v0.8.0
[INFO] [stderr]     Checking generic-array v0.14.7
[INFO] [stderr]     Checking ambient-authority v0.0.2
[INFO] [stderr]    Compiling zstd-safe v5.0.2+zstd.1.5.2
[INFO] [stderr]     Checking rand_chacha v0.3.1
[INFO] [stderr]    Compiling paste v1.0.12
[INFO] [stderr]    Compiling cap-primitives v1.0.14
[INFO] [stderr]     Checking crossbeam-deque v0.8.2
[INFO] [stderr]     Checking rand v0.8.5
[INFO] [stderr]     Checking regex v1.6.0
[INFO] [stderr]     Checking num_cpus v1.13.1
[INFO] [stderr]     Checking crossbeam-channel v0.5.8
[INFO] [stderr]    Compiling dirs-sys v0.3.7
[INFO] [stderr]    Compiling wasmtime-fiber v8.0.1
[INFO] [stderr]    Compiling zstd-sys v2.0.8+zstd.1.5.5
[INFO] [stderr]    Compiling ittapi-sys v0.3.3
[INFO] [stderr]     Checking crypto-common v0.1.6
[INFO] [stderr]     Checking block-buffer v0.10.4
[INFO] [stderr]    Compiling wasmtime-runtime v8.0.1
[INFO] [stderr]    Compiling rayon v1.5.3
[INFO] [stderr]     Checking wasmtime-asm-macros v8.0.1
[INFO] [stderr]     Checking rustc-demangle v0.1.21
[INFO] [stderr]    Compiling cpp_demangle v0.3.5
[INFO] [stderr]    Compiling cfg-if v1.0.0
[INFO] [stderr]    Compiling wast v35.0.2
[INFO] [stderr]     Checking digest v0.10.6
[INFO] [stderr]    Compiling dirs v4.0.0
[INFO] [stderr]    Compiling psm v0.1.21
[INFO] [stderr]     Checking itertools v0.10.5
[INFO] [stderr]     Checking dirs-sys-next v0.1.2
[INFO] [stderr]     Checking wasm-encoder v0.26.0
[INFO] [stderr]     Checking cpufeatures v0.2.7
[INFO] [stderr]    Compiling wasmtime-cache v8.0.1
[INFO] [stderr]    Compiling async-trait v0.1.68
[INFO] [stderr]    Compiling io-lifetimes v0.5.3
[INFO] [stderr]    Compiling cap-std v1.0.14
[INFO] [stderr]    Compiling cranelift-codegen v0.95.1
[INFO] [stderr]     Checking sha2 v0.10.6
[INFO] [stderr]     Checking directories-next v2.0.0
[INFO] [stderr]     Checking ittapi v0.3.3
[INFO] [stderr]    Compiling shellexpand v2.1.2
[INFO] [stderr]     Checking wasmtime-jit-icache-coherence v8.0.1
[INFO] [stderr]    Compiling wasmtime v8.0.1
[INFO] [stderr]    Compiling heck v0.4.1
[INFO] [stderr]     Checking base64 v0.21.0
[INFO] [stderr]     Checking wast v57.0.0
[INFO] [stderr]     Checking tracing-core v0.1.30
[INFO] [stderr]    Compiling proc-macro-error-attr v1.0.4
[INFO] [stderr]    Compiling rustix v0.33.7
[INFO] [stderr]    Compiling wasi-common v8.0.1
[INFO] [stderr]     Checking pin-project-lite v0.2.9
[INFO] [stderr]    Compiling proc-macro-error v1.0.4
[INFO] [stderr]    Compiling cap-fs-ext v1.0.14
[INFO] [stderr]    Compiling system-interface v0.25.7
[INFO] [stderr]     Checking is-terminal v0.4.7
[INFO] [stderr]     Checking fs-set-times v0.19.1
[INFO] [stderr]     Checking memfd v0.6.3
[INFO] [stderr]     Checking env_logger v0.10.0
[INFO] [stderr]    Compiling io-extras v0.13.2
[INFO] [stderr]     Checking linux-raw-sys v0.0.42
[INFO] [stderr]     Checking cap-rand v1.0.14
[INFO] [stderr]     Checking atty v0.2.14
[INFO] [stderr]     Checking lazy_static v1.4.0
[INFO] [stderr]    Compiling unicode-segmentation v1.10.0
[INFO] [stderr]    Compiling cap-primitives v0.24.4
[INFO] [stderr]     Checking file-per-thread-logger v0.1.6
[INFO] [stderr]     Checking fs-set-times v0.18.1
[INFO] [stderr]     Checking textwrap v0.11.0
[INFO] [stderr]     Checking ansi_term v0.12.1
[INFO] [stderr]    Compiling cap-std v0.24.4
[INFO] [stderr]    Compiling portable-atomic v0.3.19
[INFO] [stderr]     Checking cap-time-ext v1.0.14
[INFO] [stderr]     Checking strsim v0.8.0
[INFO] [stderr]    Compiling heck v0.3.3
[INFO] [stderr]    Compiling wasmtime-wasi v8.0.1
[INFO] [stderr]     Checking vec_map v0.8.2
[INFO] [stderr]     Checking ambient-authority v0.0.1
[INFO] [stderr]     Checking console v0.15.5
[INFO] [stderr]     Checking env_logger v0.9.1
[INFO] [stderr]     Checking wasm-encoder v0.25.0
[INFO] [stderr]     Checking clap v2.34.0
[INFO] [stderr]     Checking wasm-encoder v0.20.0
[INFO] [stderr]     Checking number_prefix v0.4.0
[INFO] [stderr]     Checking indicatif v0.17.3
[INFO] [stderr]    Compiling structopt-derive v0.4.18
[INFO] [stderr]    Compiling serde_derive v1.0.163
[INFO] [stderr]    Compiling thiserror-impl v1.0.40
[INFO] [stderr]    Compiling tracing-attributes v0.1.24
[INFO] [stderr]     Checking fs-set-times v0.15.0
[INFO] [stdout] error[E0061]: this method takes 1 argument but 2 arguments were supplied
[INFO] [stdout]   --> /opt/rustwide/cargo-home/registry/src/index.crates.io-6f17d22bba15001f/cap-primitives-0.24.4/src/rustix/linux/fs/set_times_impl.rs:20:25
[INFO] [stdout]    |
[INFO] [stdout] 20 |             return file.set_times(
[INFO] [stdout]    |                         ^^^^^^^^^
[INFO] [stdout] 21 |                 atime.map(SystemTimeSpec::into_std),
[INFO] [stdout] 22 |                 mtime.map(SystemTimeSpec::into_std),
[INFO] [stdout]    |                 ----------------------------------- unexpected argument of type `Option<fs_set_times::SystemTimeSpec>`
[INFO] [stdout]    |
[INFO] [stdout] note: expected `FileTimes`, found `Option<SystemTimeSpec>`
[INFO] [stdout]   --> /opt/rustwide/cargo-home/registry/src/index.crates.io-6f17d22bba15001f/cap-primitives-0.24.4/src/rustix/linux/fs/set_times_impl.rs:21:17
[INFO] [stdout]    |
[INFO] [stdout] 21 |                 atime.map(SystemTimeSpec::into_std),
[INFO] [stdout]    |                 ^^^^^^^^^^^^^^^^^^^^^^^^^^^^^^^^^^^
[INFO] [stdout]    = note: expected struct `FileTimes`
[INFO] [stdout]                 found enum `Option<fs_set_times::SystemTimeSpec>`
[INFO] [stdout] note: method defined here
[INFO] [stdout]   --> /rustc/82e1608dfa6e0b5569232559e3d385fea5a93112/library/std/src/fs.rs:695:12
[INFO] [stdout] help: remove the extra argument
[INFO] [stdout]    |
[INFO] [stdout] 21 -                 atime.map(SystemTimeSpec::into_std),
[INFO] [stdout] 21 +                 /* FileTimes */,
[INFO] [stdout]    |
[INFO] [stdout] 
[INFO] [stdout] 
[INFO] [stdout] error[E0061]: this method takes 1 argument but 2 arguments were supplied
[INFO] [stdout]   --> /opt/rustwide/cargo-home/registry/src/index.crates.io-6f17d22bba15001f/cap-primitives-0.24.4/src/rustix/linux/fs/set_times_impl.rs:34:25
[INFO] [stdout]    |
[INFO] [stdout] 34 |             return file.set_times(
[INFO] [stdout]    |                         ^^^^^^^^^
[INFO] [stdout] 35 |                 atime.map(SystemTimeSpec::into_std),
[INFO] [stdout] 36 |                 mtime.map(SystemTimeSpec::into_std),
[INFO] [stdout]    |                 ----------------------------------- unexpected argument of type `Option<fs_set_times::SystemTimeSpec>`
[INFO] [stdout]    |
[INFO] [stdout] note: expected `FileTimes`, found `Option<SystemTimeSpec>`
[INFO] [stdout]   --> /opt/rustwide/cargo-home/registry/src/index.crates.io-6f17d22bba15001f/cap-primitives-0.24.4/src/rustix/linux/fs/set_times_impl.rs:35:17
[INFO] [stdout]    |
[INFO] [stdout] 35 |                 atime.map(SystemTimeSpec::into_std),
[INFO] [stdout]    |                 ^^^^^^^^^^^^^^^^^^^^^^^^^^^^^^^^^^^
[INFO] [stdout]    = note: expected struct `FileTimes`
[INFO] [stdout]                 found enum `Option<fs_set_times::SystemTimeSpec>`
[INFO] [stdout] note: method defined here
[INFO] [stdout]   --> /rustc/82e1608dfa6e0b5569232559e3d385fea5a93112/library/std/src/fs.rs:695:12
[INFO] [stdout] help: remove the extra argument
[INFO] [stdout]    |
[INFO] [stdout] 35 -                 atime.map(SystemTimeSpec::into_std),
[INFO] [stdout] 35 +                 /* FileTimes */,
[INFO] [stdout]    |
[INFO] [stdout] 
[INFO] [stdout] 
[INFO] [stdout] error: aborting due to 2 previous errors
[INFO] [stdout] 
[INFO] [stdout] 
[INFO] [stdout] For more information about this error, try `rustc --explain E0061`.
[INFO] [stdout] 
[INFO] [stderr] error: could not compile `cap-primitives` (lib) due to 3 previous errors
[INFO] [stderr] warning: build failed, waiting for other jobs to finish...
[INFO] running `Command { std: "docker" "inspect" "dc09f395571396bd13ed7e8c9a4b1cf4146bafdcae5c533a67f2f25a2506e774", kill_on_drop: false }`
[INFO] running `Command { std: "docker" "rm" "-f" "dc09f395571396bd13ed7e8c9a4b1cf4146bafdcae5c533a67f2f25a2506e774", kill_on_drop: false }`
[INFO] [stdout] dc09f395571396bd13ed7e8c9a4b1cf4146bafdcae5c533a67f2f25a2506e774
[INFO] documenting weval-0.1.0 against beta-2023-12-22 for beta-1.76-rustdoc-1
[INFO] extracting crate weval 0.1.0 into /workspace/builds/worker-3-tc2/source
[INFO] validating manifest of crates.io crate weval 0.1.0 on toolchain beta-2023-12-22
[INFO] running `Command { std: CARGO_HOME="/workspace/cargo-home" RUSTUP_HOME="/workspace/rustup-home" "/workspace/cargo-home/bin/cargo" "+beta-2023-12-22" "metadata" "--manifest-path" "Cargo.toml" "--no-deps", kill_on_drop: false }`
[INFO] started tweaking crates.io crate weval 0.1.0
[INFO] finished tweaking crates.io crate weval 0.1.0
[INFO] tweaked toml for crates.io crate weval 0.1.0 written to /workspace/builds/worker-3-tc2/source/Cargo.toml
[INFO] crate crates.io crate weval 0.1.0 already has a lockfile, it will not be regenerated
[INFO] running `Command { std: CARGO_HOME="/workspace/cargo-home" RUSTUP_HOME="/workspace/rustup-home" "/workspace/cargo-home/bin/cargo" "+beta-2023-12-22" "fetch" "--manifest-path" "Cargo.toml", kill_on_drop: false }`
[INFO] running `Command { std: "docker" "create" "-v" "/var/lib/crater-agent-workspace/builds/worker-3-tc2/target:/opt/rustwide/target:rw,Z" "-v" "/var/lib/crater-agent-workspace/builds/worker-3-tc2/source:/opt/rustwide/workdir:ro,Z" "-v" "/var/lib/crater-agent-workspace/cargo-home:/opt/rustwide/cargo-home:ro,Z" "-v" "/var/lib/crater-agent-workspace/rustup-home:/opt/rustwide/rustup-home:ro,Z" "-e" "SOURCE_DIR=/opt/rustwide/workdir" "-e" "CARGO_TARGET_DIR=/opt/rustwide/target" "-e" "CARGO_HOME=/opt/rustwide/cargo-home" "-e" "RUSTUP_HOME=/opt/rustwide/rustup-home" "-w" "/opt/rustwide/workdir" "-m" "1610612736" "--user" "0:0" "--network" "none" "ghcr.io/rust-lang/crates-build-env/linux@sha256:2788e3201cd34a07e3172128adcd8b3090168a8e3bcc40d7c032b9dda1df7d1c" "/opt/rustwide/cargo-home/bin/cargo" "+beta-2023-12-22" "metadata" "--no-deps" "--format-version=1", kill_on_drop: false }`
[INFO] [stdout] dcac34d5c7eab7e288d6ab487e9b57ea92d1cda75637593ce58334584a92219d
[INFO] running `Command { std: "docker" "start" "-a" "dcac34d5c7eab7e288d6ab487e9b57ea92d1cda75637593ce58334584a92219d", kill_on_drop: false }`
[INFO] running `Command { std: "docker" "inspect" "dcac34d5c7eab7e288d6ab487e9b57ea92d1cda75637593ce58334584a92219d", kill_on_drop: false }`
[INFO] running `Command { std: "docker" "rm" "-f" "dcac34d5c7eab7e288d6ab487e9b57ea92d1cda75637593ce58334584a92219d", kill_on_drop: false }`
[INFO] [stdout] dcac34d5c7eab7e288d6ab487e9b57ea92d1cda75637593ce58334584a92219d
[INFO] running `Command { std: "docker" "create" "-v" "/var/lib/crater-agent-workspace/builds/worker-3-tc2/target:/opt/rustwide/target:rw,Z" "-v" "/var/lib/crater-agent-workspace/builds/worker-3-tc2/source:/opt/rustwide/workdir:ro,Z" "-v" "/var/lib/crater-agent-workspace/cargo-home:/opt/rustwide/cargo-home:ro,Z" "-v" "/var/lib/crater-agent-workspace/rustup-home:/opt/rustwide/rustup-home:ro,Z" "-e" "SOURCE_DIR=/opt/rustwide/workdir" "-e" "CARGO_TARGET_DIR=/opt/rustwide/target" "-e" "CARGO_INCREMENTAL=0" "-e" "RUST_BACKTRACE=full" "-e" "RUSTFLAGS=--cap-lints=warn" "-e" "RUSTDOCFLAGS=--cap-lints=warn" "-e" "CARGO_HOME=/opt/rustwide/cargo-home" "-e" "RUSTUP_HOME=/opt/rustwide/rustup-home" "-w" "/opt/rustwide/workdir" "-m" "1610612736" "--user" "0:0" "--network" "none" "ghcr.io/rust-lang/crates-build-env/linux@sha256:2788e3201cd34a07e3172128adcd8b3090168a8e3bcc40d7c032b9dda1df7d1c" "/opt/rustwide/cargo-home/bin/cargo" "+beta-2023-12-22" "doc" "--frozen" "--no-deps" "--document-private-items" "--message-format=json", kill_on_drop: false }`
[INFO] [stdout] e622118fd7459cc19c4b792ec135cff72c6dc2573a7e24a7b91d899fbd8904aa
[INFO] running `Command { std: "docker" "start" "-a" "e622118fd7459cc19c4b792ec135cff72c6dc2573a7e24a7b91d899fbd8904aa", kill_on_drop: false }`
[INFO] [stderr]    Compiling proc-macro2 v1.0.56
[INFO] [stderr]    Compiling unicode-ident v1.0.4
[INFO] [stderr]    Compiling libc v0.2.144
[INFO] [stderr]    Compiling quote v1.0.27
[INFO] [stderr]     Checking once_cell v1.17.1
[INFO] [stderr]    Compiling serde v1.0.163
[INFO] [stderr]     Checking bitflags v1.3.2
[INFO] [stderr]    Compiling io-lifetimes v1.0.10
[INFO] [stderr]    Compiling memchr v2.5.0
[INFO] [stderr]    Compiling log v0.4.17
[INFO] [stderr]     Checking itoa v1.0.6
[INFO] [stderr]    Compiling indexmap v1.9.2
[INFO] [stderr]    Compiling ahash v0.8.3
[INFO] [stderr]     Checking tinyvec_macros v0.1.0
[INFO] [stderr]    Compiling rustix v0.37.19
[INFO] [stderr]     Checking linux-raw-sys v0.3.7
[INFO] [stderr]     Checking tinyvec v1.6.0
[INFO] [stderr]    Compiling anyhow v1.0.65
[INFO] [stderr]     Checking unicode-bidi v0.3.8
[INFO] [stderr]    Compiling thiserror v1.0.40
[INFO] [stderr]     Checking percent-encoding v2.2.0
[INFO] [stderr]     Checking fallible-iterator v0.2.0
[INFO] [stderr]    Compiling crc32fast v1.3.2
[INFO] [stderr]     Checking form_urlencoded v1.1.0
[INFO] [stderr]     Checking stable_deref_trait v1.2.0
[INFO] [stderr]     Checking adler v1.0.2
[INFO] [stderr]    Compiling target-lexicon v0.12.7
[INFO] [stderr]     Checking smallvec v1.10.0
[INFO] [stderr]    Compiling cranelift-isle v0.95.1
[INFO] [stderr]     Checking hashbrown v0.13.2
[INFO] [stderr]     Checking miniz_oxide v0.6.2
[INFO] [stderr]    Compiling cranelift-codegen-shared v0.95.1
[INFO] [stderr]     Checking byteorder v1.4.3
[INFO] [stderr]    Compiling cranelift-codegen-meta v0.95.1
[INFO] [stderr]     Checking unicode-width v0.1.10
[INFO] [stderr]    Compiling crossbeam-utils v0.8.12
[INFO] [stderr]    Compiling rustix v0.36.13
[INFO] [stderr]    Compiling typenum v1.16.0
[INFO] [stderr]     Checking fxhash v0.2.1
[INFO] [stderr]    Compiling memoffset v0.6.5
[INFO] [stderr]    Compiling pkg-config v0.3.27
[INFO] [stderr]     Checking slice-group-by v0.3.1
[INFO] [stderr]    Compiling syn v1.0.99
[INFO] [stderr]     Checking unicode-normalization v0.1.22
[INFO] [stderr]     Checking flate2 v1.0.25
[INFO] [stderr]     Checking linux-raw-sys v0.1.4
[INFO] [stderr]     Checking regalloc2 v0.6.1
[INFO] [stderr]    Compiling syn v2.0.15
[INFO] [stderr]    Compiling jobserver v0.1.26
[INFO] [stderr]     Checking aho-corasick v0.7.19
[INFO] [stderr]    Compiling crossbeam-epoch v0.9.11
[INFO] [stderr]     Checking bumpalo v3.12.2
[INFO] [stderr]    Compiling cc v1.0.79
[INFO] [stderr]     Checking leb128 v0.2.5
[INFO] [stderr]     Checking regex-syntax v0.6.27
[INFO] [stderr]     Checking idna v0.3.0
[INFO] [stderr]     Checking ipnet v2.7.2
[INFO] [stderr]     Checking humantime v2.1.0
[INFO] [stderr]    Compiling rayon-core v1.9.3
[INFO] [stderr]     Checking maybe-owned v0.3.4
[INFO] [stderr]     Checking termcolor v1.1.3
[INFO] [stderr]    Compiling io-extras v0.17.4
[INFO] [stderr]     Checking scopeguard v1.1.0
[INFO] [stderr]     Checking either v1.8.0
[INFO] [stderr]     Checking getrandom v0.2.9
[INFO] [stderr]    Compiling cpp_demangle v0.4.0
[INFO] [stderr]     Checking rand_core v0.6.4
[INFO] [stderr]    Compiling memoffset v0.8.0
[INFO] [stderr]     Checking url v2.3.1
[INFO] [stderr]     Checking rand_chacha v0.3.1
[INFO] [stderr]    Compiling zstd-safe v5.0.2+zstd.1.5.2
[INFO] [stderr]     Checking ambient-authority v0.0.2
[INFO] [stderr]    Compiling cap-primitives v1.0.14
[INFO] [stderr]     Checking generic-array v0.14.7
[INFO] [stderr]    Compiling paste v1.0.12
[INFO] [stderr]     Checking rand v0.8.5
[INFO] [stderr]     Checking regex v1.6.0
[INFO] [stderr]     Checking crossbeam-deque v0.8.2
[INFO] [stderr]     Checking num_cpus v1.13.1
[INFO] [stderr]     Checking crossbeam-channel v0.5.8
[INFO] [stderr]    Compiling dirs-sys v0.3.7
[INFO] [stderr]     Checking wasmtime-asm-macros v8.0.1
[INFO] [stderr]    Compiling rayon v1.5.3
[INFO] [stderr]     Checking rustc-demangle v0.1.21
[INFO] [stderr]    Compiling cfg-if v1.0.0
[INFO] [stderr]    Compiling cpp_demangle v0.3.5
[INFO] [stderr]    Compiling wasmtime-fiber v8.0.1
[INFO] [stderr]    Compiling zstd-sys v2.0.8+zstd.1.5.5
[INFO] [stderr]    Compiling ittapi-sys v0.3.3
[INFO] [stderr]     Checking crypto-common v0.1.6
[INFO] [stderr]     Checking block-buffer v0.10.4
[INFO] [stderr]    Compiling wasmtime-runtime v8.0.1
[INFO] [stderr]     Checking digest v0.10.6
[INFO] [stderr]    Compiling wast v35.0.2
[INFO] [stderr]    Compiling psm v0.1.21
[INFO] [stderr]    Compiling dirs v4.0.0
[INFO] [stderr]     Checking itertools v0.10.5
[INFO] [stderr]     Checking dirs-sys-next v0.1.2
[INFO] [stderr]     Checking wasm-encoder v0.26.0
[INFO] [stderr]    Compiling io-lifetimes v0.5.3
[INFO] [stderr]    Compiling cap-std v1.0.14
[INFO] [stderr]     Checking cpufeatures v0.2.7
[INFO] [stderr]    Compiling wasmtime-cache v8.0.1
[INFO] [stderr]    Compiling async-trait v0.1.68
[INFO] [stderr]     Checking sha2 v0.10.6
[INFO] [stderr]     Checking directories-next v2.0.0
[INFO] [stderr]    Compiling shellexpand v2.1.2
[INFO] [stderr]     Checking wasmtime-jit-icache-coherence v8.0.1
[INFO] [stderr]    Compiling wasmtime v8.0.1
[INFO] [stderr]    Compiling heck v0.4.1
[INFO] [stderr]     Checking base64 v0.21.0
[INFO] [stderr]     Checking wast v57.0.0
[INFO] [stderr]     Checking tracing-core v0.1.30
[INFO] [stderr]    Compiling proc-macro-error-attr v1.0.4
[INFO] [stderr]    Compiling cranelift-codegen v0.95.1
[INFO] [stderr]    Compiling wasi-common v8.0.1
[INFO] [stderr]    Compiling rustix v0.33.7
[INFO] [stderr]     Checking pin-project-lite v0.2.9
[INFO] [stderr]    Compiling proc-macro-error v1.0.4
[INFO] [stderr]    Compiling cap-fs-ext v1.0.14
[INFO] [stderr]     Checking linux-raw-sys v0.0.42
[INFO] [stderr]     Checking is-terminal v0.4.7
[INFO] [stderr]     Checking fs-set-times v0.19.1
[INFO] [stderr]     Checking memfd v0.6.3
[INFO] [stderr]    Compiling io-extras v0.13.2
[INFO] [stderr]     Checking env_logger v0.10.0
[INFO] [stderr]    Compiling system-interface v0.25.7
[INFO] [stderr]     Checking cap-rand v1.0.14
[INFO] [stderr]     Checking file-per-thread-logger v0.1.6
[INFO] [stderr]     Checking atty v0.2.14
[INFO] [stderr]    Compiling unicode-segmentation v1.10.0
[INFO] [stderr]     Checking lazy_static v1.4.0
[INFO] [stderr]    Compiling cap-primitives v0.24.4
[INFO] [stderr]     Checking fs-set-times v0.18.1
[INFO] [stderr]     Checking textwrap v0.11.0
[INFO] [stderr]     Checking ansi_term v0.12.1
[INFO] [stderr]    Compiling wasmtime-wasi v8.0.1
[INFO] [stderr]    Compiling portable-atomic v0.3.19
[INFO] [stderr]     Checking cap-time-ext v1.0.14
[INFO] [stderr]     Checking ambient-authority v0.0.1
[INFO] [stderr]     Checking strsim v0.8.0
[INFO] [stderr]     Checking vec_map v0.8.2
[INFO] [stderr]    Compiling heck v0.3.3
[INFO] [stderr]    Compiling cap-std v0.24.4
[INFO] [stderr]     Checking console v0.15.5
[INFO] [stderr]     Checking clap v2.34.0
[INFO] [stderr]     Checking env_logger v0.9.1
[INFO] [stderr]     Checking wasm-encoder v0.20.0
[INFO] [stderr]     Checking wasm-encoder v0.25.0
[INFO] [stderr]     Checking number_prefix v0.4.0
[INFO] [stderr]     Checking ittapi v0.3.3
[INFO] [stderr]     Checking indicatif v0.17.3
[INFO] [stderr]    Compiling structopt-derive v0.4.18
[INFO] [stderr]    Compiling serde_derive v1.0.163
[INFO] [stderr]    Compiling thiserror-impl v1.0.40
[INFO] [stderr]    Compiling tracing-attributes v0.1.24
[INFO] [stderr]     Checking fs-set-times v0.15.0
[INFO] [stdout] error[E0061]: this method takes 1 argument but 2 arguments were supplied
[INFO] [stdout]   --> /opt/rustwide/cargo-home/registry/src/index.crates.io-6f17d22bba15001f/cap-primitives-0.24.4/src/rustix/linux/fs/set_times_impl.rs:20:25
[INFO] [stdout]    |
[INFO] [stdout] 20 |             return file.set_times(
[INFO] [stdout]    |                         ^^^^^^^^^
[INFO] [stdout] 21 |                 atime.map(SystemTimeSpec::into_std),
[INFO] [stdout] 22 |                 mtime.map(SystemTimeSpec::into_std),
[INFO] [stdout]    |                 ----------------------------------- unexpected argument of type `Option<fs_set_times::SystemTimeSpec>`
[INFO] [stdout]    |
[INFO] [stdout] note: expected `FileTimes`, found `Option<SystemTimeSpec>`
[INFO] [stdout]   --> /opt/rustwide/cargo-home/registry/src/index.crates.io-6f17d22bba15001f/cap-primitives-0.24.4/src/rustix/linux/fs/set_times_impl.rs:21:17
[INFO] [stdout]    |
[INFO] [stdout] 21 |                 atime.map(SystemTimeSpec::into_std),
[INFO] [stdout]    |                 ^^^^^^^^^^^^^^^^^^^^^^^^^^^^^^^^^^^
[INFO] [stdout]    = note: expected struct `FileTimes`
[INFO] [stdout]                 found enum `Option<fs_set_times::SystemTimeSpec>`
[INFO] [stdout] note: method defined here
[INFO] [stdout]   --> /rustc/0e09125c6c3c2fd70d7de961bcf0e51575235fad/library/std/src/fs.rs:695:12
[INFO] [stdout] help: remove the extra argument
[INFO] [stdout]    |
[INFO] [stdout] 21 -                 atime.map(SystemTimeSpec::into_std),
[INFO] [stdout] 21 +                 /* FileTimes */,
[INFO] [stdout]    |
[INFO] [stdout] 
[INFO] [stdout] 
[INFO] [stdout] error[E0061]: this method takes 1 argument but 2 arguments were supplied
[INFO] [stdout]   --> /opt/rustwide/cargo-home/registry/src/index.crates.io-6f17d22bba15001f/cap-primitives-0.24.4/src/rustix/linux/fs/set_times_impl.rs:34:25
[INFO] [stdout]    |
[INFO] [stdout] 34 |             return file.set_times(
[INFO] [stdout]    |                         ^^^^^^^^^
[INFO] [stdout] 35 |                 atime.map(SystemTimeSpec::into_std),
[INFO] [stdout] 36 |                 mtime.map(SystemTimeSpec::into_std),
[INFO] [stdout]    |                 ----------------------------------- unexpected argument of type `Option<fs_set_times::SystemTimeSpec>`
[INFO] [stdout]    |
[INFO] [stdout] note: expected `FileTimes`, found `Option<SystemTimeSpec>`
[INFO] [stdout]   --> /opt/rustwide/cargo-home/registry/src/index.crates.io-6f17d22bba15001f/cap-primitives-0.24.4/src/rustix/linux/fs/set_times_impl.rs:35:17
[INFO] [stdout]    |
[INFO] [stdout] 35 |                 atime.map(SystemTimeSpec::into_std),
[INFO] [stdout]    |                 ^^^^^^^^^^^^^^^^^^^^^^^^^^^^^^^^^^^
[INFO] [stdout]    = note: expected struct `FileTimes`
[INFO] [stdout]                 found enum `Option<fs_set_times::SystemTimeSpec>`
[INFO] [stdout] note: method defined here
[INFO] [stdout]   --> /rustc/0e09125c6c3c2fd70d7de961bcf0e51575235fad/library/std/src/fs.rs:695:12
[INFO] [stdout] help: remove the extra argument
[INFO] [stdout]    |
[INFO] [stdout] 35 -                 atime.map(SystemTimeSpec::into_std),
[INFO] [stdout] 35 +                 /* FileTimes */,
[INFO] [stdout]    |
[INFO] [stdout] 
[INFO] [stdout] 
[INFO] [stdout] error: aborting due to 2 previous errors
[INFO] [stdout] 
[INFO] [stdout] 
[INFO] [stdout] For more information about this error, try `rustc --explain E0061`.
[INFO] [stdout] 
[INFO] [stderr] error: could not compile `cap-primitives` (lib) due to 3 previous errors
[INFO] [stderr] warning: build failed, waiting for other jobs to finish...
[INFO] running `Command { std: "docker" "inspect" "e622118fd7459cc19c4b792ec135cff72c6dc2573a7e24a7b91d899fbd8904aa", kill_on_drop: false }`
[INFO] running `Command { std: "docker" "rm" "-f" "e622118fd7459cc19c4b792ec135cff72c6dc2573a7e24a7b91d899fbd8904aa", kill_on_drop: false }`
[INFO] [stdout] e622118fd7459cc19c4b792ec135cff72c6dc2573a7e24a7b91d899fbd8904aa
