[INFO] fetching crate wechat-mp 0.1.4...
[INFO] documenting wechat-mp-0.1.4 against 1.75.0 for beta-1.76-rustdoc-1
[INFO] extracting crate wechat-mp 0.1.4 into /workspace/builds/worker-3-tc1/source
[INFO] validating manifest of crates.io crate wechat-mp 0.1.4 on toolchain 1.75.0
[INFO] running `Command { std: CARGO_HOME="/workspace/cargo-home" RUSTUP_HOME="/workspace/rustup-home" "/workspace/cargo-home/bin/cargo" "+1.75.0" "metadata" "--manifest-path" "Cargo.toml" "--no-deps", kill_on_drop: false }`
[INFO] started tweaking crates.io crate wechat-mp 0.1.4
[INFO] finished tweaking crates.io crate wechat-mp 0.1.4
[INFO] tweaked toml for crates.io crate wechat-mp 0.1.4 written to /workspace/builds/worker-3-tc1/source/Cargo.toml
[INFO] running `Command { std: CARGO_HOME="/workspace/cargo-home" RUSTUP_HOME="/workspace/rustup-home" "/workspace/cargo-home/bin/cargo" "+1.75.0" "generate-lockfile" "--manifest-path" "Cargo.toml", kill_on_drop: false }`
[INFO] [stderr]     Updating crates.io index
[INFO] running `Command { std: CARGO_HOME="/workspace/cargo-home" RUSTUP_HOME="/workspace/rustup-home" "/workspace/cargo-home/bin/cargo" "+1.75.0" "fetch" "--manifest-path" "Cargo.toml", kill_on_drop: false }`
[INFO] [stderr]  Downloading crates ...
[INFO] [stderr]   Downloaded bb8-redis v0.5.0
[INFO] [stderr]   Downloaded redis v0.15.1
[INFO] [stderr]   Downloaded bb8 v0.4.2
[INFO] [stderr]   Downloaded string-builder v0.2.0
[INFO] [stderr]   Downloaded shaku v0.5.0
[INFO] [stderr]   Downloaded shaku_derive v0.5.0
[INFO] running `Command { std: "docker" "create" "-v" "/var/lib/crater-agent-workspace/builds/worker-3-tc1/target:/opt/rustwide/target:rw,Z" "-v" "/var/lib/crater-agent-workspace/builds/worker-3-tc1/source:/opt/rustwide/workdir:ro,Z" "-v" "/var/lib/crater-agent-workspace/cargo-home:/opt/rustwide/cargo-home:ro,Z" "-v" "/var/lib/crater-agent-workspace/rustup-home:/opt/rustwide/rustup-home:ro,Z" "-e" "SOURCE_DIR=/opt/rustwide/workdir" "-e" "CARGO_TARGET_DIR=/opt/rustwide/target" "-e" "CARGO_HOME=/opt/rustwide/cargo-home" "-e" "RUSTUP_HOME=/opt/rustwide/rustup-home" "-w" "/opt/rustwide/workdir" "-m" "1610612736" "--user" "0:0" "--network" "none" "ghcr.io/rust-lang/crates-build-env/linux@sha256:2788e3201cd34a07e3172128adcd8b3090168a8e3bcc40d7c032b9dda1df7d1c" "/opt/rustwide/cargo-home/bin/cargo" "+1.75.0" "metadata" "--no-deps" "--format-version=1", kill_on_drop: false }`
[INFO] [stdout] 1546782508e7c62c0a3c4fd7f56ed7992a4657076280d9e22c6190809152faaa
[INFO] running `Command { std: "docker" "start" "-a" "1546782508e7c62c0a3c4fd7f56ed7992a4657076280d9e22c6190809152faaa", kill_on_drop: false }`
[INFO] running `Command { std: "docker" "inspect" "1546782508e7c62c0a3c4fd7f56ed7992a4657076280d9e22c6190809152faaa", kill_on_drop: false }`
[INFO] running `Command { std: "docker" "rm" "-f" "1546782508e7c62c0a3c4fd7f56ed7992a4657076280d9e22c6190809152faaa", kill_on_drop: false }`
[INFO] [stdout] 1546782508e7c62c0a3c4fd7f56ed7992a4657076280d9e22c6190809152faaa
[INFO] running `Command { std: "docker" "create" "-v" "/var/lib/crater-agent-workspace/builds/worker-3-tc1/target:/opt/rustwide/target:rw,Z" "-v" "/var/lib/crater-agent-workspace/builds/worker-3-tc1/source:/opt/rustwide/workdir:ro,Z" "-v" "/var/lib/crater-agent-workspace/cargo-home:/opt/rustwide/cargo-home:ro,Z" "-v" "/var/lib/crater-agent-workspace/rustup-home:/opt/rustwide/rustup-home:ro,Z" "-e" "SOURCE_DIR=/opt/rustwide/workdir" "-e" "CARGO_TARGET_DIR=/opt/rustwide/target" "-e" "CARGO_INCREMENTAL=0" "-e" "RUST_BACKTRACE=full" "-e" "RUSTFLAGS=--cap-lints=warn" "-e" "RUSTDOCFLAGS=--cap-lints=warn" "-e" "CARGO_HOME=/opt/rustwide/cargo-home" "-e" "RUSTUP_HOME=/opt/rustwide/rustup-home" "-w" "/opt/rustwide/workdir" "-m" "1610612736" "--user" "0:0" "--network" "none" "ghcr.io/rust-lang/crates-build-env/linux@sha256:2788e3201cd34a07e3172128adcd8b3090168a8e3bcc40d7c032b9dda1df7d1c" "/opt/rustwide/cargo-home/bin/cargo" "+1.75.0" "doc" "--frozen" "--no-deps" "--document-private-items" "--message-format=json", kill_on_drop: false }`
[INFO] [stdout] 1523c9300af4e863a8a64e2373ca0140573f80ecf2e83b1690ddf1994ad5489a
[INFO] running `Command { std: "docker" "start" "-a" "1523c9300af4e863a8a64e2373ca0140573f80ecf2e83b1690ddf1994ad5489a", kill_on_drop: false }`
[INFO] [stderr]    Compiling libc v0.2.151
[INFO] [stderr]    Compiling syn v1.0.109
[INFO] [stderr]     Checking futures-io v0.3.30
[INFO] [stderr]     Checking pin-project-lite v0.1.12
[INFO] [stderr]     Checking bytes v0.5.6
[INFO] [stderr]     Checking futures-channel v0.3.30
[INFO] [stderr]    Compiling pin-project-internal v0.4.30
[INFO] [stderr]    Compiling syn v2.0.48
[INFO] [stderr]     Checking idna v0.5.0
[INFO] [stderr]     Checking http v0.2.11
[INFO] [stderr]    Compiling pkg-config v0.3.28
[INFO] [stderr]    Compiling vcpkg v0.2.15
[INFO] [stderr]     Checking copyless v0.1.5
[INFO] [stderr]    Compiling async-trait v0.1.77
[INFO] [stderr]     Checking tracing v0.1.40
[INFO] [stderr]     Checking idna v0.2.3
[INFO] [stderr]    Compiling openssl v0.10.62
[INFO] [stderr]    Compiling crossbeam-utils v0.8.18
[INFO] [stderr]     Checking dtoa v0.4.8
[INFO] [stderr]     Checking sha1 v0.6.1
[INFO] [stderr]    Compiling native-tls v0.2.11
[INFO] [stderr]    Compiling unicase v2.7.0
[INFO] [stderr]     Checking unreachable v1.0.0
[INFO] [stderr]     Checking want v0.3.1
[INFO] [stderr]     Checking fxhash v0.2.1
[INFO] [stderr]     Checking waker-fn v1.1.1
[INFO] [stderr]     Checking base64 v0.11.0
[INFO] [stderr]     Checking fastrand v1.9.0
[INFO] [stderr]     Checking httpdate v0.3.2
[INFO] [stderr]     Checking parking v2.2.0
[INFO] [stderr]    Compiling mime_guess v2.0.4
[INFO] [stderr]     Checking combine v3.8.1
[INFO] [stderr]     Checking bytestring v1.3.1
[INFO] [stderr]     Checking atomic-waker v1.1.2
[INFO] [stderr]     Checking parking v1.0.6
[INFO] [stderr]     Checking cache-padded v1.3.0
[INFO] [stderr]     Checking typed-arena v1.7.0
[INFO] [stderr]     Checking futures-lite v0.1.11
[INFO] [stderr]     Checking peresil v0.3.0
[INFO] [stderr]     Checking concurrent-queue v1.2.4
[INFO] [stderr]     Checking url v2.5.0
[INFO] [stderr]    Compiling anyhow v1.0.79
[INFO] [stderr]    Compiling thiserror v1.0.56
[INFO] [stderr]     Checking scoped-tls v1.0.1
[INFO] [stderr]     Checking base64 v0.13.1
[INFO] [stderr]     Checking sxd-document v0.3.2
[INFO] [stderr]     Checking concurrent-queue v2.4.0
[INFO] [stderr]     Checking async-task v3.0.0
[INFO] [stderr]     Checking async-mutex v1.4.0
[INFO] [stderr]     Checking string-builder v0.2.0
[INFO] [stderr]     Checking http-body v0.3.1
[INFO] [stderr]     Checking async-channel v1.9.0
[INFO] [stderr]     Checking dotenv v0.15.0
[INFO] [stderr]     Checking blocking v0.4.7
[INFO] [stderr]     Checking sxd-xpath v0.4.2
[INFO] [stderr]    Compiling cc v1.0.83
[INFO] [stderr]     Checking net2 v0.2.39
[INFO] [stderr]     Checking iovec v0.1.4
[INFO] [stderr]     Checking num_cpus v1.16.0
[INFO] [stderr]     Checking signal-hook-registry v1.4.1
[INFO] [stderr]     Checking socket2 v0.3.19
[INFO] [stderr]     Checking parking_lot_core v0.8.6
[INFO] [stderr]     Checking getrandom v0.1.16
[INFO] [stderr]     Checking hostname v0.3.1
[INFO] [stderr]     Checking time v0.1.45
[INFO] [stderr]     Checking atty v0.2.14
[INFO] [stderr]     Checking resolv-conf v0.6.3
[INFO] [stderr]     Checking env_logger v0.7.1
[INFO] [stderr]     Checking threadpool v1.8.1
[INFO] [stderr]     Checking mio v0.6.23
[INFO] [stderr]     Checking parking_lot v0.11.2
[INFO] [stderr]     Checking rand_core v0.5.1
[INFO] [stderr]     Checking rand_chacha v0.2.2
[INFO] [stderr]     Checking rand v0.7.3
[INFO] [stderr]    Compiling backtrace v0.3.69
[INFO] [stderr]    Compiling openssl-sys v0.9.98
[INFO] [stderr]    Compiling brotli-sys v0.3.2
[INFO] [stderr]     Checking mio-uds v0.6.8
[INFO] [stderr]    Compiling futures-macro v0.3.30
[INFO] [stderr]    Compiling pin-project-internal v1.1.3
[INFO] [stderr]    Compiling serde_derive v1.0.195
[INFO] [stderr]    Compiling openssl-macros v0.1.1
[INFO] [stderr]    Compiling thiserror-impl v1.0.56
[INFO] [stderr]    Compiling serde_repr v0.1.18
[INFO] [stderr]    Compiling synstructure v0.12.6
[INFO] [stderr]     Checking futures-util v0.3.30
[INFO] [stderr]     Checking pin-project v1.1.3
[INFO] [stderr]     Checking tracing-futures v0.2.5
[INFO] [stderr]    Compiling tokio-macros v0.2.6
[INFO] [stderr]    Compiling derive_more v0.99.17
[INFO] [stderr]    Compiling actix-macros v0.1.3
[INFO] [stderr]    Compiling failure_derive v0.1.8
[INFO] [stderr]    Compiling enum-as-inner v0.3.4
[INFO] [stderr]    Compiling actix-web-codegen v0.2.2
[INFO] [stderr]    Compiling shaku_derive v0.5.0
[INFO] [stderr]     Checking tokio v0.2.25
[INFO] [stderr]     Checking failure v0.1.8
[INFO] [stderr]     Checking shaku v0.5.0
[INFO] [stderr]     Checking pin-project v0.4.30
[INFO] [stderr]     Checking serde v1.0.195
[INFO] [stderr]     Checking futures-executor v0.3.30
[INFO] [stderr]     Checking actix-service v1.0.6
[INFO] [stderr]     Checking futures v0.3.30
[INFO] [stderr]     Checking actix-threadpool v0.3.3
[INFO] [stderr]     Checking brotli2 v0.3.2
[INFO] [stderr]     Checking tokio-util v0.3.1
[INFO] [stderr]     Checking tokio-util v0.2.0
[INFO] [stderr]     Checking actix-rt v1.1.1
[INFO] [stderr]     Checking trust-dns-proto v0.18.0-alpha.2
[INFO] [stderr]     Checking tokio-tls v0.3.1
[INFO] [stderr]     Checking bb8 v0.4.2
[INFO] [stderr]     Checking smol v0.1.18
[INFO] [stderr]     Checking h2 v0.2.7
[INFO] [stderr]     Checking actix-codec v0.3.0
[INFO] [stderr]     Checking actix-codec v0.2.0
[INFO] [stderr]     Checking redis v0.15.1
[INFO] [stderr]     Checking actix-utils v1.0.6
[INFO] [stderr]     Checking actix-utils v2.0.0
[INFO] [stderr]     Checking serde_json v1.0.111
[INFO] [stderr]     Checking serde_urlencoded v0.6.1
[INFO] [stderr]     Checking serde_urlencoded v0.7.1
[INFO] [stderr]     Checking actix-router v0.2.7
[INFO] [stderr]     Checking actix-tls v1.0.0
[INFO] [stderr]     Checking actix-server v1.0.4
[INFO] [stderr]     Checking actix-testing v1.0.1
[INFO] [stderr]     Checking trust-dns-resolver v0.18.0-alpha.2
[INFO] [stderr]     Checking actix-connect v1.0.2
[INFO] [stderr]     Checking bb8-redis v0.5.0
[INFO] [stderr]     Checking actix-http v1.0.1
[INFO] [stderr]     Checking hyper v0.13.10
[INFO] [stdout] error[E0277]: cannot subtract `chrono::Duration` from `Tm`
[INFO] [stdout]    --> /opt/rustwide/cargo-home/registry/src/index.crates.io-6f17d22bba15001f/actix-http-1.0.1/src/cookie/jar.rs:224:44
[INFO] [stdout]     |
[INFO] [stdout] 224 |             cookie.set_expires(time::now() - Duration::days(365));
[INFO] [stdout]     |                                            ^ no implementation for `Tm - chrono::Duration`
[INFO] [stdout]     |
[INFO] [stdout]     = help: the trait `Sub<chrono::Duration>` is not implemented for `Tm`
[INFO] [stdout]     = help: the following other types implement trait `Sub<Rhs>`:
[INFO] [stdout]               <Tm as Sub<time::Duration>>
[INFO] [stdout]               <Tm as Sub>
[INFO] [stdout] 
[INFO] [stdout] 
[INFO] [stdout] error[E0308]: mismatched types
[INFO] [stdout]    --> /opt/rustwide/cargo-home/registry/src/index.crates.io-6f17d22bba15001f/actix-http-1.0.1/src/cookie/mod.rs:736:40
[INFO] [stdout]     |
[INFO] [stdout] 736 |         self.set_expires(time::now() + twenty_years);
[INFO] [stdout]     |                                        ^^^^^^^^^^^^ expected `time::Duration`, found `chrono::Duration`
[INFO] [stdout]     |
[INFO] [stdout]     = note: `chrono::Duration` and `time::Duration` have similar names, but are actually distinct types
[INFO] [stdout] note: `chrono::Duration` is defined in crate `chrono`
[INFO] [stdout]    --> /opt/rustwide/cargo-home/registry/src/index.crates.io-6f17d22bba15001f/chrono-0.4.31/src/duration.rs:55:1
[INFO] [stdout]     |
[INFO] [stdout] 55  | pub struct Duration {
[INFO] [stdout]     | ^^^^^^^^^^^^^^^^^^^
[INFO] [stdout] note: `time::Duration` is defined in crate `time`
[INFO] [stdout]    --> /opt/rustwide/cargo-home/registry/src/index.crates.io-6f17d22bba15001f/time-0.1.45/src/duration.rs:45:1
[INFO] [stdout]     |
[INFO] [stdout] 45  | pub struct Duration {
[INFO] [stdout]     | ^^^^^^^^^^^^^^^^^^^
[INFO] [stdout] 
[INFO] [stdout] 
[INFO] [stdout] error: aborting due to 2 previous errors
[INFO] [stdout] 
[INFO] [stdout] 
[INFO] [stdout] Some errors have detailed explanations: E0277, E0308.
[INFO] [stdout] 
[INFO] [stdout] For more information about an error, try `rustc --explain E0277`.
[INFO] [stdout] 
[INFO] [stderr] error: could not compile `actix-http` (lib) due to 3 previous errors
[INFO] [stderr] warning: build failed, waiting for other jobs to finish...
[INFO] running `Command { std: "docker" "inspect" "1523c9300af4e863a8a64e2373ca0140573f80ecf2e83b1690ddf1994ad5489a", kill_on_drop: false }`
[INFO] running `Command { std: "docker" "rm" "-f" "1523c9300af4e863a8a64e2373ca0140573f80ecf2e83b1690ddf1994ad5489a", kill_on_drop: false }`
[INFO] [stdout] 1523c9300af4e863a8a64e2373ca0140573f80ecf2e83b1690ddf1994ad5489a
[INFO] documenting wechat-mp-0.1.4 against beta-2023-12-22 for beta-1.76-rustdoc-1
[INFO] extracting crate wechat-mp 0.1.4 into /workspace/builds/worker-3-tc2/source
[INFO] validating manifest of crates.io crate wechat-mp 0.1.4 on toolchain beta-2023-12-22
[INFO] running `Command { std: CARGO_HOME="/workspace/cargo-home" RUSTUP_HOME="/workspace/rustup-home" "/workspace/cargo-home/bin/cargo" "+beta-2023-12-22" "metadata" "--manifest-path" "Cargo.toml" "--no-deps", kill_on_drop: false }`
[INFO] started tweaking crates.io crate wechat-mp 0.1.4
[INFO] finished tweaking crates.io crate wechat-mp 0.1.4
[INFO] tweaked toml for crates.io crate wechat-mp 0.1.4 written to /workspace/builds/worker-3-tc2/source/Cargo.toml
[INFO] running `Command { std: CARGO_HOME="/workspace/cargo-home" RUSTUP_HOME="/workspace/rustup-home" "/workspace/cargo-home/bin/cargo" "+beta-2023-12-22" "generate-lockfile" "--manifest-path" "Cargo.toml", kill_on_drop: false }`
[INFO] [stderr]     Updating crates.io index
[INFO] running `Command { std: CARGO_HOME="/workspace/cargo-home" RUSTUP_HOME="/workspace/rustup-home" "/workspace/cargo-home/bin/cargo" "+beta-2023-12-22" "fetch" "--manifest-path" "Cargo.toml", kill_on_drop: false }`
[INFO] running `Command { std: "docker" "create" "-v" "/var/lib/crater-agent-workspace/builds/worker-3-tc2/target:/opt/rustwide/target:rw,Z" "-v" "/var/lib/crater-agent-workspace/builds/worker-3-tc2/source:/opt/rustwide/workdir:ro,Z" "-v" "/var/lib/crater-agent-workspace/cargo-home:/opt/rustwide/cargo-home:ro,Z" "-v" "/var/lib/crater-agent-workspace/rustup-home:/opt/rustwide/rustup-home:ro,Z" "-e" "SOURCE_DIR=/opt/rustwide/workdir" "-e" "CARGO_TARGET_DIR=/opt/rustwide/target" "-e" "CARGO_HOME=/opt/rustwide/cargo-home" "-e" "RUSTUP_HOME=/opt/rustwide/rustup-home" "-w" "/opt/rustwide/workdir" "-m" "1610612736" "--user" "0:0" "--network" "none" "ghcr.io/rust-lang/crates-build-env/linux@sha256:2788e3201cd34a07e3172128adcd8b3090168a8e3bcc40d7c032b9dda1df7d1c" "/opt/rustwide/cargo-home/bin/cargo" "+beta-2023-12-22" "metadata" "--no-deps" "--format-version=1", kill_on_drop: false }`
[INFO] [stdout] 22e028e1dbdf40087e68346982c7b28acd38fb5b26a5943284fe8d11f14c5d80
[INFO] running `Command { std: "docker" "start" "-a" "22e028e1dbdf40087e68346982c7b28acd38fb5b26a5943284fe8d11f14c5d80", kill_on_drop: false }`
[INFO] running `Command { std: "docker" "inspect" "22e028e1dbdf40087e68346982c7b28acd38fb5b26a5943284fe8d11f14c5d80", kill_on_drop: false }`
[INFO] running `Command { std: "docker" "rm" "-f" "22e028e1dbdf40087e68346982c7b28acd38fb5b26a5943284fe8d11f14c5d80", kill_on_drop: false }`
[INFO] [stdout] 22e028e1dbdf40087e68346982c7b28acd38fb5b26a5943284fe8d11f14c5d80
[INFO] running `Command { std: "docker" "create" "-v" "/var/lib/crater-agent-workspace/builds/worker-3-tc2/target:/opt/rustwide/target:rw,Z" "-v" "/var/lib/crater-agent-workspace/builds/worker-3-tc2/source:/opt/rustwide/workdir:ro,Z" "-v" "/var/lib/crater-agent-workspace/cargo-home:/opt/rustwide/cargo-home:ro,Z" "-v" "/var/lib/crater-agent-workspace/rustup-home:/opt/rustwide/rustup-home:ro,Z" "-e" "SOURCE_DIR=/opt/rustwide/workdir" "-e" "CARGO_TARGET_DIR=/opt/rustwide/target" "-e" "CARGO_INCREMENTAL=0" "-e" "RUST_BACKTRACE=full" "-e" "RUSTFLAGS=--cap-lints=warn" "-e" "RUSTDOCFLAGS=--cap-lints=warn" "-e" "CARGO_HOME=/opt/rustwide/cargo-home" "-e" "RUSTUP_HOME=/opt/rustwide/rustup-home" "-w" "/opt/rustwide/workdir" "-m" "1610612736" "--user" "0:0" "--network" "none" "ghcr.io/rust-lang/crates-build-env/linux@sha256:2788e3201cd34a07e3172128adcd8b3090168a8e3bcc40d7c032b9dda1df7d1c" "/opt/rustwide/cargo-home/bin/cargo" "+beta-2023-12-22" "doc" "--frozen" "--no-deps" "--document-private-items" "--message-format=json", kill_on_drop: false }`
[INFO] [stdout] c7c8c5dc6f9eb618c0e60b83c6cfa4b5b366e46066656ffd4dfac12d5b0c4c4d
[INFO] running `Command { std: "docker" "start" "-a" "c7c8c5dc6f9eb618c0e60b83c6cfa4b5b366e46066656ffd4dfac12d5b0c4c4d", kill_on_drop: false }`
[INFO] [stderr]    Compiling libc v0.2.151
[INFO] [stderr]    Compiling syn v1.0.109
[INFO] [stderr]     Checking pin-project-lite v0.1.12
[INFO] [stderr]     Checking futures-io v0.3.30
[INFO] [stderr]     Checking bytes v0.5.6
[INFO] [stderr]     Checking futures-channel v0.3.30
[INFO] [stderr]    Compiling pin-project-internal v0.4.30
[INFO] [stderr]    Compiling syn v2.0.48
[INFO] [stderr]     Checking idna v0.5.0
[INFO] [stderr]     Checking http v0.2.11
[INFO] [stderr]    Compiling pkg-config v0.3.28
[INFO] [stderr]    Compiling vcpkg v0.2.15
[INFO] [stderr]     Checking copyless v0.1.5
[INFO] [stderr]    Compiling async-trait v0.1.77
[INFO] [stderr]     Checking tracing v0.1.40
[INFO] [stderr]     Checking idna v0.2.3
[INFO] [stderr]     Checking dtoa v0.4.8
[INFO] [stderr]    Compiling crossbeam-utils v0.8.18
[INFO] [stderr]    Compiling openssl v0.10.62
[INFO] [stderr]     Checking sha1 v0.6.1
[INFO] [stderr]    Compiling native-tls v0.2.11
[INFO] [stderr]    Compiling unicase v2.7.0
[INFO] [stderr]     Checking unreachable v1.0.0
[INFO] [stderr]     Checking want v0.3.1
[INFO] [stderr]     Checking fxhash v0.2.1
[INFO] [stderr]     Checking waker-fn v1.1.1
[INFO] [stderr]     Checking fastrand v1.9.0
[INFO] [stderr]     Checking parking v2.2.0
[INFO] [stderr]     Checking base64 v0.11.0
[INFO] [stderr]     Checking httpdate v0.3.2
[INFO] [stderr]    Compiling mime_guess v2.0.4
[INFO] [stderr]     Checking combine v3.8.1
[INFO] [stderr]     Checking bytestring v1.3.1
[INFO] [stderr]     Checking typed-arena v1.7.0
[INFO] [stderr]     Checking futures-lite v0.1.11
[INFO] [stderr]     Checking url v2.5.0
[INFO] [stderr]     Checking parking v1.0.6
[INFO] [stderr]     Checking atomic-waker v1.1.2
[INFO] [stderr]     Checking peresil v0.3.0
[INFO] [stderr]     Checking cache-padded v1.3.0
[INFO] [stderr]    Compiling anyhow v1.0.79
[INFO] [stderr]    Compiling thiserror v1.0.56
[INFO] [stderr]     Checking concurrent-queue v1.2.4
[INFO] [stderr]     Checking sxd-document v0.3.2
[INFO] [stderr]     Checking base64 v0.13.1
[INFO] [stderr]     Checking async-task v3.0.0
[INFO] [stderr]     Checking concurrent-queue v2.4.0
[INFO] [stderr]     Checking scoped-tls v1.0.1
[INFO] [stderr]     Checking http-body v0.3.1
[INFO] [stderr]     Checking async-mutex v1.4.0
[INFO] [stderr]     Checking string-builder v0.2.0
[INFO] [stderr]     Checking async-channel v1.9.0
[INFO] [stderr]     Checking dotenv v0.15.0
[INFO] [stderr]     Checking blocking v0.4.7
[INFO] [stderr]     Checking sxd-xpath v0.4.2
[INFO] [stderr]     Checking iovec v0.1.4
[INFO] [stderr]     Checking net2 v0.2.39
[INFO] [stderr]     Checking num_cpus v1.16.0
[INFO] [stderr]     Checking signal-hook-registry v1.4.1
[INFO] [stderr]     Checking socket2 v0.3.19
[INFO] [stderr]     Checking parking_lot_core v0.8.6
[INFO] [stderr]     Checking getrandom v0.1.16
[INFO] [stderr]     Checking hostname v0.3.1
[INFO] [stderr]     Checking time v0.1.45
[INFO] [stderr]     Checking atty v0.2.14
[INFO] [stderr]    Compiling cc v1.0.83
[INFO] [stderr]     Checking env_logger v0.7.1
[INFO] [stderr]     Checking resolv-conf v0.6.3
[INFO] [stderr]     Checking threadpool v1.8.1
[INFO] [stderr]     Checking rand_core v0.5.1
[INFO] [stderr]     Checking mio v0.6.23
[INFO] [stderr]     Checking parking_lot v0.11.2
[INFO] [stderr]     Checking rand_chacha v0.2.2
[INFO] [stderr]     Checking rand v0.7.3
[INFO] [stderr]     Checking mio-uds v0.6.8
[INFO] [stderr]    Compiling openssl-sys v0.9.98
[INFO] [stderr]    Compiling backtrace v0.3.69
[INFO] [stderr]    Compiling brotli-sys v0.3.2
[INFO] [stderr]    Compiling futures-macro v0.3.30
[INFO] [stderr]    Compiling pin-project-internal v1.1.3
[INFO] [stderr]    Compiling serde_derive v1.0.195
[INFO] [stderr]    Compiling openssl-macros v0.1.1
[INFO] [stderr]    Compiling thiserror-impl v1.0.56
[INFO] [stderr]    Compiling serde_repr v0.1.18
[INFO] [stderr]    Compiling synstructure v0.12.6
[INFO] [stderr]     Checking futures-util v0.3.30
[INFO] [stderr]     Checking pin-project v1.1.3
[INFO] [stderr]     Checking tracing-futures v0.2.5
[INFO] [stderr]    Compiling tokio-macros v0.2.6
[INFO] [stderr]    Compiling derive_more v0.99.17
[INFO] [stderr]    Compiling actix-macros v0.1.3
[INFO] [stderr]    Compiling failure_derive v0.1.8
[INFO] [stderr]    Compiling enum-as-inner v0.3.4
[INFO] [stderr]    Compiling shaku_derive v0.5.0
[INFO] [stderr]    Compiling actix-web-codegen v0.2.2
[INFO] [stderr]     Checking tokio v0.2.25
[INFO] [stderr]     Checking failure v0.1.8
[INFO] [stderr]     Checking shaku v0.5.0
[INFO] [stderr]     Checking pin-project v0.4.30
[INFO] [stderr]     Checking serde v1.0.195
[INFO] [stderr]     Checking futures-executor v0.3.30
[INFO] [stderr]     Checking actix-service v1.0.6
[INFO] [stderr]     Checking actix-threadpool v0.3.3
[INFO] [stderr]     Checking brotli2 v0.3.2
[INFO] [stderr]     Checking futures v0.3.30
[INFO] [stderr]     Checking tokio-util v0.3.1
[INFO] [stderr]     Checking actix-rt v1.1.1
[INFO] [stderr]     Checking tokio-util v0.2.0
[INFO] [stderr]     Checking trust-dns-proto v0.18.0-alpha.2
[INFO] [stderr]     Checking tokio-tls v0.3.1
[INFO] [stderr]     Checking bb8 v0.4.2
[INFO] [stderr]     Checking smol v0.1.18
[INFO] [stderr]     Checking actix-codec v0.2.0
[INFO] [stderr]     Checking redis v0.15.1
[INFO] [stderr]     Checking h2 v0.2.7
[INFO] [stderr]     Checking actix-codec v0.3.0
[INFO] [stderr]     Checking actix-utils v1.0.6
[INFO] [stderr]     Checking actix-utils v2.0.0
[INFO] [stderr]     Checking serde_json v1.0.111
[INFO] [stderr]     Checking serde_urlencoded v0.6.1
[INFO] [stderr]     Checking serde_urlencoded v0.7.1
[INFO] [stderr]     Checking actix-router v0.2.7
[INFO] [stderr]     Checking actix-tls v1.0.0
[INFO] [stderr]     Checking actix-server v1.0.4
[INFO] [stderr]     Checking actix-testing v1.0.1
[INFO] [stderr]     Checking trust-dns-resolver v0.18.0-alpha.2
[INFO] [stderr]     Checking actix-connect v1.0.2
[INFO] [stderr]     Checking bb8-redis v0.5.0
[INFO] [stderr]     Checking hyper v0.13.10
[INFO] [stderr]     Checking actix-http v1.0.1
[INFO] [stdout] error[E0277]: cannot subtract `chrono::Duration` from `Tm`
[INFO] [stdout]    --> /opt/rustwide/cargo-home/registry/src/index.crates.io-6f17d22bba15001f/actix-http-1.0.1/src/cookie/jar.rs:224:44
[INFO] [stdout]     |
[INFO] [stdout] 224 |             cookie.set_expires(time::now() - Duration::days(365));
[INFO] [stdout]     |                                            ^ no implementation for `Tm - chrono::Duration`
[INFO] [stdout]     |
[INFO] [stdout]     = help: the trait `Sub<chrono::Duration>` is not implemented for `Tm`
[INFO] [stdout]     = help: the following other types implement trait `Sub<Rhs>`:
[INFO] [stdout]               <Tm as Sub<time::Duration>>
[INFO] [stdout]               <Tm as Sub>
[INFO] [stdout] 
[INFO] [stdout] 
[INFO] [stdout] error[E0308]: mismatched types
[INFO] [stdout]    --> /opt/rustwide/cargo-home/registry/src/index.crates.io-6f17d22bba15001f/actix-http-1.0.1/src/cookie/mod.rs:736:40
[INFO] [stdout]     |
[INFO] [stdout] 736 |         self.set_expires(time::now() + twenty_years);
[INFO] [stdout]     |                                        ^^^^^^^^^^^^ expected `time::Duration`, found `chrono::Duration`
[INFO] [stdout]     |
[INFO] [stdout]     = note: `chrono::Duration` and `time::Duration` have similar names, but are actually distinct types
[INFO] [stdout] note: `chrono::Duration` is defined in crate `chrono`
[INFO] [stdout]    --> /opt/rustwide/cargo-home/registry/src/index.crates.io-6f17d22bba15001f/chrono-0.4.31/src/duration.rs:55:1
[INFO] [stdout]     |
[INFO] [stdout] 55  | pub struct Duration {
[INFO] [stdout]     | ^^^^^^^^^^^^^^^^^^^
[INFO] [stdout] note: `time::Duration` is defined in crate `time`
[INFO] [stdout]    --> /opt/rustwide/cargo-home/registry/src/index.crates.io-6f17d22bba15001f/time-0.1.45/src/duration.rs:45:1
[INFO] [stdout]     |
[INFO] [stdout] 45  | pub struct Duration {
[INFO] [stdout]     | ^^^^^^^^^^^^^^^^^^^
[INFO] [stdout] 
[INFO] [stdout] 
[INFO] [stdout] error: aborting due to 2 previous errors
[INFO] [stdout] 
[INFO] [stdout] 
[INFO] [stdout] Some errors have detailed explanations: E0277, E0308.
[INFO] [stdout] 
[INFO] [stdout] For more information about an error, try `rustc --explain E0277`.
[INFO] [stdout] 
[INFO] [stderr] error: could not compile `actix-http` (lib) due to 3 previous errors
[INFO] [stderr] warning: build failed, waiting for other jobs to finish...
[INFO] running `Command { std: "docker" "inspect" "c7c8c5dc6f9eb618c0e60b83c6cfa4b5b366e46066656ffd4dfac12d5b0c4c4d", kill_on_drop: false }`
[INFO] running `Command { std: "docker" "rm" "-f" "c7c8c5dc6f9eb618c0e60b83c6cfa4b5b366e46066656ffd4dfac12d5b0c4c4d", kill_on_drop: false }`
[INFO] [stdout] c7c8c5dc6f9eb618c0e60b83c6cfa4b5b366e46066656ffd4dfac12d5b0c4c4d
