[INFO] fetching crate wavm-sys 0.1.0...
[INFO] documenting wavm-sys-0.1.0 against 1.75.0 for beta-1.76-rustdoc-1
[INFO] extracting crate wavm-sys 0.1.0 into /workspace/builds/worker-0-tc1/source
[INFO] validating manifest of crates.io crate wavm-sys 0.1.0 on toolchain 1.75.0
[INFO] running `Command { std: CARGO_HOME="/workspace/cargo-home" RUSTUP_HOME="/workspace/rustup-home" "/workspace/cargo-home/bin/cargo" "+1.75.0" "metadata" "--manifest-path" "Cargo.toml" "--no-deps", kill_on_drop: false }`
[INFO] started tweaking crates.io crate wavm-sys 0.1.0
[INFO] finished tweaking crates.io crate wavm-sys 0.1.0
[INFO] tweaked toml for crates.io crate wavm-sys 0.1.0 written to /workspace/builds/worker-0-tc1/source/Cargo.toml
[INFO] running `Command { std: CARGO_HOME="/workspace/cargo-home" RUSTUP_HOME="/workspace/rustup-home" "/workspace/cargo-home/bin/cargo" "+1.75.0" "generate-lockfile" "--manifest-path" "Cargo.toml", kill_on_drop: false }`
[INFO] [stderr]     Updating crates.io index
[INFO] running `Command { std: CARGO_HOME="/workspace/cargo-home" RUSTUP_HOME="/workspace/rustup-home" "/workspace/cargo-home/bin/cargo" "+1.75.0" "fetch" "--manifest-path" "Cargo.toml", kill_on_drop: false }`
[INFO] [stderr]  Downloading crates ...
[INFO] [stderr]   Downloaded llvm-sys v80.3.1
[INFO] running `Command { std: "docker" "create" "-v" "/var/lib/crater-agent-workspace/builds/worker-0-tc1/target:/opt/rustwide/target:rw,Z" "-v" "/var/lib/crater-agent-workspace/builds/worker-0-tc1/source:/opt/rustwide/workdir:ro,Z" "-v" "/var/lib/crater-agent-workspace/cargo-home:/opt/rustwide/cargo-home:ro,Z" "-v" "/var/lib/crater-agent-workspace/rustup-home:/opt/rustwide/rustup-home:ro,Z" "-e" "SOURCE_DIR=/opt/rustwide/workdir" "-e" "CARGO_TARGET_DIR=/opt/rustwide/target" "-e" "CARGO_HOME=/opt/rustwide/cargo-home" "-e" "RUSTUP_HOME=/opt/rustwide/rustup-home" "-w" "/opt/rustwide/workdir" "-m" "1610612736" "--user" "0:0" "--network" "none" "ghcr.io/rust-lang/crates-build-env/linux@sha256:2788e3201cd34a07e3172128adcd8b3090168a8e3bcc40d7c032b9dda1df7d1c" "/opt/rustwide/cargo-home/bin/cargo" "+1.75.0" "metadata" "--no-deps" "--format-version=1", kill_on_drop: false }`
[INFO] [stdout] 2ae6252ca3b1e1704c165312e10ce264b603e0353d088e2a9e0e23ffc455bb43
[INFO] running `Command { std: "docker" "start" "-a" "2ae6252ca3b1e1704c165312e10ce264b603e0353d088e2a9e0e23ffc455bb43", kill_on_drop: false }`
[INFO] running `Command { std: "docker" "inspect" "2ae6252ca3b1e1704c165312e10ce264b603e0353d088e2a9e0e23ffc455bb43", kill_on_drop: false }`
[INFO] running `Command { std: "docker" "rm" "-f" "2ae6252ca3b1e1704c165312e10ce264b603e0353d088e2a9e0e23ffc455bb43", kill_on_drop: false }`
[INFO] [stdout] 2ae6252ca3b1e1704c165312e10ce264b603e0353d088e2a9e0e23ffc455bb43
[INFO] running `Command { std: "docker" "create" "-v" "/var/lib/crater-agent-workspace/builds/worker-0-tc1/target:/opt/rustwide/target:rw,Z" "-v" "/var/lib/crater-agent-workspace/builds/worker-0-tc1/source:/opt/rustwide/workdir:ro,Z" "-v" "/var/lib/crater-agent-workspace/cargo-home:/opt/rustwide/cargo-home:ro,Z" "-v" "/var/lib/crater-agent-workspace/rustup-home:/opt/rustwide/rustup-home:ro,Z" "-e" "SOURCE_DIR=/opt/rustwide/workdir" "-e" "CARGO_TARGET_DIR=/opt/rustwide/target" "-e" "CARGO_INCREMENTAL=0" "-e" "RUST_BACKTRACE=full" "-e" "RUSTFLAGS=--cap-lints=warn" "-e" "RUSTDOCFLAGS=--cap-lints=warn" "-e" "CARGO_HOME=/opt/rustwide/cargo-home" "-e" "RUSTUP_HOME=/opt/rustwide/rustup-home" "-w" "/opt/rustwide/workdir" "-m" "1610612736" "--user" "0:0" "--network" "none" "ghcr.io/rust-lang/crates-build-env/linux@sha256:2788e3201cd34a07e3172128adcd8b3090168a8e3bcc40d7c032b9dda1df7d1c" "/opt/rustwide/cargo-home/bin/cargo" "+1.75.0" "doc" "--frozen" "--no-deps" "--document-private-items" "--message-format=json", kill_on_drop: false }`
[INFO] [stdout] 34197a28cc14bf2800192d4fe8558e06f963630fc44b45670242ebb991de4720
[INFO] running `Command { std: "docker" "start" "-a" "34197a28cc14bf2800192d4fe8558e06f963630fc44b45670242ebb991de4720", kill_on_drop: false }`
[INFO] [stderr]    Compiling libc v0.2.151
[INFO] [stderr]    Compiling memchr v2.7.1
[INFO] [stderr]    Compiling regex-syntax v0.8.2
[INFO] [stderr]    Compiling version_check v0.1.5
[INFO] [stderr]    Compiling glob v0.3.1
[INFO] [stderr]    Compiling proc-macro2 v1.0.76
[INFO] [stderr]    Compiling lazy_static v1.4.0
[INFO] [stderr]    Compiling unicode-width v0.1.11
[INFO] [stderr]    Compiling quick-error v1.2.3
[INFO] [stderr]    Compiling semver-parser v0.7.0
[INFO] [stderr]    Compiling humantime v1.3.0
[INFO] [stderr]    Compiling nom v4.2.3
[INFO] [stderr]    Compiling clang-sys v0.28.1
[INFO] [stderr]    Compiling semver v0.9.0
[INFO] [stderr]    Compiling textwrap v0.11.0
[INFO] [stderr]    Compiling aho-corasick v1.1.2
[INFO] [stderr]    Compiling vec_map v0.8.2
[INFO] [stderr]    Compiling log v0.4.20
[INFO] [stderr]    Compiling termcolor v1.4.0
[INFO] [stderr]    Compiling strsim v0.8.0
[INFO] [stderr]    Compiling bindgen v0.51.1
[INFO] [stderr]    Compiling ansi_term v0.12.1
[INFO] [stderr]    Compiling cc v1.0.83
[INFO] [stderr]    Compiling atty v0.2.14
[INFO] [stderr]    Compiling bitflags v1.3.2
[INFO] [stderr]    Compiling which v3.1.1
[INFO] [stderr]    Compiling clap v2.34.0
[INFO] [stderr]    Compiling quote v1.0.35
[INFO] [stderr]    Compiling rustc-hash v1.1.0
[INFO] [stderr]    Compiling peeking_take_while v0.1.2
[INFO] [stderr]    Compiling cfg-if v0.1.10
[INFO] [stderr]    Compiling cexpr v0.3.6
[INFO] [stderr]    Compiling shlex v0.1.1
[INFO] [stderr]    Compiling cmake v0.1.50
[INFO] [stderr]    Compiling regex-automata v0.4.3
[INFO] [stderr]    Compiling libloading v0.5.2
[INFO] [stderr]    Compiling regex v1.10.2
[INFO] [stderr]    Compiling env_logger v0.6.2
[INFO] [stderr]    Compiling llvm-sys v80.3.1
[INFO] [stderr]    Compiling wavm-sys v0.1.0 (/opt/rustwide/workdir)
[INFO] [stderr] error: failed to run custom build command for `wavm-sys v0.1.0 (/opt/rustwide/workdir)`
[INFO] [stderr] note: To improve backtraces for build dependencies, set the CARGO_PROFILE_DEV_BUILD_OVERRIDE_DEBUG=true environment variable to enable debug information generation.
[INFO] [stderr] 
[INFO] [stderr] Caused by:
[INFO] [stderr]   process didn't exit successfully: `/opt/rustwide/target/debug/build/wavm-sys-4bca853b920e32ea/build-script-build` (exit status: 101)
[INFO] [stderr]   --- stdout
[INFO] [stderr]   CMAKE_TOOLCHAIN_FILE_x86_64-unknown-linux-gnu = None
[INFO] [stderr]   CMAKE_TOOLCHAIN_FILE_x86_64_unknown_linux_gnu = None
[INFO] [stderr]   HOST_CMAKE_TOOLCHAIN_FILE = None
[INFO] [stderr]   CMAKE_TOOLCHAIN_FILE = None
[INFO] [stderr]   CMAKE_GENERATOR_x86_64-unknown-linux-gnu = None
[INFO] [stderr]   CMAKE_GENERATOR_x86_64_unknown_linux_gnu = None
[INFO] [stderr]   HOST_CMAKE_GENERATOR = None
[INFO] [stderr]   CMAKE_GENERATOR = None
[INFO] [stderr]   CMAKE_PREFIX_PATH_x86_64-unknown-linux-gnu = None
[INFO] [stderr]   CMAKE_PREFIX_PATH_x86_64_unknown_linux_gnu = None
[INFO] [stderr]   HOST_CMAKE_PREFIX_PATH = None
[INFO] [stderr]   CMAKE_PREFIX_PATH = None
[INFO] [stderr]   CMAKE_x86_64-unknown-linux-gnu = None
[INFO] [stderr]   CMAKE_x86_64_unknown_linux_gnu = None
[INFO] [stderr]   HOST_CMAKE = None
[INFO] [stderr]   CMAKE = None
[INFO] [stderr]   running: cd "/opt/rustwide/target/debug/build/wavm-sys-db6bc6bf2bd9ebc2/out/build" && CMAKE_PREFIX_PATH="" "cmake" "/opt/rustwide/workdir/wavm" "-DWAVM_ENABLE_STATIC_LINKING=ON" "-DWAVM_ENABLE_FUZZ_TARGETS=OFF" "-DWAVM_ENABLE_UNWIND=ON" "-DCMAKE_INSTALL_PREFIX=/opt/rustwide/target/debug/build/wavm-sys-db6bc6bf2bd9ebc2/out" "-DCMAKE_C_FLAGS= -ffunction-sections -fdata-sections -fPIC -m64" "-DCMAKE_C_COMPILER=/usr/bin/cc" "-DCMAKE_CXX_FLAGS= -ffunction-sections -fdata-sections -fPIC -m64" "-DCMAKE_CXX_COMPILER=/usr/bin/c++" "-DCMAKE_ASM_FLAGS= -ffunction-sections -fdata-sections -fPIC -m64" "-DCMAKE_ASM_COMPILER=/usr/bin/cc" "-DCMAKE_BUILD_TYPE=Debug"
[INFO] [stderr]   -- The C compiler identification is GNU 11.4.0
[INFO] [stderr]   -- The CXX compiler identification is GNU 11.4.0
[INFO] [stderr]   -- The ASM compiler identification is GNU
[INFO] [stderr]   -- Found assembler: /usr/bin/cc
[INFO] [stderr]   -- Detecting C compiler ABI info
[INFO] [stderr]   -- Detecting C compiler ABI info - done
[INFO] [stderr]   -- Check for working C compiler: /usr/bin/cc - skipped
[INFO] [stderr]   -- Detecting C compile features
[INFO] [stderr]   -- Detecting C compile features - done
[INFO] [stderr]   -- Detecting CXX compiler ABI info
[INFO] [stderr]   -- Detecting CXX compiler ABI info - done
[INFO] [stderr]   -- Check for working CXX compiler: /usr/bin/c++ - skipped
[INFO] [stderr]   -- Detecting CXX compile features
[INFO] [stderr]   -- Detecting CXX compile features - done
[INFO] [stderr]   -- Performing Test HAVE_FFI_CALL
[INFO] [stderr]   -- Performing Test HAVE_FFI_CALL - Success
[INFO] [stderr]   -- Found FFI: /usr/lib/x86_64-linux-gnu/libffi.so  
[INFO] [stderr]   -- Performing Test Terminfo_LINKABLE
[INFO] [stderr]   -- Performing Test Terminfo_LINKABLE - Success
[INFO] [stderr]   -- Found Terminfo: /usr/lib/x86_64-linux-gnu/libtinfo.so  
[INFO] [stderr]   -- Found ZLIB: /usr/lib/x86_64-linux-gnu/libz.so (found version "1.2.11") 
[INFO] [stderr]   -- Found LibXml2: /usr/lib/x86_64-linux-gnu/libxml2.so (found version "2.9.13") 
[INFO] [stderr]   -- Performing Test CXX_HAS_WSWITCH_ENUM
[INFO] [stderr]   -- Performing Test CXX_HAS_WSWITCH_ENUM - Success
[INFO] [stderr]   -- Performing Test CXX_HAS_WSWITCH_DEFAULT
[INFO] [stderr]   -- Performing Test CXX_HAS_WSWITCH_DEFAULT - Success
[INFO] [stderr]   -- Performing Test CXX_HAS_WNULL_DEREFERENCE
[INFO] [stderr]   -- Performing Test CXX_HAS_WNULL_DEREFERENCE - Success
[INFO] [stderr]   -- Performing Test CXX_HAS_WDUPLICATED_COND
[INFO] [stderr]   -- Performing Test CXX_HAS_WDUPLICATED_COND - Success
[INFO] [stderr]   -- Performing Test CXX_HAS_WDUPLICATED_BRANCHES
[INFO] [stderr]   -- Performing Test CXX_HAS_WDUPLICATED_BRANCHES - Success
[INFO] [stderr]   -- Performing Test CXX_HAS_WLOGICAL_OP
[INFO] [stderr]   -- Performing Test CXX_HAS_WLOGICAL_OP - Success
[INFO] [stderr]   -- Performing Test CXX_HAS_WNON_VIRTUAL_DTOR
[INFO] [stderr]   -- Performing Test CXX_HAS_WNON_VIRTUAL_DTOR - Success
[INFO] [stderr]   -- Performing Test CXX_HAS_WRESTRICT
[INFO] [stderr]   -- Performing Test CXX_HAS_WRESTRICT - Success
[INFO] [stderr]   -- Performing Test CXX_HAS_WDOUBLE_PROMOTION
[INFO] [stderr]   -- Performing Test CXX_HAS_WDOUBLE_PROMOTION - Success
[INFO] [stderr]   -- Performing Test CXX_HAS_WNO_MISSING_FIELD_INITIALIZERS
[INFO] [stderr]   -- Performing Test CXX_HAS_WNO_MISSING_FIELD_INITIALIZERS - Success
[INFO] [stderr]   -- Performing Test CXX_HAS_WNO_UNUSED_PARAMETER
[INFO] [stderr]   -- Performing Test CXX_HAS_WNO_UNUSED_PARAMETER - Success
[INFO] [stderr]   -- Performing Test CXX_HAS_GSPLIT_DWARF
[INFO] [stderr]   -- Performing Test CXX_HAS_GSPLIT_DWARF - Success
[INFO] [stderr]   -- Performing Test LINKER_HAS_WL___GDB_INDEX
[INFO] [stderr]   -- Performing Test LINKER_HAS_WL___GDB_INDEX - Failed
[INFO] [stderr]   -- Performing Test C_HAS_WERROR_UNGUARDED_AVAILABILITY_NEW
[INFO] [stderr]   -- Performing Test C_HAS_WERROR_UNGUARDED_AVAILABILITY_NEW - Failed
[INFO] [stderr]   -- Looking for futimens
[INFO] [stderr]   -- Looking for futimens - found
[INFO] [stderr]   -- Looking for utimensat
[INFO] [stderr]   -- Looking for utimensat - found
[INFO] [stderr]   -- Configuring done
[INFO] [stderr]   -- Generating done
[INFO] [stderr]   -- Build files have been written to: /opt/rustwide/target/debug/build/wavm-sys-db6bc6bf2bd9ebc2/out/build
[INFO] [stderr]   running: cd "/opt/rustwide/target/debug/build/wavm-sys-db6bc6bf2bd9ebc2/out/build" && MAKEFLAGS="-j --jobserver-fds=7,8 --jobserver-auth=7,8" "cmake" "--build" "." "--target" "libWAVM" "--config" "Debug"
[INFO] [stderr]   Scanning dependencies of target WAVMUnwind
[INFO] [stderr]   [  3%] Building C object ThirdParty/BLAKE2/CMakeFiles/WAVMBLAKE2.dir/sse/blake2s.c.o
[INFO] [stderr]   [  3%] Building C object ThirdParty/liblmdb/CMakeFiles/WAVMlmdb.dir/mdb.c.o
[INFO] [stderr]   [  3%] Building C object ThirdParty/liblmdb/CMakeFiles/WAVMlmdb.dir/midl.c.o
[INFO] [stderr]   [  4%] Building C object ThirdParty/BLAKE2/CMakeFiles/WAVMBLAKE2.dir/sse/blake2b.c.o
[INFO] [stderr]   [  4%] Building C object ThirdParty/BLAKE2/CMakeFiles/WAVMBLAKE2.dir/sse/blake2bp.c.o
[INFO] [stderr]   [  5%] Building C object ThirdParty/BLAKE2/CMakeFiles/WAVMBLAKE2.dir/sse/blake2xb.c.o
[INFO] [stderr]   [  6%] Building C object ThirdParty/BLAKE2/CMakeFiles/WAVMBLAKE2.dir/sse/blake2sp.c.o
[INFO] [stderr]   [  8%] Building CXX object ThirdParty/libunwind/CMakeFiles/WAVMUnwind.dir/src/libunwind.cpp.o
[INFO] [stderr]   [  9%] Building C object ThirdParty/BLAKE2/CMakeFiles/WAVMBLAKE2.dir/sse/blake2xs.c.o
[INFO] [stderr]   [ 10%] Building C object ThirdParty/libunwind/CMakeFiles/WAVMUnwind.dir/src/Unwind-sjlj.c.o
[INFO] [stderr]   [ 11%] Building C object ThirdParty/libunwind/CMakeFiles/WAVMUnwind.dir/src/UnwindLevel1-gcc-ext.c.o
[INFO] [stderr]   [ 12%] Building C object ThirdParty/libunwind/CMakeFiles/WAVMUnwind.dir/src/UnwindLevel1.c.o
[INFO] [stderr]   [ 13%] Building ASM object ThirdParty/libunwind/CMakeFiles/WAVMUnwind.dir/src/UnwindRegistersRestore.S.o
[INFO] [stderr]   [ 15%] Building ASM object ThirdParty/libunwind/CMakeFiles/WAVMUnwind.dir/src/UnwindRegistersSave.S.o
[INFO] [stderr]   [ 16%] Linking C static library libWAVMBLAKE2.a
[INFO] [stderr]   [ 16%] Built target WAVMBLAKE2
[INFO] [stderr]   [ 17%] Linking C static library libWAVMlmdb.a
[INFO] [stderr]   [ 18%] Linking CXX static library libWAVMUnwind.a
[INFO] [stderr]   [ 18%] Built target WAVMlmdb
[INFO] [stderr]   [ 18%] Built target WAVMUnwind
[INFO] [stderr]   Scanning dependencies of target libWAVM
[INFO] [stderr]   [ 22%] Building CXX object CMakeFiles/libWAVM.dir/Lib/IR/FloatPrinting.cpp.o
[INFO] [stderr]   [ 22%] Building CXX object CMakeFiles/libWAVM.dir/Lib/IR/DisassemblyNames.cpp.o
[INFO] [stderr]   [ 22%] Building CXX object CMakeFiles/libWAVM.dir/Lib/IR/FeatureSpec.cpp.o
[INFO] [stderr]   [ 23%] Building CXX object CMakeFiles/libWAVM.dir/Lib/IR/Operators.cpp.o
[INFO] [stderr]   [ 24%] Building CXX object CMakeFiles/libWAVM.dir/Lib/IR/Types.cpp.o
[INFO] [stderr]   [ 25%] Building CXX object CMakeFiles/libWAVM.dir/Lib/IR/Validate.cpp.o
[INFO] [stderr]   [ 26%] Building CXX object CMakeFiles/libWAVM.dir/Lib/IR/Module.cpp.o
[INFO] [stderr]   [ 27%] Building CXX object CMakeFiles/libWAVM.dir/Lib/Logging/Logging.cpp.o
[INFO] [stderr]   [ 29%] Building CXX object CMakeFiles/libWAVM.dir/Lib/NFA/NFA.cpp.o
[INFO] [stderr]   [ 29%] Building CXX object CMakeFiles/libWAVM.dir/Lib/Platform/POSIX/ClockPOSIX.cpp.o
[INFO] [stderr]   [ 30%] Building CXX object CMakeFiles/libWAVM.dir/Lib/Platform/POSIX/DiagnosticsPOSIX.cpp.o
[INFO] [stderr]   [ 31%] Building CXX object CMakeFiles/libWAVM.dir/Lib/Platform/POSIX/ErrorPOSIX.cpp.o
[INFO] [stderr]   [ 32%] Building CXX object CMakeFiles/libWAVM.dir/Lib/Platform/POSIX/EventPOSIX.cpp.o
[INFO] [stderr]   [ 33%] Building CXX object CMakeFiles/libWAVM.dir/Lib/Platform/POSIX/SignalPOSIX.cpp.o
[INFO] [stderr]   [ 34%] Building CXX object CMakeFiles/libWAVM.dir/Lib/Platform/POSIX/FilePOSIX.cpp.o
[INFO] [stderr]   [ 36%] Building CXX object CMakeFiles/libWAVM.dir/Lib/Platform/POSIX/MemoryPOSIX.cpp.o
[INFO] [stderr]   [ 37%] Building CXX object CMakeFiles/libWAVM.dir/Lib/Platform/POSIX/MutexPOSIX.cpp.o
[INFO] [stderr]   [ 38%] Building CXX object CMakeFiles/libWAVM.dir/Lib/Platform/POSIX/RandomPOSIX.cpp.o
[INFO] [stderr]   [ 39%] Building CXX object CMakeFiles/libWAVM.dir/Lib/Platform/POSIX/RWMutexPOSIX.cpp.o
[INFO] [stderr]   [ 40%] Building CXX object CMakeFiles/libWAVM.dir/Lib/Platform/POSIX/ThreadPOSIX.cpp.o
[INFO] [stderr]   [ 41%] Building ASM object CMakeFiles/libWAVM.dir/Lib/Platform/POSIX/POSIX-X86_64.S.o
[INFO] [stderr]   [ 43%] Building CXX object CMakeFiles/libWAVM.dir/Lib/RegExp/RegExp.cpp.o
[INFO] [stderr]   [ 44%] Building CXX object CMakeFiles/libWAVM.dir/Lib/VFS/SandboxFS.cpp.o
[INFO] [stderr]   [ 45%] Building CXX object CMakeFiles/libWAVM.dir/Lib/VFS/VFS.cpp.o
[INFO] [stderr]   [ 46%] Building CXX object CMakeFiles/libWAVM.dir/Lib/WASM/WASMSerialization.cpp.o
[INFO] [stderr]   [ 47%] Building CXX object CMakeFiles/libWAVM.dir/Lib/WASTParse/Lexer.cpp.o
[INFO] [stderr]   [ 48%] Building CXX object CMakeFiles/libWAVM.dir/Lib/WASTParse/Parse.cpp.o
[INFO] [stderr]   [ 50%] Building CXX object CMakeFiles/libWAVM.dir/Lib/WASTParse/ParseFunction.cpp.o
[INFO] [stderr]   [ 51%] Building CXX object CMakeFiles/libWAVM.dir/Lib/WASTParse/ParseNumbers.cpp.o
[INFO] [stderr]   [ 52%] Building CXX object CMakeFiles/libWAVM.dir/Lib/WASTParse/ParseModule.cpp.o
[INFO] [stderr]   [ 53%] Building CXX object CMakeFiles/libWAVM.dir/Lib/WASTParse/ParseTests.cpp.o
[INFO] [stderr]   [ 54%] Building CXX object CMakeFiles/libWAVM.dir/Lib/WASTPrint/Print.cpp.o
[INFO] [stderr]   [ 55%] Building CXX object CMakeFiles/libWAVM.dir/Lib/Emscripten/Emscripten.cpp.o
[INFO] [stderr]   [ 56%] Building CXX object CMakeFiles/libWAVM.dir/Lib/Emscripten/EmscriptenThreads.cpp.o
[INFO] [stderr] 
[INFO] [stderr]   --- stderr
[INFO] [stderr]   c++: fatal error: Killed signal terminated program cc1plus
[INFO] [stderr]   compilation terminated.
[INFO] [stderr]   gmake[3]: *** [CMakeFiles/libWAVM.dir/build.make:160: CMakeFiles/libWAVM.dir/Lib/IR/Validate.cpp.o] Error 1
[INFO] [stderr]   gmake[3]: *** Waiting for unfinished jobs....
[INFO] [stderr]   gmake[2]: *** [CMakeFiles/Makefile2:698: CMakeFiles/libWAVM.dir/all] Error 2
[INFO] [stderr]   gmake[1]: *** [CMakeFiles/Makefile2:705: CMakeFiles/libWAVM.dir/rule] Error 2
[INFO] [stderr]   gmake: *** [Makefile:238: libWAVM] Error 2
[INFO] [stderr]   thread 'main' panicked at /opt/rustwide/cargo-home/registry/src/index.crates.io-6f17d22bba15001f/cmake-0.1.50/src/lib.rs:1098:5:
[INFO] [stderr] 
[INFO] [stderr]   command did not execute successfully, got: exit status: 2
[INFO] [stderr] 
[INFO] [stderr]   build script failed, must exit now
[INFO] [stderr]   stack backtrace:
[INFO] [stderr]      0:     0x5611e749188c - std::backtrace_rs::backtrace::libunwind::trace::ha637c64ce894333a
[INFO] [stderr]                                  at /rustc/82e1608dfa6e0b5569232559e3d385fea5a93112/library/std/src/../../backtrace/src/backtrace/libunwind.rs:104:5
[INFO] [stderr]      1:     0x5611e749188c - std::backtrace_rs::backtrace::trace_unsynchronized::h47f62dea28e0c88d
[INFO] [stderr]                                  at /rustc/82e1608dfa6e0b5569232559e3d385fea5a93112/library/std/src/../../backtrace/src/backtrace/mod.rs:66:5
[INFO] [stderr]      2:     0x5611e749188c - std::sys_common::backtrace::_print_fmt::h9eef0abe20ede486
[INFO] [stderr]                                  at /rustc/82e1608dfa6e0b5569232559e3d385fea5a93112/library/std/src/sys_common/backtrace.rs:67:5
[INFO] [stderr]      3:     0x5611e749188c - <std::sys_common::backtrace::_print::DisplayBacktrace as core::fmt::Display>::fmt::hed7f999df88cc644
[INFO] [stderr]                                  at /rustc/82e1608dfa6e0b5569232559e3d385fea5a93112/library/std/src/sys_common/backtrace.rs:44:22
[INFO] [stderr]      4:     0x5611e74bd3f0 - core::fmt::rt::Argument::fmt::h1539a9308b8d058d
[INFO] [stderr]                                  at /rustc/82e1608dfa6e0b5569232559e3d385fea5a93112/library/core/src/fmt/rt.rs:142:9
[INFO] [stderr]      5:     0x5611e74bd3f0 - core::fmt::write::h3a39390d8560d9c9
[INFO] [stderr]                                  at /rustc/82e1608dfa6e0b5569232559e3d385fea5a93112/library/core/src/fmt/mod.rs:1120:17
[INFO] [stderr]      6:     0x5611e748ebef - std::io::Write::write_fmt::h5fc9997dfe05f882
[INFO] [stderr]                                  at /rustc/82e1608dfa6e0b5569232559e3d385fea5a93112/library/std/src/io/mod.rs:1762:15
[INFO] [stderr]      7:     0x5611e7491674 - std::sys_common::backtrace::_print::h894006fb5c6f3d45
[INFO] [stderr]                                  at /rustc/82e1608dfa6e0b5569232559e3d385fea5a93112/library/std/src/sys_common/backtrace.rs:47:5
[INFO] [stderr]      8:     0x5611e7491674 - std::sys_common::backtrace::print::h23a2d212c6fff936
[INFO] [stderr]                                  at /rustc/82e1608dfa6e0b5569232559e3d385fea5a93112/library/std/src/sys_common/backtrace.rs:34:9
[INFO] [stderr]      9:     0x5611e7492e87 - std::panicking::default_hook::{{closure}}::h8a1d2ee00185001a
[INFO] [stderr]     10:     0x5611e7492bef - std::panicking::default_hook::h6038f2eba384e475
[INFO] [stderr]                                  at /rustc/82e1608dfa6e0b5569232559e3d385fea5a93112/library/std/src/panicking.rs:292:9
[INFO] [stderr]     11:     0x5611e7493308 - std::panicking::rust_panic_with_hook::h2b5517d590cab22e
[INFO] [stderr]                                  at /rustc/82e1608dfa6e0b5569232559e3d385fea5a93112/library/std/src/panicking.rs:779:13
[INFO] [stderr]     12:     0x5611e74931ee - std::panicking::begin_panic_handler::{{closure}}::h233112c06e0ef43e
[INFO] [stderr]                                  at /rustc/82e1608dfa6e0b5569232559e3d385fea5a93112/library/std/src/panicking.rs:657:13
[INFO] [stderr]     13:     0x5611e7491d56 - std::sys_common::backtrace::__rust_end_short_backtrace::h6e893f24d7ebbff8
[INFO] [stderr]                                  at /rustc/82e1608dfa6e0b5569232559e3d385fea5a93112/library/std/src/sys_common/backtrace.rs:170:18
[INFO] [stderr]     14:     0x5611e7492f52 - rust_begin_unwind
[INFO] [stderr]                                  at /rustc/82e1608dfa6e0b5569232559e3d385fea5a93112/library/std/src/panicking.rs:645:5
[INFO] [stderr]     15:     0x5611e6f54d05 - core::panicking::panic_fmt::hbf0e066aabfa482c
[INFO] [stderr]                                  at /rustc/82e1608dfa6e0b5569232559e3d385fea5a93112/library/core/src/panicking.rs:72:14
[INFO] [stderr]     16:     0x5611e6f6b1c1 - cmake::fail::h48943d4bc26ff962
[INFO] [stderr]     17:     0x5611e6f6a947 - cmake::run::hb5b5c0da29ba9049
[INFO] [stderr]     18:     0x5611e6f67261 - cmake::Config::build::h95129dac09be71c5
[INFO] [stderr]     19:     0x5611e6f58bc6 - build_script_build::main::h6735a74e778d14fe
[INFO] [stderr]     20:     0x5611e6f56083 - core::ops::function::FnOnce::call_once::h4fa5f5802ff3410d
[INFO] [stderr]     21:     0x5611e6f556a6 - std::sys_common::backtrace::__rust_begin_short_backtrace::h5ea1da43bf149662
[INFO] [stderr]     22:     0x5611e6f55d69 - std::rt::lang_start::{{closure}}::heea1b788b69ab696
[INFO] [stderr]     23:     0x5611e748a6c7 - core::ops::function::impls::<impl core::ops::function::FnOnce<A> for &F>::call_once::hd95060ecd5e1ca24
[INFO] [stderr]                                  at /rustc/82e1608dfa6e0b5569232559e3d385fea5a93112/library/core/src/ops/function.rs:284:13
[INFO] [stderr]     24:     0x5611e748a6c7 - std::panicking::try::do_call::h6e8cf51db32a6e4b
[INFO] [stderr]                                  at /rustc/82e1608dfa6e0b5569232559e3d385fea5a93112/library/std/src/panicking.rs:552:40
[INFO] [stderr]     25:     0x5611e748a6c7 - std::panicking::try::h3a52eefe24fe3c29
[INFO] [stderr]                                  at /rustc/82e1608dfa6e0b5569232559e3d385fea5a93112/library/std/src/panicking.rs:516:19
[INFO] [stderr]     26:     0x5611e748a6c7 - std::panic::catch_unwind::h24c28c23c02c3841
[INFO] [stderr]                                  at /rustc/82e1608dfa6e0b5569232559e3d385fea5a93112/library/std/src/panic.rs:142:14
[INFO] [stderr]     27:     0x5611e748a6c7 - std::rt::lang_start_internal::{{closure}}::h705d3c9cbc06ef47
[INFO] [stderr]                                  at /rustc/82e1608dfa6e0b5569232559e3d385fea5a93112/library/std/src/rt.rs:148:48
[INFO] [stderr]     28:     0x5611e748a6c7 - std::panicking::try::do_call::ha21f52ba13158470
[INFO] [stderr]                                  at /rustc/82e1608dfa6e0b5569232559e3d385fea5a93112/library/std/src/panicking.rs:552:40
[INFO] [stderr]     29:     0x5611e748a6c7 - std::panicking::try::h5581346bf6aeb1f8
[INFO] [stderr]                                  at /rustc/82e1608dfa6e0b5569232559e3d385fea5a93112/library/std/src/panicking.rs:516:19
[INFO] [stderr]     30:     0x5611e748a6c7 - std::panic::catch_unwind::h7919645a6b72e25b
[INFO] [stderr]                                  at /rustc/82e1608dfa6e0b5569232559e3d385fea5a93112/library/std/src/panic.rs:142:14
[INFO] [stderr]     31:     0x5611e748a6c7 - std::rt::lang_start_internal::h12de51168669836e
[INFO] [stderr]                                  at /rustc/82e1608dfa6e0b5569232559e3d385fea5a93112/library/std/src/rt.rs:148:20
[INFO] [stderr]     32:     0x5611e6f55d47 - std::rt::lang_start::h4798b91b1afbd9bf
[INFO] [stderr]     33:     0x5611e6f59315 - main
[INFO] [stderr]     34:     0x7f0b8a1d4d90 - <unknown>
[INFO] [stderr]     35:     0x7f0b8a1d4e40 - __libc_start_main
[INFO] [stderr]     36:     0x5611e6f555d5 - _start
[INFO] [stderr]     37:                0x0 - <unknown>
[INFO] running `Command { std: "docker" "inspect" "34197a28cc14bf2800192d4fe8558e06f963630fc44b45670242ebb991de4720", kill_on_drop: false }`
[INFO] running `Command { std: "docker" "rm" "-f" "34197a28cc14bf2800192d4fe8558e06f963630fc44b45670242ebb991de4720", kill_on_drop: false }`
[INFO] [stdout] 34197a28cc14bf2800192d4fe8558e06f963630fc44b45670242ebb991de4720
[INFO] documenting wavm-sys-0.1.0 against beta-2023-12-22 for beta-1.76-rustdoc-1
[INFO] extracting crate wavm-sys 0.1.0 into /workspace/builds/worker-0-tc2/source
[INFO] validating manifest of crates.io crate wavm-sys 0.1.0 on toolchain beta-2023-12-22
[INFO] running `Command { std: CARGO_HOME="/workspace/cargo-home" RUSTUP_HOME="/workspace/rustup-home" "/workspace/cargo-home/bin/cargo" "+beta-2023-12-22" "metadata" "--manifest-path" "Cargo.toml" "--no-deps", kill_on_drop: false }`
[INFO] started tweaking crates.io crate wavm-sys 0.1.0
[INFO] finished tweaking crates.io crate wavm-sys 0.1.0
[INFO] tweaked toml for crates.io crate wavm-sys 0.1.0 written to /workspace/builds/worker-0-tc2/source/Cargo.toml
[INFO] running `Command { std: CARGO_HOME="/workspace/cargo-home" RUSTUP_HOME="/workspace/rustup-home" "/workspace/cargo-home/bin/cargo" "+beta-2023-12-22" "generate-lockfile" "--manifest-path" "Cargo.toml", kill_on_drop: false }`
[INFO] [stderr]     Updating crates.io index
[INFO] running `Command { std: CARGO_HOME="/workspace/cargo-home" RUSTUP_HOME="/workspace/rustup-home" "/workspace/cargo-home/bin/cargo" "+beta-2023-12-22" "fetch" "--manifest-path" "Cargo.toml", kill_on_drop: false }`
[INFO] running `Command { std: "docker" "create" "-v" "/var/lib/crater-agent-workspace/builds/worker-0-tc2/target:/opt/rustwide/target:rw,Z" "-v" "/var/lib/crater-agent-workspace/builds/worker-0-tc2/source:/opt/rustwide/workdir:ro,Z" "-v" "/var/lib/crater-agent-workspace/cargo-home:/opt/rustwide/cargo-home:ro,Z" "-v" "/var/lib/crater-agent-workspace/rustup-home:/opt/rustwide/rustup-home:ro,Z" "-e" "SOURCE_DIR=/opt/rustwide/workdir" "-e" "CARGO_TARGET_DIR=/opt/rustwide/target" "-e" "CARGO_HOME=/opt/rustwide/cargo-home" "-e" "RUSTUP_HOME=/opt/rustwide/rustup-home" "-w" "/opt/rustwide/workdir" "-m" "1610612736" "--user" "0:0" "--network" "none" "ghcr.io/rust-lang/crates-build-env/linux@sha256:2788e3201cd34a07e3172128adcd8b3090168a8e3bcc40d7c032b9dda1df7d1c" "/opt/rustwide/cargo-home/bin/cargo" "+beta-2023-12-22" "metadata" "--no-deps" "--format-version=1", kill_on_drop: false }`
[INFO] [stdout] eb55c693dc05f1c3328a038592465f4526f909d6a88011ded705200329ac1a7e
[INFO] running `Command { std: "docker" "start" "-a" "eb55c693dc05f1c3328a038592465f4526f909d6a88011ded705200329ac1a7e", kill_on_drop: false }`
[INFO] running `Command { std: "docker" "inspect" "eb55c693dc05f1c3328a038592465f4526f909d6a88011ded705200329ac1a7e", kill_on_drop: false }`
[INFO] running `Command { std: "docker" "rm" "-f" "eb55c693dc05f1c3328a038592465f4526f909d6a88011ded705200329ac1a7e", kill_on_drop: false }`
[INFO] [stdout] eb55c693dc05f1c3328a038592465f4526f909d6a88011ded705200329ac1a7e
[INFO] running `Command { std: "docker" "create" "-v" "/var/lib/crater-agent-workspace/builds/worker-0-tc2/target:/opt/rustwide/target:rw,Z" "-v" "/var/lib/crater-agent-workspace/builds/worker-0-tc2/source:/opt/rustwide/workdir:ro,Z" "-v" "/var/lib/crater-agent-workspace/cargo-home:/opt/rustwide/cargo-home:ro,Z" "-v" "/var/lib/crater-agent-workspace/rustup-home:/opt/rustwide/rustup-home:ro,Z" "-e" "SOURCE_DIR=/opt/rustwide/workdir" "-e" "CARGO_TARGET_DIR=/opt/rustwide/target" "-e" "CARGO_INCREMENTAL=0" "-e" "RUST_BACKTRACE=full" "-e" "RUSTFLAGS=--cap-lints=warn" "-e" "RUSTDOCFLAGS=--cap-lints=warn" "-e" "CARGO_HOME=/opt/rustwide/cargo-home" "-e" "RUSTUP_HOME=/opt/rustwide/rustup-home" "-w" "/opt/rustwide/workdir" "-m" "1610612736" "--user" "0:0" "--network" "none" "ghcr.io/rust-lang/crates-build-env/linux@sha256:2788e3201cd34a07e3172128adcd8b3090168a8e3bcc40d7c032b9dda1df7d1c" "/opt/rustwide/cargo-home/bin/cargo" "+beta-2023-12-22" "doc" "--frozen" "--no-deps" "--document-private-items" "--message-format=json", kill_on_drop: false }`
[INFO] [stdout] b1c1f7d69d5dc02a4bb18cde606fc82007bb7aedaf57673a0348c9afa48b3c83
[INFO] running `Command { std: "docker" "start" "-a" "b1c1f7d69d5dc02a4bb18cde606fc82007bb7aedaf57673a0348c9afa48b3c83", kill_on_drop: false }`
[INFO] [stderr]    Compiling libc v0.2.151
[INFO] [stderr]    Compiling memchr v2.7.1
[INFO] [stderr]    Compiling regex-syntax v0.8.2
[INFO] [stderr]    Compiling version_check v0.1.5
[INFO] [stderr]    Compiling glob v0.3.1
[INFO] [stderr]    Compiling proc-macro2 v1.0.76
[INFO] [stderr]    Compiling lazy_static v1.4.0
[INFO] [stderr]    Compiling unicode-width v0.1.11
[INFO] [stderr]    Compiling semver-parser v0.7.0
[INFO] [stderr]    Compiling quick-error v1.2.3
[INFO] [stderr]    Compiling humantime v1.3.0
[INFO] [stderr]    Compiling nom v4.2.3
[INFO] [stderr]    Compiling semver v0.9.0
[INFO] [stderr]    Compiling textwrap v0.11.0
[INFO] [stderr]    Compiling clang-sys v0.28.1
[INFO] [stderr]    Compiling ansi_term v0.12.1
[INFO] [stderr]    Compiling aho-corasick v1.1.2
[INFO] [stderr]    Compiling bitflags v1.3.2
[INFO] [stderr]    Compiling vec_map v0.8.2
[INFO] [stderr]    Compiling log v0.4.20
[INFO] [stderr]    Compiling strsim v0.8.0
[INFO] [stderr]    Compiling bindgen v0.51.1
[INFO] [stderr]    Compiling termcolor v1.4.0
[INFO] [stderr]    Compiling quote v1.0.35
[INFO] [stderr]    Compiling cfg-if v0.1.10
[INFO] [stderr]    Compiling peeking_take_while v0.1.2
[INFO] [stderr]    Compiling cc v1.0.83
[INFO] [stderr]    Compiling atty v0.2.14
[INFO] [stderr]    Compiling which v3.1.1
[INFO] [stderr]    Compiling cexpr v0.3.6
[INFO] [stderr]    Compiling clap v2.34.0
[INFO] [stderr]    Compiling rustc-hash v1.1.0
[INFO] [stderr]    Compiling shlex v0.1.1
[INFO] [stderr]    Compiling regex-automata v0.4.3
[INFO] [stderr]    Compiling cmake v0.1.50
[INFO] [stderr]    Compiling libloading v0.5.2
[INFO] [stderr]    Compiling regex v1.10.2
[INFO] [stderr]    Compiling env_logger v0.6.2
[INFO] [stderr]    Compiling llvm-sys v80.3.1
[INFO] [stderr]    Compiling wavm-sys v0.1.0 (/opt/rustwide/workdir)
[INFO] [stderr] error: failed to run custom build command for `wavm-sys v0.1.0 (/opt/rustwide/workdir)`
[INFO] [stderr] note: To improve backtraces for build dependencies, set the CARGO_PROFILE_DEV_BUILD_OVERRIDE_DEBUG=true environment variable to enable debug information generation.
[INFO] [stderr] 
[INFO] [stderr] Caused by:
[INFO] [stderr]   process didn't exit successfully: `/opt/rustwide/target/debug/build/wavm-sys-9a52ef6bbb062b45/build-script-build` (exit status: 101)
[INFO] [stderr]   --- stdout
[INFO] [stderr]   CMAKE_TOOLCHAIN_FILE_x86_64-unknown-linux-gnu = None
[INFO] [stderr]   CMAKE_TOOLCHAIN_FILE_x86_64_unknown_linux_gnu = None
[INFO] [stderr]   HOST_CMAKE_TOOLCHAIN_FILE = None
[INFO] [stderr]   CMAKE_TOOLCHAIN_FILE = None
[INFO] [stderr]   CMAKE_GENERATOR_x86_64-unknown-linux-gnu = None
[INFO] [stderr]   CMAKE_GENERATOR_x86_64_unknown_linux_gnu = None
[INFO] [stderr]   HOST_CMAKE_GENERATOR = None
[INFO] [stderr]   CMAKE_GENERATOR = None
[INFO] [stderr]   CMAKE_PREFIX_PATH_x86_64-unknown-linux-gnu = None
[INFO] [stderr]   CMAKE_PREFIX_PATH_x86_64_unknown_linux_gnu = None
[INFO] [stderr]   HOST_CMAKE_PREFIX_PATH = None
[INFO] [stderr]   CMAKE_PREFIX_PATH = None
[INFO] [stderr]   CMAKE_x86_64-unknown-linux-gnu = None
[INFO] [stderr]   CMAKE_x86_64_unknown_linux_gnu = None
[INFO] [stderr]   HOST_CMAKE = None
[INFO] [stderr]   CMAKE = None
[INFO] [stderr]   running: cd "/opt/rustwide/target/debug/build/wavm-sys-76a2cb680e65b688/out/build" && CMAKE_PREFIX_PATH="" "cmake" "/opt/rustwide/workdir/wavm" "-DWAVM_ENABLE_STATIC_LINKING=ON" "-DWAVM_ENABLE_FUZZ_TARGETS=OFF" "-DWAVM_ENABLE_UNWIND=ON" "-DCMAKE_INSTALL_PREFIX=/opt/rustwide/target/debug/build/wavm-sys-76a2cb680e65b688/out" "-DCMAKE_C_FLAGS= -ffunction-sections -fdata-sections -fPIC -m64" "-DCMAKE_C_COMPILER=/usr/bin/cc" "-DCMAKE_CXX_FLAGS= -ffunction-sections -fdata-sections -fPIC -m64" "-DCMAKE_CXX_COMPILER=/usr/bin/c++" "-DCMAKE_ASM_FLAGS= -ffunction-sections -fdata-sections -fPIC -m64" "-DCMAKE_ASM_COMPILER=/usr/bin/cc" "-DCMAKE_BUILD_TYPE=Debug"
[INFO] [stderr]   -- The C compiler identification is GNU 11.4.0
[INFO] [stderr]   -- The CXX compiler identification is GNU 11.4.0
[INFO] [stderr]   -- The ASM compiler identification is GNU
[INFO] [stderr]   -- Found assembler: /usr/bin/cc
[INFO] [stderr]   -- Detecting C compiler ABI info
[INFO] [stderr]   -- Detecting C compiler ABI info - done
[INFO] [stderr]   -- Check for working C compiler: /usr/bin/cc - skipped
[INFO] [stderr]   -- Detecting C compile features
[INFO] [stderr]   -- Detecting C compile features - done
[INFO] [stderr]   -- Detecting CXX compiler ABI info
[INFO] [stderr]   -- Detecting CXX compiler ABI info - done
[INFO] [stderr]   -- Check for working CXX compiler: /usr/bin/c++ - skipped
[INFO] [stderr]   -- Detecting CXX compile features
[INFO] [stderr]   -- Detecting CXX compile features - done
[INFO] [stderr]   -- Performing Test HAVE_FFI_CALL
[INFO] [stderr]   -- Performing Test HAVE_FFI_CALL - Success
[INFO] [stderr]   -- Found FFI: /usr/lib/x86_64-linux-gnu/libffi.so  
[INFO] [stderr]   -- Performing Test Terminfo_LINKABLE
[INFO] [stderr]   -- Performing Test Terminfo_LINKABLE - Success
[INFO] [stderr]   -- Found Terminfo: /usr/lib/x86_64-linux-gnu/libtinfo.so  
[INFO] [stderr]   -- Found ZLIB: /usr/lib/x86_64-linux-gnu/libz.so (found version "1.2.11") 
[INFO] [stderr]   -- Found LibXml2: /usr/lib/x86_64-linux-gnu/libxml2.so (found version "2.9.13") 
[INFO] [stderr]   -- Performing Test CXX_HAS_WSWITCH_ENUM
[INFO] [stderr]   -- Performing Test CXX_HAS_WSWITCH_ENUM - Success
[INFO] [stderr]   -- Performing Test CXX_HAS_WSWITCH_DEFAULT
[INFO] [stderr]   -- Performing Test CXX_HAS_WSWITCH_DEFAULT - Success
[INFO] [stderr]   -- Performing Test CXX_HAS_WNULL_DEREFERENCE
[INFO] [stderr]   -- Performing Test CXX_HAS_WNULL_DEREFERENCE - Success
[INFO] [stderr]   -- Performing Test CXX_HAS_WDUPLICATED_COND
[INFO] [stderr]   -- Performing Test CXX_HAS_WDUPLICATED_COND - Success
[INFO] [stderr]   -- Performing Test CXX_HAS_WDUPLICATED_BRANCHES
[INFO] [stderr]   -- Performing Test CXX_HAS_WDUPLICATED_BRANCHES - Success
[INFO] [stderr]   -- Performing Test CXX_HAS_WLOGICAL_OP
[INFO] [stderr]   -- Performing Test CXX_HAS_WLOGICAL_OP - Success
[INFO] [stderr]   -- Performing Test CXX_HAS_WNON_VIRTUAL_DTOR
[INFO] [stderr]   -- Performing Test CXX_HAS_WNON_VIRTUAL_DTOR - Success
[INFO] [stderr]   -- Performing Test CXX_HAS_WRESTRICT
[INFO] [stderr]   -- Performing Test CXX_HAS_WRESTRICT - Success
[INFO] [stderr]   -- Performing Test CXX_HAS_WDOUBLE_PROMOTION
[INFO] [stderr]   -- Performing Test CXX_HAS_WDOUBLE_PROMOTION - Success
[INFO] [stderr]   -- Performing Test CXX_HAS_WNO_MISSING_FIELD_INITIALIZERS
[INFO] [stderr]   -- Performing Test CXX_HAS_WNO_MISSING_FIELD_INITIALIZERS - Success
[INFO] [stderr]   -- Performing Test CXX_HAS_WNO_UNUSED_PARAMETER
[INFO] [stderr]   -- Performing Test CXX_HAS_WNO_UNUSED_PARAMETER - Success
[INFO] [stderr]   -- Performing Test CXX_HAS_GSPLIT_DWARF
[INFO] [stderr]   -- Performing Test CXX_HAS_GSPLIT_DWARF - Success
[INFO] [stderr]   -- Performing Test LINKER_HAS_WL___GDB_INDEX
[INFO] [stderr]   -- Performing Test LINKER_HAS_WL___GDB_INDEX - Failed
[INFO] [stderr]   -- Performing Test C_HAS_WERROR_UNGUARDED_AVAILABILITY_NEW
[INFO] [stderr]   -- Performing Test C_HAS_WERROR_UNGUARDED_AVAILABILITY_NEW - Failed
[INFO] [stderr]   -- Looking for futimens
[INFO] [stderr]   -- Looking for futimens - found
[INFO] [stderr]   -- Looking for utimensat
[INFO] [stderr]   -- Looking for utimensat - found
[INFO] [stderr]   -- Configuring done
[INFO] [stderr]   -- Generating done
[INFO] [stderr]   -- Build files have been written to: /opt/rustwide/target/debug/build/wavm-sys-76a2cb680e65b688/out/build
[INFO] [stderr]   running: cd "/opt/rustwide/target/debug/build/wavm-sys-76a2cb680e65b688/out/build" && MAKEFLAGS="-j --jobserver-fds=7,8 --jobserver-auth=7,8" "cmake" "--build" "." "--target" "libWAVM" "--config" "Debug"
[INFO] [stderr]   Scanning dependencies of target WAVMUnwind
[INFO] [stderr]   [  1%] Building C object ThirdParty/liblmdb/CMakeFiles/WAVMlmdb.dir/mdb.c.o
[INFO] [stderr]   [  1%] Building C object ThirdParty/BLAKE2/CMakeFiles/WAVMBLAKE2.dir/sse/blake2b.c.o
[INFO] [stderr]   [  2%] Building CXX object ThirdParty/libunwind/CMakeFiles/WAVMUnwind.dir/src/libunwind.cpp.o
[INFO] [stderr]   [  3%] Building C object ThirdParty/libunwind/CMakeFiles/WAVMUnwind.dir/src/Unwind-sjlj.c.o
[INFO] [stderr]   [  4%] Building C object ThirdParty/libunwind/CMakeFiles/WAVMUnwind.dir/src/UnwindLevel1-gcc-ext.c.o
[INFO] [stderr]   [  5%] Building C object ThirdParty/BLAKE2/CMakeFiles/WAVMBLAKE2.dir/sse/blake2bp.c.o
[INFO] [stderr]   [  6%] Building C object ThirdParty/BLAKE2/CMakeFiles/WAVMBLAKE2.dir/sse/blake2s.c.o
[INFO] [stderr]   [  8%] Building C object ThirdParty/liblmdb/CMakeFiles/WAVMlmdb.dir/midl.c.o
[INFO] [stderr]   [  9%] Building C object ThirdParty/libunwind/CMakeFiles/WAVMUnwind.dir/src/UnwindLevel1.c.o
[INFO] [stderr]   [ 10%] Building C object ThirdParty/BLAKE2/CMakeFiles/WAVMBLAKE2.dir/sse/blake2sp.c.o
[INFO] [stderr]   [ 11%] Building C object ThirdParty/BLAKE2/CMakeFiles/WAVMBLAKE2.dir/sse/blake2xb.c.o
[INFO] [stderr]   [ 12%] Building ASM object ThirdParty/libunwind/CMakeFiles/WAVMUnwind.dir/src/UnwindRegistersRestore.S.o
[INFO] [stderr]   [ 13%] Building ASM object ThirdParty/libunwind/CMakeFiles/WAVMUnwind.dir/src/UnwindRegistersSave.S.o
[INFO] [stderr]   [ 15%] Building C object ThirdParty/BLAKE2/CMakeFiles/WAVMBLAKE2.dir/sse/blake2xs.c.o
[INFO] [stderr]   [ 16%] Linking C static library libWAVMBLAKE2.a
[INFO] [stderr]   [ 16%] Built target WAVMBLAKE2
[INFO] [stderr]   [ 17%] Linking C static library libWAVMlmdb.a
[INFO] [stderr]   [ 18%] Linking CXX static library libWAVMUnwind.a
[INFO] [stderr]   [ 18%] Built target WAVMlmdb
[INFO] [stderr]   [ 18%] Built target WAVMUnwind
[INFO] [stderr]   Scanning dependencies of target libWAVM
[INFO] [stderr]   [ 19%] Building CXX object CMakeFiles/libWAVM.dir/Lib/IR/DisassemblyNames.cpp.o
[INFO] [stderr]   [ 22%] Building CXX object CMakeFiles/libWAVM.dir/Lib/IR/Operators.cpp.o
[INFO] [stderr]   [ 22%] Building CXX object CMakeFiles/libWAVM.dir/Lib/IR/FloatPrinting.cpp.o
[INFO] [stderr]   [ 23%] Building CXX object CMakeFiles/libWAVM.dir/Lib/IR/FeatureSpec.cpp.o
[INFO] [stderr]   [ 25%] Building CXX object CMakeFiles/libWAVM.dir/Lib/IR/Validate.cpp.o
[INFO] [stderr]   [ 25%] Building CXX object CMakeFiles/libWAVM.dir/Lib/IR/Module.cpp.o
[INFO] [stderr]   [ 26%] Building CXX object CMakeFiles/libWAVM.dir/Lib/IR/Types.cpp.o
[INFO] [stderr]   [ 27%] Building CXX object CMakeFiles/libWAVM.dir/Lib/Logging/Logging.cpp.o
[INFO] [stderr]   [ 29%] Building CXX object CMakeFiles/libWAVM.dir/Lib/NFA/NFA.cpp.o
[INFO] [stderr]   [ 29%] Building CXX object CMakeFiles/libWAVM.dir/Lib/Platform/POSIX/ClockPOSIX.cpp.o
[INFO] [stderr]   [ 31%] Building CXX object CMakeFiles/libWAVM.dir/Lib/Platform/POSIX/DiagnosticsPOSIX.cpp.o
[INFO] [stderr]   [ 31%] Building CXX object CMakeFiles/libWAVM.dir/Lib/Platform/POSIX/ErrorPOSIX.cpp.o
[INFO] [stderr]   [ 32%] Building CXX object CMakeFiles/libWAVM.dir/Lib/Platform/POSIX/EventPOSIX.cpp.o
[INFO] [stderr]   [ 33%] Building CXX object CMakeFiles/libWAVM.dir/Lib/Platform/POSIX/SignalPOSIX.cpp.o
[INFO] [stderr]   [ 34%] Building CXX object CMakeFiles/libWAVM.dir/Lib/Platform/POSIX/FilePOSIX.cpp.o
[INFO] [stderr]   [ 36%] Building CXX object CMakeFiles/libWAVM.dir/Lib/Platform/POSIX/MemoryPOSIX.cpp.o
[INFO] [stderr]   [ 37%] Building CXX object CMakeFiles/libWAVM.dir/Lib/Platform/POSIX/MutexPOSIX.cpp.o
[INFO] [stderr]   [ 38%] Building CXX object CMakeFiles/libWAVM.dir/Lib/Platform/POSIX/RandomPOSIX.cpp.o
[INFO] [stderr]   [ 39%] Building CXX object CMakeFiles/libWAVM.dir/Lib/Platform/POSIX/RWMutexPOSIX.cpp.o
[INFO] [stderr]   [ 40%] Building CXX object CMakeFiles/libWAVM.dir/Lib/Platform/POSIX/ThreadPOSIX.cpp.o
[INFO] [stderr]   [ 41%] Building ASM object CMakeFiles/libWAVM.dir/Lib/Platform/POSIX/POSIX-X86_64.S.o
[INFO] [stderr]   [ 43%] Building CXX object CMakeFiles/libWAVM.dir/Lib/RegExp/RegExp.cpp.o
[INFO] [stderr]   [ 44%] Building CXX object CMakeFiles/libWAVM.dir/Lib/VFS/SandboxFS.cpp.o
[INFO] [stderr]   [ 45%] Building CXX object CMakeFiles/libWAVM.dir/Lib/VFS/VFS.cpp.o
[INFO] [stderr]   [ 46%] Building CXX object CMakeFiles/libWAVM.dir/Lib/WASM/WASMSerialization.cpp.o
[INFO] [stderr]   [ 47%] Building CXX object CMakeFiles/libWAVM.dir/Lib/WASTParse/Lexer.cpp.o
[INFO] [stderr]   [ 48%] Building CXX object CMakeFiles/libWAVM.dir/Lib/WASTParse/Parse.cpp.o
[INFO] [stderr]   [ 50%] Building CXX object CMakeFiles/libWAVM.dir/Lib/WASTParse/ParseFunction.cpp.o
[INFO] [stderr]   [ 51%] Building CXX object CMakeFiles/libWAVM.dir/Lib/WASTParse/ParseNumbers.cpp.o
[INFO] [stderr]   [ 52%] Building CXX object CMakeFiles/libWAVM.dir/Lib/WASTParse/ParseModule.cpp.o
[INFO] [stderr]   [ 53%] Building CXX object CMakeFiles/libWAVM.dir/Lib/WASTParse/ParseTests.cpp.o
[INFO] [stderr]   [ 54%] Building CXX object CMakeFiles/libWAVM.dir/Lib/WASTPrint/Print.cpp.o
[INFO] [stderr]   [ 55%] Building CXX object CMakeFiles/libWAVM.dir/Lib/Emscripten/Emscripten.cpp.o
[INFO] [stderr]   [ 56%] Building CXX object CMakeFiles/libWAVM.dir/Lib/Emscripten/EmscriptenThreads.cpp.o
[INFO] [stderr]   [ 58%] Building CXX object CMakeFiles/libWAVM.dir/Lib/ObjectCache/ObjectCache.cpp.o
[INFO] [stderr]   [ 58%] Building CXX object CMakeFiles/libWAVM.dir/Lib/LLVMJIT/EmitConvert.cpp.o
[INFO] [stderr]   [ 59%] Building CXX object CMakeFiles/libWAVM.dir/Lib/LLVMJIT/EmitCore.cpp.o
[INFO] [stderr]   [ 60%] Building CXX object CMakeFiles/libWAVM.dir/Lib/LLVMJIT/EmitExceptions.cpp.o
[INFO] [stderr]   [ 61%] Building CXX object CMakeFiles/libWAVM.dir/Lib/LLVMJIT/EmitFunction.cpp.o
[INFO] [stderr]   [ 62%] Building CXX object CMakeFiles/libWAVM.dir/Lib/LLVMJIT/EmitMem.cpp.o
[INFO] [stderr]   [ 63%] Building CXX object CMakeFiles/libWAVM.dir/Lib/LLVMJIT/EmitModule.cpp.o
[INFO] [stderr]   [ 65%] Building CXX object CMakeFiles/libWAVM.dir/Lib/LLVMJIT/EmitNumeric.cpp.o
[INFO] [stderr]   [ 66%] Building CXX object CMakeFiles/libWAVM.dir/Lib/LLVMJIT/EmitTable.cpp.o
[INFO] [stderr] 
[INFO] [stderr]   --- stderr
[INFO] [stderr]   c++: fatal error: Killed signal terminated program cc1plus
[INFO] [stderr]   compilation terminated.
[INFO] [stderr]   gmake[3]: *** [CMakeFiles/libWAVM.dir/build.make:565: CMakeFiles/libWAVM.dir/Lib/LLVMJIT/EmitConvert.cpp.o] Error 1
[INFO] [stderr]   gmake[3]: *** Waiting for unfinished jobs....
[INFO] [stderr]   c++: fatal error: Killed signal terminated program cc1plus
[INFO] [stderr]   compilation terminated.
[INFO] [stderr]   gmake[3]: *** [CMakeFiles/libWAVM.dir/build.make:579: CMakeFiles/libWAVM.dir/Lib/LLVMJIT/EmitCore.cpp.o] Error 1
[INFO] [stderr]   c++: fatal error: Killed signal terminated program cc1plus
[INFO] [stderr]   compilation terminated.
[INFO] [stderr]   gmake[3]: *** [CMakeFiles/libWAVM.dir/build.make:621: CMakeFiles/libWAVM.dir/Lib/LLVMJIT/EmitMem.cpp.o] Error 1
[INFO] [stderr]   c++: fatal error: Killed signal terminated program cc1plus
[INFO] [stderr]   compilation terminated.
[INFO] [stderr]   gmake[3]: *** [CMakeFiles/libWAVM.dir/build.make:635: CMakeFiles/libWAVM.dir/Lib/LLVMJIT/EmitModule.cpp.o] Error 1
[INFO] [stderr]   c++: fatal error: Killed signal terminated program cc1plus
[INFO] [stderr]   compilation terminated.
[INFO] [stderr]   gmake[3]: *** [CMakeFiles/libWAVM.dir/build.make:607: CMakeFiles/libWAVM.dir/Lib/LLVMJIT/EmitFunction.cpp.o] Error 1
[INFO] [stderr]   In file included from /opt/rustwide/workdir/wavm/Lib/LLVMJIT/EmitContext.h:3,
[INFO] [stderr]                    from /opt/rustwide/workdir/wavm/Lib/LLVMJIT/EmitFunctionContext.h:3,
[INFO] [stderr]                    from /opt/rustwide/workdir/wavm/Lib/LLVMJIT/EmitExceptions.cpp:4:
[INFO] [stderr]   /opt/rustwide/workdir/wavm/Lib/LLVMJIT/LLVMJITPrivate.h: In function 'void WAVM::LLVMJIT::setFunctionAttributes(llvm::TargetMachine*, llvm::Function*)':
[INFO] [stderr]   /opt/rustwide/workdir/wavm/Lib/LLVMJIT/LLVMJITPrivate.h:320:39: error: 'class llvm::AttributeList' has no member named 'addAttribute'; did you mean 'addFnAttribute'?
[INFO] [stderr]     320 |                         attrs = attrs.addAttribute(function->getContext(),
[INFO] [stderr]         |                                       ^~~~~~~~~~~~
[INFO] [stderr]         |                                       addFnAttribute
[INFO] [stderr]   /opt/rustwide/workdir/wavm/Lib/LLVMJIT/LLVMJITPrivate.h:327:39: error: 'class llvm::AttributeList' has no member named 'addAttribute'; did you mean 'addFnAttribute'?
[INFO] [stderr]     327 |                         attrs = attrs.addAttribute(function->getContext(),
[INFO] [stderr]         |                                       ^~~~~~~~~~~~
[INFO] [stderr]         |                                       addFnAttribute
[INFO] [stderr]   In file included from /opt/rustwide/workdir/wavm/Lib/LLVMJIT/EmitFunctionContext.h:3,
[INFO] [stderr]                    from /opt/rustwide/workdir/wavm/Lib/LLVMJIT/EmitExceptions.cpp:4:
[INFO] [stderr]   /opt/rustwide/workdir/wavm/Lib/LLVMJIT/EmitContext.h: In member function 'llvm::Value* WAVM::LLVMJIT::EmitContext::loadFromUntypedPointer(llvm::Value*, llvm::Type*, WAVM::U32)':
[INFO] [stderr]   /opt/rustwide/workdir/wavm/Lib/LLVMJIT/EmitContext.h:38:57: error: no matching function for call to 'llvm::IRBuilder<>::CreateLoad(llvm::Value*)'
[INFO] [stderr]      38 |                         auto load = irBuilder.CreateLoad(
[INFO] [stderr]         |                                     ~~~~~~~~~~~~~~~~~~~~^
[INFO] [stderr]      39 |                                 irBuilder.CreatePointerCast(pointer, valueType->getPointerTo()));
[INFO] [stderr]         |                                 ~~~~~~~~~~~~~~~~~~~~~~~~~~~~~~~~~~~~~~~~~~~~~~~~~~~~~~~~~~~~~~~~
[INFO] [stderr]   In file included from /opt/rustwide/workdir/wavm/Lib/LLVMJIT/LLVMJITPrivate.h:32,
[INFO] [stderr]                    from /opt/rustwide/workdir/wavm/Lib/LLVMJIT/EmitContext.h:3,
[INFO] [stderr]                    from /opt/rustwide/workdir/wavm/Lib/LLVMJIT/EmitFunctionContext.h:3,
[INFO] [stderr]                    from /opt/rustwide/workdir/wavm/Lib/LLVMJIT/EmitExceptions.cpp:4:
[INFO] [stderr]   /usr/include/llvm-14/llvm/IR/IRBuilder.h:1659:13: note: candidate: 'llvm::LoadInst* llvm::IRBuilderBase::CreateLoad(llvm::Type*, llvm::Value*, const char*)'
[INFO] [stderr]    1659 |   LoadInst *CreateLoad(Type *Ty, Value *Ptr, const char *Name) {
[INFO] [stderr]         |             ^~~~~~~~~~
[INFO] [stderr]   /usr/include/llvm-14/llvm/IR/IRBuilder.h:1659:13: note:   candidate expects 3 arguments, 1 provided
[INFO] [stderr]   /usr/include/llvm-14/llvm/IR/IRBuilder.h:1663:13: note: candidate: 'llvm::LoadInst* llvm::IRBuilderBase::CreateLoad(llvm::Type*, llvm::Value*, const llvm::Twine&)'
[INFO] [stderr]    1663 |   LoadInst *CreateLoad(Type *Ty, Value *Ptr, const Twine &Name = "") {
[INFO] [stderr]         |             ^~~~~~~~~~
[INFO] [stderr]   /usr/include/llvm-14/llvm/IR/IRBuilder.h:1663:13: note:   candidate expects 3 arguments, 1 provided
[INFO] [stderr]   /usr/include/llvm-14/llvm/IR/IRBuilder.h:1667:13: note: candidate: 'llvm::LoadInst* llvm::IRBuilderBase::CreateLoad(llvm::Type*, llvm::Value*, bool, const llvm::Twine&)'
[INFO] [stderr]    1667 |   LoadInst *CreateLoad(Type *Ty, Value *Ptr, bool isVolatile,
[INFO] [stderr]         |             ^~~~~~~~~~
[INFO] [stderr]   /usr/include/llvm-14/llvm/IR/IRBuilder.h:1667:13: note:   candidate expects 4 arguments, 1 provided
[INFO] [stderr]   In file included from /opt/rustwide/workdir/wavm/Lib/LLVMJIT/EmitFunctionContext.h:3,
[INFO] [stderr]                    from /opt/rustwide/workdir/wavm/Lib/LLVMJIT/EmitExceptions.cpp:4:
[INFO] [stderr]   /opt/rustwide/workdir/wavm/Lib/LLVMJIT/EmitContext.h: In member function 'void WAVM::LLVMJIT::EmitContext::storeToUntypedPointer(llvm::Value*, llvm::Value*, WAVM::U32)':
[INFO] [stderr]   /opt/rustwide/workdir/wavm/Lib/LLVMJIT/EmitContext.h:48:45: error: cannot convert 'WAVM::U32' {aka 'unsigned int'} to 'llvm::Align'
[INFO] [stderr]      48 |                         store->setAlignment(alignment);
[INFO] [stderr]         |                                             ^~~~~~~~~
[INFO] [stderr]         |                                             |
[INFO] [stderr]         |                                             WAVM::U32 {aka unsigned int}
[INFO] [stderr]   In file included from /usr/include/llvm-14/llvm/IR/IRBuilder.h:36,
[INFO] [stderr]                    from /opt/rustwide/workdir/wavm/Lib/LLVMJIT/LLVMJITPrivate.h:32,
[INFO] [stderr]                    from /opt/rustwide/workdir/wavm/Lib/LLVMJIT/EmitContext.h:3,
[INFO] [stderr]                    from /opt/rustwide/workdir/wavm/Lib/LLVMJIT/EmitFunctionContext.h:3,
[INFO] [stderr]                    from /opt/rustwide/workdir/wavm/Lib/LLVMJIT/EmitExceptions.cpp:4:
[INFO] [stderr]   /usr/include/llvm-14/llvm/IR/Instructions.h:359:27: note:   initializing argument 1 of 'void llvm::StoreInst::setAlignment(llvm::Align)'
[INFO] [stderr]     359 |   void setAlignment(Align Align) {
[INFO] [stderr]         |                     ~~~~~~^~~~~
[INFO] [stderr]   In file included from /opt/rustwide/workdir/wavm/Lib/LLVMJIT/EmitFunctionContext.h:3,
[INFO] [stderr]                    from /opt/rustwide/workdir/wavm/Lib/LLVMJIT/EmitExceptions.cpp:4:
[INFO] [stderr]   /opt/rustwide/workdir/wavm/Lib/LLVMJIT/EmitContext.h: In member function 'llvm::Value* WAVM::LLVMJIT::EmitContext::getCompartmentAddress()':
[INFO] [stderr]   /opt/rustwide/workdir/wavm/Lib/LLVMJIT/EmitContext.h:57:86: error: no matching function for call to 'llvm::IRBuilder<>::CreateLoad(llvm::Value*&)'
[INFO] [stderr]      57 |                                         irBuilder.CreatePtrToInt(irBuilder.CreateLoad(contextPointerVariable),
[INFO] [stderr]         |                                                                  ~~~~~~~~~~~~~~~~~~~~^~~~~~~~~~~~~~~~~~~~~~~~
[INFO] [stderr]   In file included from /opt/rustwide/workdir/wavm/Lib/LLVMJIT/LLVMJITPrivate.h:32,
[INFO] [stderr]                    from /opt/rustwide/workdir/wavm/Lib/LLVMJIT/EmitContext.h:3,
[INFO] [stderr]                    from /opt/rustwide/workdir/wavm/Lib/LLVMJIT/EmitFunctionContext.h:3,
[INFO] [stderr]                    from /opt/rustwide/workdir/wavm/Lib/LLVMJIT/EmitExceptions.cpp:4:
[INFO] [stderr]   /usr/include/llvm-14/llvm/IR/IRBuilder.h:1659:13: note: candidate: 'llvm::LoadInst* llvm::IRBuilderBase::CreateLoad(llvm::Type*, llvm::Value*, const char*)'
[INFO] [stderr]    1659 |   LoadInst *CreateLoad(Type *Ty, Value *Ptr, const char *Name) {
[INFO] [stderr]         |             ^~~~~~~~~~
[INFO] [stderr]   /usr/include/llvm-14/llvm/IR/IRBuilder.h:1659:13: note:   candidate expects 3 arguments, 1 provided
[INFO] [stderr]   /usr/include/llvm-14/llvm/IR/IRBuilder.h:1663:13: note: candidate: 'llvm::LoadInst* llvm::IRBuilderBase::CreateLoad(llvm::Type*, llvm::Value*, const llvm::Twine&)'
[INFO] [stderr]    1663 |   LoadInst *CreateLoad(Type *Ty, Value *Ptr, const Twine &Name = "") {
[INFO] [stderr]         |             ^~~~~~~~~~
[INFO] [stderr]   /usr/include/llvm-14/llvm/IR/IRBuilder.h:1663:13: note:   candidate expects 3 arguments, 1 provided
[INFO] [stderr]   /usr/include/llvm-14/llvm/IR/IRBuilder.h:1667:13: note: candidate: 'llvm::LoadInst* llvm::IRBuilderBase::CreateLoad(llvm::Type*, llvm::Value*, bool, const llvm::Twine&)'
[INFO] [stderr]    1667 |   LoadInst *CreateLoad(Type *Ty, Value *Ptr, bool isVolatile,
[INFO] [stderr]         |             ^~~~~~~~~~
[INFO] [stderr]   /usr/include/llvm-14/llvm/IR/IRBuilder.h:1667:13: note:   candidate expects 4 arguments, 1 provided
[INFO] [stderr]   In file included from /opt/rustwide/workdir/wavm/Lib/LLVMJIT/EmitFunctionContext.h:3,
[INFO] [stderr]                    from /opt/rustwide/workdir/wavm/Lib/LLVMJIT/EmitExceptions.cpp:4:
[INFO] [stderr]   /opt/rustwide/workdir/wavm/Lib/LLVMJIT/EmitContext.h: In member function 'void WAVM::LLVMJIT::EmitContext::reloadMemoryBases()':
[INFO] [stderr]   /opt/rustwide/workdir/wavm/Lib/LLVMJIT/EmitContext.h:74:76: error: no matching function for call to 'llvm::IRBuilder<>::CreateInBoundsGEP(llvm::Value*&, <brace-enclosed initializer list>)'
[INFO] [stderr]      74 |                                                 irBuilder.CreateInBoundsGEP(compartmentAddress, {memoryOffset}),
[INFO] [stderr]         |                                                 ~~~~~~~~~~~~~~~~~~~~~~~~~~~^~~~~~~~~~~~~~~~~~~~~~~~~~~~~~~~~~~~
[INFO] [stderr]   In file included from /opt/rustwide/workdir/wavm/Lib/LLVMJIT/LLVMJITPrivate.h:32,
[INFO] [stderr]                    from /opt/rustwide/workdir/wavm/Lib/LLVMJIT/EmitContext.h:3,
[INFO] [stderr]                    from /opt/rustwide/workdir/wavm/Lib/LLVMJIT/EmitFunctionContext.h:3,
[INFO] [stderr]                    from /opt/rustwide/workdir/wavm/Lib/LLVMJIT/EmitExceptions.cpp:4:
[INFO] [stderr]   /usr/include/llvm-14/llvm/IR/IRBuilder.h:1742:10: note: candidate: 'llvm::Value* llvm::IRBuilderBase::CreateInBoundsGEP(llvm::Type*, llvm::Value*, llvm::ArrayRef<llvm::Value*>, const llvm::Twine&)'
[INFO] [stderr]    1742 |   Value *CreateInBoundsGEP(Type *Ty, Value *Ptr, ArrayRef<Value *> IdxList,
[INFO] [stderr]         |          ^~~~~~~~~~~~~~~~~
[INFO] [stderr]   /usr/include/llvm-14/llvm/IR/IRBuilder.h:1742:10: note:   candidate expects 4 arguments, 2 provided
[INFO] [stderr]   /usr/include/llvm-14/llvm/IR/IRBuilder.h:1755:10: note: candidate: 'llvm::Value* llvm::IRBuilderBase::CreateInBoundsGEP(llvm::Type*, llvm::Value*, llvm::Value*, const llvm::Twine&)'
[INFO] [stderr]    1755 |   Value *CreateInBoundsGEP(Type *Ty, Value *Ptr, Value *Idx,
[INFO] [stderr]         |          ^~~~~~~~~~~~~~~~~
[INFO] [stderr]   /usr/include/llvm-14/llvm/IR/IRBuilder.h:1755:10: note:   candidate expects 4 arguments, 2 provided
[INFO] [stderr]   In file included from /opt/rustwide/workdir/wavm/Lib/LLVMJIT/EmitFunctionContext.h:3,
[INFO] [stderr]                    from /opt/rustwide/workdir/wavm/Lib/LLVMJIT/EmitExceptions.cpp:4:
[INFO] [stderr]   /opt/rustwide/workdir/wavm/Lib/LLVMJIT/EmitContext.h: In member function 'WAVM::LLVMJIT::ValueVector WAVM::LLVMJIT::EmitContext::emitCallOrInvoke(llvm::Value*, llvm::ArrayRef<llvm::Value*>, WAVM::IR::FunctionType, llvm::BasicBlock*)':
[INFO] [stderr]   /opt/rustwide/workdir/wavm/Lib/LLVMJIT/EmitContext.h:116:76: error: no matching function for call to 'llvm::IRBuilder<>::CreateInBoundsGEP(llvm::AllocaInst*&, <brace-enclosed initializer list>)'
[INFO] [stderr]     116 |                                                 irBuilder.CreateInBoundsGEP(
[INFO] [stderr]         |                                                 ~~~~~~~~~~~~~~~~~~~~~~~~~~~^
[INFO] [stderr]     117 |                                                         argsArray,
[INFO] [stderr]         |                                                         ~~~~~~~~~~          
[INFO] [stderr]     118 |                                                         {emitLiteral(llvmContext,
[INFO] [stderr]         |                                                         ~~~~~~~~~~~~~~~~~~~~~~~~~
[INFO] [stderr]     119 |                                                                                  Uptr(argIndex * sizeof(IR::UntaggedValue)))}));
[INFO] [stderr]         |                                                                                  ~~~~~~~~~~~~~~~~~~~~~~~~~~~~~~~~~~~~~~~~~~~~~
[INFO] [stderr]   In file included from /opt/rustwide/workdir/wavm/Lib/LLVMJIT/LLVMJITPrivate.h:32,
[INFO] [stderr]                    from /opt/rustwide/workdir/wavm/Lib/LLVMJIT/EmitContext.h:3,
[INFO] [stderr]                    from /opt/rustwide/workdir/wavm/Lib/LLVMJIT/EmitFunctionContext.h:3,
[INFO] [stderr]                    from /opt/rustwide/workdir/wavm/Lib/LLVMJIT/EmitExceptions.cpp:4:
[INFO] [stderr]   /usr/include/llvm-14/llvm/IR/IRBuilder.h:1742:10: note: candidate: 'llvm::Value* llvm::IRBuilderBase::CreateInBoundsGEP(llvm::Type*, llvm::Value*, llvm::ArrayRef<llvm::Value*>, const llvm::Twine&)'
[INFO] [stderr]    1742 |   Value *CreateInBoundsGEP(Type *Ty, Value *Ptr, ArrayRef<Value *> IdxList,
[INFO] [stderr]         |          ^~~~~~~~~~~~~~~~~
[INFO] [stderr]   /usr/include/llvm-14/llvm/IR/IRBuilder.h:1742:10: note:   candidate expects 4 arguments, 2 provided
[INFO] [stderr]   /usr/include/llvm-14/llvm/IR/IRBuilder.h:1755:10: note: candidate: 'llvm::Value* llvm::IRBuilderBase::CreateInBoundsGEP(llvm::Type*, llvm::Value*, llvm::Value*, const llvm::Twine&)'
[INFO] [stderr]    1755 |   Value *CreateInBoundsGEP(Type *Ty, Value *Ptr, Value *Idx,
[INFO] [stderr]         |          ^~~~~~~~~~~~~~~~~
[INFO] [stderr]   /usr/include/llvm-14/llvm/IR/IRBuilder.h:1755:10: note:   candidate expects 4 arguments, 2 provided
[INFO] [stderr]   In file included from /opt/rustwide/workdir/wavm/Lib/LLVMJIT/EmitFunctionContext.h:3,
[INFO] [stderr]                    from /opt/rustwide/workdir/wavm/Lib/LLVMJIT/EmitExceptions.cpp:4:
[INFO] [stderr]   /opt/rustwide/workdir/wavm/Lib/LLVMJIT/EmitContext.h:138:73: error: no matching function for call to 'llvm::IRBuilder<>::CreateLoad(llvm::Value*&)'
[INFO] [stderr]     138 |                                 callArgsAlloca[0] = irBuilder.CreateLoad(contextPointerVariable);
[INFO] [stderr]         |                                                     ~~~~~~~~~~~~~~~~~~~~^~~~~~~~~~~~~~~~~~~~~~~~
[INFO] [stderr]   In file included from /opt/rustwide/workdir/wavm/Lib/LLVMJIT/LLVMJITPrivate.h:32,
[INFO] [stderr]                    from /opt/rustwide/workdir/wavm/Lib/LLVMJIT/EmitContext.h:3,
[INFO] [stderr]                    from /opt/rustwide/workdir/wavm/Lib/LLVMJIT/EmitFunctionContext.h:3,
[INFO] [stderr]                    from /opt/rustwide/workdir/wavm/Lib/LLVMJIT/EmitExceptions.cpp:4:
[INFO] [stderr]   /usr/include/llvm-14/llvm/IR/IRBuilder.h:1659:13: note: candidate: 'llvm::LoadInst* llvm::IRBuilderBase::CreateLoad(llvm::Type*, llvm::Value*, const char*)'
[INFO] [stderr]    1659 |   LoadInst *CreateLoad(Type *Ty, Value *Ptr, const char *Name) {
[INFO] [stderr]         |             ^~~~~~~~~~
[INFO] [stderr]   /usr/include/llvm-14/llvm/IR/IRBuilder.h:1659:13: note:   candidate expects 3 arguments, 1 provided
[INFO] [stderr]   /usr/include/llvm-14/llvm/IR/IRBuilder.h:1663:13: note: candidate: 'llvm::LoadInst* llvm::IRBuilderBase::CreateLoad(llvm::Type*, llvm::Value*, const llvm::Twine&)'
[INFO] [stderr]    1663 |   LoadInst *CreateLoad(Type *Ty, Value *Ptr, const Twine &Name = "") {
[INFO] [stderr]         |             ^~~~~~~~~~
[INFO] [stderr]   /usr/include/llvm-14/llvm/IR/IRBuilder.h:1663:13: note:   candidate expects 3 arguments, 1 provided
[INFO] [stderr]   /usr/include/llvm-14/llvm/IR/IRBuilder.h:1667:13: note: candidate: 'llvm::LoadInst* llvm::IRBuilderBase::CreateLoad(llvm::Type*, llvm::Value*, bool, const llvm::Twine&)'
[INFO] [stderr]    1667 |   LoadInst *CreateLoad(Type *Ty, Value *Ptr, bool isVolatile,
[INFO] [stderr]         |             ^~~~~~~~~~
[INFO] [stderr]   /usr/include/llvm-14/llvm/IR/IRBuilder.h:1667:13: note:   candidate expects 4 arguments, 1 provided
[INFO] [stderr]   In file included from /opt/rustwide/workdir/wavm/Lib/LLVMJIT/EmitFunctionContext.h:3,
[INFO] [stderr]                    from /opt/rustwide/workdir/wavm/Lib/LLVMJIT/EmitExceptions.cpp:4:
[INFO] [stderr]   /opt/rustwide/workdir/wavm/Lib/LLVMJIT/EmitContext.h:147:65: error: no matching function for call to 'llvm::IRBuilder<>::CreateCall(llvm::Value*&, llvm::ArrayRef<llvm::Value*>&)'
[INFO] [stderr]     147 |                                 auto call = irBuilder.CreateCall(callee, callArgs);
[INFO] [stderr]         |                                             ~~~~~~~~~~~~~~~~~~~~^~~~~~~~~~~~~~~~~~
[INFO] [stderr]   In file included from /opt/rustwide/workdir/wavm/Lib/LLVMJIT/LLVMJITPrivate.h:32,
[INFO] [stderr]                    from /opt/rustwide/workdir/wavm/Lib/LLVMJIT/EmitContext.h:3,
[INFO] [stderr]                    from /opt/rustwide/workdir/wavm/Lib/LLVMJIT/EmitFunctionContext.h:3,
[INFO] [stderr]                    from /opt/rustwide/workdir/wavm/Lib/LLVMJIT/EmitExceptions.cpp:4:
[INFO] [stderr]   /usr/include/llvm-14/llvm/IR/IRBuilder.h:2251:13: note: candidate: 'llvm::CallInst* llvm::IRBuilderBase::CreateCall(llvm::FunctionType*, llvm::Value*, llvm::ArrayRef<llvm::Value*>, const llvm::Twine&, llvm::MDNode*)'
[INFO] [stderr]    2251 |   CallInst *CreateCall(FunctionType *FTy, Value *Callee,
[INFO] [stderr]         |             ^~~~~~~~~~
[INFO] [stderr]   /usr/include/llvm-14/llvm/IR/IRBuilder.h:2251:38: note:   no known conversion for argument 1 from 'llvm::Value*' to 'llvm::FunctionType*'
[INFO] [stderr]    2251 |   CallInst *CreateCall(FunctionType *FTy, Value *Callee,
[INFO] [stderr]         |                        ~~~~~~~~~~~~~~^~~
[INFO] [stderr]   /usr/include/llvm-14/llvm/IR/IRBuilder.h:2262:13: note: candidate: 'llvm::CallInst* llvm::IRBuilderBase::CreateCall(llvm::FunctionType*, llvm::Value*, llvm::ArrayRef<llvm::Value*>, llvm::ArrayRef<llvm::OperandBundleDefT<llvm::Value*> >, const llvm::Twine&, llvm::MDNode*)'
[INFO] [stderr]    2262 |   CallInst *CreateCall(FunctionType *FTy, Value *Callee, ArrayRef<Value *> Args,
[INFO] [stderr]         |             ^~~~~~~~~~
[INFO] [stderr]   /usr/include/llvm-14/llvm/IR/IRBuilder.h:2262:13: note:   candidate expects 6 arguments, 2 provided
[INFO] [stderr]   /usr/include/llvm-14/llvm/IR/IRBuilder.h:2273:13: note: candidate: 'llvm::CallInst* llvm::IRBuilderBase::CreateCall(llvm::FunctionCallee, llvm::ArrayRef<llvm::Value*>, const llvm::Twine&, llvm::MDNode*)'
[INFO] [stderr]    2273 |   CallInst *CreateCall(FunctionCallee Callee, ArrayRef<Value *> Args = None,
[INFO] [stderr]         |             ^~~~~~~~~~
[INFO] [stderr]   /usr/include/llvm-14/llvm/IR/IRBuilder.h:2273:39: note:   no known conversion for argument 1 from 'llvm::Value*' to 'llvm::FunctionCallee'
[INFO] [stderr]    2273 |   CallInst *CreateCall(FunctionCallee Callee, ArrayRef<Value *> Args = None,
[INFO] [stderr]         |                        ~~~~~~~~~~~~~~~^~~~~~
[INFO] [stderr]   /usr/include/llvm-14/llvm/IR/IRBuilder.h:2279:13: note: candidate: 'llvm::CallInst* llvm::IRBuilderBase::CreateCall(llvm::FunctionCallee, llvm::ArrayRef<llvm::Value*>, llvm::ArrayRef<llvm::OperandBundleDefT<llvm::Value*> >, const llvm::Twine&, llvm::MDNode*)'
[INFO] [stderr]    2279 |   CallInst *CreateCall(FunctionCallee Callee, ArrayRef<Value *> Args,
[INFO] [stderr]         |             ^~~~~~~~~~
[INFO] [stderr]   /usr/include/llvm-14/llvm/IR/IRBuilder.h:2279:13: note:   candidate expects 5 arguments, 2 provided
[INFO] [stderr]   In file included from /opt/rustwide/workdir/wavm/Lib/LLVMJIT/EmitFunctionContext.h:3,
[INFO] [stderr]                    from /opt/rustwide/workdir/wavm/Lib/LLVMJIT/EmitExceptions.cpp:4:
[INFO] [stderr]   /opt/rustwide/workdir/wavm/Lib/LLVMJIT/EmitContext.h:155:69: error: no matching function for call to 'llvm::IRBuilder<>::CreateInvoke(llvm::Value*&, llvm::BasicBlock*&, llvm::BasicBlock*&, llvm::ArrayRef<llvm::Value*>&)'
[INFO] [stderr]     155 |                                 auto invoke = irBuilder.CreateInvoke(callee, returnBlock, unwindToBlock, callArgs);
[INFO] [stderr]         |                                               ~~~~~~~~~~~~~~~~~~~~~~^~~~~~~~~~~~~~~~~~~~~~~~~~~~~~~~~~~~~~~~~~~~~~
[INFO] [stderr]   In file included from /opt/rustwide/workdir/wavm/Lib/LLVMJIT/LLVMJITPrivate.h:32,
[INFO] [stderr]                    from /opt/rustwide/workdir/wavm/Lib/LLVMJIT/EmitContext.h:3,
[INFO] [stderr]                    from /opt/rustwide/workdir/wavm/Lib/LLVMJIT/EmitFunctionContext.h:3,
[INFO] [stderr]                    from /opt/rustwide/workdir/wavm/Lib/LLVMJIT/EmitExceptions.cpp:4:
[INFO] [stderr]   /usr/include/llvm-14/llvm/IR/IRBuilder.h:1032:15: note: candidate: 'llvm::InvokeInst* llvm::IRBuilderBase::CreateInvoke(llvm::FunctionType*, llvm::Value*, llvm::BasicBlock*, llvm::BasicBlock*, llvm::ArrayRef<llvm::Value*>, llvm::ArrayRef<llvm::OperandBundleDefT<llvm::Value*> >, const llvm::Twine&)'
[INFO] [stderr]    1032 |   InvokeInst *CreateInvoke(FunctionType *Ty, Value *Callee,
[INFO] [stderr]         |               ^~~~~~~~~~~~
[INFO] [stderr]   /usr/include/llvm-14/llvm/IR/IRBuilder.h:1032:15: note:   candidate expects 7 arguments, 4 provided
[INFO] [stderr]   /usr/include/llvm-14/llvm/IR/IRBuilder.h:1043:15: note: candidate: 'llvm::InvokeInst* llvm::IRBuilderBase::CreateInvoke(llvm::FunctionType*, llvm::Value*, llvm::BasicBlock*, llvm::BasicBlock*, llvm::ArrayRef<llvm::Value*>, const llvm::Twine&)'
[INFO] [stderr]    1043 |   InvokeInst *CreateInvoke(FunctionType *Ty, Value *Callee,
[INFO] [stderr]         |               ^~~~~~~~~~~~
[INFO] [stderr]   /usr/include/llvm-14/llvm/IR/IRBuilder.h:1043:42: note:   no known conversion for argument 1 from 'llvm::Value*' to 'llvm::FunctionType*'
[INFO] [stderr]    1043 |   InvokeInst *CreateInvoke(FunctionType *Ty, Value *Callee,
[INFO] [stderr]         |                            ~~~~~~~~~~~~~~^~
[INFO] [stderr]   /usr/include/llvm-14/llvm/IR/IRBuilder.h:1054:15: note: candidate: 'llvm::InvokeInst* llvm::IRBuilderBase::CreateInvoke(llvm::FunctionCallee, llvm::BasicBlock*, llvm::BasicBlock*, llvm::ArrayRef<llvm::Value*>, llvm::ArrayRef<llvm::OperandBundleDefT<llvm::Value*> >, const llvm::Twine&)'
[INFO] [stderr]    1054 |   InvokeInst *CreateInvoke(FunctionCallee Callee, BasicBlock *NormalDest,
[INFO] [stderr]         |               ^~~~~~~~~~~~
[INFO] [stderr]   /usr/include/llvm-14/llvm/IR/IRBuilder.h:1054:15: note:   candidate expects 6 arguments, 4 provided
[INFO] [stderr]   /usr/include/llvm-14/llvm/IR/IRBuilder.h:1062:15: note: candidate: 'llvm::InvokeInst* llvm::IRBuilderBase::CreateInvoke(llvm::FunctionCallee, llvm::BasicBlock*, llvm::BasicBlock*, llvm::ArrayRef<llvm::Value*>, const llvm::Twine&)'
[INFO] [stderr]    1062 |   InvokeInst *CreateInvoke(FunctionCallee Callee, BasicBlock *NormalDest,
[INFO] [stderr]         |               ^~~~~~~~~~~~
[INFO] [stderr]   /usr/include/llvm-14/llvm/IR/IRBuilder.h:1062:43: note:   no known conversion for argument 1 from 'llvm::Value*' to 'llvm::FunctionCallee'
[INFO] [stderr]    1062 |   InvokeInst *CreateInvoke(FunctionCallee Callee, BasicBlock *NormalDest,
[INFO] [stderr]         |                            ~~~~~~~~~~~~~~~^~~~~~
[INFO] [stderr]   In file included from /opt/rustwide/workdir/wavm/Lib/LLVMJIT/EmitFunctionContext.h:3,
[INFO] [stderr]                    from /opt/rustwide/workdir/wavm/Lib/LLVMJIT/EmitExceptions.cpp:4:
[INFO] [stderr]   /opt/rustwide/workdir/wavm/Lib/LLVMJIT/EmitContext.h:194:84: error: no matching function for call to 'llvm::IRBuilder<>::CreateInBoundsGEP(llvm::Value*&, <brace-enclosed initializer list>)'
[INFO] [stderr]     194 |                                                         irBuilder.CreateInBoundsGEP(newContextPointer,
[INFO] [stderr]         |                                                         ~~~~~~~~~~~~~~~~~~~~~~~~~~~^~~~~~~~~~~~~~~~~~~
[INFO] [stderr]     195 |                                                                                                                 {emitLiteral(llvmContext, resultOffset)}),
[INFO] [stderr]         |                                                                                                                 ~~~~~~~~~~~~~~~~~~~~~~~~~~~~~~~~~~~~~~~~~
[INFO] [stderr]   In file included from /opt/rustwide/workdir/wavm/Lib/LLVMJIT/LLVMJITPrivate.h:32,
[INFO] [stderr]                    from /opt/rustwide/workdir/wavm/Lib/LLVMJIT/EmitContext.h:3,
[INFO] [stderr]                    from /opt/rustwide/workdir/wavm/Lib/LLVMJIT/EmitFunctionContext.h:3,
[INFO] [stderr]                    from /opt/rustwide/workdir/wavm/Lib/LLVMJIT/EmitExceptions.cpp:4:
[INFO] [stderr]   /usr/include/llvm-14/llvm/IR/IRBuilder.h:1742:10: note: candidate: 'llvm::Value* llvm::IRBuilderBase::CreateInBoundsGEP(llvm::Type*, llvm::Value*, llvm::ArrayRef<llvm::Value*>, const llvm::Twine&)'
[INFO] [stderr]    1742 |   Value *CreateInBoundsGEP(Type *Ty, Value *Ptr, ArrayRef<Value *> IdxList,
[INFO] [stderr]         |          ^~~~~~~~~~~~~~~~~
[INFO] [stderr]   /usr/include/llvm-14/llvm/IR/IRBuilder.h:1742:10: note:   candidate expects 4 arguments, 2 provided
[INFO] [stderr]   /usr/include/llvm-14/llvm/IR/IRBuilder.h:1755:10: note: candidate: 'llvm::Value* llvm::IRBuilderBase::CreateInBoundsGEP(llvm::Type*, llvm::Value*, llvm::Value*, const llvm::Twine&)'
[INFO] [stderr]    1755 |   Value *CreateInBoundsGEP(Type *Ty, Value *Ptr, Value *Idx,
[INFO] [stderr]         |          ^~~~~~~~~~~~~~~~~
[INFO] [stderr]   /usr/include/llvm-14/llvm/IR/IRBuilder.h:1755:10: note:   candidate expects 4 arguments, 2 provided
[INFO] [stderr]   In file included from /opt/rustwide/workdir/wavm/Lib/LLVMJIT/EmitFunctionContext.h:3,
[INFO] [stderr]                    from /opt/rustwide/workdir/wavm/Lib/LLVMJIT/EmitExceptions.cpp:4:
[INFO] [stderr]   /opt/rustwide/workdir/wavm/Lib/LLVMJIT/EmitContext.h:248:76: error: no matching function for call to 'llvm::IRBuilder<>::CreateInBoundsGEP(llvm::Value*&, <brace-enclosed initializer list>)'
[INFO] [stderr]     248 |                                                 irBuilder.CreateInBoundsGEP(
[INFO] [stderr]         |                                                 ~~~~~~~~~~~~~~~~~~~~~~~~~~~^
[INFO] [stderr]     249 |                                                         resultsArray,
[INFO] [stderr]         |                                                         ~~~~~~~~~~~~~       
[INFO] [stderr]     250 |                                                         {emitLiteral(llvmContext, resultIndex * sizeof(IR::UntaggedValue))}),
[INFO] [stderr]         |                                                         ~~~~~~~~~~~~~~~~~~~~~~~~~~~~~~~~~~~~~~~~~~~~~~~~~~~~~~~~~~~~~~~~~~~~
[INFO] [stderr]   In file included from /opt/rustwide/workdir/wavm/Lib/LLVMJIT/LLVMJITPrivate.h:32,
[INFO] [stderr]                    from /opt/rustwide/workdir/wavm/Lib/LLVMJIT/EmitContext.h:3,
[INFO] [stderr]                    from /opt/rustwide/workdir/wavm/Lib/LLVMJIT/EmitFunctionContext.h:3,
[INFO] [stderr]                    from /opt/rustwide/workdir/wavm/Lib/LLVMJIT/EmitExceptions.cpp:4:
[INFO] [stderr]   /usr/include/llvm-14/llvm/IR/IRBuilder.h:1742:10: note: candidate: 'llvm::Value* llvm::IRBuilderBase::CreateInBoundsGEP(llvm::Type*, llvm::Value*, llvm::ArrayRef<llvm::Value*>, const llvm::Twine&)'
[INFO] [stderr]    1742 |   Value *CreateInBoundsGEP(Type *Ty, Value *Ptr, ArrayRef<Value *> IdxList,
[INFO] [stderr]         |          ^~~~~~~~~~~~~~~~~
[INFO] [stderr]   /usr/include/llvm-14/llvm/IR/IRBuilder.h:1742:10: note:   candidate expects 4 arguments, 2 provided
[INFO] [stderr]   /usr/include/llvm-14/llvm/IR/IRBuilder.h:1755:10: note: candidate: 'llvm::Value* llvm::IRBuilderBase::CreateInBoundsGEP(llvm::Type*, llvm::Value*, llvm::Value*, const llvm::Twine&)'
[INFO] [stderr]    1755 |   Value *CreateInBoundsGEP(Type *Ty, Value *Ptr, Value *Idx,
[INFO] [stderr]         |          ^~~~~~~~~~~~~~~~~
[INFO] [stderr]   /usr/include/llvm-14/llvm/IR/IRBuilder.h:1755:10: note:   candidate expects 4 arguments, 2 provided
[INFO] [stderr]   In file included from /opt/rustwide/workdir/wavm/Lib/LLVMJIT/EmitFunctionContext.h:3,
[INFO] [stderr]                    from /opt/rustwide/workdir/wavm/Lib/LLVMJIT/EmitExceptions.cpp:4:
[INFO] [stderr]   /opt/rustwide/workdir/wavm/Lib/LLVMJIT/EmitContext.h: In member function 'void WAVM::LLVMJIT::EmitContext::emitReturn(WAVM::IR::TypeTuple, const llvm::ArrayRef<llvm::Value*>&)':
[INFO] [stderr]   /opt/rustwide/workdir/wavm/Lib/LLVMJIT/EmitContext.h:272:67: error: no matching function for call to 'llvm::IRBuilder<>::CreateLoad(llvm::Value*&)'
[INFO] [stderr]     272 |                                 returnStruct, irBuilder.CreateLoad(contextPointerVariable), {U32(0)});
[INFO] [stderr]         |                                               ~~~~~~~~~~~~~~~~~~~~^~~~~~~~~~~~~~~~~~~~~~~~
[INFO] [stderr]   In file included from /opt/rustwide/workdir/wavm/Lib/LLVMJIT/LLVMJITPrivate.h:32,
[INFO] [stderr]                    from /opt/rustwide/workdir/wavm/Lib/LLVMJIT/EmitContext.h:3,
[INFO] [stderr]                    from /opt/rustwide/workdir/wavm/Lib/LLVMJIT/EmitFunctionContext.h:3,
[INFO] [stderr]                    from /opt/rustwide/workdir/wavm/Lib/LLVMJIT/EmitExceptions.cpp:4:
[INFO] [stderr]   /usr/include/llvm-14/llvm/IR/IRBuilder.h:1659:13: note: candidate: 'llvm::LoadInst* llvm::IRBuilderBase::CreateLoad(llvm::Type*, llvm::Value*, const char*)'
[INFO] [stderr]    1659 |   LoadInst *CreateLoad(Type *Ty, Value *Ptr, const char *Name) {
[INFO] [stderr]         |             ^~~~~~~~~~
[INFO] [stderr]   /usr/include/llvm-14/llvm/IR/IRBuilder.h:1659:13: note:   candidate expects 3 arguments, 1 provided
[INFO] [stderr]   /usr/include/llvm-14/llvm/IR/IRBuilder.h:1663:13: note: candidate: 'llvm::LoadInst* llvm::IRBuilderBase::CreateLoad(llvm::Type*, llvm::Value*, const llvm::Twine&)'
[INFO] [stderr]    1663 |   LoadInst *CreateLoad(Type *Ty, Value *Ptr, const Twine &Name = "") {
[INFO] [stderr]         |             ^~~~~~~~~~
[INFO] [stderr]   /usr/include/llvm-14/llvm/IR/IRBuilder.h:1663:13: note:   candidate expects 3 arguments, 1 provided
[INFO] [stderr]   /usr/include/llvm-14/llvm/IR/IRBuilder.h:1667:13: note: candidate: 'llvm::LoadInst* llvm::IRBuilderBase::CreateLoad(llvm::Type*, llvm::Value*, bool, const llvm::Twine&)'
[INFO] [stderr]    1667 |   LoadInst *CreateLoad(Type *Ty, Value *Ptr, bool isVolatile,
[INFO] [stderr]         |             ^~~~~~~~~~
[INFO] [stderr]   /usr/include/llvm-14/llvm/IR/IRBuilder.h:1667:13: note:   candidate expects 4 arguments, 1 provided
[INFO] [stderr]   In file included from /opt/rustwide/workdir/wavm/Lib/LLVMJIT/EmitFunctionContext.h:3,
[INFO] [stderr]                    from /opt/rustwide/workdir/wavm/Lib/LLVMJIT/EmitExceptions.cpp:4:
[INFO] [stderr]   /opt/rustwide/workdir/wavm/Lib/LLVMJIT/EmitContext.h:300:119: error: no matching function for call to 'llvm::IRBuilder<>::CreateLoad(llvm::Value*&)'
[INFO] [stderr]     300 |                                                                                                   irBuilder.CreateLoad(contextPointerVariable),
[INFO] [stderr]         |                                                                                                   ~~~~~~~~~~~~~~~~~~~~^~~~~~~~~~~~~~~~~~~~~~~~
[INFO] [stderr]   In file included from /opt/rustwide/workdir/wavm/Lib/LLVMJIT/LLVMJITPrivate.h:32,
[INFO] [stderr]                    from /opt/rustwide/workdir/wavm/Lib/LLVMJIT/EmitContext.h:3,
[INFO] [stderr]                    from /opt/rustwide/workdir/wavm/Lib/LLVMJIT/EmitFunctionContext.h:3,
[INFO] [stderr]                    from /opt/rustwide/workdir/wavm/Lib/LLVMJIT/EmitExceptions.cpp:4:
[INFO] [stderr]   /usr/include/llvm-14/llvm/IR/IRBuilder.h:1659:13: note: candidate: 'llvm::LoadInst* llvm::IRBuilderBase::CreateLoad(llvm::Type*, llvm::Value*, const char*)'
[INFO] [stderr]    1659 |   LoadInst *CreateLoad(Type *Ty, Value *Ptr, const char *Name) {
[INFO] [stderr]         |             ^~~~~~~~~~
[INFO] [stderr]   /usr/include/llvm-14/llvm/IR/IRBuilder.h:1659:13: note:   candidate expects 3 arguments, 1 provided
[INFO] [stderr]   /usr/include/llvm-14/llvm/IR/IRBuilder.h:1663:13: note: candidate: 'llvm::LoadInst* llvm::IRBuilderBase::CreateLoad(llvm::Type*, llvm::Value*, const llvm::Twine&)'
[INFO] [stderr]    1663 |   LoadInst *CreateLoad(Type *Ty, Value *Ptr, const Twine &Name = "") {
[INFO] [stderr]         |             ^~~~~~~~~~
[INFO] [stderr]   /usr/include/llvm-14/llvm/IR/IRBuilder.h:1663:13: note:   candidate expects 3 arguments, 1 provided
[INFO] [stderr]   /usr/include/llvm-14/llvm/IR/IRBuilder.h:1667:13: note: candidate: 'llvm::LoadInst* llvm::IRBuilderBase::CreateLoad(llvm::Type*, llvm::Value*, bool, const llvm::Twine&)'
[INFO] [stderr]    1667 |   LoadInst *CreateLoad(Type *Ty, Value *Ptr, bool isVolatile,
[INFO] [stderr]         |             ^~~~~~~~~~
[INFO] [stderr]   /usr/include/llvm-14/llvm/IR/IRBuilder.h:1667:13: note:   candidate expects 4 arguments, 1 provided
[INFO] [stderr]   /opt/rustwide/workdir/wavm/Lib/LLVMJIT/EmitExceptions.cpp: In member function 'void WAVM::LLVMJIT::EmitFunctionContext::try_(WAVM::IR::ControlStructureImm)':
[INFO] [stderr]   /opt/rustwide/workdir/wavm/Lib/LLVMJIT/EmitExceptions.cpp:164:52: error: no matching function for call to 'llvm::IRBuilder<>::CreateInBoundsGEP(llvm::Value*&, <brace-enclosed initializer list>)'
[INFO] [stderr]     164 |                         irBuilder.CreateInBoundsGEP(
[INFO] [stderr]         |                         ~~~~~~~~~~~~~~~~~~~~~~~~~~~^
[INFO] [stderr]     165 |                                 exceptionPointer, {emitLiteral(llvmContext, Uptr(offsetof(Exception, typeId)))}),
[INFO] [stderr]         |                                 ~~~~~~~~~~~~~~~~~~~~~~~~~~~~~~~~~~~~~~~~~~~~~~~~~~~~~~~~~~~~~~~~~~~~~~~~~~~~~~~~
[INFO] [stderr]   In file included from /opt/rustwide/workdir/wavm/Lib/LLVMJIT/LLVMJITPrivate.h:32,
[INFO] [stderr]                    from /opt/rustwide/workdir/wavm/Lib/LLVMJIT/EmitContext.h:3,
[INFO] [stderr]                    from /opt/rustwide/workdir/wavm/Lib/LLVMJIT/EmitFunctionContext.h:3,
[INFO] [stderr]                    from /opt/rustwide/workdir/wavm/Lib/LLVMJIT/EmitExceptions.cpp:4:
[INFO] [stderr]   /usr/include/llvm-14/llvm/IR/IRBuilder.h:1742:10: note: candidate: 'llvm::Value* llvm::IRBuilderBase::CreateInBoundsGEP(llvm::Type*, llvm::Value*, llvm::ArrayRef<llvm::Value*>, const llvm::Twine&)'
[INFO] [stderr]    1742 |   Value *CreateInBoundsGEP(Type *Ty, Value *Ptr, ArrayRef<Value *> IdxList,
[INFO] [stderr]         |          ^~~~~~~~~~~~~~~~~
[INFO] [stderr]   /usr/include/llvm-14/llvm/IR/IRBuilder.h:1742:10: note:   candidate expects 4 arguments, 2 provided
[INFO] [stderr]   /usr/include/llvm-14/llvm/IR/IRBuilder.h:1755:10: note: candidate: 'llvm::Value* llvm::IRBuilderBase::CreateInBoundsGEP(llvm::Type*, llvm::Value*, llvm::Value*, const llvm::Twine&)'
[INFO] [stderr]    1755 |   Value *CreateInBoundsGEP(Type *Ty, Value *Ptr, Value *Idx,
[INFO] [stderr]         |          ^~~~~~~~~~~~~~~~~
[INFO] [stderr]   /usr/include/llvm-14/llvm/IR/IRBuilder.h:1755:10: note:   candidate expects 4 arguments, 2 provided
[INFO] [stderr]   /opt/rustwide/workdir/wavm/Lib/LLVMJIT/EmitExceptions.cpp:191:52: error: no matching function for call to 'llvm::IRBuilder<>::CreateInBoundsGEP(llvm::CallInst*&, <brace-enclosed initializer list>)'
[INFO] [stderr]     191 |                         irBuilder.CreateInBoundsGEP(
[INFO] [stderr]         |                         ~~~~~~~~~~~~~~~~~~~~~~~~~~~^
[INFO] [stderr]     192 |                                 exceptionPointer, {emitLiteral(llvmContext, Uptr(offsetof(Exception, typeId)))}),
[INFO] [stderr]         |                                 ~~~~~~~~~~~~~~~~~~~~~~~~~~~~~~~~~~~~~~~~~~~~~~~~~~~~~~~~~~~~~~~~~~~~~~~~~~~~~~~~
[INFO] [stderr]   In file included from /opt/rustwide/workdir/wavm/Lib/LLVMJIT/LLVMJITPrivate.h:32,
[INFO] [stderr]                    from /opt/rustwide/workdir/wavm/Lib/LLVMJIT/EmitContext.h:3,
[INFO] [stderr]                    from /opt/rustwide/workdir/wavm/Lib/LLVMJIT/EmitFunctionContext.h:3,
[INFO] [stderr]                    from /opt/rustwide/workdir/wavm/Lib/LLVMJIT/EmitExceptions.cpp:4:
[INFO] [stderr]   /usr/include/llvm-14/llvm/IR/IRBuilder.h:1742:10: note: candidate: 'llvm::Value* llvm::IRBuilderBase::CreateInBoundsGEP(llvm::Type*, llvm::Value*, llvm::ArrayRef<llvm::Value*>, const llvm::Twine&)'
[INFO] [stderr]    1742 |   Value *CreateInBoundsGEP(Type *Ty, Value *Ptr, ArrayRef<Value *> IdxList,
[INFO] [stderr]         |          ^~~~~~~~~~~~~~~~~
[INFO] [stderr]   /usr/include/llvm-14/llvm/IR/IRBuilder.h:1742:10: note:   candidate expects 4 arguments, 2 provided
[INFO] [stderr]   /usr/include/llvm-14/llvm/IR/IRBuilder.h:1755:10: note: candidate: 'llvm::Value* llvm::IRBuilderBase::CreateInBoundsGEP(llvm::Type*, llvm::Value*, llvm::Value*, const llvm::Twine&)'
[INFO] [stderr]    1755 |   Value *CreateInBoundsGEP(Type *Ty, Value *Ptr, Value *Idx,
[INFO] [stderr]         |          ^~~~~~~~~~~~~~~~~
[INFO] [stderr]   /usr/include/llvm-14/llvm/IR/IRBuilder.h:1755:10: note:   candidate expects 4 arguments, 2 provided
[INFO] [stderr]   /opt/rustwide/workdir/wavm/Lib/LLVMJIT/EmitExceptions.cpp: In member function 'void WAVM::LLVMJIT::EmitFunctionContext::catch_(WAVM::IR::ExceptionTypeImm)':
[INFO] [stderr]   /opt/rustwide/workdir/wavm/Lib/LLVMJIT/EmitExceptions.cpp:263:52: error: no matching function for call to 'llvm::IRBuilder<>::CreateInBoundsGEP(llvm::Value*&, <brace-enclosed initializer list>)'
[INFO] [stderr]     263 |                         irBuilder.CreateInBoundsGEP(catchContext.exceptionPointer,
[INFO] [stderr]         |                         ~~~~~~~~~~~~~~~~~~~~~~~~~~~^~~~~~~~~~~~~~~~~~~~~~~~~~~~~~~
[INFO] [stderr]     264 |                                                                                 {emitLiteral(llvmContext, argOffset)}),
[INFO] [stderr]         |                                                                                 ~~~~~~~~~~~~~~~~~~~~~~~~~~~~~~~~~~~~~~
[INFO] [stderr]   In file included from /opt/rustwide/workdir/wavm/Lib/LLVMJIT/LLVMJITPrivate.h:32,
[INFO] [stderr]                    from /opt/rustwide/workdir/wavm/Lib/LLVMJIT/EmitContext.h:3,
[INFO] [stderr]                    from /opt/rustwide/workdir/wavm/Lib/LLVMJIT/EmitFunctionContext.h:3,
[INFO] [stderr]                    from /opt/rustwide/workdir/wavm/Lib/LLVMJIT/EmitExceptions.cpp:4:
[INFO] [stderr]   /usr/include/llvm-14/llvm/IR/IRBuilder.h:1742:10: note: candidate: 'llvm::Value* llvm::IRBuilderBase::CreateInBoundsGEP(llvm::Type*, llvm::Value*, llvm::ArrayRef<llvm::Value*>, const llvm::Twine&)'
[INFO] [stderr]    1742 |   Value *CreateInBoundsGEP(Type *Ty, Value *Ptr, ArrayRef<Value *> IdxList,
[INFO] [stderr]         |          ^~~~~~~~~~~~~~~~~
[INFO] [stderr]   /usr/include/llvm-14/llvm/IR/IRBuilder.h:1742:10: note:   candidate expects 4 arguments, 2 provided
[INFO] [stderr]   /usr/include/llvm-14/llvm/IR/IRBuilder.h:1755:10: note: candidate: 'llvm::Value* llvm::IRBuilderBase::CreateInBoundsGEP(llvm::Type*, llvm::Value*, llvm::Value*, const llvm::Twine&)'
[INFO] [stderr]    1755 |   Value *CreateInBoundsGEP(Type *Ty, Value *Ptr, Value *Idx,
[INFO] [stderr]         |          ^~~~~~~~~~~~~~~~~
[INFO] [stderr]   /usr/include/llvm-14/llvm/IR/IRBuilder.h:1755:10: note:   candidate expects 4 arguments, 2 provided
[INFO] [stderr]   /opt/rustwide/workdir/wavm/Lib/LLVMJIT/EmitExceptions.cpp: In member function 'void WAVM::LLVMJIT::EmitFunctionContext::catch_all(WAVM::IR::NoImm)':
[INFO] [stderr]   /opt/rustwide/workdir/wavm/Lib/LLVMJIT/EmitExceptions.cpp:297:52: error: no matching function for call to 'llvm::IRBuilder<>::CreateInBoundsGEP(llvm::Value*&, <brace-enclosed initializer list>)'
[INFO] [stderr]     297 |                         irBuilder.CreateInBoundsGEP(
[INFO] [stderr]         |                         ~~~~~~~~~~~~~~~~~~~~~~~~~~~^
[INFO] [stderr]     298 |                                 catchContext.exceptionPointer,
[INFO] [stderr]         |                                 ~~~~~~~~~~~~~~~~~~~~~~~~~~~~~~
[INFO] [stderr]     299 |                                 {emitLiteral(llvmContext, Uptr(offsetof(Exception, isUserException)))}),
[INFO] [stderr]         |                                 ~~~~~~~~~~~~~~~~~~~~~~~~~~~~~~~~~~~~~~~~~~~~~~~~~~~~~~~~~~~~~~~~~~~~~~~
[INFO] [stderr]   In file included from /opt/rustwide/workdir/wavm/Lib/LLVMJIT/LLVMJITPrivate.h:32,
[INFO] [stderr]                    from /opt/rustwide/workdir/wavm/Lib/LLVMJIT/EmitContext.h:3,
[INFO] [stderr]                    from /opt/rustwide/workdir/wavm/Lib/LLVMJIT/EmitFunctionContext.h:3,
[INFO] [stderr]                    from /opt/rustwide/workdir/wavm/Lib/LLVMJIT/EmitExceptions.cpp:4:
[INFO] [stderr]   /usr/include/llvm-14/llvm/IR/IRBuilder.h:1742:10: note: candidate: 'llvm::Value* llvm::IRBuilderBase::CreateInBoundsGEP(llvm::Type*, llvm::Value*, llvm::ArrayRef<llvm::Value*>, const llvm::Twine&)'
[INFO] [stderr]    1742 |   Value *CreateInBoundsGEP(Type *Ty, Value *Ptr, ArrayRef<Value *> IdxList,
[INFO] [stderr]         |          ^~~~~~~~~~~~~~~~~
[INFO] [stderr]   /usr/include/llvm-14/llvm/IR/IRBuilder.h:1742:10: note:   candidate expects 4 arguments, 2 provided
[INFO] [stderr]   /usr/include/llvm-14/llvm/IR/IRBuilder.h:1755:10: note: candidate: 'llvm::Value* llvm::IRBuilderBase::CreateInBoundsGEP(llvm::Type*, llvm::Value*, llvm::Value*, const llvm::Twine&)'
[INFO] [stderr]    1755 |   Value *CreateInBoundsGEP(Type *Ty, Value *Ptr, Value *Idx,
[INFO] [stderr]         |          ^~~~~~~~~~~~~~~~~
[INFO] [stderr]   /usr/include/llvm-14/llvm/IR/IRBuilder.h:1755:10: note:   candidate expects 4 arguments, 2 provided
[INFO] [stderr]   /opt/rustwide/workdir/wavm/Lib/LLVMJIT/EmitExceptions.cpp: In member function 'void WAVM::LLVMJIT::EmitFunctionContext::throw_(WAVM::IR::ExceptionTypeImm)':
[INFO] [stderr]   /opt/rustwide/workdir/wavm/Lib/LLVMJIT/EmitExceptions.cpp:323:38: error: cannot convert 'long unsigned int' to 'llvm::Align'
[INFO] [stderr]     323 |         argBaseAddress->setAlignment(sizeof(UntaggedValue));
[INFO] [stderr]         |                                      ^~~~~~~~~~~~~~~~~~~~~
[INFO] [stderr]         |                                      |
[INFO] [stderr]         |                                      long unsigned int
[INFO] [stderr]   In file included from /usr/include/llvm-14/llvm/IR/IRBuilder.h:36,
[INFO] [stderr]                    from /opt/rustwide/workdir/wavm/Lib/LLVMJIT/LLVMJITPrivate.h:32,
[INFO] [stderr]                    from /opt/rustwide/workdir/wavm/Lib/LLVMJIT/EmitContext.h:3,
[INFO] [stderr]                    from /opt/rustwide/workdir/wavm/Lib/LLVMJIT/EmitFunctionContext.h:3,
[INFO] [stderr]                    from /opt/rustwide/workdir/wavm/Lib/LLVMJIT/EmitExceptions.cpp:4:
[INFO] [stderr]   /usr/include/llvm-14/llvm/IR/Instructions.h:126:27: note:   initializing argument 1 of 'void llvm::AllocaInst::setAlignment(llvm::Align)'
[INFO] [stderr]     126 |   void setAlignment(Align Align) {
[INFO] [stderr]         |                     ~~~~~~^~~~~
[INFO] [stderr]   /opt/rustwide/workdir/wavm/Lib/LLVMJIT/EmitExceptions.cpp:331:60: error: no matching function for call to 'llvm::IRBuilder<>::CreateInBoundsGEP(llvm::AllocaInst*&, <brace-enclosed initializer list>)'
[INFO] [stderr]     331 |                                 irBuilder.CreateInBoundsGEP(
[INFO] [stderr]         |                                 ~~~~~~~~~~~~~~~~~~~~~~~~~~~^
[INFO] [stderr]     332 |                                         argBaseAddress,
[INFO] [stderr]         |                                         ~~~~~~~~~~~~~~~     
[INFO] [stderr]     333 |                                         {emitLiteral(llvmContext, (numArgs - argIndex - 1) * sizeof(UntaggedValue))}),
[INFO] [stderr]         |                                         ~~~~~~~~~~~~~~~~~~~~~~~~~~~~~~~~~~~~~~~~~~~~~~~~~~~~~~~~~~~~~~~~~~~~~~~~~~~~~
[INFO] [stderr]   In file included from /opt/rustwide/workdir/wavm/Lib/LLVMJIT/LLVMJITPrivate.h:32,
[INFO] [stderr]                    from /opt/rustwide/workdir/wavm/Lib/LLVMJIT/EmitContext.h:3,
[INFO] [stderr]                    from /opt/rustwide/workdir/wavm/Lib/LLVMJIT/EmitFunctionContext.h:3,
[INFO] [stderr]                    from /opt/rustwide/workdir/wavm/Lib/LLVMJIT/EmitExceptions.cpp:4:
[INFO] [stderr]   /usr/include/llvm-14/llvm/IR/IRBuilder.h:1742:10: note: candidate: 'llvm::Value* llvm::IRBuilderBase::CreateInBoundsGEP(llvm::Type*, llvm::Value*, llvm::ArrayRef<llvm::Value*>, const llvm::Twine&)'
[INFO] [stderr]    1742 |   Value *CreateInBoundsGEP(Type *Ty, Value *Ptr, ArrayRef<Value *> IdxList,
[INFO] [stderr]         |          ^~~~~~~~~~~~~~~~~
[INFO] [stderr]   /usr/include/llvm-14/llvm/IR/IRBuilder.h:1742:10: note:   candidate expects 4 arguments, 2 provided
[INFO] [stderr]   /usr/include/llvm-14/llvm/IR/IRBuilder.h:1755:10: note: candidate: 'llvm::Value* llvm::IRBuilderBase::CreateInBoundsGEP(llvm::Type*, llvm::Value*, llvm::Value*, const llvm::Twine&)'
[INFO] [stderr]    1755 |   Value *CreateInBoundsGEP(Type *Ty, Value *Ptr, Value *Idx,
[INFO] [stderr]         |          ^~~~~~~~~~~~~~~~~
[INFO] [stderr]   /usr/include/llvm-14/llvm/IR/IRBuilder.h:1755:10: note:   candidate expects 4 arguments, 2 provided
[INFO] [stderr]   In file included from /opt/rustwide/workdir/wavm/Lib/LLVMJIT/EmitContext.h:3,
[INFO] [stderr]                    from /opt/rustwide/workdir/wavm/Lib/LLVMJIT/EmitNumeric.cpp:2:
[INFO] [stderr]   /opt/rustwide/workdir/wavm/Lib/LLVMJIT/LLVMJITPrivate.h: In function 'void WAVM::LLVMJIT::setFunctionAttributes(llvm::TargetMachine*, llvm::Function*)':
[INFO] [stderr]   /opt/rustwide/workdir/wavm/Lib/LLVMJIT/LLVMJITPrivate.h:320:39: error: 'class llvm::AttributeList' has no member named 'addAttribute'; did you mean 'addFnAttribute'?
[INFO] [stderr]     320 |                         attrs = attrs.addAttribute(function->getContext(),
[INFO] [stderr]         |                                       ^~~~~~~~~~~~
[INFO] [stderr]         |                                       addFnAttribute
[INFO] [stderr]   /opt/rustwide/workdir/wavm/Lib/LLVMJIT/LLVMJITPrivate.h:327:39: error: 'class llvm::AttributeList' has no member named 'addAttribute'; did you mean 'addFnAttribute'?
[INFO] [stderr]     327 |                         attrs = attrs.addAttribute(function->getContext(),
[INFO] [stderr]         |                                       ^~~~~~~~~~~~
[INFO] [stderr]         |                                       addFnAttribute
[INFO] [stderr]   In file included from /opt/rustwide/workdir/wavm/Lib/LLVMJIT/EmitNumeric.cpp:2:
[INFO] [stderr]   /opt/rustwide/workdir/wavm/Lib/LLVMJIT/EmitContext.h: In member function 'llvm::Value* WAVM::LLVMJIT::EmitContext::loadFromUntypedPointer(llvm::Value*, llvm::Type*, WAVM::U32)':
[INFO] [stderr]   /opt/rustwide/workdir/wavm/Lib/LLVMJIT/EmitContext.h:38:57: error: no matching function for call to 'llvm::IRBuilder<>::CreateLoad(llvm::Value*)'
[INFO] [stderr]      38 |                         auto load = irBuilder.CreateLoad(
[INFO] [stderr]         |                                     ~~~~~~~~~~~~~~~~~~~~^
[INFO] [stderr]      39 |                                 irBuilder.CreatePointerCast(pointer, valueType->getPointerTo()));
[INFO] [stderr]         |                                 ~~~~~~~~~~~~~~~~~~~~~~~~~~~~~~~~~~~~~~~~~~~~~~~~~~~~~~~~~~~~~~~~
[INFO] [stderr]   In file included from /opt/rustwide/workdir/wavm/Lib/LLVMJIT/LLVMJITPrivate.h:32,
[INFO] [stderr]                    from /opt/rustwide/workdir/wavm/Lib/LLVMJIT/EmitContext.h:3,
[INFO] [stderr]                    from /opt/rustwide/workdir/wavm/Lib/LLVMJIT/EmitNumeric.cpp:2:
[INFO] [stderr]   /usr/include/llvm-14/llvm/IR/IRBuilder.h:1659:13: note: candidate: 'llvm::LoadInst* llvm::IRBuilderBase::CreateLoad(llvm::Type*, llvm::Value*, const char*)'
[INFO] [stderr]    1659 |   LoadInst *CreateLoad(Type *Ty, Value *Ptr, const char *Name) {
[INFO] [stderr]         |             ^~~~~~~~~~
[INFO] [stderr]   /usr/include/llvm-14/llvm/IR/IRBuilder.h:1659:13: note:   candidate expects 3 arguments, 1 provided
[INFO] [stderr]   /usr/include/llvm-14/llvm/IR/IRBuilder.h:1663:13: note: candidate: 'llvm::LoadInst* llvm::IRBuilderBase::CreateLoad(llvm::Type*, llvm::Value*, const llvm::Twine&)'
[INFO] [stderr]    1663 |   LoadInst *CreateLoad(Type *Ty, Value *Ptr, const Twine &Name = "") {
[INFO] [stderr]         |             ^~~~~~~~~~
[INFO] [stderr]   /usr/include/llvm-14/llvm/IR/IRBuilder.h:1663:13: note:   candidate expects 3 arguments, 1 provided
[INFO] [stderr]   /usr/include/llvm-14/llvm/IR/IRBuilder.h:1667:13: note: candidate: 'llvm::LoadInst* llvm::IRBuilderBase::CreateLoad(llvm::Type*, llvm::Value*, bool, const llvm::Twine&)'
[INFO] [stderr]    1667 |   LoadInst *CreateLoad(Type *Ty, Value *Ptr, bool isVolatile,
[INFO] [stderr]         |             ^~~~~~~~~~
[INFO] [stderr]   /usr/include/llvm-14/llvm/IR/IRBuilder.h:1667:13: note:   candidate expects 4 arguments, 1 provided
[INFO] [stderr]   In file included from /opt/rustwide/workdir/wavm/Lib/LLVMJIT/EmitNumeric.cpp:2:
[INFO] [stderr]   /opt/rustwide/workdir/wavm/Lib/LLVMJIT/EmitContext.h: In member function 'void WAVM::LLVMJIT::EmitContext::storeToUntypedPointer(llvm::Value*, llvm::Value*, WAVM::U32)':
[INFO] [stderr]   /opt/rustwide/workdir/wavm/Lib/LLVMJIT/EmitContext.h:48:45: error: cannot convert 'WAVM::U32' {aka 'unsigned int'} to 'llvm::Align'
[INFO] [stderr]      48 |                         store->setAlignment(alignment);
[INFO] [stderr]         |                                             ^~~~~~~~~
[INFO] [stderr]         |                                             |
[INFO] [stderr]         |                                             WAVM::U32 {aka unsigned int}
[INFO] [stderr]   In file included from /usr/include/llvm-14/llvm/IR/IRBuilder.h:36,
[INFO] [stderr]                    from /opt/rustwide/workdir/wavm/Lib/LLVMJIT/LLVMJITPrivate.h:32,
[INFO] [stderr]                    from /opt/rustwide/workdir/wavm/Lib/LLVMJIT/EmitContext.h:3,
[INFO] [stderr]                    from /opt/rustwide/workdir/wavm/Lib/LLVMJIT/EmitNumeric.cpp:2:
[INFO] [stderr]   /usr/include/llvm-14/llvm/IR/Instructions.h:359:27: note:   initializing argument 1 of 'void llvm::StoreInst::setAlignment(llvm::Align)'
[INFO] [stderr]     359 |   void setAlignment(Align Align) {
[INFO] [stderr]         |                     ~~~~~~^~~~~
[INFO] [stderr]   In file included from /opt/rustwide/workdir/wavm/Lib/LLVMJIT/EmitNumeric.cpp:2:
[INFO] [stderr]   /opt/rustwide/workdir/wavm/Lib/LLVMJIT/EmitContext.h: In member function 'llvm::Value* WAVM::LLVMJIT::EmitContext::getCompartmentAddress()':
[INFO] [stderr]   /opt/rustwide/workdir/wavm/Lib/LLVMJIT/EmitContext.h:57:86: error: no matching function for call to 'llvm::IRBuilder<>::CreateLoad(llvm::Value*&)'
[INFO] [stderr]      57 |                                         irBuilder.CreatePtrToInt(irBuilder.CreateLoad(contextPointerVariable),
[INFO] [stderr]         |                                                                  ~~~~~~~~~~~~~~~~~~~~^~~~~~~~~~~~~~~~~~~~~~~~
[INFO] [stderr]   In file included from /opt/rustwide/workdir/wavm/Lib/LLVMJIT/LLVMJITPrivate.h:32,
[INFO] [stderr]                    from /opt/rustwide/workdir/wavm/Lib/LLVMJIT/EmitContext.h:3,
[INFO] [stderr]                    from /opt/rustwide/workdir/wavm/Lib/LLVMJIT/EmitNumeric.cpp:2:
[INFO] [stderr]   /usr/include/llvm-14/llvm/IR/IRBuilder.h:1659:13: note: candidate: 'llvm::LoadInst* llvm::IRBuilderBase::CreateLoad(llvm::Type*, llvm::Value*, const char*)'
[INFO] [stderr]    1659 |   LoadInst *CreateLoad(Type *Ty, Value *Ptr, const char *Name) {
[INFO] [stderr]         |             ^~~~~~~~~~
[INFO] [stderr]   /usr/include/llvm-14/llvm/IR/IRBuilder.h:1659:13: note:   candidate expects 3 arguments, 1 provided
[INFO] [stderr]   /usr/include/llvm-14/llvm/IR/IRBuilder.h:1663:13: note: candidate: 'llvm::LoadInst* llvm::IRBuilderBase::CreateLoad(llvm::Type*, llvm::Value*, const llvm::Twine&)'
[INFO] [stderr]    1663 |   LoadInst *CreateLoad(Type *Ty, Value *Ptr, const Twine &Name = "") {
[INFO] [stderr]         |             ^~~~~~~~~~
[INFO] [stderr]   /usr/include/llvm-14/llvm/IR/IRBuilder.h:1663:13: note:   candidate expects 3 arguments, 1 provided
[INFO] [stderr]   /usr/include/llvm-14/llvm/IR/IRBuilder.h:1667:13: note: candidate: 'llvm::LoadInst* llvm::IRBuilderBase::CreateLoad(llvm::Type*, llvm::Value*, bool, const llvm::Twine&)'
[INFO] [stderr]    1667 |   LoadInst *CreateLoad(Type *Ty, Value *Ptr, bool isVolatile,
[INFO] [stderr]         |             ^~~~~~~~~~
[INFO] [stderr]   /usr/include/llvm-14/llvm/IR/IRBuilder.h:1667:13: note:   candidate expects 4 arguments, 1 provided
[INFO] [stderr]   In file included from /opt/rustwide/workdir/wavm/Lib/LLVMJIT/EmitNumeric.cpp:2:
[INFO] [stderr]   /opt/rustwide/workdir/wavm/Lib/LLVMJIT/EmitContext.h: In member function 'void WAVM::LLVMJIT::EmitContext::reloadMemoryBases()':
[INFO] [stderr]   /opt/rustwide/workdir/wavm/Lib/LLVMJIT/EmitContext.h:74:76: error: no matching function for call to 'llvm::IRBuilder<>::CreateInBoundsGEP(llvm::Value*&, <brace-enclosed initializer list>)'
[INFO] [stderr]      74 |                                                 irBuilder.CreateInBoundsGEP(compartmentAddress, {memoryOffset}),
[INFO] [stderr]         |                                                 ~~~~~~~~~~~~~~~~~~~~~~~~~~~^~~~~~~~~~~~~~~~~~~~~~~~~~~~~~~~~~~~
[INFO] [stderr]   In file included from /opt/rustwide/workdir/wavm/Lib/LLVMJIT/LLVMJITPrivate.h:32,
[INFO] [stderr]                    from /opt/rustwide/workdir/wavm/Lib/LLVMJIT/EmitContext.h:3,
[INFO] [stderr]                    from /opt/rustwide/workdir/wavm/Lib/LLVMJIT/EmitNumeric.cpp:2:
[INFO] [stderr]   /usr/include/llvm-14/llvm/IR/IRBuilder.h:1742:10: note: candidate: 'llvm::Value* llvm::IRBuilderBase::CreateInBoundsGEP(llvm::Type*, llvm::Value*, llvm::ArrayRef<llvm::Value*>, const llvm::Twine&)'
[INFO] [stderr]    1742 |   Value *CreateInBoundsGEP(Type *Ty, Value *Ptr, ArrayRef<Value *> IdxList,
[INFO] [stderr]         |          ^~~~~~~~~~~~~~~~~
[INFO] [stderr]   /usr/include/llvm-14/llvm/IR/IRBuilder.h:1742:10: note:   candidate expects 4 arguments, 2 provided
[INFO] [stderr]   /usr/include/llvm-14/llvm/IR/IRBuilder.h:1755:10: note: candidate: 'llvm::Value* llvm::IRBuilderBase::CreateInBoundsGEP(llvm::Type*, llvm::Value*, llvm::Value*, const llvm::Twine&)'
[INFO] [stderr]    1755 |   Value *CreateInBoundsGEP(Type *Ty, Value *Ptr, Value *Idx,
[INFO] [stderr]         |          ^~~~~~~~~~~~~~~~~
[INFO] [stderr]   /usr/include/llvm-14/llvm/IR/IRBuilder.h:1755:10: note:   candidate expects 4 arguments, 2 provided
[INFO] [stderr]   In file included from /opt/rustwide/workdir/wavm/Lib/LLVMJIT/EmitNumeric.cpp:2:
[INFO] [stderr]   /opt/rustwide/workdir/wavm/Lib/LLVMJIT/EmitContext.h: In member function 'WAVM::LLVMJIT::ValueVector WAVM::LLVMJIT::EmitContext::emitCallOrInvoke(llvm::Value*, llvm::ArrayRef<llvm::Value*>, WAVM::IR::FunctionType, llvm::BasicBlock*)':
[INFO] [stderr]   /opt/rustwide/workdir/wavm/Lib/LLVMJIT/EmitContext.h:116:76: error: no matching function for call to 'llvm::IRBuilder<>::CreateInBoundsGEP(llvm::AllocaInst*&, <brace-enclosed initializer list>)'
[INFO] [stderr]     116 |                                                 irBuilder.CreateInBoundsGEP(
[INFO] [stderr]         |                                                 ~~~~~~~~~~~~~~~~~~~~~~~~~~~^
[INFO] [stderr]     117 |                                                         argsArray,
[INFO] [stderr]         |                                                         ~~~~~~~~~~          
[INFO] [stderr]     118 |                                                         {emitLiteral(llvmContext,
[INFO] [stderr]         |                                                         ~~~~~~~~~~~~~~~~~~~~~~~~~
[INFO] [stderr]     119 |                                                                                  Uptr(argIndex * sizeof(IR::UntaggedValue)))}));
[INFO] [stderr]         |                                                                                  ~~~~~~~~~~~~~~~~~~~~~~~~~~~~~~~~~~~~~~~~~~~~~
[INFO] [stderr]   In file included from /opt/rustwide/workdir/wavm/Lib/LLVMJIT/LLVMJITPrivate.h:32,
[INFO] [stderr]                    from /opt/rustwide/workdir/wavm/Lib/LLVMJIT/EmitContext.h:3,
[INFO] [stderr]                    from /opt/rustwide/workdir/wavm/Lib/LLVMJIT/EmitNumeric.cpp:2:
[INFO] [stderr]   /usr/include/llvm-14/llvm/IR/IRBuilder.h:1742:10: note: candidate: 'llvm::Value* llvm::IRBuilderBase::CreateInBoundsGEP(llvm::Type*, llvm::Value*, llvm::ArrayRef<llvm::Value*>, const llvm::Twine&)'
[INFO] [stderr]    1742 |   Value *CreateInBoundsGEP(Type *Ty, Value *Ptr, ArrayRef<Value *> IdxList,
[INFO] [stderr]         |          ^~~~~~~~~~~~~~~~~
[INFO] [stderr]   /usr/include/llvm-14/llvm/IR/IRBuilder.h:1742:10: note:   candidate expects 4 arguments, 2 provided
[INFO] [stderr]   /usr/include/llvm-14/llvm/IR/IRBuilder.h:1755:10: note: candidate: 'llvm::Value* llvm::IRBuilderBase::CreateInBoundsGEP(llvm::Type*, llvm::Value*, llvm::Value*, const llvm::Twine&)'
[INFO] [stderr]    1755 |   Value *CreateInBoundsGEP(Type *Ty, Value *Ptr, Value *Idx,
[INFO] [stderr]         |          ^~~~~~~~~~~~~~~~~
[INFO] [stderr]   /usr/include/llvm-14/llvm/IR/IRBuilder.h:1755:10: note:   candidate expects 4 arguments, 2 provided
[INFO] [stderr]   In file included from /opt/rustwide/workdir/wavm/Lib/LLVMJIT/EmitNumeric.cpp:2:
[INFO] [stderr]   /opt/rustwide/workdir/wavm/Lib/LLVMJIT/EmitContext.h:138:73: error: no matching function for call to 'llvm::IRBuilder<>::CreateLoad(llvm::Value*&)'
[INFO] [stderr]     138 |                                 callArgsAlloca[0] = irBuilder.CreateLoad(contextPointerVariable);
[INFO] [stderr]         |                                                     ~~~~~~~~~~~~~~~~~~~~^~~~~~~~~~~~~~~~~~~~~~~~
[INFO] [stderr]   In file included from /opt/rustwide/workdir/wavm/Lib/LLVMJIT/LLVMJITPrivate.h:32,
[INFO] [stderr]                    from /opt/rustwide/workdir/wavm/Lib/LLVMJIT/EmitContext.h:3,
[INFO] [stderr]                    from /opt/rustwide/workdir/wavm/Lib/LLVMJIT/EmitNumeric.cpp:2:
[INFO] [stderr]   /usr/include/llvm-14/llvm/IR/IRBuilder.h:1659:13: note: candidate: 'llvm::LoadInst* llvm::IRBuilderBase::CreateLoad(llvm::Type*, llvm::Value*, const char*)'
[INFO] [stderr]    1659 |   LoadInst *CreateLoad(Type *Ty, Value *Ptr, const char *Name) {
[INFO] [stderr]         |             ^~~~~~~~~~
[INFO] [stderr]   /usr/include/llvm-14/llvm/IR/IRBuilder.h:1659:13: note:   candidate expects 3 arguments, 1 provided
[INFO] [stderr]   /usr/include/llvm-14/llvm/IR/IRBuilder.h:1663:13: note: candidate: 'llvm::LoadInst* llvm::IRBuilderBase::CreateLoad(llvm::Type*, llvm::Value*, const llvm::Twine&)'
[INFO] [stderr]    1663 |   LoadInst *CreateLoad(Type *Ty, Value *Ptr, const Twine &Name = "") {
[INFO] [stderr]         |             ^~~~~~~~~~
[INFO] [stderr]   /usr/include/llvm-14/llvm/IR/IRBuilder.h:1663:13: note:   candidate expects 3 arguments, 1 provided
[INFO] [stderr]   /usr/include/llvm-14/llvm/IR/IRBuilder.h:1667:13: note: candidate: 'llvm::LoadInst* llvm::IRBuilderBase::CreateLoad(llvm::Type*, llvm::Value*, bool, const llvm::Twine&)'
[INFO] [stderr]    1667 |   LoadInst *CreateLoad(Type *Ty, Value *Ptr, bool isVolatile,
[INFO] [stderr]         |             ^~~~~~~~~~
[INFO] [stderr]   /usr/include/llvm-14/llvm/IR/IRBuilder.h:1667:13: note:   candidate expects 4 arguments, 1 provided
[INFO] [stderr]   In file included from /opt/rustwide/workdir/wavm/Lib/LLVMJIT/EmitNumeric.cpp:2:
[INFO] [stderr]   /opt/rustwide/workdir/wavm/Lib/LLVMJIT/EmitContext.h:147:65: error: no matching function for call to 'llvm::IRBuilder<>::CreateCall(llvm::Value*&, llvm::ArrayRef<llvm::Value*>&)'
[INFO] [stderr]     147 |                                 auto call = irBuilder.CreateCall(callee, callArgs);
[INFO] [stderr]         |                                             ~~~~~~~~~~~~~~~~~~~~^~~~~~~~~~~~~~~~~~
[INFO] [stderr]   In file included from /opt/rustwide/workdir/wavm/Lib/LLVMJIT/LLVMJITPrivate.h:32,
[INFO] [stderr]                    from /opt/rustwide/workdir/wavm/Lib/LLVMJIT/EmitContext.h:3,
[INFO] [stderr]                    from /opt/rustwide/workdir/wavm/Lib/LLVMJIT/EmitNumeric.cpp:2:
[INFO] [stderr]   /usr/include/llvm-14/llvm/IR/IRBuilder.h:2251:13: note: candidate: 'llvm::CallInst* llvm::IRBuilderBase::CreateCall(llvm::FunctionType*, llvm::Value*, llvm::ArrayRef<llvm::Value*>, const llvm::Twine&, llvm::MDNode*)'
[INFO] [stderr]    2251 |   CallInst *CreateCall(FunctionType *FTy, Value *Callee,
[INFO] [stderr]         |             ^~~~~~~~~~
[INFO] [stderr]   /usr/include/llvm-14/llvm/IR/IRBuilder.h:2251:38: note:   no known conversion for argument 1 from 'llvm::Value*' to 'llvm::FunctionType*'
[INFO] [stderr]    2251 |   CallInst *CreateCall(FunctionType *FTy, Value *Callee,
[INFO] [stderr]         |                        ~~~~~~~~~~~~~~^~~
[INFO] [stderr]   /usr/include/llvm-14/llvm/IR/IRBuilder.h:2262:13: note: candidate: 'llvm::CallInst* llvm::IRBuilderBase::CreateCall(llvm::FunctionType*, llvm::Value*, llvm::ArrayRef<llvm::Value*>, llvm::ArrayRef<llvm::OperandBundleDefT<llvm::Value*> >, const llvm::Twine&, llvm::MDNode*)'
[INFO] [stderr]    2262 |   CallInst *CreateCall(FunctionType *FTy, Value *Callee, ArrayRef<Value *> Args,
[INFO] [stderr]         |             ^~~~~~~~~~
[INFO] [stderr]   /usr/include/llvm-14/llvm/IR/IRBuilder.h:2262:13: note:   candidate expects 6 arguments, 2 provided
[INFO] [stderr]   /usr/include/llvm-14/llvm/IR/IRBuilder.h:2273:13: note: candidate: 'llvm::CallInst* llvm::IRBuilderBase::CreateCall(llvm::FunctionCallee, llvm::ArrayRef<llvm::Value*>, const llvm::Twine&, llvm::MDNode*)'
[INFO] [stderr]    2273 |   CallInst *CreateCall(FunctionCallee Callee, ArrayRef<Value *> Args = None,
[INFO] [stderr]         |             ^~~~~~~~~~
[INFO] [stderr]   /usr/include/llvm-14/llvm/IR/IRBuilder.h:2273:39: note:   no known conversion for argument 1 from 'llvm::Value*' to 'llvm::FunctionCallee'
[INFO] [stderr]    2273 |   CallInst *CreateCall(FunctionCallee Callee, ArrayRef<Value *> Args = None,
[INFO] [stderr]         |                        ~~~~~~~~~~~~~~~^~~~~~
[INFO] [stderr]   /usr/include/llvm-14/llvm/IR/IRBuilder.h:2279:13: note: candidate: 'llvm::CallInst* llvm::IRBuilderBase::CreateCall(llvm::FunctionCallee, llvm::ArrayRef<llvm::Value*>, llvm::ArrayRef<llvm::OperandBundleDefT<llvm::Value*> >, const llvm::Twine&, llvm::MDNode*)'
[INFO] [stderr]    2279 |   CallInst *CreateCall(FunctionCallee Callee, ArrayRef<Value *> Args,
[INFO] [stderr]         |             ^~~~~~~~~~
[INFO] [stderr]   /usr/include/llvm-14/llvm/IR/IRBuilder.h:2279:13: note:   candidate expects 5 arguments, 2 provided
[INFO] [stderr]   In file included from /opt/rustwide/workdir/wavm/Lib/LLVMJIT/EmitNumeric.cpp:2:
[INFO] [stderr]   /opt/rustwide/workdir/wavm/Lib/LLVMJIT/EmitContext.h:155:69: error: no matching function for call to 'llvm::IRBuilder<>::CreateInvoke(llvm::Value*&, llvm::BasicBlock*&, llvm::BasicBlock*&, llvm::ArrayRef<llvm::Value*>&)'
[INFO] [stderr]     155 |                                 auto invoke = irBuilder.CreateInvoke(callee, returnBlock, unwindToBlock, callArgs);
[INFO] [stderr]         |                                               ~~~~~~~~~~~~~~~~~~~~~~^~~~~~~~~~~~~~~~~~~~~~~~~~~~~~~~~~~~~~~~~~~~~~
[INFO] [stderr]   In file included from /opt/rustwide/workdir/wavm/Lib/LLVMJIT/LLVMJITPrivate.h:32,
[INFO] [stderr]                    from /opt/rustwide/workdir/wavm/Lib/LLVMJIT/EmitContext.h:3,
[INFO] [stderr]                    from /opt/rustwide/workdir/wavm/Lib/LLVMJIT/EmitNumeric.cpp:2:
[INFO] [stderr]   /usr/include/llvm-14/llvm/IR/IRBuilder.h:1032:15: note: candidate: 'llvm::InvokeInst* llvm::IRBuilderBase::CreateInvoke(llvm::FunctionType*, llvm::Value*, llvm::BasicBlock*, llvm::BasicBlock*, llvm::ArrayRef<llvm::Value*>, llvm::ArrayRef<llvm::OperandBundleDefT<llvm::Value*> >, const llvm::Twine&)'
[INFO] [stderr]    1032 |   InvokeInst *CreateInvoke(FunctionType *Ty, Value *Callee,
[INFO] [stderr]         |               ^~~~~~~~~~~~
[INFO] [stderr]   /usr/include/llvm-14/llvm/IR/IRBuilder.h:1032:15: note:   candidate expects 7 arguments, 4 provided
[INFO] [stderr]   /usr/include/llvm-14/llvm/IR/IRBuilder.h:1043:15: note: candidate: 'llvm::InvokeInst* llvm::IRBuilderBase::CreateInvoke(llvm::FunctionType*, llvm::Value*, llvm::BasicBlock*, llvm::BasicBlock*, llvm::ArrayRef<llvm::Value*>, const llvm::Twine&)'
[INFO] [stderr]    1043 |   InvokeInst *CreateInvoke(FunctionType *Ty, Value *Callee,
[INFO] [stderr]         |               ^~~~~~~~~~~~
[INFO] [stderr]   /usr/include/llvm-14/llvm/IR/IRBuilder.h:1043:42: note:   no known conversion for argument 1 from 'llvm::Value*' to 'llvm::FunctionType*'
[INFO] [stderr]    1043 |   InvokeInst *CreateInvoke(FunctionType *Ty, Value *Callee,
[INFO] [stderr]         |                            ~~~~~~~~~~~~~~^~
[INFO] [stderr]   /usr/include/llvm-14/llvm/IR/IRBuilder.h:1054:15: note: candidate: 'llvm::InvokeInst* llvm::IRBuilderBase::CreateInvoke(llvm::FunctionCallee, llvm::BasicBlock*, llvm::BasicBlock*, llvm::ArrayRef<llvm::Value*>, llvm::ArrayRef<llvm::OperandBundleDefT<llvm::Value*> >, const llvm::Twine&)'
[INFO] [stderr]    1054 |   InvokeInst *CreateInvoke(FunctionCallee Callee, BasicBlock *NormalDest,
[INFO] [stderr]         |               ^~~~~~~~~~~~
[INFO] [stderr]   /usr/include/llvm-14/llvm/IR/IRBuilder.h:1054:15: note:   candidate expects 6 arguments, 4 provided
[INFO] [stderr]   /usr/include/llvm-14/llvm/IR/IRBuilder.h:1062:15: note: candidate: 'llvm::InvokeInst* llvm::IRBuilderBase::CreateInvoke(llvm::FunctionCallee, llvm::BasicBlock*, llvm::BasicBlock*, llvm::ArrayRef<llvm::Value*>, const llvm::Twine&)'
[INFO] [stderr]    1062 |   InvokeInst *CreateInvoke(FunctionCallee Callee, BasicBlock *NormalDest,
[INFO] [stderr]         |               ^~~~~~~~~~~~
[INFO] [stderr]   /usr/include/llvm-14/llvm/IR/IRBuilder.h:1062:43: note:   no known conversion for argument 1 from 'llvm::Value*' to 'llvm::FunctionCallee'
[INFO] [stderr]    1062 |   InvokeInst *CreateInvoke(FunctionCallee Callee, BasicBlock *NormalDest,
[INFO] [stderr]         |                            ~~~~~~~~~~~~~~~^~~~~~
[INFO] [stderr]   In file included from /opt/rustwide/workdir/wavm/Lib/LLVMJIT/EmitNumeric.cpp:2:
[INFO] [stderr]   /opt/rustwide/workdir/wavm/Lib/LLVMJIT/EmitContext.h:194:84: error: no matching function for call to 'llvm::IRBuilder<>::CreateInBoundsGEP(llvm::Value*&, <brace-enclosed initializer list>)'
[INFO] [stderr]     194 |                                                         irBuilder.CreateInBoundsGEP(newContextPointer,
[INFO] [stderr]         |                                                         ~~~~~~~~~~~~~~~~~~~~~~~~~~~^~~~~~~~~~~~~~~~~~~
[INFO] [stderr]     195 |                                                                                                                 {emitLiteral(llvmContext, resultOffset)}),
[INFO] [stderr]         |                                                                                                                 ~~~~~~~~~~~~~~~~~~~~~~~~~~~~~~~~~~~~~~~~~
[INFO] [stderr]   In file included from /opt/rustwide/workdir/wavm/Lib/LLVMJIT/LLVMJITPrivate.h:32,
[INFO] [stderr]                    from /opt/rustwide/workdir/wavm/Lib/LLVMJIT/EmitContext.h:3,
[INFO] [stderr]                    from /opt/rustwide/workdir/wavm/Lib/LLVMJIT/EmitNumeric.cpp:2:
[INFO] [stderr]   /usr/include/llvm-14/llvm/IR/IRBuilder.h:1742:10: note: candidate: 'llvm::Value* llvm::IRBuilderBase::CreateInBoundsGEP(llvm::Type*, llvm::Value*, llvm::ArrayRef<llvm::Value*>, const llvm::Twine&)'
[INFO] [stderr]    1742 |   Value *CreateInBoundsGEP(Type *Ty, Value *Ptr, ArrayRef<Value *> IdxList,
[INFO] [stderr]         |          ^~~~~~~~~~~~~~~~~
[INFO] [stderr]   /usr/include/llvm-14/llvm/IR/IRBuilder.h:1742:10: note:   candidate expects 4 arguments, 2 provided
[INFO] [stderr]   /usr/include/llvm-14/llvm/IR/IRBuilder.h:1755:10: note: candidate: 'llvm::Value* llvm::IRBuilderBase::CreateInBoundsGEP(llvm::Type*, llvm::Value*, llvm::Value*, const llvm::Twine&)'
[INFO] [stderr]    1755 |   Value *CreateInBoundsGEP(Type *Ty, Value *Ptr, Value *Idx,
[INFO] [stderr]         |          ^~~~~~~~~~~~~~~~~
[INFO] [stderr]   /usr/include/llvm-14/llvm/IR/IRBuilder.h:1755:10: note:   candidate expects 4 arguments, 2 provided
[INFO] [stderr]   In file included from /opt/rustwide/workdir/wavm/Lib/LLVMJIT/EmitNumeric.cpp:2:
[INFO] [stderr]   /opt/rustwide/workdir/wavm/Lib/LLVMJIT/EmitContext.h:248:76: error: no matching function for call to 'llvm::IRBuilder<>::CreateInBoundsGEP(llvm::Value*&, <brace-enclosed initializer list>)'
[INFO] [stderr]     248 |                                                 irBuilder.CreateInBoundsGEP(
[INFO] [stderr]         |                                                 ~~~~~~~~~~~~~~~~~~~~~~~~~~~^
[INFO] [stderr]     249 |                                                         resultsArray,
[INFO] [stderr]         |                                                         ~~~~~~~~~~~~~       
[INFO] [stderr]     250 |                                                         {emitLiteral(llvmContext, resultIndex * sizeof(IR::UntaggedValue))}),
[INFO] [stderr]         |                                                         ~~~~~~~~~~~~~~~~~~~~~~~~~~~~~~~~~~~~~~~~~~~~~~~~~~~~~~~~~~~~~~~~~~~~
[INFO] [stderr]   In file included from /opt/rustwide/workdir/wavm/Lib/LLVMJIT/LLVMJITPrivate.h:32,
[INFO] [stderr]                    from /opt/rustwide/workdir/wavm/Lib/LLVMJIT/EmitContext.h:3,
[INFO] [stderr]                    from /opt/rustwide/workdir/wavm/Lib/LLVMJIT/EmitNumeric.cpp:2:
[INFO] [stderr]   /usr/include/llvm-14/llvm/IR/IRBuilder.h:1742:10: note: candidate: 'llvm::Value* llvm::IRBuilderBase::CreateInBoundsGEP(llvm::Type*, llvm::Value*, llvm::ArrayRef<llvm::Value*>, const llvm::Twine&)'
[INFO] [stderr]    1742 |   Value *CreateInBoundsGEP(Type *Ty, Value *Ptr, ArrayRef<Value *> IdxList,
[INFO] [stderr]         |          ^~~~~~~~~~~~~~~~~
[INFO] [stderr]   /usr/include/llvm-14/llvm/IR/IRBuilder.h:1742:10: note:   candidate expects 4 arguments, 2 provided
[INFO] [stderr]   /usr/include/llvm-14/llvm/IR/IRBuilder.h:1755:10: note: candidate: 'llvm::Value* llvm::IRBuilderBase::CreateInBoundsGEP(llvm::Type*, llvm::Value*, llvm::Value*, const llvm::Twine&)'
[INFO] [stderr]    1755 |   Value *CreateInBoundsGEP(Type *Ty, Value *Ptr, Value *Idx,
[INFO] [stderr]         |          ^~~~~~~~~~~~~~~~~
[INFO] [stderr]   /usr/include/llvm-14/llvm/IR/IRBuilder.h:1755:10: note:   candidate expects 4 arguments, 2 provided
[INFO] [stderr]   In file included from /opt/rustwide/workdir/wavm/Lib/LLVMJIT/EmitNumeric.cpp:2:
[INFO] [stderr]   /opt/rustwide/workdir/wavm/Lib/LLVMJIT/EmitContext.h: In member function 'void WAVM::LLVMJIT::EmitContext::emitReturn(WAVM::IR::TypeTuple, const llvm::ArrayRef<llvm::Value*>&)':
[INFO] [stderr]   /opt/rustwide/workdir/wavm/Lib/LLVMJIT/EmitContext.h:272:67: error: no matching function for call to 'llvm::IRBuilder<>::CreateLoad(llvm::Value*&)'
[INFO] [stderr]     272 |                                 returnStruct, irBuilder.CreateLoad(contextPointerVariable), {U32(0)});
[INFO] [stderr]         |                                               ~~~~~~~~~~~~~~~~~~~~^~~~~~~~~~~~~~~~~~~~~~~~
[INFO] [stderr]   In file included from /opt/rustwide/workdir/wavm/Lib/LLVMJIT/LLVMJITPrivate.h:32,
[INFO] [stderr]                    from /opt/rustwide/workdir/wavm/Lib/LLVMJIT/EmitContext.h:3,
[INFO] [stderr]                    from /opt/rustwide/workdir/wavm/Lib/LLVMJIT/EmitNumeric.cpp:2:
[INFO] [stderr]   /usr/include/llvm-14/llvm/IR/IRBuilder.h:1659:13: note: candidate: 'llvm::LoadInst* llvm::IRBuilderBase::CreateLoad(llvm::Type*, llvm::Value*, const char*)'
[INFO] [stderr]    1659 |   LoadInst *CreateLoad(Type *Ty, Value *Ptr, const char *Name) {
[INFO] [stderr]         |             ^~~~~~~~~~
[INFO] [stderr]   /usr/include/llvm-14/llvm/IR/IRBuilder.h:1659:13: note:   candidate expects 3 arguments, 1 provided
[INFO] [stderr]   /usr/include/llvm-14/llvm/IR/IRBuilder.h:1663:13: note: candidate: 'llvm::LoadInst* llvm::IRBuilderBase::CreateLoad(llvm::Type*, llvm::Value*, const llvm::Twine&)'
[INFO] [stderr]    1663 |   LoadInst *CreateLoad(Type *Ty, Value *Ptr, const Twine &Name = "") {
[INFO] [stderr]         |             ^~~~~~~~~~
[INFO] [stderr]   /usr/include/llvm-14/llvm/IR/IRBuilder.h:1663:13: note:   candidate expects 3 arguments, 1 provided
[INFO] [stderr]   /usr/include/llvm-14/llvm/IR/IRBuilder.h:1667:13: note: candidate: 'llvm::LoadInst* llvm::IRBuilderBase::CreateLoad(llvm::Type*, llvm::Value*, bool, const llvm::Twine&)'
[INFO] [stderr]    1667 |   LoadInst *CreateLoad(Type *Ty, Value *Ptr, bool isVolatile,
[INFO] [stderr]         |             ^~~~~~~~~~
[INFO] [stderr]   /usr/include/llvm-14/llvm/IR/IRBuilder.h:1667:13: note:   candidate expects 4 arguments, 1 provided
[INFO] [stderr]   In file included from /opt/rustwide/workdir/wavm/Lib/LLVMJIT/EmitNumeric.cpp:2:
[INFO] [stderr]   /opt/rustwide/workdir/wavm/Lib/LLVMJIT/EmitContext.h:300:119: error: no matching function for call to 'llvm::IRBuilder<>::CreateLoad(llvm::Value*&)'
[INFO] [stderr]     300 |                                                                                                   irBuilder.CreateLoad(contextPointerVariable),
[INFO] [stderr]         |                                                                                                   ~~~~~~~~~~~~~~~~~~~~^~~~~~~~~~~~~~~~~~~~~~~~
[INFO] [stderr]   In file included from /opt/rustwide/workdir/wavm/Lib/LLVMJIT/LLVMJITPrivate.h:32,
[INFO] [stderr]                    from /opt/rustwide/workdir/wavm/Lib/LLVMJIT/EmitContext.h:3,
[INFO] [stderr]                    from /opt/rustwide/workdir/wavm/Lib/LLVMJIT/EmitNumeric.cpp:2:
[INFO] [stderr]   /usr/include/llvm-14/llvm/IR/IRBuilder.h:1659:13: note: candidate: 'llvm::LoadInst* llvm::IRBuilderBase::CreateLoad(llvm::Type*, llvm::Value*, const char*)'
[INFO] [stderr]    1659 |   LoadInst *CreateLoad(Type *Ty, Value *Ptr, const char *Name) {
[INFO] [stderr]         |             ^~~~~~~~~~
[INFO] [stderr]   /usr/include/llvm-14/llvm/IR/IRBuilder.h:1659:13: note:   candidate expects 3 arguments, 1 provided
[INFO] [stderr]   /usr/include/llvm-14/llvm/IR/IRBuilder.h:1663:13: note: candidate: 'llvm::LoadInst* llvm::IRBuilderBase::CreateLoad(llvm::Type*, llvm::Value*, const llvm::Twine&)'
[INFO] [stderr]    1663 |   LoadInst *CreateLoad(Type *Ty, Value *Ptr, const Twine &Name = "") {
[INFO] [stderr]         |             ^~~~~~~~~~
[INFO] [stderr]   /usr/include/llvm-14/llvm/IR/IRBuilder.h:1663:13: note:   candidate expects 3 arguments, 1 provided
[INFO] [stderr]   /usr/include/llvm-14/llvm/IR/IRBuilder.h:1667:13: note: candidate: 'llvm::LoadInst* llvm::IRBuilderBase::CreateLoad(llvm::Type*, llvm::Value*, bool, const llvm::Twine&)'
[INFO] [stderr]    1667 |   LoadInst *CreateLoad(Type *Ty, Value *Ptr, bool isVolatile,
[INFO] [stderr]         |             ^~~~~~~~~~
[INFO] [stderr]   /usr/include/llvm-14/llvm/IR/IRBuilder.h:1667:13: note:   candidate expects 4 arguments, 1 provided
[INFO] [stderr]   In file included from /opt/rustwide/workdir/wavm/Lib/LLVMJIT/EmitNumeric.cpp:5:
[INFO] [stderr]   /opt/rustwide/workdir/wavm/Lib/LLVMJIT/EmitWorkarounds.h: In function 'llvm::Value* getTriviallyNonConstantZero(llvm::IRBuilder<>&, llvm::Type*)':
[INFO] [stderr]   /opt/rustwide/workdir/wavm/Lib/LLVMJIT/EmitWorkarounds.h:14:36: error: no matching function for call to 'llvm::IRBuilder<>::CreateLoad(llvm::Value*&)'
[INFO] [stderr]      14 |         return irBuilder.CreateLoad(zeroAlloca);
[INFO] [stderr]         |                ~~~~~~~~~~~~~~~~~~~~^~~~~~~~~~~~
[INFO] [stderr]   In file included from /opt/rustwide/workdir/wavm/Lib/LLVMJIT/LLVMJITPrivate.h:32,
[INFO] [stderr]                    from /opt/rustwide/workdir/wavm/Lib/LLVMJIT/EmitContext.h:3,
[INFO] [stderr]                    from /opt/rustwide/workdir/wavm/Lib/LLVMJIT/EmitNumeric.cpp:2:
[INFO] [stderr]   /usr/include/llvm-14/llvm/IR/IRBuilder.h:1659:13: note: candidate: 'llvm::LoadInst* llvm::IRBuilderBase::CreateLoad(llvm::Type*, llvm::Value*, const char*)'
[INFO] [stderr]    1659 |   LoadInst *CreateLoad(Type *Ty, Value *Ptr, const char *Name) {
[INFO] [stderr]         |             ^~~~~~~~~~
[INFO] [stderr]   /usr/include/llvm-14/llvm/IR/IRBuilder.h:1659:13: note:   candidate expects 3 arguments, 1 provided
[INFO] [stderr]   /usr/include/llvm-14/llvm/IR/IRBuilder.h:1663:13: note: candidate: 'llvm::LoadInst* llvm::IRBuilderBase::CreateLoad(llvm::Type*, llvm::Value*, const llvm::Twine&)'
[INFO] [stderr]    1663 |   LoadInst *CreateLoad(Type *Ty, Value *Ptr, const Twine &Name = "") {
[INFO] [stderr]         |             ^~~~~~~~~~
[INFO] [stderr]   /usr/include/llvm-14/llvm/IR/IRBuilder.h:1663:13: note:   candidate expects 3 arguments, 1 provided
[INFO] [stderr]   /usr/include/llvm-14/llvm/IR/IRBuilder.h:1667:13: note: candidate: 'llvm::LoadInst* llvm::IRBuilderBase::CreateLoad(llvm::Type*, llvm::Value*, bool, const llvm::Twine&)'
[INFO] [stderr]    1667 |   LoadInst *CreateLoad(Type *Ty, Value *Ptr, bool isVolatile,
[INFO] [stderr]         |             ^~~~~~~~~~
[INFO] [stderr]   /usr/include/llvm-14/llvm/IR/IRBuilder.h:1667:13: note:   candidate expects 4 arguments, 1 provided
[INFO] [stderr]   /opt/rustwide/workdir/wavm/Lib/LLVMJIT/EmitNumeric.cpp: In member function 'void WAVM::LLVMJIT::EmitFunctionContext::i8x16_shl(WAVM::IR::NoImm)':
[INFO] [stderr]   /opt/rustwide/workdir/wavm/Lib/LLVMJIT/EmitNumeric.cpp:439:37: error: 'class llvm::Type' has no member named 'getVectorNumElements'; did you mean 'getStructNumElements'?
[INFO] [stderr]     439 |                         vectorType->getVectorNumElements(),                                                    \
[INFO] [stderr]         |                                     ^~~~~~~~~~~~~~~~~~~~
[INFO] [stderr]   /opt/rustwide/workdir/wavm/Lib/LLVMJIT/EmitNumeric.cpp:450:9: note: in expansion of macro 'EMIT_SIMD_SHIFT_OP'
[INFO] [stderr]     450 |         EMIT_SIMD_SHIFT_OP(i8x16_##name, llvmContext.i8x16Type, emitCode)                              \
[INFO] [stderr]         |         ^~~~~~~~~~~~~~~~~~
[INFO] [stderr]   /opt/rustwide/workdir/wavm/Lib/LLVMJIT/EmitNumeric.cpp:455:1: note: in expansion of macro 'EMIT_SIMD_SHIFT'
[INFO] [stderr]     455 | EMIT_SIMD_SHIFT(shl, irBuilder.CreateShl)
[INFO] [stderr]         | ^~~~~~~~~~~~~~~
[INFO] [stderr]   /opt/rustwide/workdir/wavm/Lib/LLVMJIT/EmitNumeric.cpp: In member function 'void WAVM::LLVMJIT::EmitFunctionContext::i16x8_shl(WAVM::IR::NoImm)':
[INFO] [stderr]   /opt/rustwide/workdir/wavm/Lib/LLVMJIT/EmitNumeric.cpp:439:37: error: 'class llvm::Type' has no member named 'getVectorNumElements'; did you mean 'getStructNumElements'?
[INFO] [stderr]     439 |                         vectorType->getVectorNumElements(),                                                    \
[INFO] [stderr]         |                                     ^~~~~~~~~~~~~~~~~~~~
[INFO] [stderr]   /opt/rustwide/workdir/wavm/Lib/LLVMJIT/EmitNumeric.cpp:451:9: note: in expansion of macro 'EMIT_SIMD_SHIFT_OP'
[INFO] [stderr]     451 |         EMIT_SIMD_SHIFT_OP(i16x8_##name, llvmContext.i16x8Type, emitCode)                              \
[INFO] [stderr]         |         ^~~~~~~~~~~~~~~~~~
[INFO] [stderr]   /opt/rustwide/workdir/wavm/Lib/LLVMJIT/EmitNumeric.cpp:455:1: note: in expansion of macro 'EMIT_SIMD_SHIFT'
[INFO] [stderr]     455 | EMIT_SIMD_SHIFT(shl, irBuilder.CreateShl)
[INFO] [stderr]         | ^~~~~~~~~~~~~~~
[INFO] [stderr]   /opt/rustwide/workdir/wavm/Lib/LLVMJIT/EmitNumeric.cpp: In member function 'void WAVM::LLVMJIT::EmitFunctionContext::i32x4_shl(WAVM::IR::NoImm)':
[INFO] [stderr]   /opt/rustwide/workdir/wavm/Lib/LLVMJIT/EmitNumeric.cpp:439:37: error: 'class llvm::Type' has no member named 'getVectorNumElements'; did you mean 'getStructNumElements'?
[INFO] [stderr]     439 |                         vectorType->getVectorNumElements(),                                                    \
[INFO] [stderr]         |                                     ^~~~~~~~~~~~~~~~~~~~
[INFO] [stderr]   /opt/rustwide/workdir/wavm/Lib/LLVMJIT/EmitNumeric.cpp:452:9: note: in expansion of macro 'EMIT_SIMD_SHIFT_OP'
[INFO] [stderr]     452 |         EMIT_SIMD_SHIFT_OP(i32x4_##name, llvmContext.i32x4Type, emitCode)                              \
[INFO] [stderr]         |         ^~~~~~~~~~~~~~~~~~
[INFO] [stderr]   /opt/rustwide/workdir/wavm/Lib/LLVMJIT/EmitNumeric.cpp:455:1: note: in expansion of macro 'EMIT_SIMD_SHIFT'
[INFO] [stderr]     455 | EMIT_SIMD_SHIFT(shl, irBuilder.CreateShl)
[INFO] [stderr]         | ^~~~~~~~~~~~~~~
[INFO] [stderr]   /opt/rustwide/workdir/wavm/Lib/LLVMJIT/EmitNumeric.cpp: In member function 'void WAVM::LLVMJIT::EmitFunctionContext::i64x2_shl(WAVM::IR::NoImm)':
[INFO] [stderr]   /opt/rustwide/workdir/wavm/Lib/LLVMJIT/EmitNumeric.cpp:439:37: error: 'class llvm::Type' has no member named 'getVectorNumElements'; did you mean 'getStructNumElements'?
[INFO] [stderr]     439 |                         vectorType->getVectorNumElements(),                                                    \
[INFO] [stderr]         |                                     ^~~~~~~~~~~~~~~~~~~~
[INFO] [stderr]   /opt/rustwide/workdir/wavm/Lib/LLVMJIT/EmitNumeric.cpp:453:9: note: in expansion of macro 'EMIT_SIMD_SHIFT_OP'
[INFO] [stderr]     453 |         EMIT_SIMD_SHIFT_OP(i64x2_##name, llvmContext.i64x2Type, emitCode)
[INFO] [stderr]         |         ^~~~~~~~~~~~~~~~~~
[INFO] [stderr]   /opt/rustwide/workdir/wavm/Lib/LLVMJIT/EmitNumeric.cpp:455:1: note: in expansion of macro 'EMIT_SIMD_SHIFT'
[INFO] [stderr]     455 | EMIT_SIMD_SHIFT(shl, irBuilder.CreateShl)
[INFO] [stderr]         | ^~~~~~~~~~~~~~~
[INFO] [stderr]   /opt/rustwide/workdir/wavm/Lib/LLVMJIT/EmitNumeric.cpp: In member function 'void WAVM::LLVMJIT::EmitFunctionContext::i8x16_shr_s(WAVM::IR::NoImm)':
[INFO] [stderr]   /opt/rustwide/workdir/wavm/Lib/LLVMJIT/EmitNumeric.cpp:439:37: error: 'class llvm::Type' has no member named 'getVectorNumElements'; did you mean 'getStructNumElements'?
[INFO] [stderr]     439 |                         vectorType->getVectorNumElements(),                                                    \
[INFO] [stderr]         |                                     ^~~~~~~~~~~~~~~~~~~~
[INFO] [stderr]   /opt/rustwide/workdir/wavm/Lib/LLVMJIT/EmitNumeric.cpp:450:9: note: in expansion of macro 'EMIT_SIMD_SHIFT_OP'
[INFO] [stderr]     450 |         EMIT_SIMD_SHIFT_OP(i8x16_##name, llvmContext.i8x16Type, emitCode)                              \
[INFO] [stderr]         |         ^~~~~~~~~~~~~~~~~~
[INFO] [stderr]   /opt/rustwide/workdir/wavm/Lib/LLVMJIT/EmitNumeric.cpp:456:1: note: in expansion of macro 'EMIT_SIMD_SHIFT'
[INFO] [stderr]     456 | EMIT_SIMD_SHIFT(shr_s, irBuilder.CreateAShr)
[INFO] [stderr]         | ^~~~~~~~~~~~~~~
[INFO] [stderr]   /opt/rustwide/workdir/wavm/Lib/LLVMJIT/EmitNumeric.cpp: In member function 'void WAVM::LLVMJIT::EmitFunctionContext::i16x8_shr_s(WAVM::IR::NoImm)':
[INFO] [stderr]   /opt/rustwide/workdir/wavm/Lib/LLVMJIT/EmitNumeric.cpp:439:37: error: 'class llvm::Type' has no member named 'getVectorNumElements'; did you mean 'getStructNumElements'?
[INFO] [stderr]     439 |                         vectorType->getVectorNumElements(),                                                    \
[INFO] [stderr]         |                                     ^~~~~~~~~~~~~~~~~~~~
[INFO] [stderr]   /opt/rustwide/workdir/wavm/Lib/LLVMJIT/EmitNumeric.cpp:451:9: note: in expansion of macro 'EMIT_SIMD_SHIFT_OP'
[INFO] [stderr]     451 |         EMIT_SIMD_SHIFT_OP(i16x8_##name, llvmContext.i16x8Type, emitCode)                              \
[INFO] [stderr]         |         ^~~~~~~~~~~~~~~~~~
[INFO] [stderr]   /opt/rustwide/workdir/wavm/Lib/LLVMJIT/EmitNumeric.cpp:456:1: note: in expansion of macro 'EMIT_SIMD_SHIFT'
[INFO] [stderr]     456 | EMIT_SIMD_SHIFT(shr_s, irBuilder.CreateAShr)
[INFO] [stderr]         | ^~~~~~~~~~~~~~~
[INFO] [stderr]   /opt/rustwide/workdir/wavm/Lib/LLVMJIT/EmitNumeric.cpp: In member function 'void WAVM::LLVMJIT::EmitFunctionContext::i32x4_shr_s(WAVM::IR::NoImm)':
[INFO] [stderr]   /opt/rustwide/workdir/wavm/Lib/LLVMJIT/EmitNumeric.cpp:439:37: error: 'class llvm::Type' has no member named 'getVectorNumElements'; did you mean 'getStructNumElements'?
[INFO] [stderr]     439 |                         vectorType->getVectorNumElements(),                                                    \
[INFO] [stderr]         |                                     ^~~~~~~~~~~~~~~~~~~~
[INFO] [stderr]   /opt/rustwide/workdir/wavm/Lib/LLVMJIT/EmitNumeric.cpp:452:9: note: in expansion of macro 'EMIT_SIMD_SHIFT_OP'
[INFO] [stderr]     452 |         EMIT_SIMD_SHIFT_OP(i32x4_##name, llvmContext.i32x4Type, emitCode)                              \
[INFO] [stderr]         |         ^~~~~~~~~~~~~~~~~~
[INFO] [stderr]   /opt/rustwide/workdir/wavm/Lib/LLVMJIT/EmitNumeric.cpp:456:1: note: in expansion of macro 'EMIT_SIMD_SHIFT'
[INFO] [stderr]     456 | EMIT_SIMD_SHIFT(shr_s, irBuilder.CreateAShr)
[INFO] [stderr]         | ^~~~~~~~~~~~~~~
[INFO] [stderr]   /opt/rustwide/workdir/wavm/Lib/LLVMJIT/EmitNumeric.cpp: In member function 'void WAVM::LLVMJIT::EmitFunctionContext::i64x2_shr_s(WAVM::IR::NoImm)':
[INFO] [stderr]   /opt/rustwide/workdir/wavm/Lib/LLVMJIT/EmitNumeric.cpp:439:37: error: 'class llvm::Type' has no member named 'getVectorNumElements'; did you mean 'getStructNumElements'?
[INFO] [stderr]     439 |                         vectorType->getVectorNumElements(),                                                    \
[INFO] [stderr]         |                                     ^~~~~~~~~~~~~~~~~~~~
[INFO] [stderr]   /opt/rustwide/workdir/wavm/Lib/LLVMJIT/EmitNumeric.cpp:453:9: note: in expansion of macro 'EMIT_SIMD_SHIFT_OP'
[INFO] [stderr]     453 |         EMIT_SIMD_SHIFT_OP(i64x2_##name, llvmContext.i64x2Type, emitCode)
[INFO] [stderr]         |         ^~~~~~~~~~~~~~~~~~
[INFO] [stderr]   /opt/rustwide/workdir/wavm/Lib/LLVMJIT/EmitNumeric.cpp:456:1: note: in expansion of macro 'EMIT_SIMD_SHIFT'
[INFO] [stderr]     456 | EMIT_SIMD_SHIFT(shr_s, irBuilder.CreateAShr)
[INFO] [stderr]         | ^~~~~~~~~~~~~~~
[INFO] [stderr]   /opt/rustwide/workdir/wavm/Lib/LLVMJIT/EmitNumeric.cpp: In member function 'void WAVM::LLVMJIT::EmitFunctionContext::i8x16_shr_u(WAVM::IR::NoImm)':
[INFO] [stderr]   /opt/rustwide/workdir/wavm/Lib/LLVMJIT/EmitNumeric.cpp:439:37: error: 'class llvm::Type' has no member named 'getVectorNumElements'; did you mean 'getStructNumElements'?
[INFO] [stderr]     439 |                         vectorType->getVectorNumElements(),                                                    \
[INFO] [stderr]         |                                     ^~~~~~~~~~~~~~~~~~~~
[INFO] [stderr]   /opt/rustwide/workdir/wavm/Lib/LLVMJIT/EmitNumeric.cpp:450:9: note: in expansion of macro 'EMIT_SIMD_SHIFT_OP'
[INFO] [stderr]     450 |         EMIT_SIMD_SHIFT_OP(i8x16_##name, llvmContext.i8x16Type, emitCode)                              \
[INFO] [stderr]         |         ^~~~~~~~~~~~~~~~~~
[INFO] [stderr]   /opt/rustwide/workdir/wavm/Lib/LLVMJIT/EmitNumeric.cpp:457:1: note: in expansion of macro 'EMIT_SIMD_SHIFT'
[INFO] [stderr]     457 | EMIT_SIMD_SHIFT(shr_u, irBuilder.CreateLShr)
[INFO] [stderr]         | ^~~~~~~~~~~~~~~
[INFO] [stderr]   /opt/rustwide/workdir/wavm/Lib/LLVMJIT/EmitNumeric.cpp: In member function 'void WAVM::LLVMJIT::EmitFunctionContext::i16x8_shr_u(WAVM::IR::NoImm)':
[INFO] [stderr]   /opt/rustwide/workdir/wavm/Lib/LLVMJIT/EmitNumeric.cpp:439:37: error: 'class llvm::Type' has no member named 'getVectorNumElements'; did you mean 'getStructNumElements'?
[INFO] [stderr]     439 |                         vectorType->getVectorNumElements(),                                                    \
[INFO] [stderr]         |                                     ^~~~~~~~~~~~~~~~~~~~
[INFO] [stderr]   /opt/rustwide/workdir/wavm/Lib/LLVMJIT/EmitNumeric.cpp:451:9: note: in expansion of macro 'EMIT_SIMD_SHIFT_OP'
[INFO] [stderr]     451 |         EMIT_SIMD_SHIFT_OP(i16x8_##name, llvmContext.i16x8Type, emitCode)                              \
[INFO] [stderr]         |         ^~~~~~~~~~~~~~~~~~
[INFO] [stderr]   /opt/rustwide/workdir/wavm/Lib/LLVMJIT/EmitNumeric.cpp:457:1: note: in expansion of macro 'EMIT_SIMD_SHIFT'
[INFO] [stderr]     457 | EMIT_SIMD_SHIFT(shr_u, irBuilder.CreateLShr)
[INFO] [stderr]         | ^~~~~~~~~~~~~~~
[INFO] [stderr]   /opt/rustwide/workdir/wavm/Lib/LLVMJIT/EmitNumeric.cpp: In member function 'void WAVM::LLVMJIT::EmitFunctionContext::i32x4_shr_u(WAVM::IR::NoImm)':
[INFO] [stderr]   /opt/rustwide/workdir/wavm/Lib/LLVMJIT/EmitNumeric.cpp:439:37: error: 'class llvm::Type' has no member named 'getVectorNumElements'; did you mean 'getStructNumElements'?
[INFO] [stderr]     439 |                         vectorType->getVectorNumElements(),                                                    \
[INFO] [stderr]         |                                     ^~~~~~~~~~~~~~~~~~~~
[INFO] [stderr]   /opt/rustwide/workdir/wavm/Lib/LLVMJIT/EmitNumeric.cpp:452:9: note: in expansion of macro 'EMIT_SIMD_SHIFT_OP'
[INFO] [stderr]     452 |         EMIT_SIMD_SHIFT_OP(i32x4_##name, llvmContext.i32x4Type, emitCode)                              \
[INFO] [stderr]         |         ^~~~~~~~~~~~~~~~~~
[INFO] [stderr]   /opt/rustwide/workdir/wavm/Lib/LLVMJIT/EmitNumeric.cpp:457:1: note: in expansion of macro 'EMIT_SIMD_SHIFT'
[INFO] [stderr]     457 | EMIT_SIMD_SHIFT(shr_u, irBuilder.CreateLShr)
[INFO] [stderr]         | ^~~~~~~~~~~~~~~
[INFO] [stderr]   /opt/rustwide/workdir/wavm/Lib/LLVMJIT/EmitNumeric.cpp: In member function 'void WAVM::LLVMJIT::EmitFunctionContext::i64x2_shr_u(WAVM::IR::NoImm)':
[INFO] [stderr]   /opt/rustwide/workdir/wavm/Lib/LLVMJIT/EmitNumeric.cpp:439:37: error: 'class llvm::Type' has no member named 'getVectorNumElements'; did you mean 'getStructNumElements'?
[INFO] [stderr]     439 |                         vectorType->getVectorNumElements(),                                                    \
[INFO] [stderr]         |                                     ^~~~~~~~~~~~~~~~~~~~
[INFO] [stderr]   /opt/rustwide/workdir/wavm/Lib/LLVMJIT/EmitNumeric.cpp:453:9: note: in expansion of macro 'EMIT_SIMD_SHIFT_OP'
[INFO] [stderr]     453 |         EMIT_SIMD_SHIFT_OP(i64x2_##name, llvmContext.i64x2Type, emitCode)
[INFO] [stderr]         |         ^~~~~~~~~~~~~~~~~~
[INFO] [stderr]   /opt/rustwide/workdir/wavm/Lib/LLVMJIT/EmitNumeric.cpp:457:1: note: in expansion of macro 'EMIT_SIMD_SHIFT'
[INFO] [stderr]     457 | EMIT_SIMD_SHIFT(shr_u, irBuilder.CreateLShr)
[INFO] [stderr]         | ^~~~~~~~~~~~~~~
[INFO] [stderr]   /opt/rustwide/workdir/wavm/Lib/LLVMJIT/EmitNumeric.cpp: In member function 'llvm::Value* WAVM::LLVMJIT::EmitFunctionContext::emitVectorSelect(llvm::Value*, llvm::Value*, llvm::Value*)':
[INFO] [stderr]   /opt/rustwide/workdir/wavm/Lib/LLVMJIT/EmitNumeric.cpp:578:38: error: 'class llvm::Type' has no member named 'getVectorNumElements'; did you mean 'getStructNumElements'?
[INFO] [stderr]     578 |         switch(condition->getType()->getVectorNumElements())
[INFO] [stderr]         |                                      ^~~~~~~~~~~~~~~~~~~~
[INFO] [stderr]         |                                      getStructNumElements
[INFO] [stderr]   /opt/rustwide/workdir/wavm/Lib/LLVMJIT/EmitNumeric.cpp:586:66: error: 'class llvm::Type' has no member named 'getVectorNumElements'; did you mean 'getStructNumElements'?
[INFO] [stderr]     586 |                                            condition->getType()->getVectorNumElements());
[INFO] [stderr]         |                                                                  ^~~~~~~~~~~~~~~~~~~~
[INFO] [stderr]         |                                                                  getStructNumElements
[INFO] [stderr]   /opt/rustwide/workdir/wavm/Lib/LLVMJIT/EmitNumeric.cpp:578:15: error: switch missing default case [-Werror=switch-default]
[INFO] [stderr]     578 |         switch(condition->getType()->getVectorNumElements())
[INFO] [stderr]         |               ^
[INFO] [stderr]   /opt/rustwide/workdir/wavm/Lib/LLVMJIT/EmitNumeric.cpp: In function 'llvm::Value* emitAnyTrue(llvm::IRBuilder<>&, llvm::Value*, llvm::Type*)':
[INFO] [stderr]   /opt/rustwide/workdir/wavm/Lib/LLVMJIT/EmitNumeric.cpp:655:43: error: 'class llvm::Type' has no member named 'getVectorNumElements'; did you mean 'getStructNumElements'?
[INFO] [stderr]     655 |         const Uptr numLanes = vectorType->getVectorNumElements();
[INFO] [stderr]         |                                           ^~~~~~~~~~~~~~~~~~~~
[INFO] [stderr]         |                                           getStructNumElements
[INFO] [stderr]   /opt/rustwide/workdir/wavm/Lib/LLVMJIT/EmitNumeric.cpp: In function 'llvm::Value* emitAllTrue(llvm::IRBuilder<>&, llvm::Value*, llvm::Type*)':
[INFO] [stderr]   /opt/rustwide/workdir/wavm/Lib/LLVMJIT/EmitNumeric.cpp:677:43: error: 'class llvm::Type' has no member named 'getVectorNumElements'; did you mean 'getStructNumElements'?
[INFO] [stderr]     677 |         const Uptr numLanes = vectorType->getVectorNumElements();
[INFO] [stderr]         |                                           ^~~~~~~~~~~~~~~~~~~~
[INFO] [stderr]         |                                           getStructNumElements
[INFO] [stderr]   /opt/rustwide/workdir/wavm/Lib/LLVMJIT/EmitNumeric.cpp: In member function 'void WAVM::LLVMJIT::EmitFunctionContext::v8x16_swizzle(WAVM::IR::NoImm)':
[INFO] [stderr]   /opt/rustwide/workdir/wavm/Lib/LLVMJIT/EmitNumeric.cpp:817:107: error: cannot convert 'int' to 'llvm::ElementCount'
[INFO] [stderr]     817 |                                                                            llvm::ConstantVector::getSplat(16, constant112),
[INFO] [stderr]         |                                                                                                           ^~
[INFO] [stderr]         |                                                                                                           |
[INFO] [stderr]         |                                                                                                           int
[INFO] [stderr]   In file included from /usr/include/llvm-14/llvm/IR/ConstantFolder.h:21,
[INFO] [stderr]                    from /usr/include/llvm-14/llvm/IR/IRBuilder.h:25,
[INFO] [stderr]                    from /opt/rustwide/workdir/wavm/Lib/LLVMJIT/LLVMJITPrivate.h:32,
[INFO] [stderr]                    from /opt/rustwide/workdir/wavm/Lib/LLVMJIT/EmitContext.h:3,
[INFO] [stderr]                    from /opt/rustwide/workdir/wavm/Lib/LLVMJIT/EmitNumeric.cpp:2:
[INFO] [stderr]   /usr/include/llvm-14/llvm/IR/Constants.h:512:42: note:   initializing argument 1 of 'static llvm::Constant* llvm::ConstantVector::getSplat(llvm::ElementCount, llvm::Constant*)'
[INFO] [stderr]     512 |   static Constant *getSplat(ElementCount EC, Constant *Elt);
[INFO] [stderr]         |                             ~~~~~~~~~~~~~^~
[INFO] [stderr]   /opt/rustwide/workdir/wavm/Lib/LLVMJIT/EmitNumeric.cpp:821:46: error: 'x86_ssse3_pshuf_b_128' is not a member of 'llvm::Intrinsic'
[INFO] [stderr]     821 |                         {}, llvm::Intrinsic::x86_ssse3_pshuf_b_128, {elementVector, saturatedIndexVector}));
[INFO] [stderr]         |                                              ^~~~~~~~~~~~~~~~~~~~~
[INFO] [stderr]   /opt/rustwide/workdir/wavm/Lib/LLVMJIT/EmitNumeric.cpp:826:77: error: 'aarch64_neon_tbl1' is not a member of 'llvm::Intrinsic'
[INFO] [stderr]     826 |                                                            llvm::Intrinsic::aarch64_neon_tbl1,
[INFO] [stderr]         |                                                                             ^~~~~~~~~~~~~~~~~
[INFO] [stderr]   /opt/rustwide/workdir/wavm/Lib/LLVMJIT/EmitNumeric.cpp: In member function 'void WAVM::LLVMJIT::EmitFunctionContext::v8x16_shuffle(WAVM::IR::ShuffleImm<16>)':
[INFO] [stderr]   /opt/rustwide/workdir/wavm/Lib/LLVMJIT/EmitNumeric.cpp:838:43: error: 'llvm::Value* llvm::IRBuilderBase::CreateShuffleVector(llvm::Value*, llvm::Value*, llvm::ArrayRef<unsigned int>, const llvm::Twine&)' is deprecated: Pass indices as 'int' instead [-Werror=deprecated-declarations]
[INFO] [stderr]     838 |         push(irBuilder.CreateShuffleVector(left, right, llvm::ArrayRef<unsigned int>(laneIndices, 16)));
[INFO] [stderr]         |              ~~~~~~~~~~~~~~~~~~~~~~~~~~~~~^~~~~~~~~~~~~~~~~~~~~~~~~~~~~~~~~~~~~~~~~~~~~~~~~~~~~~~~~~~~
[INFO] [stderr]   In file included from /usr/include/llvm-14/llvm/ADT/SmallVector.h:17,
[INFO] [stderr]                    from /opt/rustwide/workdir/wavm/Lib/LLVMJIT/LLVMJITPrivate.h:27,
[INFO] [stderr]                    from /opt/rustwide/workdir/wavm/Lib/LLVMJIT/EmitContext.h:3,
[INFO] [stderr]                    from /opt/rustwide/workdir/wavm/Lib/LLVMJIT/EmitNumeric.cpp:2:
[INFO] [stderr]   /usr/include/llvm-14/llvm/IR/IRBuilder.h:2342:3: note: declared here
[INFO] [stderr]    2342 |   LLVM_ATTRIBUTE_DEPRECATED(Value *CreateShuffleVector(Value *V1, Value *V2,
[INFO] [stderr]         |   ^~~~~~~~~~~~~~~~~~~~~~~~~
[INFO] [stderr]   c++: fatal error: Killed signal terminated program cc1plus
[INFO] [stderr]   compilation terminated.
[INFO] [stderr]   gmake[3]: *** [CMakeFiles/libWAVM.dir/build.make:593: CMakeFiles/libWAVM.dir/Lib/LLVMJIT/EmitExceptions.cpp.o] Error 1
[INFO] [stderr]   In file included from /opt/rustwide/workdir/wavm/Lib/LLVMJIT/EmitContext.h:3,
[INFO] [stderr]                    from /opt/rustwide/workdir/wavm/Lib/LLVMJIT/EmitTable.cpp:1:
[INFO] [stderr]   /opt/rustwide/workdir/wavm/Lib/LLVMJIT/LLVMJITPrivate.h: In function 'void WAVM::LLVMJIT::setFunctionAttributes(llvm::TargetMachine*, llvm::Function*)':
[INFO] [stderr]   /opt/rustwide/workdir/wavm/Lib/LLVMJIT/LLVMJITPrivate.h:320:39: error: 'class llvm::AttributeList' has no member named 'addAttribute'; did you mean 'addFnAttribute'?
[INFO] [stderr]     320 |                         attrs = attrs.addAttribute(function->getContext(),
[INFO] [stderr]         |                                       ^~~~~~~~~~~~
[INFO] [stderr]         |                                       addFnAttribute
[INFO] [stderr]   /opt/rustwide/workdir/wavm/Lib/LLVMJIT/LLVMJITPrivate.h:327:39: error: 'class llvm::AttributeList' has no member named 'addAttribute'; did you mean 'addFnAttribute'?
[INFO] [stderr]     327 |                         attrs = attrs.addAttribute(function->getContext(),
[INFO] [stderr]         |                                       ^~~~~~~~~~~~
[INFO] [stderr]         |                                       addFnAttribute
[INFO] [stderr]   In file included from /opt/rustwide/workdir/wavm/Lib/LLVMJIT/EmitTable.cpp:1:
[INFO] [stderr]   /opt/rustwide/workdir/wavm/Lib/LLVMJIT/EmitContext.h: In member function 'llvm::Value* WAVM::LLVMJIT::EmitContext::loadFromUntypedPointer(llvm::Value*, llvm::Type*, WAVM::U32)':
[INFO] [stderr]   /opt/rustwide/workdir/wavm/Lib/LLVMJIT/EmitContext.h:38:57: error: no matching function for call to 'llvm::IRBuilder<>::CreateLoad(llvm::Value*)'
[INFO] [stderr]      38 |                         auto load = irBuilder.CreateLoad(
[INFO] [stderr]         |                                     ~~~~~~~~~~~~~~~~~~~~^
[INFO] [stderr]      39 |                                 irBuilder.CreatePointerCast(pointer, valueType->getPointerTo()));
[INFO] [stderr]         |                                 ~~~~~~~~~~~~~~~~~~~~~~~~~~~~~~~~~~~~~~~~~~~~~~~~~~~~~~~~~~~~~~~~
[INFO] [stderr]   In file included from /opt/rustwide/workdir/wavm/Lib/LLVMJIT/LLVMJITPrivate.h:32,
[INFO] [stderr]                    from /opt/rustwide/workdir/wavm/Lib/LLVMJIT/EmitContext.h:3,
[INFO] [stderr]                    from /opt/rustwide/workdir/wavm/Lib/LLVMJIT/EmitTable.cpp:1:
[INFO] [stderr]   /usr/include/llvm-14/llvm/IR/IRBuilder.h:1659:13: note: candidate: 'llvm::LoadInst* llvm::IRBuilderBase::CreateLoad(llvm::Type*, llvm::Value*, const char*)'
[INFO] [stderr]    1659 |   LoadInst *CreateLoad(Type *Ty, Value *Ptr, const char *Name) {
[INFO] [stderr]         |             ^~~~~~~~~~
[INFO] [stderr]   /usr/include/llvm-14/llvm/IR/IRBuilder.h:1659:13: note:   candidate expects 3 arguments, 1 provided
[INFO] [stderr]   /usr/include/llvm-14/llvm/IR/IRBuilder.h:1663:13: note: candidate: 'llvm::LoadInst* llvm::IRBuilderBase::CreateLoad(llvm::Type*, llvm::Value*, const llvm::Twine&)'
[INFO] [stderr]    1663 |   LoadInst *CreateLoad(Type *Ty, Value *Ptr, const Twine &Name = "") {
[INFO] [stderr]         |             ^~~~~~~~~~
[INFO] [stderr]   /usr/include/llvm-14/llvm/IR/IRBuilder.h:1663:13: note:   candidate expects 3 arguments, 1 provided
[INFO] [stderr]   /usr/include/llvm-14/llvm/IR/IRBuilder.h:1667:13: note: candidate: 'llvm::LoadInst* llvm::IRBuilderBase::CreateLoad(llvm::Type*, llvm::Value*, bool, const llvm::Twine&)'
[INFO] [stderr]    1667 |   LoadInst *CreateLoad(Type *Ty, Value *Ptr, bool isVolatile,
[INFO] [stderr]         |             ^~~~~~~~~~
[INFO] [stderr]   /usr/include/llvm-14/llvm/IR/IRBuilder.h:1667:13: note:   candidate expects 4 arguments, 1 provided
[INFO] [stderr]   In file included from /opt/rustwide/workdir/wavm/Lib/LLVMJIT/EmitTable.cpp:1:
[INFO] [stderr]   /opt/rustwide/workdir/wavm/Lib/LLVMJIT/EmitContext.h: In member function 'void WAVM::LLVMJIT::EmitContext::storeToUntypedPointer(llvm::Value*, llvm::Value*, WAVM::U32)':
[INFO] [stderr]   /opt/rustwide/workdir/wavm/Lib/LLVMJIT/EmitContext.h:48:45: error: cannot convert 'WAVM::U32' {aka 'unsigned int'} to 'llvm::Align'
[INFO] [stderr]      48 |                         store->setAlignment(alignment);
[INFO] [stderr]         |                                             ^~~~~~~~~
[INFO] [stderr]         |                                             |
[INFO] [stderr]         |                                             WAVM::U32 {aka unsigned int}
[INFO] [stderr]   In file included from /usr/include/llvm-14/llvm/IR/IRBuilder.h:36,
[INFO] [stderr]                    from /opt/rustwide/workdir/wavm/Lib/LLVMJIT/LLVMJITPrivate.h:32,
[INFO] [stderr]                    from /opt/rustwide/workdir/wavm/Lib/LLVMJIT/EmitContext.h:3,
[INFO] [stderr]                    from /opt/rustwide/workdir/wavm/Lib/LLVMJIT/EmitTable.cpp:1:
[INFO] [stderr]   /usr/include/llvm-14/llvm/IR/Instructions.h:359:27: note:   initializing argument 1 of 'void llvm::StoreInst::setAlignment(llvm::Align)'
[INFO] [stderr]     359 |   void setAlignment(Align Align) {
[INFO] [stderr]         |                     ~~~~~~^~~~~
[INFO] [stderr]   In file included from /opt/rustwide/workdir/wavm/Lib/LLVMJIT/EmitTable.cpp:1:
[INFO] [stderr]   /opt/rustwide/workdir/wavm/Lib/LLVMJIT/EmitContext.h: In member function 'llvm::Value* WAVM::LLVMJIT::EmitContext::getCompartmentAddress()':
[INFO] [stderr]   /opt/rustwide/workdir/wavm/Lib/LLVMJIT/EmitContext.h:57:86: error: no matching function for call to 'llvm::IRBuilder<>::CreateLoad(llvm::Value*&)'
[INFO] [stderr]      57 |                                         irBuilder.CreatePtrToInt(irBuilder.CreateLoad(contextPointerVariable),
[INFO] [stderr]         |                                                                  ~~~~~~~~~~~~~~~~~~~~^~~~~~~~~~~~~~~~~~~~~~~~
[INFO] [stderr]   In file included from /opt/rustwide/workdir/wavm/Lib/LLVMJIT/LLVMJITPrivate.h:32,
[INFO] [stderr]                    from /opt/rustwide/workdir/wavm/Lib/LLVMJIT/EmitContext.h:3,
[INFO] [stderr]                    from /opt/rustwide/workdir/wavm/Lib/LLVMJIT/EmitTable.cpp:1:
[INFO] [stderr]   /usr/include/llvm-14/llvm/IR/IRBuilder.h:1659:13: note: candidate: 'llvm::LoadInst* llvm::IRBuilderBase::CreateLoad(llvm::Type*, llvm::Value*, const char*)'
[INFO] [stderr]    1659 |   LoadInst *CreateLoad(Type *Ty, Value *Ptr, const char *Name) {
[INFO] [stderr]         |             ^~~~~~~~~~
[INFO] [stderr]   /usr/include/llvm-14/llvm/IR/IRBuilder.h:1659:13: note:   candidate expects 3 arguments, 1 provided
[INFO] [stderr]   /usr/include/llvm-14/llvm/IR/IRBuilder.h:1663:13: note: candidate: 'llvm::LoadInst* llvm::IRBuilderBase::CreateLoad(llvm::Type*, llvm::Value*, const llvm::Twine&)'
[INFO] [stderr]    1663 |   LoadInst *CreateLoad(Type *Ty, Value *Ptr, const Twine &Name = "") {
[INFO] [stderr]         |             ^~~~~~~~~~
[INFO] [stderr]   /usr/include/llvm-14/llvm/IR/IRBuilder.h:1663:13: note:   candidate expects 3 arguments, 1 provided
[INFO] [stderr]   /usr/include/llvm-14/llvm/IR/IRBuilder.h:1667:13: note: candidate: 'llvm::LoadInst* llvm::IRBuilderBase::CreateLoad(llvm::Type*, llvm::Value*, bool, const llvm::Twine&)'
[INFO] [stderr]    1667 |   LoadInst *CreateLoad(Type *Ty, Value *Ptr, bool isVolatile,
[INFO] [stderr]         |             ^~~~~~~~~~
[INFO] [stderr]   /usr/include/llvm-14/llvm/IR/IRBuilder.h:1667:13: note:   candidate expects 4 arguments, 1 provided
[INFO] [stderr]   In file included from /opt/rustwide/workdir/wavm/Lib/LLVMJIT/EmitTable.cpp:1:
[INFO] [stderr]   /opt/rustwide/workdir/wavm/Lib/LLVMJIT/EmitContext.h: In member function 'void WAVM::LLVMJIT::EmitContext::reloadMemoryBases()':
[INFO] [stderr]   /opt/rustwide/workdir/wavm/Lib/LLVMJIT/EmitContext.h:74:76: error: no matching function for call to 'llvm::IRBuilder<>::CreateInBoundsGEP(llvm::Value*&, <brace-enclosed initializer list>)'
[INFO] [stderr]      74 |                                                 irBuilder.CreateInBoundsGEP(compartmentAddress, {memoryOffset}),
[INFO] [stderr]         |                                                 ~~~~~~~~~~~~~~~~~~~~~~~~~~~^~~~~~~~~~~~~~~~~~~~~~~~~~~~~~~~~~~~
[INFO] [stderr]   In file included from /opt/rustwide/workdir/wavm/Lib/LLVMJIT/LLVMJITPrivate.h:32,
[INFO] [stderr]                    from /opt/rustwide/workdir/wavm/Lib/LLVMJIT/EmitContext.h:3,
[INFO] [stderr]                    from /opt/rustwide/workdir/wavm/Lib/LLVMJIT/EmitTable.cpp:1:
[INFO] [stderr]   /usr/include/llvm-14/llvm/IR/IRBuilder.h:1742:10: note: candidate: 'llvm::Value* llvm::IRBuilderBase::CreateInBoundsGEP(llvm::Type*, llvm::Value*, llvm::ArrayRef<llvm::Value*>, const llvm::Twine&)'
[INFO] [stderr]    1742 |   Value *CreateInBoundsGEP(Type *Ty, Value *Ptr, ArrayRef<Value *> IdxList,
[INFO] [stderr]         |          ^~~~~~~~~~~~~~~~~
[INFO] [stderr]   /usr/include/llvm-14/llvm/IR/IRBuilder.h:1742:10: note:   candidate expects 4 arguments, 2 provided
[INFO] [stderr]   /usr/include/llvm-14/llvm/IR/IRBuilder.h:1755:10: note: candidate: 'llvm::Value* llvm::IRBuilderBase::CreateInBoundsGEP(llvm::Type*, llvm::Value*, llvm::Value*, const llvm::Twine&)'
[INFO] [stderr]    1755 |   Value *CreateInBoundsGEP(Type *Ty, Value *Ptr, Value *Idx,
[INFO] [stderr]         |          ^~~~~~~~~~~~~~~~~
[INFO] [stderr]   /usr/include/llvm-14/llvm/IR/IRBuilder.h:1755:10: note:   candidate expects 4 arguments, 2 provided
[INFO] [stderr]   In file included from /opt/rustwide/workdir/wavm/Lib/LLVMJIT/EmitTable.cpp:1:
[INFO] [stderr]   /opt/rustwide/workdir/wavm/Lib/LLVMJIT/EmitContext.h: In member function 'WAVM::LLVMJIT::ValueVector WAVM::LLVMJIT::EmitContext::emitCallOrInvoke(llvm::Value*, llvm::ArrayRef<llvm::Value*>, WAVM::IR::FunctionType, llvm::BasicBlock*)':
[INFO] [stderr]   /opt/rustwide/workdir/wavm/Lib/LLVMJIT/EmitContext.h:116:76: error: no matching function for call to 'llvm::IRBuilder<>::CreateInBoundsGEP(llvm::AllocaInst*&, <brace-enclosed initializer list>)'
[INFO] [stderr]     116 |                                                 irBuilder.CreateInBoundsGEP(
[INFO] [stderr]         |                                                 ~~~~~~~~~~~~~~~~~~~~~~~~~~~^
[INFO] [stderr]     117 |                                                         argsArray,
[INFO] [stderr]         |                                                         ~~~~~~~~~~          
[INFO] [stderr]     118 |                                                         {emitLiteral(llvmContext,
[INFO] [stderr]         |                                                         ~~~~~~~~~~~~~~~~~~~~~~~~~
[INFO] [stderr]     119 |                                                                                  Uptr(argIndex * sizeof(IR::UntaggedValue)))}));
[INFO] [stderr]         |                                                                                  ~~~~~~~~~~~~~~~~~~~~~~~~~~~~~~~~~~~~~~~~~~~~~
[INFO] [stderr]   In file included from /opt/rustwide/workdir/wavm/Lib/LLVMJIT/LLVMJITPrivate.h:32,
[INFO] [stderr]                    from /opt/rustwide/workdir/wavm/Lib/LLVMJIT/EmitContext.h:3,
[INFO] [stderr]                    from /opt/rustwide/workdir/wavm/Lib/LLVMJIT/EmitTable.cpp:1:
[INFO] [stderr]   /usr/include/llvm-14/llvm/IR/IRBuilder.h:1742:10: note: candidate: 'llvm::Value* llvm::IRBuilderBase::CreateInBoundsGEP(llvm::Type*, llvm::Value*, llvm::ArrayRef<llvm::Value*>, const llvm::Twine&)'
[INFO] [stderr]    1742 |   Value *CreateInBoundsGEP(Type *Ty, Value *Ptr, ArrayRef<Value *> IdxList,
[INFO] [stderr]         |          ^~~~~~~~~~~~~~~~~
[INFO] [stderr]   /usr/include/llvm-14/llvm/IR/IRBuilder.h:1742:10: note:   candidate expects 4 arguments, 2 provided
[INFO] [stderr]   /usr/include/llvm-14/llvm/IR/IRBuilder.h:1755:10: note: candidate: 'llvm::Value* llvm::IRBuilderBase::CreateInBoundsGEP(llvm::Type*, llvm::Value*, llvm::Value*, const llvm::Twine&)'
[INFO] [stderr]    1755 |   Value *CreateInBoundsGEP(Type *Ty, Value *Ptr, Value *Idx,
[INFO] [stderr]         |          ^~~~~~~~~~~~~~~~~
[INFO] [stderr]   /usr/include/llvm-14/llvm/IR/IRBuilder.h:1755:10: note:   candidate expects 4 arguments, 2 provided
[INFO] [stderr]   In file included from /opt/rustwide/workdir/wavm/Lib/LLVMJIT/EmitTable.cpp:1:
[INFO] [stderr]   /opt/rustwide/workdir/wavm/Lib/LLVMJIT/EmitContext.h:138:73: error: no matching function for call to 'llvm::IRBuilder<>::CreateLoad(llvm::Value*&)'
[INFO] [stderr]     138 |                                 callArgsAlloca[0] = irBuilder.CreateLoad(contextPointerVariable);
[INFO] [stderr]         |                                                     ~~~~~~~~~~~~~~~~~~~~^~~~~~~~~~~~~~~~~~~~~~~~
[INFO] [stderr]   In file included from /opt/rustwide/workdir/wavm/Lib/LLVMJIT/LLVMJITPrivate.h:32,
[INFO] [stderr]                    from /opt/rustwide/workdir/wavm/Lib/LLVMJIT/EmitContext.h:3,
[INFO] [stderr]                    from /opt/rustwide/workdir/wavm/Lib/LLVMJIT/EmitTable.cpp:1:
[INFO] [stderr]   /usr/include/llvm-14/llvm/IR/IRBuilder.h:1659:13: note: candidate: 'llvm::LoadInst* llvm::IRBuilderBase::CreateLoad(llvm::Type*, llvm::Value*, const char*)'
[INFO] [stderr]    1659 |   LoadInst *CreateLoad(Type *Ty, Value *Ptr, const char *Name) {
[INFO] [stderr]         |             ^~~~~~~~~~
[INFO] [stderr]   /usr/include/llvm-14/llvm/IR/IRBuilder.h:1659:13: note:   candidate expects 3 arguments, 1 provided
[INFO] [stderr]   /usr/include/llvm-14/llvm/IR/IRBuilder.h:1663:13: note: candidate: 'llvm::LoadInst* llvm::IRBuilderBase::CreateLoad(llvm::Type*, llvm::Value*, const llvm::Twine&)'
[INFO] [stderr]    1663 |   LoadInst *CreateLoad(Type *Ty, Value *Ptr, const Twine &Name = "") {
[INFO] [stderr]         |             ^~~~~~~~~~
[INFO] [stderr]   /usr/include/llvm-14/llvm/IR/IRBuilder.h:1663:13: note:   candidate expects 3 arguments, 1 provided
[INFO] [stderr]   /usr/include/llvm-14/llvm/IR/IRBuilder.h:1667:13: note: candidate: 'llvm::LoadInst* llvm::IRBuilderBase::CreateLoad(llvm::Type*, llvm::Value*, bool, const llvm::Twine&)'
[INFO] [stderr]    1667 |   LoadInst *CreateLoad(Type *Ty, Value *Ptr, bool isVolatile,
[INFO] [stderr]         |             ^~~~~~~~~~
[INFO] [stderr]   /usr/include/llvm-14/llvm/IR/IRBuilder.h:1667:13: note:   candidate expects 4 arguments, 1 provided
[INFO] [stderr]   In file included from /opt/rustwide/workdir/wavm/Lib/LLVMJIT/EmitTable.cpp:1:
[INFO] [stderr]   /opt/rustwide/workdir/wavm/Lib/LLVMJIT/EmitContext.h:147:65: error: no matching function for call to 'llvm::IRBuilder<>::CreateCall(llvm::Value*&, llvm::ArrayRef<llvm::Value*>&)'
[INFO] [stderr]     147 |                                 auto call = irBuilder.CreateCall(callee, callArgs);
[INFO] [stderr]         |                                             ~~~~~~~~~~~~~~~~~~~~^~~~~~~~~~~~~~~~~~
[INFO] [stderr]   In file included from /opt/rustwide/workdir/wavm/Lib/LLVMJIT/LLVMJITPrivate.h:32,
[INFO] [stderr]                    from /opt/rustwide/workdir/wavm/Lib/LLVMJIT/EmitContext.h:3,
[INFO] [stderr]                    from /opt/rustwide/workdir/wavm/Lib/LLVMJIT/EmitTable.cpp:1:
[INFO] [stderr]   /usr/include/llvm-14/llvm/IR/IRBuilder.h:2251:13: note: candidate: 'llvm::CallInst* llvm::IRBuilderBase::CreateCall(llvm::FunctionType*, llvm::Value*, llvm::ArrayRef<llvm::Value*>, const llvm::Twine&, llvm::MDNode*)'
[INFO] [stderr]    2251 |   CallInst *CreateCall(FunctionType *FTy, Value *Callee,
[INFO] [stderr]         |             ^~~~~~~~~~
[INFO] [stderr]   /usr/include/llvm-14/llvm/IR/IRBuilder.h:2251:38: note:   no known conversion for argument 1 from 'llvm::Value*' to 'llvm::FunctionType*'
[INFO] [stderr]    2251 |   CallInst *CreateCall(FunctionType *FTy, Value *Callee,
[INFO] [stderr]         |                        ~~~~~~~~~~~~~~^~~
[INFO] [stderr]   /usr/include/llvm-14/llvm/IR/IRBuilder.h:2262:13: note: candidate: 'llvm::CallInst* llvm::IRBuilderBase::CreateCall(llvm::FunctionType*, llvm::Value*, llvm::ArrayRef<llvm::Value*>, llvm::ArrayRef<llvm::OperandBundleDefT<llvm::Value*> >, const llvm::Twine&, llvm::MDNode*)'
[INFO] [stderr]    2262 |   CallInst *CreateCall(FunctionType *FTy, Value *Callee, ArrayRef<Value *> Args,
[INFO] [stderr]         |             ^~~~~~~~~~
[INFO] [stderr]   /usr/include/llvm-14/llvm/IR/IRBuilder.h:2262:13: note:   candidate expects 6 arguments, 2 provided
[INFO] [stderr]   /usr/include/llvm-14/llvm/IR/IRBuilder.h:2273:13: note: candidate: 'llvm::CallInst* llvm::IRBuilderBase::CreateCall(llvm::FunctionCallee, llvm::ArrayRef<llvm::Value*>, const llvm::Twine&, llvm::MDNode*)'
[INFO] [stderr]    2273 |   CallInst *CreateCall(FunctionCallee Callee, ArrayRef<Value *> Args = None,
[INFO] [stderr]         |             ^~~~~~~~~~
[INFO] [stderr]   /usr/include/llvm-14/llvm/IR/IRBuilder.h:2273:39: note:   no known conversion for argument 1 from 'llvm::Value*' to 'llvm::FunctionCallee'
[INFO] [stderr]    2273 |   CallInst *CreateCall(FunctionCallee Callee, ArrayRef<Value *> Args = None,
[INFO] [stderr]         |                        ~~~~~~~~~~~~~~~^~~~~~
[INFO] [stderr]   /usr/include/llvm-14/llvm/IR/IRBuilder.h:2279:13: note: candidate: 'llvm::CallInst* llvm::IRBuilderBase::CreateCall(llvm::FunctionCallee, llvm::ArrayRef<llvm::Value*>, llvm::ArrayRef<llvm::OperandBundleDefT<llvm::Value*> >, const llvm::Twine&, llvm::MDNode*)'
[INFO] [stderr]    2279 |   CallInst *CreateCall(FunctionCallee Callee, ArrayRef<Value *> Args,
[INFO] [stderr]         |             ^~~~~~~~~~
[INFO] [stderr]   /usr/include/llvm-14/llvm/IR/IRBuilder.h:2279:13: note:   candidate expects 5 arguments, 2 provided
[INFO] [stderr]   In file included from /opt/rustwide/workdir/wavm/Lib/LLVMJIT/EmitTable.cpp:1:
[INFO] [stderr]   /opt/rustwide/workdir/wavm/Lib/LLVMJIT/EmitContext.h:155:69: error: no matching function for call to 'llvm::IRBuilder<>::CreateInvoke(llvm::Value*&, llvm::BasicBlock*&, llvm::BasicBlock*&, llvm::ArrayRef<llvm::Value*>&)'
[INFO] [stderr]     155 |                                 auto invoke = irBuilder.CreateInvoke(callee, returnBlock, unwindToBlock, callArgs);
[INFO] [stderr]         |                                               ~~~~~~~~~~~~~~~~~~~~~~^~~~~~~~~~~~~~~~~~~~~~~~~~~~~~~~~~~~~~~~~~~~~~
[INFO] [stderr]   In file included from /opt/rustwide/workdir/wavm/Lib/LLVMJIT/LLVMJITPrivate.h:32,
[INFO] [stderr]                    from /opt/rustwide/workdir/wavm/Lib/LLVMJIT/EmitContext.h:3,
[INFO] [stderr]                    from /opt/rustwide/workdir/wavm/Lib/LLVMJIT/EmitTable.cpp:1:
[INFO] [stderr]   /usr/include/llvm-14/llvm/IR/IRBuilder.h:1032:15: note: candidate: 'llvm::InvokeInst* llvm::IRBuilderBase::CreateInvoke(llvm::FunctionType*, llvm::Value*, llvm::BasicBlock*, llvm::BasicBlock*, llvm::ArrayRef<llvm::Value*>, llvm::ArrayRef<llvm::OperandBundleDefT<llvm::Value*> >, const llvm::Twine&)'
[INFO] [stderr]    1032 |   InvokeInst *CreateInvoke(FunctionType *Ty, Value *Callee,
[INFO] [stderr]         |               ^~~~~~~~~~~~
[INFO] [stderr]   /usr/include/llvm-14/llvm/IR/IRBuilder.h:1032:15: note:   candidate expects 7 arguments, 4 provided
[INFO] [stderr]   /usr/include/llvm-14/llvm/IR/IRBuilder.h:1043:15: note: candidate: 'llvm::InvokeInst* llvm::IRBuilderBase::CreateInvoke(llvm::FunctionType*, llvm::Value*, llvm::BasicBlock*, llvm::BasicBlock*, llvm::ArrayRef<llvm::Value*>, const llvm::Twine&)'
[INFO] [stderr]    1043 |   InvokeInst *CreateInvoke(FunctionType *Ty, Value *Callee,
[INFO] [stderr]         |               ^~~~~~~~~~~~
[INFO] [stderr]   /usr/include/llvm-14/llvm/IR/IRBuilder.h:1043:42: note:   no known conversion for argument 1 from 'llvm::Value*' to 'llvm::FunctionType*'
[INFO] [stderr]    1043 |   InvokeInst *CreateInvoke(FunctionType *Ty, Value *Callee,
[INFO] [stderr]         |                            ~~~~~~~~~~~~~~^~
[INFO] [stderr]   /usr/include/llvm-14/llvm/IR/IRBuilder.h:1054:15: note: candidate: 'llvm::InvokeInst* llvm::IRBuilderBase::CreateInvoke(llvm::FunctionCallee, llvm::BasicBlock*, llvm::BasicBlock*, llvm::ArrayRef<llvm::Value*>, llvm::ArrayRef<llvm::OperandBundleDefT<llvm::Value*> >, const llvm::Twine&)'
[INFO] [stderr]    1054 |   InvokeInst *CreateInvoke(FunctionCallee Callee, BasicBlock *NormalDest,
[INFO] [stderr]         |               ^~~~~~~~~~~~
[INFO] [stderr]   /usr/include/llvm-14/llvm/IR/IRBuilder.h:1054:15: note:   candidate expects 6 arguments, 4 provided
[INFO] [stderr]   /usr/include/llvm-14/llvm/IR/IRBuilder.h:1062:15: note: candidate: 'llvm::InvokeInst* llvm::IRBuilderBase::CreateInvoke(llvm::FunctionCallee, llvm::BasicBlock*, llvm::BasicBlock*, llvm::ArrayRef<llvm::Value*>, const llvm::Twine&)'
[INFO] [stderr]    1062 |   InvokeInst *CreateInvoke(FunctionCallee Callee, BasicBlock *NormalDest,
[INFO] [stderr]         |               ^~~~~~~~~~~~
[INFO] [stderr]   /usr/include/llvm-14/llvm/IR/IRBuilder.h:1062:43: note:   no known conversion for argument 1 from 'llvm::Value*' to 'llvm::FunctionCallee'
[INFO] [stderr]    1062 |   InvokeInst *CreateInvoke(FunctionCallee Callee, BasicBlock *NormalDest,
[INFO] [stderr]         |                            ~~~~~~~~~~~~~~~^~~~~~
[INFO] [stderr]   In file included from /opt/rustwide/workdir/wavm/Lib/LLVMJIT/EmitTable.cpp:1:
[INFO] [stderr]   /opt/rustwide/workdir/wavm/Lib/LLVMJIT/EmitContext.h:194:84: error: no matching function for call to 'llvm::IRBuilder<>::CreateInBoundsGEP(llvm::Value*&, <brace-enclosed initializer list>)'
[INFO] [stderr]     194 |                                                         irBuilder.CreateInBoundsGEP(newContextPointer,
[INFO] [stderr]         |                                                         ~~~~~~~~~~~~~~~~~~~~~~~~~~~^~~~~~~~~~~~~~~~~~~
[INFO] [stderr]     195 |                                                                                                                 {emitLiteral(llvmContext, resultOffset)}),
[INFO] [stderr]         |                                                                                                                 ~~~~~~~~~~~~~~~~~~~~~~~~~~~~~~~~~~~~~~~~~
[INFO] [stderr]   In file included from /opt/rustwide/workdir/wavm/Lib/LLVMJIT/LLVMJITPrivate.h:32,
[INFO] [stderr]                    from /opt/rustwide/workdir/wavm/Lib/LLVMJIT/EmitContext.h:3,
[INFO] [stderr]                    from /opt/rustwide/workdir/wavm/Lib/LLVMJIT/EmitTable.cpp:1:
[INFO] [stderr]   /usr/include/llvm-14/llvm/IR/IRBuilder.h:1742:10: note: candidate: 'llvm::Value* llvm::IRBuilderBase::CreateInBoundsGEP(llvm::Type*, llvm::Value*, llvm::ArrayRef<llvm::Value*>, const llvm::Twine&)'
[INFO] [stderr]    1742 |   Value *CreateInBoundsGEP(Type *Ty, Value *Ptr, ArrayRef<Value *> IdxList,
[INFO] [stderr]         |          ^~~~~~~~~~~~~~~~~
[INFO] [stderr]   /usr/include/llvm-14/llvm/IR/IRBuilder.h:1742:10: note:   candidate expects 4 arguments, 2 provided
[INFO] [stderr]   /usr/include/llvm-14/llvm/IR/IRBuilder.h:1755:10: note: candidate: 'llvm::Value* llvm::IRBuilderBase::CreateInBoundsGEP(llvm::Type*, llvm::Value*, llvm::Value*, const llvm::Twine&)'
[INFO] [stderr]    1755 |   Value *CreateInBoundsGEP(Type *Ty, Value *Ptr, Value *Idx,
[INFO] [stderr]         |          ^~~~~~~~~~~~~~~~~
[INFO] [stderr]   /usr/include/llvm-14/llvm/IR/IRBuilder.h:1755:10: note:   candidate expects 4 arguments, 2 provided
[INFO] [stderr]   In file included from /opt/rustwide/workdir/wavm/Lib/LLVMJIT/EmitTable.cpp:1:
[INFO] [stderr]   /opt/rustwide/workdir/wavm/Lib/LLVMJIT/EmitContext.h:248:76: error: no matching function for call to 'llvm::IRBuilder<>::CreateInBoundsGEP(llvm::Value*&, <brace-enclosed initializer list>)'
[INFO] [stderr]     248 |                                                 irBuilder.CreateInBoundsGEP(
[INFO] [stderr]         |                                                 ~~~~~~~~~~~~~~~~~~~~~~~~~~~^
[INFO] [stderr]     249 |                                                         resultsArray,
[INFO] [stderr]         |                                                         ~~~~~~~~~~~~~       
[INFO] [stderr]     250 |                                                         {emitLiteral(llvmContext, resultIndex * sizeof(IR::UntaggedValue))}),
[INFO] [stderr]         |                                                         ~~~~~~~~~~~~~~~~~~~~~~~~~~~~~~~~~~~~~~~~~~~~~~~~~~~~~~~~~~~~~~~~~~~~
[INFO] [stderr]   In file included from /opt/rustwide/workdir/wavm/Lib/LLVMJIT/LLVMJITPrivate.h:32,
[INFO] [stderr]                    from /opt/rustwide/workdir/wavm/Lib/LLVMJIT/EmitContext.h:3,
[INFO] [stderr]                    from /opt/rustwide/workdir/wavm/Lib/LLVMJIT/EmitTable.cpp:1:
[INFO] [stderr]   /usr/include/llvm-14/llvm/IR/IRBuilder.h:1742:10: note: candidate: 'llvm::Value* llvm::IRBuilderBase::CreateInBoundsGEP(llvm::Type*, llvm::Value*, llvm::ArrayRef<llvm::Value*>, const llvm::Twine&)'
[INFO] [stderr]    1742 |   Value *CreateInBoundsGEP(Type *Ty, Value *Ptr, ArrayRef<Value *> IdxList,
[INFO] [stderr]         |          ^~~~~~~~~~~~~~~~~
[INFO] [stderr]   /usr/include/llvm-14/llvm/IR/IRBuilder.h:1742:10: note:   candidate expects 4 arguments, 2 provided
[INFO] [stderr]   /usr/include/llvm-14/llvm/IR/IRBuilder.h:1755:10: note: candidate: 'llvm::Value* llvm::IRBuilderBase::CreateInBoundsGEP(llvm::Type*, llvm::Value*, llvm::Value*, const llvm::Twine&)'
[INFO] [stderr]    1755 |   Value *CreateInBoundsGEP(Type *Ty, Value *Ptr, Value *Idx,
[INFO] [stderr]         |          ^~~~~~~~~~~~~~~~~
[INFO] [stderr]   /usr/include/llvm-14/llvm/IR/IRBuilder.h:1755:10: note:   candidate expects 4 arguments, 2 provided
[INFO] [stderr]   In file included from /opt/rustwide/workdir/wavm/Lib/LLVMJIT/EmitTable.cpp:1:
[INFO] [stderr]   /opt/rustwide/workdir/wavm/Lib/LLVMJIT/EmitContext.h: In member function 'void WAVM::LLVMJIT::EmitContext::emitReturn(WAVM::IR::TypeTuple, const llvm::ArrayRef<llvm::Value*>&)':
[INFO] [stderr]   /opt/rustwide/workdir/wavm/Lib/LLVMJIT/EmitContext.h:272:67: error: no matching function for call to 'llvm::IRBuilder<>::CreateLoad(llvm::Value*&)'
[INFO] [stderr]     272 |                                 returnStruct, irBuilder.CreateLoad(contextPointerVariable), {U32(0)});
[INFO] [stderr]         |                                               ~~~~~~~~~~~~~~~~~~~~^~~~~~~~~~~~~~~~~~~~~~~~
[INFO] [stderr]   In file included from /opt/rustwide/workdir/wavm/Lib/LLVMJIT/LLVMJITPrivate.h:32,
[INFO] [stderr]                    from /opt/rustwide/workdir/wavm/Lib/LLVMJIT/EmitContext.h:3,
[INFO] [stderr]                    from /opt/rustwide/workdir/wavm/Lib/LLVMJIT/EmitTable.cpp:1:
[INFO] [stderr]   /usr/include/llvm-14/llvm/IR/IRBuilder.h:1659:13: note: candidate: 'llvm::LoadInst* llvm::IRBuilderBase::CreateLoad(llvm::Type*, llvm::Value*, const char*)'
[INFO] [stderr]    1659 |   LoadInst *CreateLoad(Type *Ty, Value *Ptr, const char *Name) {
[INFO] [stderr]         |             ^~~~~~~~~~
[INFO] [stderr]   /usr/include/llvm-14/llvm/IR/IRBuilder.h:1659:13: note:   candidate expects 3 arguments, 1 provided
[INFO] [stderr]   /usr/include/llvm-14/llvm/IR/IRBuilder.h:1663:13: note: candidate: 'llvm::LoadInst* llvm::IRBuilderBase::CreateLoad(llvm::Type*, llvm::Value*, const llvm::Twine&)'
[INFO] [stderr]    1663 |   LoadInst *CreateLoad(Type *Ty, Value *Ptr, const Twine &Name = "") {
[INFO] [stderr]         |             ^~~~~~~~~~
[INFO] [stderr]   /usr/include/llvm-14/llvm/IR/IRBuilder.h:1663:13: note:   candidate expects 3 arguments, 1 provided
[INFO] [stderr]   /usr/include/llvm-14/llvm/IR/IRBuilder.h:1667:13: note: candidate: 'llvm::LoadInst* llvm::IRBuilderBase::CreateLoad(llvm::Type*, llvm::Value*, bool, const llvm::Twine&)'
[INFO] [stderr]    1667 |   LoadInst *CreateLoad(Type *Ty, Value *Ptr, bool isVolatile,
[INFO] [stderr]         |             ^~~~~~~~~~
[INFO] [stderr]   /usr/include/llvm-14/llvm/IR/IRBuilder.h:1667:13: note:   candidate expects 4 arguments, 1 provided
[INFO] [stderr]   In file included from /opt/rustwide/workdir/wavm/Lib/LLVMJIT/EmitTable.cpp:1:
[INFO] [stderr]   /opt/rustwide/workdir/wavm/Lib/LLVMJIT/EmitContext.h:300:119: error: no matching function for call to 'llvm::IRBuilder<>::CreateLoad(llvm::Value*&)'
[INFO] [stderr]     300 |                                                                                                   irBuilder.CreateLoad(contextPointerVariable),
[INFO] [stderr]         |                                                                                                   ~~~~~~~~~~~~~~~~~~~~^~~~~~~~~~~~~~~~~~~~~~~~
[INFO] [stderr]   In file included from /opt/rustwide/workdir/wavm/Lib/LLVMJIT/LLVMJITPrivate.h:32,
[INFO] [stderr]                    from /opt/rustwide/workdir/wavm/Lib/LLVMJIT/EmitContext.h:3,
[INFO] [stderr]                    from /opt/rustwide/workdir/wavm/Lib/LLVMJIT/EmitTable.cpp:1:
[INFO] [stderr]   /usr/include/llvm-14/llvm/IR/IRBuilder.h:1659:13: note: candidate: 'llvm::LoadInst* llvm::IRBuilderBase::CreateLoad(llvm::Type*, llvm::Value*, const char*)'
[INFO] [stderr]    1659 |   LoadInst *CreateLoad(Type *Ty, Value *Ptr, const char *Name) {
[INFO] [stderr]         |             ^~~~~~~~~~
[INFO] [stderr]   /usr/include/llvm-14/llvm/IR/IRBuilder.h:1659:13: note:   candidate expects 3 arguments, 1 provided
[INFO] [stderr]   /usr/include/llvm-14/llvm/IR/IRBuilder.h:1663:13: note: candidate: 'llvm::LoadInst* llvm::IRBuilderBase::CreateLoad(llvm::Type*, llvm::Value*, const llvm::Twine&)'
[INFO] [stderr]    1663 |   LoadInst *CreateLoad(Type *Ty, Value *Ptr, const Twine &Name = "") {
[INFO] [stderr]         |             ^~~~~~~~~~
[INFO] [stderr]   /usr/include/llvm-14/llvm/IR/IRBuilder.h:1663:13: note:   candidate expects 3 arguments, 1 provided
[INFO] [stderr]   /usr/include/llvm-14/llvm/IR/IRBuilder.h:1667:13: note: candidate: 'llvm::LoadInst* llvm::IRBuilderBase::CreateLoad(llvm::Type*, llvm::Value*, bool, const llvm::Twine&)'
[INFO] [stderr]    1667 |   LoadInst *CreateLoad(Type *Ty, Value *Ptr, bool isVolatile,
[INFO] [stderr]         |             ^~~~~~~~~~
[INFO] [stderr]   /usr/include/llvm-14/llvm/IR/IRBuilder.h:1667:13: note:   candidate expects 4 arguments, 1 provided
[INFO] [stderr]   cc1plus: all warnings being treated as errors
[INFO] [stderr]   gmake[3]: *** [CMakeFiles/libWAVM.dir/build.make:649: CMakeFiles/libWAVM.dir/Lib/LLVMJIT/EmitNumeric.cpp.o] Error 1
[INFO] [stderr]   gmake[3]: *** [CMakeFiles/libWAVM.dir/build.make:663: CMakeFiles/libWAVM.dir/Lib/LLVMJIT/EmitTable.cpp.o] Error 1
[INFO] [stderr]   gmake[2]: *** [CMakeFiles/Makefile2:698: CMakeFiles/libWAVM.dir/all] Error 2
[INFO] [stderr]   gmake[1]: *** [CMakeFiles/Makefile2:705: CMakeFiles/libWAVM.dir/rule] Error 2
[INFO] [stderr]   gmake: *** [Makefile:238: libWAVM] Error 2
[INFO] [stderr]   thread 'main' panicked at /opt/rustwide/cargo-home/registry/src/index.crates.io-6f17d22bba15001f/cmake-0.1.50/src/lib.rs:1098:5:
[INFO] [stderr] 
[INFO] [stderr]   command did not execute successfully, got: exit status: 2
[INFO] [stderr] 
[INFO] [stderr]   build script failed, must exit now
[INFO] [stderr]   stack backtrace:
[INFO] [stderr]      0:     0x55c8bb9b0826 - std::backtrace_rs::backtrace::libunwind::trace::h261606ad26a499c1
[INFO] [stderr]                                  at /rustc/0e09125c6c3c2fd70d7de961bcf0e51575235fad/library/std/src/../../backtrace/src/backtrace/libunwind.rs:104:5
[INFO] [stderr]      1:     0x55c8bb9b0826 - std::backtrace_rs::backtrace::trace_unsynchronized::hd183f0625477fb28
[INFO] [stderr]                                  at /rustc/0e09125c6c3c2fd70d7de961bcf0e51575235fad/library/std/src/../../backtrace/src/backtrace/mod.rs:66:5
[INFO] [stderr]      2:     0x55c8bb9b0826 - std::sys_common::backtrace::_print_fmt::hd7f8fef21b4eda67
[INFO] [stderr]                                  at /rustc/0e09125c6c3c2fd70d7de961bcf0e51575235fad/library/std/src/sys_common/backtrace.rs:68:5
[INFO] [stderr]      3:     0x55c8bb9b0826 - <std::sys_common::backtrace::_print::DisplayBacktrace as core::fmt::Display>::fmt::h623d9b51f2f453f1
[INFO] [stderr]                                  at /rustc/0e09125c6c3c2fd70d7de961bcf0e51575235fad/library/std/src/sys_common/backtrace.rs:44:22
[INFO] [stderr]      4:     0x55c8bb9db6d0 - core::fmt::rt::Argument::fmt::h9f417ac76a86f368
[INFO] [stderr]                                  at /rustc/0e09125c6c3c2fd70d7de961bcf0e51575235fad/library/core/src/fmt/rt.rs:142:9
[INFO] [stderr]      5:     0x55c8bb9db6d0 - core::fmt::write::hc9b6faf4ac2aeff7
[INFO] [stderr]                                  at /rustc/0e09125c6c3c2fd70d7de961bcf0e51575235fad/library/core/src/fmt/mod.rs:1120:17
[INFO] [stderr]      6:     0x55c8bb9adcff - std::io::Write::write_fmt::hfead1eee52c2e65e
[INFO] [stderr]                                  at /rustc/0e09125c6c3c2fd70d7de961bcf0e51575235fad/library/std/src/io/mod.rs:1810:15
[INFO] [stderr]      7:     0x55c8bb9b0604 - std::sys_common::backtrace::_print::hd5d66399c7df88a2
[INFO] [stderr]                                  at /rustc/0e09125c6c3c2fd70d7de961bcf0e51575235fad/library/std/src/sys_common/backtrace.rs:47:5
[INFO] [stderr]      8:     0x55c8bb9b0604 - std::sys_common::backtrace::print::he81ed2da642d37e5
[INFO] [stderr]                                  at /rustc/0e09125c6c3c2fd70d7de961bcf0e51575235fad/library/std/src/sys_common/backtrace.rs:34:9
[INFO] [stderr]      9:     0x55c8bb9b1ee7 - std::panicking::default_hook::{{closure}}::h85773f4fa117163d
[INFO] [stderr]     10:     0x55c8bb9b1c49 - std::panicking::default_hook::h6a1694a91d09b278
[INFO] [stderr]                                  at /rustc/0e09125c6c3c2fd70d7de961bcf0e51575235fad/library/std/src/panicking.rs:292:9
[INFO] [stderr]     11:     0x55c8bb9b2378 - std::panicking::rust_panic_with_hook::h0a7ad96e90f7145b
[INFO] [stderr]                                  at /rustc/0e09125c6c3c2fd70d7de961bcf0e51575235fad/library/std/src/panicking.rs:779:13
[INFO] [stderr]     12:     0x55c8bb9b2252 - std::panicking::begin_panic_handler::{{closure}}::h7919090525c6485e
[INFO] [stderr]                                  at /rustc/0e09125c6c3c2fd70d7de961bcf0e51575235fad/library/std/src/panicking.rs:657:13
[INFO] [stderr]     13:     0x55c8bb9b0d26 - std::sys_common::backtrace::__rust_end_short_backtrace::hf3289479464f7dfe
[INFO] [stderr]                                  at /rustc/0e09125c6c3c2fd70d7de961bcf0e51575235fad/library/std/src/sys_common/backtrace.rs:171:18
[INFO] [stderr]     14:     0x55c8bb9b1fb0 - rust_begin_unwind
[INFO] [stderr]                                  at /rustc/0e09125c6c3c2fd70d7de961bcf0e51575235fad/library/std/src/panicking.rs:645:5
[INFO] [stderr]     15:     0x55c8bb470d25 - core::panicking::panic_fmt::hcc9f77c5c132af55
[INFO] [stderr]                                  at /rustc/0e09125c6c3c2fd70d7de961bcf0e51575235fad/library/core/src/panicking.rs:72:14
[INFO] [stderr]     16:     0x55c8bb487241 - cmake::fail::hb96067ba752479bf
[INFO] [stderr]     17:     0x55c8bb4869d7 - cmake::run::h2a913540d65b4727
[INFO] [stderr]     18:     0x55c8bb48330d - cmake::Config::build::he6edb72bc52b9536
[INFO] [stderr]     19:     0x55c8bb474c16 - build_script_build::main::h092378f1a02a51d9
[INFO] [stderr]     20:     0x55c8bb472063 - core::ops::function::FnOnce::call_once::h56c398295ed3015b
[INFO] [stderr]     21:     0x55c8bb4716d6 - std::sys_common::backtrace::__rust_begin_short_backtrace::hffb50c8d4af30aab
[INFO] [stderr]     22:     0x55c8bb471d69 - std::rt::lang_start::{{closure}}::hc9b7d3b8854454ff
[INFO] [stderr]     23:     0x55c8bb9a9541 - core::ops::function::impls::<impl core::ops::function::FnOnce<A> for &F>::call_once::h4eb4c5e1620f29b0
[INFO] [stderr]                                  at /rustc/0e09125c6c3c2fd70d7de961bcf0e51575235fad/library/core/src/ops/function.rs:284:13
[INFO] [stderr]     24:     0x55c8bb9a9541 - std::panicking::try::do_call::h73fd26535faffcdf
[INFO] [stderr]                                  at /rustc/0e09125c6c3c2fd70d7de961bcf0e51575235fad/library/std/src/panicking.rs:552:40
[INFO] [stderr]     25:     0x55c8bb9a9541 - std::panicking::try::h77ff1d98f0fb9f39
[INFO] [stderr]                                  at /rustc/0e09125c6c3c2fd70d7de961bcf0e51575235fad/library/std/src/panicking.rs:516:19
[INFO] [stderr]     26:     0x55c8bb9a9541 - std::panic::catch_unwind::hab3caf2448b95e37
[INFO] [stderr]                                  at /rustc/0e09125c6c3c2fd70d7de961bcf0e51575235fad/library/std/src/panic.rs:142:14
[INFO] [stderr]     27:     0x55c8bb9a9541 - std::rt::lang_start_internal::{{closure}}::h8086711f9c783f78
[INFO] [stderr]                                  at /rustc/0e09125c6c3c2fd70d7de961bcf0e51575235fad/library/std/src/rt.rs:148:48
[INFO] [stderr]     28:     0x55c8bb9a9541 - std::panicking::try::do_call::hf920d4dc291cd6ca
[INFO] [stderr]                                  at /rustc/0e09125c6c3c2fd70d7de961bcf0e51575235fad/library/std/src/panicking.rs:552:40
[INFO] [stderr]     29:     0x55c8bb9a9541 - std::panicking::try::h2b806ccc0a85db74
[INFO] [stderr]                                  at /rustc/0e09125c6c3c2fd70d7de961bcf0e51575235fad/library/std/src/panicking.rs:516:19
[INFO] [stderr]     30:     0x55c8bb9a9541 - std::panic::catch_unwind::h038489539c507df2
[INFO] [stderr]                                  at /rustc/0e09125c6c3c2fd70d7de961bcf0e51575235fad/library/std/src/panic.rs:142:14
[INFO] [stderr]     31:     0x55c8bb9a9541 - std::rt::lang_start_internal::h28503b88912e8a5c
[INFO] [stderr]                                  at /rustc/0e09125c6c3c2fd70d7de961bcf0e51575235fad/library/std/src/rt.rs:148:20
[INFO] [stderr]     32:     0x55c8bb471d47 - std::rt::lang_start::hfa1cd3716b723d3a
[INFO] [stderr]     33:     0x55c8bb475365 - main
[INFO] [stderr]     34:     0x7fa0e6aa4d90 - <unknown>
[INFO] [stderr]     35:     0x7fa0e6aa4e40 - __libc_start_main
[INFO] [stderr]     36:     0x55c8bb471605 - _start
[INFO] [stderr]     37:                0x0 - <unknown>
[INFO] running `Command { std: "docker" "inspect" "b1c1f7d69d5dc02a4bb18cde606fc82007bb7aedaf57673a0348c9afa48b3c83", kill_on_drop: false }`
[INFO] running `Command { std: "docker" "rm" "-f" "b1c1f7d69d5dc02a4bb18cde606fc82007bb7aedaf57673a0348c9afa48b3c83", kill_on_drop: false }`
[INFO] [stdout] b1c1f7d69d5dc02a4bb18cde606fc82007bb7aedaf57673a0348c9afa48b3c83
