[INFO] fetching crate wasmtime-rust 0.26.1...
[INFO] documenting wasmtime-rust-0.26.1 against 1.75.0 for beta-1.76-rustdoc-1
[INFO] extracting crate wasmtime-rust 0.26.1 into /workspace/builds/worker-6-tc1/source
[INFO] validating manifest of crates.io crate wasmtime-rust 0.26.1 on toolchain 1.75.0
[INFO] running `Command { std: CARGO_HOME="/workspace/cargo-home" RUSTUP_HOME="/workspace/rustup-home" "/workspace/cargo-home/bin/cargo" "+1.75.0" "metadata" "--manifest-path" "Cargo.toml" "--no-deps", kill_on_drop: false }`
[INFO] started tweaking crates.io crate wasmtime-rust 0.26.1
[INFO] finished tweaking crates.io crate wasmtime-rust 0.26.1
[INFO] tweaked toml for crates.io crate wasmtime-rust 0.26.1 written to /workspace/builds/worker-6-tc1/source/Cargo.toml
[INFO] running `Command { std: CARGO_HOME="/workspace/cargo-home" RUSTUP_HOME="/workspace/rustup-home" "/workspace/cargo-home/bin/cargo" "+1.75.0" "generate-lockfile" "--manifest-path" "Cargo.toml", kill_on_drop: false }`
[INFO] [stderr]     Updating crates.io index
[INFO] running `Command { std: CARGO_HOME="/workspace/cargo-home" RUSTUP_HOME="/workspace/rustup-home" "/workspace/cargo-home/bin/cargo" "+1.75.0" "fetch" "--manifest-path" "Cargo.toml", kill_on_drop: false }`
[INFO] [stderr]  Downloading crates ...
[INFO] [stderr]   Downloaded cranelift-entity v0.73.1
[INFO] [stderr]   Downloaded wasmtime v0.26.1
[INFO] [stderr]   Downloaded wasmtime-rust-macro v0.26.1
[INFO] [stderr]   Downloaded wiggle-macro v0.26.1
[INFO] [stderr]   Downloaded cranelift-codegen-shared v0.73.1
[INFO] [stderr]   Downloaded wasmtime-cache v0.26.1
[INFO] [stderr]   Downloaded cranelift-codegen-meta v0.73.1
[INFO] [stderr]   Downloaded cranelift-native v0.73.1
[INFO] [stderr]   Downloaded wasmtime-runtime v0.26.1
[INFO] [stderr]   Downloaded wasmtime-wasi v0.26.1
[INFO] [stderr]   Downloaded wasmtime-wiggle v0.26.1
[INFO] [stderr]   Downloaded wiggle v0.26.1
[INFO] [stderr]   Downloaded wiggle-borrow v0.26.1
[INFO] [stderr]   Downloaded wiggle-generate v0.26.1
[INFO] [stderr]   Downloaded wasmtime-profiling v0.26.1
[INFO] [stderr]   Downloaded wasmtime-obj v0.26.1
[INFO] [stderr]   Downloaded wasi-cap-std-sync v0.26.1
[INFO] [stderr]   Downloaded wasmtime-fiber v0.26.1
[INFO] [stderr]   Downloaded wasmtime-wiggle-macro v0.26.1
[INFO] [stderr]   Downloaded cranelift-bforest v0.73.1
[INFO] [stderr]   Downloaded wasmtime-cranelift v0.26.1
[INFO] [stderr]   Downloaded wasmtime-debug v0.26.1
[INFO] [stderr]   Downloaded wasmtime-environ v0.26.1
[INFO] [stderr]   Downloaded wasmtime-jit v0.26.1
[INFO] [stderr]   Downloaded cranelift-wasm v0.73.1
[INFO] [stderr]   Downloaded cranelift-frontend v0.73.1
[INFO] [stderr]   Downloaded wasi-common v0.26.1
[INFO] [stderr]   Downloaded cranelift-codegen v0.73.1
[INFO] running `Command { std: "docker" "create" "-v" "/var/lib/crater-agent-workspace/builds/worker-6-tc1/target:/opt/rustwide/target:rw,Z" "-v" "/var/lib/crater-agent-workspace/builds/worker-6-tc1/source:/opt/rustwide/workdir:ro,Z" "-v" "/var/lib/crater-agent-workspace/cargo-home:/opt/rustwide/cargo-home:ro,Z" "-v" "/var/lib/crater-agent-workspace/rustup-home:/opt/rustwide/rustup-home:ro,Z" "-e" "SOURCE_DIR=/opt/rustwide/workdir" "-e" "CARGO_TARGET_DIR=/opt/rustwide/target" "-e" "CARGO_HOME=/opt/rustwide/cargo-home" "-e" "RUSTUP_HOME=/opt/rustwide/rustup-home" "-w" "/opt/rustwide/workdir" "-m" "1610612736" "--user" "0:0" "--network" "none" "ghcr.io/rust-lang/crates-build-env/linux@sha256:2788e3201cd34a07e3172128adcd8b3090168a8e3bcc40d7c032b9dda1df7d1c" "/opt/rustwide/cargo-home/bin/cargo" "+1.75.0" "metadata" "--no-deps" "--format-version=1", kill_on_drop: false }`
[INFO] [stdout] bcdb9483a46eb75f5d51e932301d9de148d5cab0618bf8df7c0293409b7e4b22
[INFO] running `Command { std: "docker" "start" "-a" "bcdb9483a46eb75f5d51e932301d9de148d5cab0618bf8df7c0293409b7e4b22", kill_on_drop: false }`
[INFO] running `Command { std: "docker" "inspect" "bcdb9483a46eb75f5d51e932301d9de148d5cab0618bf8df7c0293409b7e4b22", kill_on_drop: false }`
[INFO] running `Command { std: "docker" "rm" "-f" "bcdb9483a46eb75f5d51e932301d9de148d5cab0618bf8df7c0293409b7e4b22", kill_on_drop: false }`
[INFO] [stdout] bcdb9483a46eb75f5d51e932301d9de148d5cab0618bf8df7c0293409b7e4b22
[INFO] running `Command { std: "docker" "create" "-v" "/var/lib/crater-agent-workspace/builds/worker-6-tc1/target:/opt/rustwide/target:rw,Z" "-v" "/var/lib/crater-agent-workspace/builds/worker-6-tc1/source:/opt/rustwide/workdir:ro,Z" "-v" "/var/lib/crater-agent-workspace/cargo-home:/opt/rustwide/cargo-home:ro,Z" "-v" "/var/lib/crater-agent-workspace/rustup-home:/opt/rustwide/rustup-home:ro,Z" "-e" "SOURCE_DIR=/opt/rustwide/workdir" "-e" "CARGO_TARGET_DIR=/opt/rustwide/target" "-e" "CARGO_INCREMENTAL=0" "-e" "RUST_BACKTRACE=full" "-e" "RUSTFLAGS=--cap-lints=warn" "-e" "RUSTDOCFLAGS=--cap-lints=warn" "-e" "CARGO_HOME=/opt/rustwide/cargo-home" "-e" "RUSTUP_HOME=/opt/rustwide/rustup-home" "-w" "/opt/rustwide/workdir" "-m" "1610612736" "--user" "0:0" "--network" "none" "ghcr.io/rust-lang/crates-build-env/linux@sha256:2788e3201cd34a07e3172128adcd8b3090168a8e3bcc40d7c032b9dda1df7d1c" "/opt/rustwide/cargo-home/bin/cargo" "+1.75.0" "doc" "--frozen" "--no-deps" "--document-private-items" "--message-format=json", kill_on_drop: false }`
[INFO] [stdout] 40a2f5fdb8a71b99af0fdae4b963a22f4f4b55e534ae669227a9fde813c41c32
[INFO] running `Command { std: "docker" "start" "-a" "40a2f5fdb8a71b99af0fdae4b963a22f4f4b55e534ae669227a9fde813c41c32", kill_on_drop: false }`
[INFO] [stderr]    Compiling proc-macro2 v1.0.76
[INFO] [stderr]     Checking log v0.4.20
[INFO] [stderr]    Compiling ucd-trie v0.1.6
[INFO] [stderr]    Compiling semver v1.0.21
[INFO] [stderr]    Compiling cranelift-codegen-shared v0.73.1
[INFO] [stderr]    Compiling thiserror v1.0.56
[INFO] [stderr]    Compiling libc v0.2.151
[INFO] [stderr]    Compiling anyhow v1.0.79
[INFO] [stderr]    Compiling cranelift-entity v0.73.1
[INFO] [stderr]    Compiling target-lexicon v0.12.13
[INFO] [stderr]     Checking fallible-iterator v0.2.0
[INFO] [stderr]     Checking stable_deref_trait v1.2.0
[INFO] [stderr]     Checking rustc-hash v1.1.0
[INFO] [stderr]     Checking byteorder v1.5.0
[INFO] [stderr]     Checking either v1.9.0
[INFO] [stderr]     Checking getrandom v0.2.11
[INFO] [stderr]     Checking leb128 v0.2.5
[INFO] [stderr]     Checking wasmparser v0.77.1
[INFO] [stderr]     Checking ppv-lite86 v0.2.17
[INFO] [stderr]    Compiling wast v35.0.2
[INFO] [stderr]     Checking region v2.2.0
[INFO] [stderr]     Checking rand_core v0.6.4
[INFO] [stderr]     Checking more-asserts v0.2.2
[INFO] [stderr]     Checking itertools v0.10.5
[INFO] [stderr]    Compiling cranelift-codegen-meta v0.73.1
[INFO] [stderr]     Checking itoa v0.4.8
[INFO] [stderr]    Compiling crc32fast v1.3.2
[INFO] [stderr]    Compiling unicode-segmentation v1.10.1
[INFO] [stderr]    Compiling rustix v0.38.28
[INFO] [stderr]     Checking aho-corasick v1.1.2
[INFO] [stderr]    Compiling memoffset v0.6.5
[INFO] [stderr]     Checking maybe-owned v0.3.4
[INFO] [stderr]    Compiling quote v1.0.35
[INFO] [stderr]     Checking rand_chacha v0.3.1
[INFO] [stderr]     Checking regex-syntax v0.8.2
[INFO] [stderr]    Compiling rustc_version v0.4.0
[INFO] [stderr]    Compiling heck v0.3.3
[INFO] [stderr]    Compiling syn v2.0.48
[INFO] [stderr]    Compiling syn v1.0.109
[INFO] [stderr]     Checking rand v0.8.5
[INFO] [stderr]    Compiling jobserver v0.1.27
[INFO] [stderr]    Compiling dirs-sys v0.3.7
[INFO] [stderr]     Checking ipnet v2.9.0
[INFO] [stderr]     Checking adler v1.0.2
[INFO] [stderr]     Checking linux-raw-sys v0.4.12
[INFO] [stderr]     Checking bitflags v2.4.1
[INFO] [stderr]     Checking gimli v0.28.1
[INFO] [stderr]    Compiling io-lifetimes v0.1.1
[INFO] [stderr]    Compiling cc v1.0.83
[INFO] [stderr]    Compiling dirs v4.0.0
[INFO] [stderr]     Checking miniz_oxide v0.7.1
[INFO] [stderr]    Compiling shellexpand v2.1.2
[INFO] [stderr]    Compiling async-trait v0.1.77
[INFO] [stderr]     Checking tracing-core v0.1.32
[INFO] [stderr]     Checking object v0.32.2
[INFO] [stderr]     Checking rustc-demangle v0.1.23
[INFO] [stderr]    Compiling zstd-safe v3.0.1+zstd.1.4.9
[INFO] [stderr]     Checking humantime v2.1.0
[INFO] [stderr]     Checking termcolor v1.4.0
[INFO] [stderr]     Checking block-buffer v0.9.0
[INFO] [stderr]     Checking wasm-encoder v0.38.1
[INFO] [stderr]     Checking dirs-sys-next v0.1.2
[INFO] [stderr]    Compiling wasi-common v0.26.1
[INFO] [stderr]    Compiling cpp_demangle v0.3.5
[INFO] [stderr]    Compiling wasmtime-cache v0.26.1
[INFO] [stderr]     Checking opaque-debug v0.3.0
[INFO] [stderr]     Checking cpufeatures v0.2.12
[INFO] [stderr]     Checking unicode-width v0.1.11
[INFO] [stderr]     Checking regex-automata v0.4.3
[INFO] [stderr]     Checking directories-next v2.0.0
[INFO] [stderr]     Checking sha2 v0.9.9
[INFO] [stderr]     Checking rayon v1.8.0
[INFO] [stderr]    Compiling system-interface v0.6.6
[INFO] [stderr]     Checking base64 v0.13.1
[INFO] [stderr]     Checking cap-rand v0.13.10
[INFO] [stderr]    Compiling wasmtime-wasi v0.26.1
[INFO] [stderr]     Checking is-terminal v0.4.10
[INFO] [stderr]    Compiling zstd-sys v1.4.20+zstd.1.4.9
[INFO] [stderr]    Compiling wasmtime-fiber v0.26.1
[INFO] [stderr]    Compiling backtrace v0.3.69
[INFO] [stderr]    Compiling wasmtime-runtime v0.26.1
[INFO] [stderr]    Compiling psm v0.1.21
[INFO] [stderr]     Checking wast v69.0.1
[INFO] [stderr]     Checking addr2line v0.21.0
[INFO] [stderr]     Checking regex v1.10.2
[INFO] [stderr]     Checking env_logger v0.10.1
[INFO] [stderr]     Checking file-per-thread-logger v0.1.6
[INFO] [stderr]    Compiling thiserror-impl v1.0.56
[INFO] [stderr]    Compiling serde_derive v1.0.195
[INFO] [stderr]    Compiling tracing-attributes v0.1.27
[INFO] [stderr]    Compiling scroll_derive v0.10.5
[INFO] [stderr]     Checking wat v1.0.82
[INFO] [stderr]    Compiling wasmtime-rust-macro v0.26.1
[INFO] [stderr]    Compiling cranelift-codegen v0.73.1
[INFO] [stderr]    Compiling pest v2.7.6
[INFO] [stderr]    Compiling witx v0.9.1
[INFO] [stderr]     Checking scroll v0.10.2
[INFO] [stderr]     Checking tracing v0.1.40
[INFO] [stderr]    Compiling semver-parser v0.10.2
[INFO] [stderr]    Compiling wiggle-generate v0.26.1
[INFO] [stderr]    Compiling semver v0.11.0
[INFO] [stderr]    Compiling rustc_version v0.3.3
[INFO] [stderr]     Checking serde v1.0.195
[INFO] [stderr]    Compiling unsafe-io v0.6.12
[INFO] [stderr]    Compiling cap-primitives v0.13.10
[INFO] [stderr]    Compiling cap-std v0.13.10
[INFO] [stderr]    Compiling cap-fs-ext v0.13.10
[INFO] [stderr]    Compiling wiggle-macro v0.26.1
[INFO] [stderr]    Compiling wasmtime-wiggle-macro v0.26.1
[INFO] [stderr]     Checking posish v0.6.3
[INFO] [stderr]     Checking fs-set-times v0.3.1
[INFO] [stdout] error[E0061]: this method takes 1 argument but 2 arguments were supplied
[INFO] [stdout]   --> /opt/rustwide/cargo-home/registry/src/index.crates.io-6f17d22bba15001f/cap-primitives-0.13.10/src/posish/linux/fs/set_times_impl.rs:19:25
[INFO] [stdout]    |
[INFO] [stdout] 19 |             return file.set_times(
[INFO] [stdout]    |                         ^^^^^^^^^
[INFO] [stdout] 20 |                 atime.map(SystemTimeSpec::into_std),
[INFO] [stdout] 21 |                 mtime.map(SystemTimeSpec::into_std),
[INFO] [stdout]    |                 ----------------------------------- unexpected argument of type `Option<fs_set_times::SystemTimeSpec>`
[INFO] [stdout]    |
[INFO] [stdout] note: expected `FileTimes`, found `Option<SystemTimeSpec>`
[INFO] [stdout]   --> /opt/rustwide/cargo-home/registry/src/index.crates.io-6f17d22bba15001f/cap-primitives-0.13.10/src/posish/linux/fs/set_times_impl.rs:20:17
[INFO] [stdout]    |
[INFO] [stdout] 20 |                 atime.map(SystemTimeSpec::into_std),
[INFO] [stdout]    |                 ^^^^^^^^^^^^^^^^^^^^^^^^^^^^^^^^^^^
[INFO] [stdout]    = note: expected struct `FileTimes`
[INFO] [stdout]                 found enum `Option<fs_set_times::SystemTimeSpec>`
[INFO] [stdout] note: method defined here
[INFO] [stdout]   --> /rustc/82e1608dfa6e0b5569232559e3d385fea5a93112/library/std/src/fs.rs:695:12
[INFO] [stdout] help: remove the extra argument
[INFO] [stdout]    |
[INFO] [stdout] 20 -                 atime.map(SystemTimeSpec::into_std),
[INFO] [stdout] 20 +                 /* FileTimes */,
[INFO] [stdout]    |
[INFO] [stdout] 
[INFO] [stdout] 
[INFO] [stdout] error[E0061]: this method takes 1 argument but 2 arguments were supplied
[INFO] [stdout]   --> /opt/rustwide/cargo-home/registry/src/index.crates.io-6f17d22bba15001f/cap-primitives-0.13.10/src/posish/linux/fs/set_times_impl.rs:33:25
[INFO] [stdout]    |
[INFO] [stdout] 33 |             return file.set_times(
[INFO] [stdout]    |                         ^^^^^^^^^
[INFO] [stdout] 34 |                 atime.map(SystemTimeSpec::into_std),
[INFO] [stdout] 35 |                 mtime.map(SystemTimeSpec::into_std),
[INFO] [stdout]    |                 ----------------------------------- unexpected argument of type `Option<fs_set_times::SystemTimeSpec>`
[INFO] [stdout]    |
[INFO] [stdout] note: expected `FileTimes`, found `Option<SystemTimeSpec>`
[INFO] [stdout]   --> /opt/rustwide/cargo-home/registry/src/index.crates.io-6f17d22bba15001f/cap-primitives-0.13.10/src/posish/linux/fs/set_times_impl.rs:34:17
[INFO] [stdout]    |
[INFO] [stdout] 34 |                 atime.map(SystemTimeSpec::into_std),
[INFO] [stdout]    |                 ^^^^^^^^^^^^^^^^^^^^^^^^^^^^^^^^^^^
[INFO] [stdout]    = note: expected struct `FileTimes`
[INFO] [stdout]                 found enum `Option<fs_set_times::SystemTimeSpec>`
[INFO] [stdout] note: method defined here
[INFO] [stdout]   --> /rustc/82e1608dfa6e0b5569232559e3d385fea5a93112/library/std/src/fs.rs:695:12
[INFO] [stdout] help: remove the extra argument
[INFO] [stdout]    |
[INFO] [stdout] 34 -                 atime.map(SystemTimeSpec::into_std),
[INFO] [stdout] 34 +                 /* FileTimes */,
[INFO] [stdout]    |
[INFO] [stdout] 
[INFO] [stdout] 
[INFO] [stdout] error: aborting due to 2 previous errors
[INFO] [stdout] 
[INFO] [stdout] 
[INFO] [stdout] For more information about this error, try `rustc --explain E0061`.
[INFO] [stdout] 
[INFO] [stderr] error: could not compile `cap-primitives` (lib) due to 3 previous errors
[INFO] [stderr] warning: build failed, waiting for other jobs to finish...
[INFO] running `Command { std: "docker" "inspect" "40a2f5fdb8a71b99af0fdae4b963a22f4f4b55e534ae669227a9fde813c41c32", kill_on_drop: false }`
[INFO] running `Command { std: "docker" "rm" "-f" "40a2f5fdb8a71b99af0fdae4b963a22f4f4b55e534ae669227a9fde813c41c32", kill_on_drop: false }`
[INFO] [stdout] 40a2f5fdb8a71b99af0fdae4b963a22f4f4b55e534ae669227a9fde813c41c32
[INFO] documenting wasmtime-rust-0.26.1 against beta-2023-12-22 for beta-1.76-rustdoc-1
[INFO] extracting crate wasmtime-rust 0.26.1 into /workspace/builds/worker-6-tc2/source
[INFO] validating manifest of crates.io crate wasmtime-rust 0.26.1 on toolchain beta-2023-12-22
[INFO] running `Command { std: CARGO_HOME="/workspace/cargo-home" RUSTUP_HOME="/workspace/rustup-home" "/workspace/cargo-home/bin/cargo" "+beta-2023-12-22" "metadata" "--manifest-path" "Cargo.toml" "--no-deps", kill_on_drop: false }`
[INFO] started tweaking crates.io crate wasmtime-rust 0.26.1
[INFO] finished tweaking crates.io crate wasmtime-rust 0.26.1
[INFO] tweaked toml for crates.io crate wasmtime-rust 0.26.1 written to /workspace/builds/worker-6-tc2/source/Cargo.toml
[INFO] running `Command { std: CARGO_HOME="/workspace/cargo-home" RUSTUP_HOME="/workspace/rustup-home" "/workspace/cargo-home/bin/cargo" "+beta-2023-12-22" "generate-lockfile" "--manifest-path" "Cargo.toml", kill_on_drop: false }`
[INFO] [stderr]     Updating crates.io index
[INFO] running `Command { std: CARGO_HOME="/workspace/cargo-home" RUSTUP_HOME="/workspace/rustup-home" "/workspace/cargo-home/bin/cargo" "+beta-2023-12-22" "fetch" "--manifest-path" "Cargo.toml", kill_on_drop: false }`
[INFO] running `Command { std: "docker" "create" "-v" "/var/lib/crater-agent-workspace/builds/worker-6-tc2/target:/opt/rustwide/target:rw,Z" "-v" "/var/lib/crater-agent-workspace/builds/worker-6-tc2/source:/opt/rustwide/workdir:ro,Z" "-v" "/var/lib/crater-agent-workspace/cargo-home:/opt/rustwide/cargo-home:ro,Z" "-v" "/var/lib/crater-agent-workspace/rustup-home:/opt/rustwide/rustup-home:ro,Z" "-e" "SOURCE_DIR=/opt/rustwide/workdir" "-e" "CARGO_TARGET_DIR=/opt/rustwide/target" "-e" "CARGO_HOME=/opt/rustwide/cargo-home" "-e" "RUSTUP_HOME=/opt/rustwide/rustup-home" "-w" "/opt/rustwide/workdir" "-m" "1610612736" "--user" "0:0" "--network" "none" "ghcr.io/rust-lang/crates-build-env/linux@sha256:2788e3201cd34a07e3172128adcd8b3090168a8e3bcc40d7c032b9dda1df7d1c" "/opt/rustwide/cargo-home/bin/cargo" "+beta-2023-12-22" "metadata" "--no-deps" "--format-version=1", kill_on_drop: false }`
[INFO] [stdout] f15f2cb540fbd97a4c3fe6267248c419b62a5917c8d058c13709e69d349e2bee
[INFO] running `Command { std: "docker" "start" "-a" "f15f2cb540fbd97a4c3fe6267248c419b62a5917c8d058c13709e69d349e2bee", kill_on_drop: false }`
[INFO] running `Command { std: "docker" "inspect" "f15f2cb540fbd97a4c3fe6267248c419b62a5917c8d058c13709e69d349e2bee", kill_on_drop: false }`
[INFO] running `Command { std: "docker" "rm" "-f" "f15f2cb540fbd97a4c3fe6267248c419b62a5917c8d058c13709e69d349e2bee", kill_on_drop: false }`
[INFO] [stdout] f15f2cb540fbd97a4c3fe6267248c419b62a5917c8d058c13709e69d349e2bee
[INFO] running `Command { std: "docker" "create" "-v" "/var/lib/crater-agent-workspace/builds/worker-6-tc2/target:/opt/rustwide/target:rw,Z" "-v" "/var/lib/crater-agent-workspace/builds/worker-6-tc2/source:/opt/rustwide/workdir:ro,Z" "-v" "/var/lib/crater-agent-workspace/cargo-home:/opt/rustwide/cargo-home:ro,Z" "-v" "/var/lib/crater-agent-workspace/rustup-home:/opt/rustwide/rustup-home:ro,Z" "-e" "SOURCE_DIR=/opt/rustwide/workdir" "-e" "CARGO_TARGET_DIR=/opt/rustwide/target" "-e" "CARGO_INCREMENTAL=0" "-e" "RUST_BACKTRACE=full" "-e" "RUSTFLAGS=--cap-lints=warn" "-e" "RUSTDOCFLAGS=--cap-lints=warn" "-e" "CARGO_HOME=/opt/rustwide/cargo-home" "-e" "RUSTUP_HOME=/opt/rustwide/rustup-home" "-w" "/opt/rustwide/workdir" "-m" "1610612736" "--user" "0:0" "--network" "none" "ghcr.io/rust-lang/crates-build-env/linux@sha256:2788e3201cd34a07e3172128adcd8b3090168a8e3bcc40d7c032b9dda1df7d1c" "/opt/rustwide/cargo-home/bin/cargo" "+beta-2023-12-22" "doc" "--frozen" "--no-deps" "--document-private-items" "--message-format=json", kill_on_drop: false }`
[INFO] [stdout] f8cffe9778e580fa66b4c335bef66fbc38570bfb9eb78427440e4b40fe254dfe
[INFO] running `Command { std: "docker" "start" "-a" "f8cffe9778e580fa66b4c335bef66fbc38570bfb9eb78427440e4b40fe254dfe", kill_on_drop: false }`
[INFO] [stderr]    Compiling proc-macro2 v1.0.76
[INFO] [stderr]     Checking log v0.4.20
[INFO] [stderr]    Compiling ucd-trie v0.1.6
[INFO] [stderr]    Compiling semver v1.0.21
[INFO] [stderr]    Compiling thiserror v1.0.56
[INFO] [stderr]    Compiling libc v0.2.151
[INFO] [stderr]    Compiling anyhow v1.0.79
[INFO] [stderr]    Compiling cranelift-codegen-shared v0.73.1
[INFO] [stderr]    Compiling cranelift-entity v0.73.1
[INFO] [stderr]     Checking fallible-iterator v0.2.0
[INFO] [stderr]     Checking stable_deref_trait v1.2.0
[INFO] [stderr]    Compiling target-lexicon v0.12.13
[INFO] [stderr]     Checking rustc-hash v1.1.0
[INFO] [stderr]     Checking byteorder v1.5.0
[INFO] [stderr]     Checking either v1.9.0
[INFO] [stderr]     Checking getrandom v0.2.11
[INFO] [stderr]     Checking leb128 v0.2.5
[INFO] [stderr]     Checking ppv-lite86 v0.2.17
[INFO] [stderr]     Checking wasmparser v0.77.1
[INFO] [stderr]    Compiling wast v35.0.2
[INFO] [stderr]     Checking rand_core v0.6.4
[INFO] [stderr]     Checking itertools v0.10.5
[INFO] [stderr]     Checking region v2.2.0
[INFO] [stderr]    Compiling unicode-segmentation v1.10.1
[INFO] [stderr]    Compiling cranelift-codegen-meta v0.73.1
[INFO] [stderr]    Compiling crc32fast v1.3.2
[INFO] [stderr]     Checking itoa v0.4.8
[INFO] [stderr]     Checking more-asserts v0.2.2
[INFO] [stderr]    Compiling rustix v0.38.28
[INFO] [stderr]     Checking aho-corasick v1.1.2
[INFO] [stderr]    Compiling memoffset v0.6.5
[INFO] [stderr]     Checking regex-syntax v0.8.2
[INFO] [stderr]     Checking rand_chacha v0.3.1
[INFO] [stderr]    Compiling quote v1.0.35
[INFO] [stderr]    Compiling rustc_version v0.4.0
[INFO] [stderr]    Compiling heck v0.3.3
[INFO] [stderr]     Checking rand v0.8.5
[INFO] [stderr]     Checking maybe-owned v0.3.4
[INFO] [stderr]     Checking gimli v0.28.1
[INFO] [stderr]    Compiling syn v2.0.48
[INFO] [stderr]    Compiling jobserver v0.1.27
[INFO] [stderr]    Compiling syn v1.0.109
[INFO] [stderr]    Compiling dirs-sys v0.3.7
[INFO] [stderr]     Checking bitflags v2.4.1
[INFO] [stderr]     Checking adler v1.0.2
[INFO] [stderr]    Compiling io-lifetimes v0.1.1
[INFO] [stderr]     Checking ipnet v2.9.0
[INFO] [stderr]    Compiling dirs v4.0.0
[INFO] [stderr]    Compiling cc v1.0.83
[INFO] [stderr]    Compiling shellexpand v2.1.2
[INFO] [stderr]     Checking linux-raw-sys v0.4.12
[INFO] [stderr]     Checking miniz_oxide v0.7.1
[INFO] [stderr]    Compiling async-trait v0.1.77
[INFO] [stderr]     Checking tracing-core v0.1.32
[INFO] [stderr]     Checking object v0.32.2
[INFO] [stderr]     Checking rustc-demangle v0.1.23
[INFO] [stderr]    Compiling zstd-safe v3.0.1+zstd.1.4.9
[INFO] [stderr]     Checking termcolor v1.4.0
[INFO] [stderr]     Checking humantime v2.1.0
[INFO] [stderr]     Checking block-buffer v0.9.0
[INFO] [stderr]     Checking regex-automata v0.4.3
[INFO] [stderr]     Checking wasm-encoder v0.38.1
[INFO] [stderr]     Checking dirs-sys-next v0.1.2
[INFO] [stderr]    Compiling wasi-common v0.26.1
[INFO] [stderr]     Checking unicode-width v0.1.11
[INFO] [stderr]     Checking opaque-debug v0.3.0
[INFO] [stderr]    Compiling wasmtime-cache v0.26.1
[INFO] [stderr]     Checking cpufeatures v0.2.12
[INFO] [stderr]    Compiling cpp_demangle v0.3.5
[INFO] [stderr]     Checking directories-next v2.0.0
[INFO] [stderr]     Checking sha2 v0.9.9
[INFO] [stderr]     Checking rayon v1.8.0
[INFO] [stderr]    Compiling system-interface v0.6.6
[INFO] [stderr]     Checking base64 v0.13.1
[INFO] [stderr]     Checking cap-rand v0.13.10
[INFO] [stderr]    Compiling wasmtime-wasi v0.26.1
[INFO] [stderr]    Compiling wasmtime-fiber v0.26.1
[INFO] [stderr]    Compiling zstd-sys v1.4.20+zstd.1.4.9
[INFO] [stderr]    Compiling backtrace v0.3.69
[INFO] [stderr]    Compiling wasmtime-runtime v0.26.1
[INFO] [stderr]    Compiling psm v0.1.21
[INFO] [stderr]     Checking is-terminal v0.4.10
[INFO] [stderr]     Checking wast v69.0.1
[INFO] [stderr]     Checking addr2line v0.21.0
[INFO] [stderr]     Checking regex v1.10.2
[INFO] [stderr]     Checking env_logger v0.10.1
[INFO] [stderr]     Checking file-per-thread-logger v0.1.6
[INFO] [stderr]    Compiling scroll_derive v0.10.5
[INFO] [stderr]    Compiling wasmtime-rust-macro v0.26.1
[INFO] [stderr]    Compiling thiserror-impl v1.0.56
[INFO] [stderr]    Compiling serde_derive v1.0.195
[INFO] [stderr]    Compiling cranelift-codegen v0.73.1
[INFO] [stderr]    Compiling tracing-attributes v0.1.27
[INFO] [stderr]     Checking wat v1.0.82
[INFO] [stderr]     Checking scroll v0.10.2
[INFO] [stderr]    Compiling pest v2.7.6
[INFO] [stderr]    Compiling witx v0.9.1
[INFO] [stderr]     Checking tracing v0.1.40
[INFO] [stderr]    Compiling wiggle-generate v0.26.1
[INFO] [stderr]    Compiling semver-parser v0.10.2
[INFO] [stderr]    Compiling semver v0.11.0
[INFO] [stderr]    Compiling rustc_version v0.3.3
[INFO] [stderr]    Compiling unsafe-io v0.6.12
[INFO] [stderr]    Compiling cap-primitives v0.13.10
[INFO] [stderr]    Compiling cap-std v0.13.10
[INFO] [stderr]    Compiling cap-fs-ext v0.13.10
[INFO] [stderr]    Compiling wiggle-macro v0.26.1
[INFO] [stderr]    Compiling wasmtime-wiggle-macro v0.26.1
[INFO] [stderr]     Checking serde v1.0.195
[INFO] [stderr]     Checking posish v0.6.3
[INFO] [stderr]     Checking fs-set-times v0.3.1
[INFO] [stderr]     Checking wiggle v0.26.1
[INFO] [stderr]     Checking wiggle-borrow v0.26.1
[INFO] [stdout] error[E0061]: this method takes 1 argument but 2 arguments were supplied
[INFO] [stdout]   --> /opt/rustwide/cargo-home/registry/src/index.crates.io-6f17d22bba15001f/cap-primitives-0.13.10/src/posish/linux/fs/set_times_impl.rs:19:25
[INFO] [stdout]    |
[INFO] [stdout] 19 |             return file.set_times(
[INFO] [stdout]    |                         ^^^^^^^^^
[INFO] [stdout] 20 |                 atime.map(SystemTimeSpec::into_std),
[INFO] [stdout] 21 |                 mtime.map(SystemTimeSpec::into_std),
[INFO] [stdout]    |                 ----------------------------------- unexpected argument of type `Option<fs_set_times::SystemTimeSpec>`
[INFO] [stdout]    |
[INFO] [stdout] note: expected `FileTimes`, found `Option<SystemTimeSpec>`
[INFO] [stdout]   --> /opt/rustwide/cargo-home/registry/src/index.crates.io-6f17d22bba15001f/cap-primitives-0.13.10/src/posish/linux/fs/set_times_impl.rs:20:17
[INFO] [stdout]    |
[INFO] [stdout] 20 |                 atime.map(SystemTimeSpec::into_std),
[INFO] [stdout]    |                 ^^^^^^^^^^^^^^^^^^^^^^^^^^^^^^^^^^^
[INFO] [stdout]    = note: expected struct `FileTimes`
[INFO] [stdout]                 found enum `Option<fs_set_times::SystemTimeSpec>`
[INFO] [stdout] note: method defined here
[INFO] [stdout]   --> /rustc/0e09125c6c3c2fd70d7de961bcf0e51575235fad/library/std/src/fs.rs:695:12
[INFO] [stdout] help: remove the extra argument
[INFO] [stdout]    |
[INFO] [stdout] 20 -                 atime.map(SystemTimeSpec::into_std),
[INFO] [stdout] 20 +                 /* FileTimes */,
[INFO] [stdout]    |
[INFO] [stdout] 
[INFO] [stdout] 
[INFO] [stdout] error[E0061]: this method takes 1 argument but 2 arguments were supplied
[INFO] [stdout]   --> /opt/rustwide/cargo-home/registry/src/index.crates.io-6f17d22bba15001f/cap-primitives-0.13.10/src/posish/linux/fs/set_times_impl.rs:33:25
[INFO] [stdout]    |
[INFO] [stdout] 33 |             return file.set_times(
[INFO] [stdout]    |                         ^^^^^^^^^
[INFO] [stdout] 34 |                 atime.map(SystemTimeSpec::into_std),
[INFO] [stdout] 35 |                 mtime.map(SystemTimeSpec::into_std),
[INFO] [stdout]    |                 ----------------------------------- unexpected argument of type `Option<fs_set_times::SystemTimeSpec>`
[INFO] [stdout]    |
[INFO] [stdout] note: expected `FileTimes`, found `Option<SystemTimeSpec>`
[INFO] [stdout]   --> /opt/rustwide/cargo-home/registry/src/index.crates.io-6f17d22bba15001f/cap-primitives-0.13.10/src/posish/linux/fs/set_times_impl.rs:34:17
[INFO] [stdout]    |
[INFO] [stdout] 34 |                 atime.map(SystemTimeSpec::into_std),
[INFO] [stdout]    |                 ^^^^^^^^^^^^^^^^^^^^^^^^^^^^^^^^^^^
[INFO] [stdout]    = note: expected struct `FileTimes`
[INFO] [stdout]                 found enum `Option<fs_set_times::SystemTimeSpec>`
[INFO] [stdout] note: method defined here
[INFO] [stdout]   --> /rustc/0e09125c6c3c2fd70d7de961bcf0e51575235fad/library/std/src/fs.rs:695:12
[INFO] [stdout] help: remove the extra argument
[INFO] [stdout]    |
[INFO] [stdout] 34 -                 atime.map(SystemTimeSpec::into_std),
[INFO] [stdout] 34 +                 /* FileTimes */,
[INFO] [stdout]    |
[INFO] [stdout] 
[INFO] [stdout] 
[INFO] [stdout] error: aborting due to 2 previous errors
[INFO] [stdout] 
[INFO] [stdout] 
[INFO] [stdout] For more information about this error, try `rustc --explain E0061`.
[INFO] [stdout] 
[INFO] [stderr] error: could not compile `cap-primitives` (lib) due to 3 previous errors
[INFO] [stderr] warning: build failed, waiting for other jobs to finish...
[INFO] running `Command { std: "docker" "inspect" "f8cffe9778e580fa66b4c335bef66fbc38570bfb9eb78427440e4b40fe254dfe", kill_on_drop: false }`
[INFO] running `Command { std: "docker" "rm" "-f" "f8cffe9778e580fa66b4c335bef66fbc38570bfb9eb78427440e4b40fe254dfe", kill_on_drop: false }`
[INFO] [stdout] f8cffe9778e580fa66b4c335bef66fbc38570bfb9eb78427440e4b40fe254dfe
