[INFO] fetching crate wasmer-wast-asml-fork 1.0.2...
[INFO] documenting wasmer-wast-asml-fork-1.0.2 against 1.75.0 for beta-1.76-rustdoc-1
[INFO] extracting crate wasmer-wast-asml-fork 1.0.2 into /workspace/builds/worker-3-tc1/source
[INFO] validating manifest of crates.io crate wasmer-wast-asml-fork 1.0.2 on toolchain 1.75.0
[INFO] running `Command { std: CARGO_HOME="/workspace/cargo-home" RUSTUP_HOME="/workspace/rustup-home" "/workspace/cargo-home/bin/cargo" "+1.75.0" "metadata" "--manifest-path" "Cargo.toml" "--no-deps", kill_on_drop: false }`
[INFO] started tweaking crates.io crate wasmer-wast-asml-fork 1.0.2
[INFO] finished tweaking crates.io crate wasmer-wast-asml-fork 1.0.2
[INFO] tweaked toml for crates.io crate wasmer-wast-asml-fork 1.0.2 written to /workspace/builds/worker-3-tc1/source/Cargo.toml
[INFO] running `Command { std: CARGO_HOME="/workspace/cargo-home" RUSTUP_HOME="/workspace/rustup-home" "/workspace/cargo-home/bin/cargo" "+1.75.0" "generate-lockfile" "--manifest-path" "Cargo.toml", kill_on_drop: false }`
[INFO] [stderr]     Updating crates.io index
[INFO] running `Command { std: CARGO_HOME="/workspace/cargo-home" RUSTUP_HOME="/workspace/rustup-home" "/workspace/cargo-home/bin/cargo" "+1.75.0" "fetch" "--manifest-path" "Cargo.toml", kill_on_drop: false }`
[INFO] [stderr]     Blocking waiting for file lock on package cache
[INFO] [stderr]  Downloading crates ...
[INFO] [stderr]   Downloaded wasmer-compiler v1.0.2
[INFO] [stderr]   Downloaded target-lexicon v0.11.2
[INFO] [stderr]   Downloaded cranelift-entity v0.68.0
[INFO] [stderr]   Downloaded wast v24.0.0
[INFO] [stderr]   Downloaded wasmer-derive-asml-fork v1.0.2
[INFO] [stderr]   Downloaded wasmer-vm v1.0.2
[INFO] [stderr]   Downloaded wasmer-types v1.0.2
[INFO] [stderr]   Downloaded wasmer-asml-fork v1.0.2
[INFO] [stderr]   Downloaded wasmer-engine v1.0.2
[INFO] [stderr]   Downloaded wasmer-wasi-asml-fork v1.0.2
[INFO] running `Command { std: "docker" "create" "-v" "/var/lib/crater-agent-workspace/builds/worker-3-tc1/target:/opt/rustwide/target:rw,Z" "-v" "/var/lib/crater-agent-workspace/builds/worker-3-tc1/source:/opt/rustwide/workdir:ro,Z" "-v" "/var/lib/crater-agent-workspace/cargo-home:/opt/rustwide/cargo-home:ro,Z" "-v" "/var/lib/crater-agent-workspace/rustup-home:/opt/rustwide/rustup-home:ro,Z" "-e" "SOURCE_DIR=/opt/rustwide/workdir" "-e" "CARGO_TARGET_DIR=/opt/rustwide/target" "-e" "CARGO_HOME=/opt/rustwide/cargo-home" "-e" "RUSTUP_HOME=/opt/rustwide/rustup-home" "-w" "/opt/rustwide/workdir" "-m" "1610612736" "--user" "0:0" "--network" "none" "ghcr.io/rust-lang/crates-build-env/linux@sha256:2788e3201cd34a07e3172128adcd8b3090168a8e3bcc40d7c032b9dda1df7d1c" "/opt/rustwide/cargo-home/bin/cargo" "+1.75.0" "metadata" "--no-deps" "--format-version=1", kill_on_drop: false }`
[INFO] [stdout] 069c6057a39f20b27e233748e8609a372e8052df3570e1ec80fd1e839b56d734
[INFO] running `Command { std: "docker" "start" "-a" "069c6057a39f20b27e233748e8609a372e8052df3570e1ec80fd1e839b56d734", kill_on_drop: false }`
[INFO] running `Command { std: "docker" "inspect" "069c6057a39f20b27e233748e8609a372e8052df3570e1ec80fd1e839b56d734", kill_on_drop: false }`
[INFO] running `Command { std: "docker" "rm" "-f" "069c6057a39f20b27e233748e8609a372e8052df3570e1ec80fd1e839b56d734", kill_on_drop: false }`
[INFO] [stdout] 069c6057a39f20b27e233748e8609a372e8052df3570e1ec80fd1e839b56d734
[INFO] running `Command { std: "docker" "create" "-v" "/var/lib/crater-agent-workspace/builds/worker-3-tc1/target:/opt/rustwide/target:rw,Z" "-v" "/var/lib/crater-agent-workspace/builds/worker-3-tc1/source:/opt/rustwide/workdir:ro,Z" "-v" "/var/lib/crater-agent-workspace/cargo-home:/opt/rustwide/cargo-home:ro,Z" "-v" "/var/lib/crater-agent-workspace/rustup-home:/opt/rustwide/rustup-home:ro,Z" "-e" "SOURCE_DIR=/opt/rustwide/workdir" "-e" "CARGO_TARGET_DIR=/opt/rustwide/target" "-e" "CARGO_INCREMENTAL=0" "-e" "RUST_BACKTRACE=full" "-e" "RUSTFLAGS=--cap-lints=warn" "-e" "RUSTDOCFLAGS=--cap-lints=warn" "-e" "CARGO_HOME=/opt/rustwide/cargo-home" "-e" "RUSTUP_HOME=/opt/rustwide/rustup-home" "-w" "/opt/rustwide/workdir" "-m" "1610612736" "--user" "0:0" "--network" "none" "ghcr.io/rust-lang/crates-build-env/linux@sha256:2788e3201cd34a07e3172128adcd8b3090168a8e3bcc40d7c032b9dda1df7d1c" "/opt/rustwide/cargo-home/bin/cargo" "+1.75.0" "doc" "--frozen" "--no-deps" "--document-private-items" "--message-format=json", kill_on_drop: false }`
[INFO] [stdout] 4dbfc73cfcb7f5b85d63b937855e284473d141e4dc8b0458cd8c0c0d48d1d192
[INFO] running `Command { std: "docker" "start" "-a" "4dbfc73cfcb7f5b85d63b937855e284473d141e4dc8b0458cd8c0c0d48d1d192", kill_on_drop: false }`
[INFO] [stderr]    Compiling proc-macro2 v1.0.76
[INFO] [stderr]    Compiling unicode-ident v1.0.12
[INFO] [stderr]    Compiling libc v0.2.151
[INFO] [stderr]    Compiling serde v1.0.195
[INFO] [stderr]    Compiling autocfg v1.1.0
[INFO] [stderr]     Checking cfg-if v1.0.0
[INFO] [stderr]    Compiling syn v1.0.109
[INFO] [stderr]    Compiling fnv v1.0.7
[INFO] [stderr]    Compiling ident_case v1.0.1
[INFO] [stderr]    Compiling version_check v0.9.4
[INFO] [stderr]     Checking memchr v2.7.1
[INFO] [stderr]    Compiling thiserror v1.0.56
[INFO] [stderr]     Checking adler v1.0.2
[INFO] [stderr]     Checking gimli v0.28.1
[INFO] [stderr]     Checking miniz_oxide v0.7.1
[INFO] [stderr]    Compiling proc-macro-error-attr v1.0.4
[INFO] [stderr]     Checking rustc-demangle v0.1.23
[INFO] [stderr]    Compiling memoffset v0.6.5
[INFO] [stderr]    Compiling indexmap v1.9.3
[INFO] [stderr]     Checking object v0.32.2
[INFO] [stderr]    Compiling target-lexicon v0.11.2
[INFO] [stderr]     Checking leb128 v0.2.5
[INFO] [stderr]    Compiling quote v1.0.35
[INFO] [stderr]     Checking bitflags v1.3.2
[INFO] [stderr]    Compiling syn v2.0.48
[INFO] [stderr]     Checking hashbrown v0.12.3
[INFO] [stderr]    Compiling proc-macro-error v1.0.4
[INFO] [stderr]    Compiling cc v1.0.83
[INFO] [stderr]     Checking cfg-if v0.1.10
[INFO] [stderr]     Checking more-asserts v0.2.2
[INFO] [stderr]     Checking region v2.2.0
[INFO] [stderr]     Checking addr2line v0.21.0
[INFO] [stderr]     Checking wasm-encoder v0.38.1
[INFO] [stderr]     Checking unicode-width v0.1.11
[INFO] [stderr]     Checking once_cell v1.19.0
[INFO] [stderr]    Compiling crossbeam-utils v0.8.18
[INFO] [stderr]     Checking smallvec v1.11.2
[INFO] [stderr]     Checking memmap2 v0.2.3
[INFO] [stderr]    Compiling rustix v0.38.28
[INFO] [stderr]     Checking lazy_static v1.4.0
[INFO] [stderr]     Checking tracing-core v0.1.32
[INFO] [stderr]     Checking linux-raw-sys v0.4.12
[INFO] [stderr]    Compiling anyhow v1.0.79
[INFO] [stderr]     Checking pin-project-lite v0.2.13
[INFO] [stderr]     Checking log v0.4.20
[INFO] [stderr]    Compiling backtrace v0.3.69
[INFO] [stderr]    Compiling wasmer-vm v1.0.2
[INFO] [stderr]     Checking wast v69.0.1
[INFO] [stderr]     Checking bitflags v2.4.1
[INFO] [stderr]     Checking getrandom v0.2.11
[INFO] [stderr]     Checking time v0.1.45
[INFO] [stderr]     Checking byteorder v1.5.0
[INFO] [stderr]     Checking fastrand v2.0.1
[INFO] [stderr]     Checking wast v24.0.0
[INFO] [stderr]    Compiling darling_core v0.20.3
[INFO] [stderr]    Compiling ctor v0.1.26
[INFO] [stderr]    Compiling wasmer-derive-asml-fork v1.0.2
[INFO] [stderr]    Compiling typetag-impl v0.1.8
[INFO] [stdout] error[E0277]: `syn::LitStr` doesn't implement `Debug`
[INFO] [stdout]   --> /opt/rustwide/cargo-home/registry/src/index.crates.io-6f17d22bba15001f/wasmer-derive-asml-fork-1.0.2/src/parse.rs:22:5
[INFO] [stdout]    |
[INFO] [stdout] 20 | #[derive(Debug)]
[INFO] [stdout]    |          ----- in this derive macro expansion
[INFO] [stdout] 21 | struct ExportExpr {
[INFO] [stdout] 22 |     name: Option<LitStr>,
[INFO] [stdout]    |     ^^^^^^^^^^^^^^^^^^^^ `syn::LitStr` cannot be formatted using `{:?}` because it doesn't implement `Debug`
[INFO] [stdout]    |
[INFO] [stdout]    = help: the trait `Debug` is not implemented for `syn::LitStr`
[INFO] [stdout]    = help: the trait `Debug` is implemented for `Option<T>`
[INFO] [stdout]    = note: this error originates in the derive macro `Debug` (in Nightly builds, run with -Z macro-backtrace for more info)
[INFO] [stdout] 
[INFO] [stdout] 
[INFO] [stdout] error[E0277]: `syn::LitStr` doesn't implement `Debug`
[INFO] [stdout]   --> /opt/rustwide/cargo-home/registry/src/index.crates.io-6f17d22bba15001f/wasmer-derive-asml-fork-1.0.2/src/parse.rs:29:5
[INFO] [stdout]    |
[INFO] [stdout] 27 | #[derive(Debug)]
[INFO] [stdout]    |          ----- in this derive macro expansion
[INFO] [stdout] 28 | struct ExportOptions {
[INFO] [stdout] 29 |     name: Option<LitStr>,
[INFO] [stdout]    |     ^^^^^^^^^^^^^^^^^^^^ `syn::LitStr` cannot be formatted using `{:?}` because it doesn't implement `Debug`
[INFO] [stdout]    |
[INFO] [stdout]    = help: the trait `Debug` is not implemented for `syn::LitStr`
[INFO] [stdout]    = help: the trait `Debug` is implemented for `Option<T>`
[INFO] [stdout]    = note: this error originates in the derive macro `Debug` (in Nightly builds, run with -Z macro-backtrace for more info)
[INFO] [stdout] 
[INFO] [stdout] 
[INFO] [stderr]     Checking tempfile v3.9.0
[INFO] [stdout] error: aborting due to 2 previous errors
[INFO] [stdout] 
[INFO] [stdout] 
[INFO] [stdout] For more information about this error, try `rustc --explain E0277`.
[INFO] [stdout] 
[INFO] [stderr] error: could not compile `wasmer-derive-asml-fork` (lib) due to 3 previous errors
[INFO] [stderr] warning: build failed, waiting for other jobs to finish...
[INFO] running `Command { std: "docker" "inspect" "4dbfc73cfcb7f5b85d63b937855e284473d141e4dc8b0458cd8c0c0d48d1d192", kill_on_drop: false }`
[INFO] running `Command { std: "docker" "rm" "-f" "4dbfc73cfcb7f5b85d63b937855e284473d141e4dc8b0458cd8c0c0d48d1d192", kill_on_drop: false }`
[INFO] [stdout] 4dbfc73cfcb7f5b85d63b937855e284473d141e4dc8b0458cd8c0c0d48d1d192
[INFO] documenting wasmer-wast-asml-fork-1.0.2 against beta-2023-12-22 for beta-1.76-rustdoc-1
[INFO] extracting crate wasmer-wast-asml-fork 1.0.2 into /workspace/builds/worker-3-tc2/source
[INFO] validating manifest of crates.io crate wasmer-wast-asml-fork 1.0.2 on toolchain beta-2023-12-22
[INFO] running `Command { std: CARGO_HOME="/workspace/cargo-home" RUSTUP_HOME="/workspace/rustup-home" "/workspace/cargo-home/bin/cargo" "+beta-2023-12-22" "metadata" "--manifest-path" "Cargo.toml" "--no-deps", kill_on_drop: false }`
[INFO] started tweaking crates.io crate wasmer-wast-asml-fork 1.0.2
[INFO] finished tweaking crates.io crate wasmer-wast-asml-fork 1.0.2
[INFO] tweaked toml for crates.io crate wasmer-wast-asml-fork 1.0.2 written to /workspace/builds/worker-3-tc2/source/Cargo.toml
[INFO] running `Command { std: CARGO_HOME="/workspace/cargo-home" RUSTUP_HOME="/workspace/rustup-home" "/workspace/cargo-home/bin/cargo" "+beta-2023-12-22" "generate-lockfile" "--manifest-path" "Cargo.toml", kill_on_drop: false }`
[INFO] [stderr]     Updating crates.io index
[INFO] running `Command { std: CARGO_HOME="/workspace/cargo-home" RUSTUP_HOME="/workspace/rustup-home" "/workspace/cargo-home/bin/cargo" "+beta-2023-12-22" "fetch" "--manifest-path" "Cargo.toml", kill_on_drop: false }`
[INFO] running `Command { std: "docker" "create" "-v" "/var/lib/crater-agent-workspace/builds/worker-3-tc2/target:/opt/rustwide/target:rw,Z" "-v" "/var/lib/crater-agent-workspace/builds/worker-3-tc2/source:/opt/rustwide/workdir:ro,Z" "-v" "/var/lib/crater-agent-workspace/cargo-home:/opt/rustwide/cargo-home:ro,Z" "-v" "/var/lib/crater-agent-workspace/rustup-home:/opt/rustwide/rustup-home:ro,Z" "-e" "SOURCE_DIR=/opt/rustwide/workdir" "-e" "CARGO_TARGET_DIR=/opt/rustwide/target" "-e" "CARGO_HOME=/opt/rustwide/cargo-home" "-e" "RUSTUP_HOME=/opt/rustwide/rustup-home" "-w" "/opt/rustwide/workdir" "-m" "1610612736" "--user" "0:0" "--network" "none" "ghcr.io/rust-lang/crates-build-env/linux@sha256:2788e3201cd34a07e3172128adcd8b3090168a8e3bcc40d7c032b9dda1df7d1c" "/opt/rustwide/cargo-home/bin/cargo" "+beta-2023-12-22" "metadata" "--no-deps" "--format-version=1", kill_on_drop: false }`
[INFO] [stdout] 57e489f65d749a370c7be806f3224215ad6955b5e2a87d867c20ad3d9ad150f2
[INFO] running `Command { std: "docker" "start" "-a" "57e489f65d749a370c7be806f3224215ad6955b5e2a87d867c20ad3d9ad150f2", kill_on_drop: false }`
[INFO] running `Command { std: "docker" "inspect" "57e489f65d749a370c7be806f3224215ad6955b5e2a87d867c20ad3d9ad150f2", kill_on_drop: false }`
[INFO] running `Command { std: "docker" "rm" "-f" "57e489f65d749a370c7be806f3224215ad6955b5e2a87d867c20ad3d9ad150f2", kill_on_drop: false }`
[INFO] [stdout] 57e489f65d749a370c7be806f3224215ad6955b5e2a87d867c20ad3d9ad150f2
[INFO] running `Command { std: "docker" "create" "-v" "/var/lib/crater-agent-workspace/builds/worker-3-tc2/target:/opt/rustwide/target:rw,Z" "-v" "/var/lib/crater-agent-workspace/builds/worker-3-tc2/source:/opt/rustwide/workdir:ro,Z" "-v" "/var/lib/crater-agent-workspace/cargo-home:/opt/rustwide/cargo-home:ro,Z" "-v" "/var/lib/crater-agent-workspace/rustup-home:/opt/rustwide/rustup-home:ro,Z" "-e" "SOURCE_DIR=/opt/rustwide/workdir" "-e" "CARGO_TARGET_DIR=/opt/rustwide/target" "-e" "CARGO_INCREMENTAL=0" "-e" "RUST_BACKTRACE=full" "-e" "RUSTFLAGS=--cap-lints=warn" "-e" "RUSTDOCFLAGS=--cap-lints=warn" "-e" "CARGO_HOME=/opt/rustwide/cargo-home" "-e" "RUSTUP_HOME=/opt/rustwide/rustup-home" "-w" "/opt/rustwide/workdir" "-m" "1610612736" "--user" "0:0" "--network" "none" "ghcr.io/rust-lang/crates-build-env/linux@sha256:2788e3201cd34a07e3172128adcd8b3090168a8e3bcc40d7c032b9dda1df7d1c" "/opt/rustwide/cargo-home/bin/cargo" "+beta-2023-12-22" "doc" "--frozen" "--no-deps" "--document-private-items" "--message-format=json", kill_on_drop: false }`
[INFO] [stdout] f9671942c1ea748d0e04f42f3d6e075e301351b1b52ee0618568e6d88c40810b
[INFO] running `Command { std: "docker" "start" "-a" "f9671942c1ea748d0e04f42f3d6e075e301351b1b52ee0618568e6d88c40810b", kill_on_drop: false }`
[INFO] [stderr]    Compiling proc-macro2 v1.0.76
[INFO] [stderr]    Compiling unicode-ident v1.0.12
[INFO] [stderr]    Compiling libc v0.2.151
[INFO] [stderr]    Compiling serde v1.0.195
[INFO] [stderr]    Compiling autocfg v1.1.0
[INFO] [stderr]     Checking cfg-if v1.0.0
[INFO] [stderr]    Compiling syn v1.0.109
[INFO] [stderr]     Checking memchr v2.7.1
[INFO] [stderr]    Compiling version_check v0.9.4
[INFO] [stderr]    Compiling ident_case v1.0.1
[INFO] [stderr]    Compiling fnv v1.0.7
[INFO] [stderr]    Compiling thiserror v1.0.56
[INFO] [stderr]     Checking adler v1.0.2
[INFO] [stderr]     Checking gimli v0.28.1
[INFO] [stderr]    Compiling proc-macro-error-attr v1.0.4
[INFO] [stderr]     Checking miniz_oxide v0.7.1
[INFO] [stderr]    Compiling indexmap v1.9.3
[INFO] [stderr]    Compiling memoffset v0.6.5
[INFO] [stderr]     Checking object v0.32.2
[INFO] [stderr]    Compiling target-lexicon v0.11.2
[INFO] [stderr]    Compiling quote v1.0.35
[INFO] [stderr]     Checking hashbrown v0.12.3
[INFO] [stderr]    Compiling syn v2.0.48
[INFO] [stderr]     Checking rustc-demangle v0.1.23
[INFO] [stderr]     Checking bitflags v1.3.2
[INFO] [stderr]     Checking leb128 v0.2.5
[INFO] [stderr]     Checking region v2.2.0
[INFO] [stderr]    Compiling proc-macro-error v1.0.4
[INFO] [stderr]     Checking cfg-if v0.1.10
[INFO] [stderr]    Compiling cc v1.0.83
[INFO] [stderr]     Checking more-asserts v0.2.2
[INFO] [stderr]     Checking wasm-encoder v0.38.1
[INFO] [stderr]     Checking smallvec v1.11.2
[INFO] [stderr]     Checking once_cell v1.19.0
[INFO] [stderr]     Checking addr2line v0.21.0
[INFO] [stderr]     Checking unicode-width v0.1.11
[INFO] [stderr]    Compiling crossbeam-utils v0.8.18
[INFO] [stderr]     Checking memmap2 v0.2.3
[INFO] [stderr]     Checking wast v69.0.1
[INFO] [stderr]     Checking lazy_static v1.4.0
[INFO] [stderr]    Compiling rustix v0.38.28
[INFO] [stderr]     Checking tracing-core v0.1.32
[INFO] [stderr]     Checking linux-raw-sys v0.4.12
[INFO] [stderr]    Compiling backtrace v0.3.69
[INFO] [stderr]    Compiling wasmer-vm v1.0.2
[INFO] [stderr]     Checking log v0.4.20
[INFO] [stderr]     Checking bitflags v2.4.1
[INFO] [stderr]     Checking pin-project-lite v0.2.13
[INFO] [stderr]    Compiling anyhow v1.0.79
[INFO] [stderr]     Checking time v0.1.45
[INFO] [stderr]     Checking getrandom v0.2.11
[INFO] [stderr]     Checking byteorder v1.5.0
[INFO] [stderr]     Checking fastrand v2.0.1
[INFO] [stderr]     Checking wast v24.0.0
[INFO] [stderr]    Compiling darling_core v0.20.3
[INFO] [stderr]    Compiling ctor v0.1.26
[INFO] [stderr]    Compiling wasmer-derive-asml-fork v1.0.2
[INFO] [stderr]    Compiling typetag-impl v0.1.8
[INFO] [stderr]     Checking tempfile v3.9.0
[INFO] [stdout] error[E0277]: `syn::LitStr` doesn't implement `Debug`
[INFO] [stdout]   --> /opt/rustwide/cargo-home/registry/src/index.crates.io-6f17d22bba15001f/wasmer-derive-asml-fork-1.0.2/src/parse.rs:22:5
[INFO] [stdout]    |
[INFO] [stdout] 20 | #[derive(Debug)]
[INFO] [stdout]    |          ----- in this derive macro expansion
[INFO] [stdout] 21 | struct ExportExpr {
[INFO] [stdout] 22 |     name: Option<LitStr>,
[INFO] [stdout]    |     ^^^^^^^^^^^^^^^^^^^^ `syn::LitStr` cannot be formatted using `{:?}` because it doesn't implement `Debug`
[INFO] [stdout]    |
[INFO] [stdout]    = help: the trait `Debug` is not implemented for `syn::LitStr`
[INFO] [stdout]    = help: the trait `Debug` is implemented for `Option<T>`
[INFO] [stdout]    = note: this error originates in the derive macro `Debug` (in Nightly builds, run with -Z macro-backtrace for more info)
[INFO] [stdout] 
[INFO] [stdout] 
[INFO] [stdout] error[E0277]: `syn::LitStr` doesn't implement `Debug`
[INFO] [stdout]   --> /opt/rustwide/cargo-home/registry/src/index.crates.io-6f17d22bba15001f/wasmer-derive-asml-fork-1.0.2/src/parse.rs:29:5
[INFO] [stdout]    |
[INFO] [stdout] 27 | #[derive(Debug)]
[INFO] [stdout]    |          ----- in this derive macro expansion
[INFO] [stdout] 28 | struct ExportOptions {
[INFO] [stdout] 29 |     name: Option<LitStr>,
[INFO] [stdout]    |     ^^^^^^^^^^^^^^^^^^^^ `syn::LitStr` cannot be formatted using `{:?}` because it doesn't implement `Debug`
[INFO] [stdout]    |
[INFO] [stdout]    = help: the trait `Debug` is not implemented for `syn::LitStr`
[INFO] [stdout]    = help: the trait `Debug` is implemented for `Option<T>`
[INFO] [stdout]    = note: this error originates in the derive macro `Debug` (in Nightly builds, run with -Z macro-backtrace for more info)
[INFO] [stdout] 
[INFO] [stdout] 
[INFO] [stdout] error: aborting due to 2 previous errors
[INFO] [stdout] 
[INFO] [stdout] 
[INFO] [stdout] For more information about this error, try `rustc --explain E0277`.
[INFO] [stdout] 
[INFO] [stderr] error: could not compile `wasmer-derive-asml-fork` (lib) due to 3 previous errors
[INFO] [stderr] warning: build failed, waiting for other jobs to finish...
[INFO] running `Command { std: "docker" "inspect" "f9671942c1ea748d0e04f42f3d6e075e301351b1b52ee0618568e6d88c40810b", kill_on_drop: false }`
[INFO] running `Command { std: "docker" "rm" "-f" "f9671942c1ea748d0e04f42f3d6e075e301351b1b52ee0618568e6d88c40810b", kill_on_drop: false }`
[INFO] [stdout] f9671942c1ea748d0e04f42f3d6e075e301351b1b52ee0618568e6d88c40810b
