[INFO] fetching crate wasm2spirv 0.1.0...
[INFO] documenting wasm2spirv-0.1.0 against 1.75.0 for beta-1.76-rustdoc-1
[INFO] extracting crate wasm2spirv 0.1.0 into /workspace/builds/worker-0-tc1/source
[INFO] validating manifest of crates.io crate wasm2spirv 0.1.0 on toolchain 1.75.0
[INFO] running `Command { std: CARGO_HOME="/workspace/cargo-home" RUSTUP_HOME="/workspace/rustup-home" "/workspace/cargo-home/bin/cargo" "+1.75.0" "metadata" "--manifest-path" "Cargo.toml" "--no-deps", kill_on_drop: false }`
[INFO] started tweaking crates.io crate wasm2spirv 0.1.0
[INFO] finished tweaking crates.io crate wasm2spirv 0.1.0
[INFO] tweaked toml for crates.io crate wasm2spirv 0.1.0 written to /workspace/builds/worker-0-tc1/source/Cargo.toml
[INFO] crate crates.io crate wasm2spirv 0.1.0 already has a lockfile, it will not be regenerated
[INFO] running `Command { std: CARGO_HOME="/workspace/cargo-home" RUSTUP_HOME="/workspace/rustup-home" "/workspace/cargo-home/bin/cargo" "+1.75.0" "fetch" "--manifest-path" "Cargo.toml", kill_on_drop: false }`
[INFO] [stderr]     Updating crates.io index
[INFO] [stderr]  Downloading crates ...
[INFO] [stderr]   Downloaded docfg v0.1.0
[INFO] [stderr]   Downloaded wat v1.0.67
[INFO] [stderr]   Downloaded spirv-tools v0.9.0
[INFO] [stderr]   Downloaded clap v4.3.16
[INFO] [stderr]   Downloaded wast v61.0.0
[INFO] [stderr]   Downloaded spirv-tools-sys v0.7.0
[INFO] [stderr]   Downloaded clap_builder v4.3.16
[INFO] [stderr]   Downloaded spirv_cross v0.23.1
[INFO] [stderr]   Downloaded rspirv v0.11.0+1.5.4
[INFO] [stderr]   Downloaded vector_mapp v0.3.2
[INFO] running `Command { std: "docker" "create" "-v" "/var/lib/crater-agent-workspace/builds/worker-0-tc1/target:/opt/rustwide/target:rw,Z" "-v" "/var/lib/crater-agent-workspace/builds/worker-0-tc1/source:/opt/rustwide/workdir:ro,Z" "-v" "/var/lib/crater-agent-workspace/cargo-home:/opt/rustwide/cargo-home:ro,Z" "-v" "/var/lib/crater-agent-workspace/rustup-home:/opt/rustwide/rustup-home:ro,Z" "-e" "SOURCE_DIR=/opt/rustwide/workdir" "-e" "CARGO_TARGET_DIR=/opt/rustwide/target" "-e" "CARGO_HOME=/opt/rustwide/cargo-home" "-e" "RUSTUP_HOME=/opt/rustwide/rustup-home" "-w" "/opt/rustwide/workdir" "-m" "1610612736" "--user" "0:0" "--network" "none" "ghcr.io/rust-lang/crates-build-env/linux@sha256:2788e3201cd34a07e3172128adcd8b3090168a8e3bcc40d7c032b9dda1df7d1c" "/opt/rustwide/cargo-home/bin/cargo" "+1.75.0" "metadata" "--no-deps" "--format-version=1", kill_on_drop: false }`
[INFO] [stdout] 4ede4af52819450d139616d766a28624d2eb10346dc57c5795a1113353a68847
[INFO] running `Command { std: "docker" "start" "-a" "4ede4af52819450d139616d766a28624d2eb10346dc57c5795a1113353a68847", kill_on_drop: false }`
[INFO] running `Command { std: "docker" "inspect" "4ede4af52819450d139616d766a28624d2eb10346dc57c5795a1113353a68847", kill_on_drop: false }`
[INFO] running `Command { std: "docker" "rm" "-f" "4ede4af52819450d139616d766a28624d2eb10346dc57c5795a1113353a68847", kill_on_drop: false }`
[INFO] [stdout] 4ede4af52819450d139616d766a28624d2eb10346dc57c5795a1113353a68847
[INFO] running `Command { std: "docker" "create" "-v" "/var/lib/crater-agent-workspace/builds/worker-0-tc1/target:/opt/rustwide/target:rw,Z" "-v" "/var/lib/crater-agent-workspace/builds/worker-0-tc1/source:/opt/rustwide/workdir:ro,Z" "-v" "/var/lib/crater-agent-workspace/cargo-home:/opt/rustwide/cargo-home:ro,Z" "-v" "/var/lib/crater-agent-workspace/rustup-home:/opt/rustwide/rustup-home:ro,Z" "-e" "SOURCE_DIR=/opt/rustwide/workdir" "-e" "CARGO_TARGET_DIR=/opt/rustwide/target" "-e" "CARGO_INCREMENTAL=0" "-e" "RUST_BACKTRACE=full" "-e" "RUSTFLAGS=--cap-lints=warn" "-e" "RUSTDOCFLAGS=--cap-lints=warn" "-e" "CARGO_HOME=/opt/rustwide/cargo-home" "-e" "RUSTUP_HOME=/opt/rustwide/rustup-home" "-w" "/opt/rustwide/workdir" "-m" "1610612736" "--user" "0:0" "--network" "none" "ghcr.io/rust-lang/crates-build-env/linux@sha256:2788e3201cd34a07e3172128adcd8b3090168a8e3bcc40d7c032b9dda1df7d1c" "/opt/rustwide/cargo-home/bin/cargo" "+1.75.0" "doc" "--frozen" "--no-deps" "--document-private-items" "--message-format=json", kill_on_drop: false }`
[INFO] [stdout] c6728a993c5849335344983939c7868e77afa3a4304c853d4dc97672d3018e64
[INFO] running `Command { std: "docker" "start" "-a" "c6728a993c5849335344983939c7868e77afa3a4304c853d4dc97672d3018e64", kill_on_drop: false }`
[INFO] [stderr]    Compiling proc-macro2 v1.0.64
[INFO] [stderr]    Compiling quote v1.0.29
[INFO] [stderr]    Compiling hashbrown v0.14.0
[INFO] [stderr]     Checking once_cell v1.18.0
[INFO] [stderr]    Compiling serde v1.0.171
[INFO] [stderr]    Compiling syn v1.0.109
[INFO] [stderr]    Compiling winnow v0.5.0
[INFO] [stderr]    Compiling memchr v2.5.0
[INFO] [stderr]    Compiling toml_datetime v0.6.3
[INFO] [stderr]    Compiling semver v1.0.17
[INFO] [stderr]    Compiling num-traits v0.2.15
[INFO] [stderr]     Checking leb128 v0.2.5
[INFO] [stderr]    Compiling thiserror v1.0.43
[INFO] [stderr]     Checking overload v0.1.1
[INFO] [stderr]     Checking unicode-width v0.1.10
[INFO] [stderr]     Checking log v0.4.19
[INFO] [stderr]     Checking wasm-encoder v0.30.0
[INFO] [stderr]     Checking nu-ansi-term v0.46.0
[INFO] [stderr]     Checking tracing-core v0.1.31
[INFO] [stderr]     Checking thread_local v1.1.7
[INFO] [stderr]     Checking fxhash v0.2.1
[INFO] [stderr]     Checking sharded-slab v0.1.4
[INFO] [stderr]     Checking either v1.8.1
[INFO] [stderr]     Checking pin-project-lite v0.2.10
[INFO] [stderr]     Checking bitflags v2.3.3
[INFO] [stderr]     Checking itertools v0.11.0
[INFO] [stderr]     Checking tracing-log v0.1.3
[INFO] [stderr]     Checking wasmparser v0.108.0
[INFO] [stderr]    Compiling indexmap v2.0.0
[INFO] [stderr]     Checking tracing-subscriber v0.3.17
[INFO] [stderr]     Checking wast v61.0.0
[INFO] [stderr]    Compiling syn v2.0.26
[INFO] [stderr]    Compiling toml_edit v0.19.14
[INFO] [stderr]    Compiling proc-macro-crate v1.3.1
[INFO] [stderr]    Compiling docfg v0.1.0
[INFO] [stderr]     Checking wat v1.0.67
[INFO] [stderr]    Compiling serde_derive v1.0.171
[INFO] [stderr]    Compiling tracing-attributes v0.1.26
[INFO] [stderr]    Compiling thiserror-impl v1.0.43
[INFO] [stderr]    Compiling num_enum_derive v0.6.1
[INFO] [stderr]     Checking num_enum v0.6.1
[INFO] [stderr]     Checking tracing v0.1.37
[INFO] [stderr]     Checking spirv v0.2.0+1.5.4
[INFO] [stderr]     Checking vector_mapp v0.3.2
[INFO] [stderr]     Checking rspirv v0.11.0+1.5.4
[INFO] [stderr]  Documenting wasm2spirv v0.1.0 (/opt/rustwide/workdir)
[INFO] [stdout] warning: unresolved link to `access_chain`
[INFO] [stdout]    --> src/fg/values/pointer.rs:352:114
[INFO] [stdout]     |
[INFO] [stdout] 352 |     ///     - [`StructuredArray`](CompositeType::StructuredArray) goes through the internal runtime array (via [`access_chain`]).
[INFO] [stdout]     |                                                                                                                  ^^^^^^^^^^^^ no item named `access_chain` in scope
[INFO] [stdout]     |
[INFO] [stdout]     = help: to escape `[` and `]` characters, add '\' before them like `\[` or `\]`
[INFO] [stdout]     = note: `#[warn(rustdoc::broken_intra_doc_links)]` on by default
[INFO] [stdout] 
[INFO] [stdout] 
[INFO] [stdout] warning: unresolved link to `access_chain`
[INFO] [stdout]    --> src/fg/values/pointer.rs:353:102
[INFO] [stdout]     |
[INFO] [stdout] 353 |     ///     - [`Structured`](CompositeType::StructuredArray) goes through the internal struct (via [`access_chain`])
[INFO] [stdout]     |                                                                                                      ^^^^^^^^^^^^ no item named `access_chain` in scope
[INFO] [stdout]     |
[INFO] [stdout]     = help: to escape `[` and `]` characters, add '\' before them like `\[` or `\]`
[INFO] [stdout] 
[INFO] [stdout] 
[INFO] [stdout] warning: unresolved link to `ptr_access_chain`
[INFO] [stdout]    --> src/fg/values/pointer.rs:354:36
[INFO] [stdout]     |
[INFO] [stdout] 354 |     ///     - Otherwise, perform [`ptr_access_chain`]
[INFO] [stdout]     |                                    ^^^^^^^^^^^^^^^^ no item named `ptr_access_chain` in scope
[INFO] [stdout]     |
[INFO] [stdout]     = help: to escape `[` and `]` characters, add '\' before them like `\[` or `\]`
[INFO] [stdout] 
[INFO] [stdout] 
[INFO] [stdout] warning: 3 warnings emitted
[INFO] [stdout] 
[INFO] [stdout] 
[INFO] [stderr]     Finished dev [unoptimized + debuginfo] target(s) in 11.90s
[INFO] [stderr]    Generated /opt/rustwide/target/doc/wasm2spirv/index.html
[INFO] running `Command { std: "docker" "inspect" "c6728a993c5849335344983939c7868e77afa3a4304c853d4dc97672d3018e64", kill_on_drop: false }`
[INFO] running `Command { std: "docker" "rm" "-f" "c6728a993c5849335344983939c7868e77afa3a4304c853d4dc97672d3018e64", kill_on_drop: false }`
[INFO] [stdout] c6728a993c5849335344983939c7868e77afa3a4304c853d4dc97672d3018e64
[INFO] running `Command { std: "docker" "create" "-v" "/var/lib/crater-agent-workspace/builds/worker-0-tc1/target:/opt/rustwide/target:rw,Z" "-v" "/var/lib/crater-agent-workspace/builds/worker-0-tc1/source:/opt/rustwide/workdir:ro,Z" "-v" "/var/lib/crater-agent-workspace/cargo-home:/opt/rustwide/cargo-home:ro,Z" "-v" "/var/lib/crater-agent-workspace/rustup-home:/opt/rustwide/rustup-home:ro,Z" "-e" "SOURCE_DIR=/opt/rustwide/workdir" "-e" "CARGO_TARGET_DIR=/opt/rustwide/target" "-e" "CARGO_INCREMENTAL=0" "-e" "RUST_BACKTRACE=full" "-e" "RUSTFLAGS=--cap-lints=warn" "-e" "RUSTDOCFLAGS=--cap-lints=warn" "-e" "DOCS_RS=1" "-e" "RUSTC_BOOTSTRAP=1" "-e" "CARGO_HOME=/opt/rustwide/cargo-home" "-e" "RUSTUP_HOME=/opt/rustwide/rustup-home" "-w" "/opt/rustwide/workdir" "-m" "1610612736" "--user" "0:0" "--network" "none" "ghcr.io/rust-lang/crates-build-env/linux@sha256:2788e3201cd34a07e3172128adcd8b3090168a8e3bcc40d7c032b9dda1df7d1c" "/opt/rustwide/cargo-home/bin/cargo" "+1.75.0" "rustdoc" "--lib" "-Zrustdoc-map" "--all-features" "-Z" "unstable-options" "--config" "build.rustdocflags=[\"--cfg\", \"docsrs\", \"-Z\", \"unstable-options\", \"--document-private-items\"]" "--frozen" "--message-format=json", kill_on_drop: false }`
[INFO] [stdout] 2232642671f608f8b17ed6dfb7fbb1b935db69374432d397ea6b23f3d8e33023
[INFO] running `Command { std: "docker" "start" "-a" "2232642671f608f8b17ed6dfb7fbb1b935db69374432d397ea6b23f3d8e33023", kill_on_drop: false }`
[INFO] [stderr]    Compiling rustix v0.38.4
[INFO] [stderr]     Checking linux-raw-sys v0.4.3
[INFO] [stderr]     Checking bitflags v2.3.3
[INFO] [stderr]    Compiling libc v0.2.147
[INFO] [stderr]    Compiling eyre v0.6.8
[INFO] [stderr]     Checking gimli v0.27.3
[INFO] [stderr]     Checking anstyle v1.0.1
[INFO] [stderr]     Checking object v0.31.1
[INFO] [stderr]     Checking tracing-error v0.2.0
[INFO] [stderr]     Checking indenter v0.3.3
[INFO] [stderr]     Checking clap_lex v0.5.0
[INFO] [stderr]    Compiling serde_json v1.0.103
[INFO] [stderr]    Compiling clap_derive v4.3.12
[INFO] [stderr]     Checking color-spantrace v0.2.0
[INFO] [stderr]    Compiling jobserver v0.1.26
[INFO] [stderr]    Compiling cc v1.0.79
[INFO] [stderr]     Checking is-terminal v0.4.9
[INFO] [stderr]     Checking anstream v0.3.2
[INFO] [stderr]     Checking clap_builder v4.3.16
[INFO] [stderr]    Compiling backtrace v0.3.68
[INFO] [stderr]    Compiling spirv-tools-sys v0.7.0
[INFO] [stderr]    Compiling spirv_cross v0.23.1
[INFO] [stderr]     Checking addr2line v0.20.0
[INFO] [stderr] error: could not compile `object` (lib)
[INFO] [stderr] 
[INFO] [stderr] Caused by:
[INFO] [stderr]   process didn't exit successfully: `/opt/rustwide/rustup-home/toolchains/1.75.0-x86_64-unknown-linux-gnu/bin/rustc --crate-name object --edition=2018 /opt/rustwide/cargo-home/registry/src/index.crates.io-6f17d22bba15001f/object-0.31.1/src/lib.rs --error-format=json --json=diagnostic-rendered-ansi,artifacts,future-incompat --crate-type lib --emit=dep-info,metadata -C embed-bitcode=no -C debuginfo=2 --cfg 'feature="archive"' --cfg 'feature="coff"' --cfg 'feature="elf"' --cfg 'feature="macho"' --cfg 'feature="pe"' --cfg 'feature="read_core"' --cfg 'feature="unaligned"' -C metadata=6fa189293c33f0ad -C extra-filename=-6fa189293c33f0ad --out-dir /opt/rustwide/target/debug/deps -L dependency=/opt/rustwide/target/debug/deps --extern memchr=/opt/rustwide/target/debug/deps/libmemchr-8936e3f78e15206b.rmeta --cap-lints allow --cap-lints=warn` (signal: 9, SIGKILL: kill)
[INFO] [stderr] warning: build failed, waiting for other jobs to finish...
[INFO] [stderr] The following warnings were emitted during compilation:
[INFO] [stderr] 
[INFO] [stderr] warning: spirv_cross@0.23.1: src/wrapper.cpp:2: warning: ignoring '#pragma warning ' [-Wunknown-pragmas]
[INFO] [stderr] warning: spirv_cross@0.23.1:     2 | #pragma warning(disable : 4996 4101)
[INFO] [stderr] warning: spirv_cross@0.23.1:       | 
[INFO] [stderr] warning: spirv_cross@0.23.1: c++: fatal error: Killed signal terminated program cc1plus
[INFO] [stderr] warning: spirv_cross@0.23.1: compilation terminated.
[INFO] [stderr] warning: spirv_cross@0.23.1: c++: fatal error: Killed signal terminated program cc1plus
[INFO] [stderr] warning: spirv_cross@0.23.1: compilation terminated.
[INFO] [stderr] warning: spirv_cross@0.23.1: c++: fatal error: Killed signal terminated program cc1plus
[INFO] [stderr] warning: spirv_cross@0.23.1: compilation terminated.
[INFO] [stderr] warning: spirv_cross@0.23.1: c++: fatal error: Killed signal terminated program cc1plus
[INFO] [stderr] warning: spirv_cross@0.23.1: compilation terminated.
[INFO] [stderr] warning: spirv_cross@0.23.1: c++: fatal error: Killed signal terminated program cc1plus
[INFO] [stderr] warning: spirv_cross@0.23.1: compilation terminated.
[INFO] [stderr] 
[INFO] [stderr] error: failed to run custom build command for `spirv_cross v0.23.1`
[INFO] [stderr] note: To improve backtraces for build dependencies, set the CARGO_PROFILE_DEV_BUILD_OVERRIDE_DEBUG=true environment variable to enable debug information generation.
[INFO] [stderr] 
[INFO] [stderr] Caused by:
[INFO] [stderr]   process didn't exit successfully: `/opt/rustwide/target/debug/build/spirv_cross-ca530b741f6ca5e6/build-script-build` (exit status: 1)
[INFO] [stderr]   --- stdout
[INFO] [stderr]   OPT_LEVEL = Some("0")
[INFO] [stderr]   TARGET = Some("x86_64-unknown-linux-gnu")
[INFO] [stderr]   HOST = Some("x86_64-unknown-linux-gnu")
[INFO] [stderr]   cargo:rerun-if-env-changed=CXX_x86_64-unknown-linux-gnu
[INFO] [stderr]   CXX_x86_64-unknown-linux-gnu = None
[INFO] [stderr]   cargo:rerun-if-env-changed=CXX_x86_64_unknown_linux_gnu
[INFO] [stderr]   CXX_x86_64_unknown_linux_gnu = None
[INFO] [stderr]   cargo:rerun-if-env-changed=HOST_CXX
[INFO] [stderr]   HOST_CXX = None
[INFO] [stderr]   cargo:rerun-if-env-changed=CXX
[INFO] [stderr]   CXX = None
[INFO] [stderr]   cargo:rerun-if-env-changed=CXXFLAGS_x86_64-unknown-linux-gnu
[INFO] [stderr]   CXXFLAGS_x86_64-unknown-linux-gnu = None
[INFO] [stderr]   cargo:rerun-if-env-changed=CXXFLAGS_x86_64_unknown_linux_gnu
[INFO] [stderr]   CXXFLAGS_x86_64_unknown_linux_gnu = None
[INFO] [stderr]   cargo:rerun-if-env-changed=HOST_CXXFLAGS
[INFO] [stderr]   HOST_CXXFLAGS = None
[INFO] [stderr]   cargo:rerun-if-env-changed=CXXFLAGS
[INFO] [stderr]   CXXFLAGS = None
[INFO] [stderr]   cargo:rerun-if-env-changed=CRATE_CC_NO_DEFAULTS
[INFO] [stderr]   CRATE_CC_NO_DEFAULTS = None
[INFO] [stderr]   DEBUG = Some("true")
[INFO] [stderr]   CARGO_CFG_TARGET_FEATURE = Some("fxsr,sse,sse2")
[INFO] [stderr]   cargo:rerun-if-env-changed=CXX_x86_64-unknown-linux-gnu
[INFO] [stderr]   CXX_x86_64-unknown-linux-gnu = None
[INFO] [stderr]   cargo:rerun-if-env-changed=CXX_x86_64_unknown_linux_gnu
[INFO] [stderr]   CXX_x86_64_unknown_linux_gnu = None
[INFO] [stderr]   cargo:rerun-if-env-changed=HOST_CXX
[INFO] [stderr]   HOST_CXX = None
[INFO] [stderr]   cargo:rerun-if-env-changed=CXX
[INFO] [stderr]   CXX = None
[INFO] [stderr]   cargo:rerun-if-env-changed=CXXFLAGS_x86_64-unknown-linux-gnu
[INFO] [stderr]   CXXFLAGS_x86_64-unknown-linux-gnu = None
[INFO] [stderr]   cargo:rerun-if-env-changed=CXXFLAGS_x86_64_unknown_linux_gnu
[INFO] [stderr]   CXXFLAGS_x86_64_unknown_linux_gnu = None
[INFO] [stderr]   cargo:rerun-if-env-changed=HOST_CXXFLAGS
[INFO] [stderr]   HOST_CXXFLAGS = None
[INFO] [stderr]   cargo:rerun-if-env-changed=CXXFLAGS
[INFO] [stderr]   CXXFLAGS = None
[INFO] [stderr]   cargo:rerun-if-env-changed=CRATE_CC_NO_DEFAULTS
[INFO] [stderr]   CRATE_CC_NO_DEFAULTS = None
[INFO] [stderr]   CARGO_CFG_TARGET_FEATURE = Some("fxsr,sse,sse2")
[INFO] [stderr]   running: "c++" "-O0" "-ffunction-sections" "-fdata-sections" "-fPIC" "-gdwarf-4" "-fno-omit-frame-pointer" "-m64" "-Wall" "-Wextra" "-DSPIRV_CROSS_EXCEPTIONS_TO_ASSERTIONS" "-DSPIRV_CROSS_WRAPPER_NO_EXCEPTIONS" "-DSPIRV_CROSS_WRAPPER_GLSL" "-DSPIRV_CROSS_WRAPPER_HLSL" "-DSPIRV_CROSS_WRAPPER_MSL" "-std=c++14" "-o" "/opt/rustwide/target/debug/build/spirv_cross-56c939ca45230e43/out/src/vendor/SPIRV-Cross/spirv_cross.o" "-c" "src/vendor/SPIRV-Cross/spirv_cross.cpp"
[INFO] [stderr]   running: "c++" "-O0" "-ffunction-sections" "-fdata-sections" "-fPIC" "-gdwarf-4" "-fno-omit-frame-pointer" "-m64" "-Wall" "-Wextra" "-DSPIRV_CROSS_EXCEPTIONS_TO_ASSERTIONS" "-DSPIRV_CROSS_WRAPPER_NO_EXCEPTIONS" "-DSPIRV_CROSS_WRAPPER_GLSL" "-DSPIRV_CROSS_WRAPPER_HLSL" "-DSPIRV_CROSS_WRAPPER_MSL" "-std=c++14" "-o" "/opt/rustwide/target/debug/build/spirv_cross-56c939ca45230e43/out/src/wrapper.o" "-c" "src/wrapper.cpp"
[INFO] [stderr]   running: "c++" "-O0" "-ffunction-sections" "-fdata-sections" "-fPIC" "-gdwarf-4" "-fno-omit-frame-pointer" "-m64" "-Wall" "-Wextra" "-DSPIRV_CROSS_EXCEPTIONS_TO_ASSERTIONS" "-DSPIRV_CROSS_WRAPPER_NO_EXCEPTIONS" "-DSPIRV_CROSS_WRAPPER_GLSL" "-DSPIRV_CROSS_WRAPPER_HLSL" "-DSPIRV_CROSS_WRAPPER_MSL" "-std=c++14" "-o" "/opt/rustwide/target/debug/build/spirv_cross-56c939ca45230e43/out/src/vendor/SPIRV-Cross/spirv_cfg.o" "-c" "src/vendor/SPIRV-Cross/spirv_cfg.cpp"
[INFO] [stderr]   running: "c++" "-O0" "-ffunction-sections" "-fdata-sections" "-fPIC" "-gdwarf-4" "-fno-omit-frame-pointer" "-m64" "-Wall" "-Wextra" "-DSPIRV_CROSS_EXCEPTIONS_TO_ASSERTIONS" "-DSPIRV_CROSS_WRAPPER_NO_EXCEPTIONS" "-DSPIRV_CROSS_WRAPPER_GLSL" "-DSPIRV_CROSS_WRAPPER_HLSL" "-DSPIRV_CROSS_WRAPPER_MSL" "-std=c++14" "-o" "/opt/rustwide/target/debug/build/spirv_cross-56c939ca45230e43/out/src/vendor/SPIRV-Cross/spirv_cross_parsed_ir.o" "-c" "src/vendor/SPIRV-Cross/spirv_cross_parsed_ir.cpp"
[INFO] [stderr]   running: "c++" "-O0" "-ffunction-sections" "-fdata-sections" "-fPIC" "-gdwarf-4" "-fno-omit-frame-pointer" "-m64" "-Wall" "-Wextra" "-DSPIRV_CROSS_EXCEPTIONS_TO_ASSERTIONS" "-DSPIRV_CROSS_WRAPPER_NO_EXCEPTIONS" "-DSPIRV_CROSS_WRAPPER_GLSL" "-DSPIRV_CROSS_WRAPPER_HLSL" "-DSPIRV_CROSS_WRAPPER_MSL" "-std=c++14" "-o" "/opt/rustwide/target/debug/build/spirv_cross-56c939ca45230e43/out/src/vendor/SPIRV-Cross/spirv_glsl.o" "-c" "src/vendor/SPIRV-Cross/spirv_glsl.cpp"
[INFO] [stderr]   running: "c++" "-O0" "-ffunction-sections" "-fdata-sections" "-fPIC" "-gdwarf-4" "-fno-omit-frame-pointer" "-m64" "-Wall" "-Wextra" "-DSPIRV_CROSS_EXCEPTIONS_TO_ASSERTIONS" "-DSPIRV_CROSS_WRAPPER_NO_EXCEPTIONS" "-DSPIRV_CROSS_WRAPPER_GLSL" "-DSPIRV_CROSS_WRAPPER_HLSL" "-DSPIRV_CROSS_WRAPPER_MSL" "-std=c++14" "-o" "/opt/rustwide/target/debug/build/spirv_cross-56c939ca45230e43/out/src/vendor/SPIRV-Cross/spirv_parser.o" "-c" "src/vendor/SPIRV-Cross/spirv_parser.cpp"
[INFO] [stderr]   running: "c++" "-O0" "-ffunction-sections" "-fdata-sections" "-fPIC" "-gdwarf-4" "-fno-omit-frame-pointer" "-m64" "-Wall" "-Wextra" "-DSPIRV_CROSS_EXCEPTIONS_TO_ASSERTIONS" "-DSPIRV_CROSS_WRAPPER_NO_EXCEPTIONS" "-DSPIRV_CROSS_WRAPPER_GLSL" "-DSPIRV_CROSS_WRAPPER_HLSL" "-DSPIRV_CROSS_WRAPPER_MSL" "-std=c++14" "-o" "/opt/rustwide/target/debug/build/spirv_cross-56c939ca45230e43/out/src/vendor/SPIRV-Cross/spirv_cross_util.o" "-c" "src/vendor/SPIRV-Cross/spirv_cross_util.cpp"
[INFO] [stderr]   running: "c++" "-O0" "-ffunction-sections" "-fdata-sections" "-fPIC" "-gdwarf-4" "-fno-omit-frame-pointer" "-m64" "-Wall" "-Wextra" "-DSPIRV_CROSS_EXCEPTIONS_TO_ASSERTIONS" "-DSPIRV_CROSS_WRAPPER_NO_EXCEPTIONS" "-DSPIRV_CROSS_WRAPPER_GLSL" "-DSPIRV_CROSS_WRAPPER_HLSL" "-DSPIRV_CROSS_WRAPPER_MSL" "-std=c++14" "-o" "/opt/rustwide/target/debug/build/spirv_cross-56c939ca45230e43/out/src/vendor/SPIRV-Cross/spirv_hlsl.o" "-c" "src/vendor/SPIRV-Cross/spirv_hlsl.cpp"
[INFO] [stderr]   running: "c++" "-O0" "-ffunction-sections" "-fdata-sections" "-fPIC" "-gdwarf-4" "-fno-omit-frame-pointer" "-m64" "-Wall" "-Wextra" "-DSPIRV_CROSS_EXCEPTIONS_TO_ASSERTIONS" "-DSPIRV_CROSS_WRAPPER_NO_EXCEPTIONS" "-DSPIRV_CROSS_WRAPPER_GLSL" "-DSPIRV_CROSS_WRAPPER_HLSL" "-DSPIRV_CROSS_WRAPPER_MSL" "-std=c++14" "-o" "/opt/rustwide/target/debug/build/spirv_cross-56c939ca45230e43/out/src/vendor/SPIRV-Cross/spirv_msl.o" "-c" "src/vendor/SPIRV-Cross/spirv_msl.cpp"
[INFO] [stderr]   cargo:warning=src/wrapper.cpp:2: warning: ignoring '#pragma warning ' [-Wunknown-pragmas]
[INFO] [stderr]   cargo:warning=    2 | #pragma warning(disable : 4996 4101)
[INFO] [stderr]   cargo:warning=      | 
[INFO] [stderr]   cargo:warning=c++: fatal error: Killed signal terminated program cc1plus
[INFO] [stderr]   cargo:warning=compilation terminated.
[INFO] [stderr]   exit status: 1
[INFO] [stderr]   cargo:warning=c++: fatal error: Killed signal terminated program cc1plus
[INFO] [stderr]   cargo:warning=compilation terminated.
[INFO] [stderr]   exit status: 1
[INFO] [stderr]   cargo:warning=c++: fatal error: Killed signal terminated program cc1plus
[INFO] [stderr]   cargo:warning=compilation terminated.
[INFO] [stderr]   exit status: 1
[INFO] [stderr]   exit status: 0
[INFO] [stderr]   exit status: 0
[INFO] [stderr]   cargo:warning=c++: fatal error: Killed signal terminated program cc1plus
[INFO] [stderr]   cargo:warning=compilation terminated.
[INFO] [stderr]   exit status: 1
[INFO] [stderr]   cargo:warning=c++: fatal error: Killed signal terminated program cc1plus
[INFO] [stderr]   cargo:warning=compilation terminated.
[INFO] [stderr]   exit status: 1
[INFO] [stderr]   exit status: 0
[INFO] [stderr]   exit status: 0
[INFO] [stderr] 
[INFO] [stderr]   --- stderr
[INFO] [stderr] 
[INFO] [stderr] 
[INFO] [stderr]   error occurred: Command "c++" "-O0" "-ffunction-sections" "-fdata-sections" "-fPIC" "-gdwarf-4" "-fno-omit-frame-pointer" "-m64" "-Wall" "-Wextra" "-DSPIRV_CROSS_EXCEPTIONS_TO_ASSERTIONS" "-DSPIRV_CROSS_WRAPPER_NO_EXCEPTIONS" "-DSPIRV_CROSS_WRAPPER_GLSL" "-DSPIRV_CROSS_WRAPPER_HLSL" "-DSPIRV_CROSS_WRAPPER_MSL" "-std=c++14" "-o" "/opt/rustwide/target/debug/build/spirv_cross-56c939ca45230e43/out/src/wrapper.o" "-c" "src/wrapper.cpp" with args "c++" did not execute successfully (status code exit status: 1).
[INFO] [stderr] 
[INFO] [stderr] 
[INFO] [stderr] The following warnings were emitted during compilation:
[INFO] [stderr] 
[INFO] [stderr] warning: spirv-tools-sys@0.7.0: c++: fatal error: Killed signal terminated program cc1plus
[INFO] [stderr] warning: spirv-tools-sys@0.7.0: compilation terminated.
[INFO] [stderr] warning: spirv-tools-sys@0.7.0: c++: fatal error: Killed signal terminated program cc1plus
[INFO] [stderr] warning: spirv-tools-sys@0.7.0: compilation terminated.
[INFO] [stderr] warning: spirv-tools-sys@0.7.0: c++: fatal error: Killed signal terminated program cc1plus
[INFO] [stderr] warning: spirv-tools-sys@0.7.0: compilation terminated.
[INFO] [stderr] warning: spirv-tools-sys@0.7.0: c++: fatal error: Killed signal terminated program cc1plus
[INFO] [stderr] warning: spirv-tools-sys@0.7.0: compilation terminated.
[INFO] [stderr] 
[INFO] [stderr] error: failed to run custom build command for `spirv-tools-sys v0.7.0`
[INFO] [stderr] note: To improve backtraces for build dependencies, set the CARGO_PROFILE_DEV_BUILD_OVERRIDE_DEBUG=true environment variable to enable debug information generation.
[INFO] [stderr] 
[INFO] [stderr] Caused by:
[INFO] [stderr]   process didn't exit successfully: `/opt/rustwide/target/debug/build/spirv-tools-sys-470127dfc506152f/build-script-build` (exit status: 1)
[INFO] [stderr]   --- stdout
[INFO] [stderr]   OPT_LEVEL = Some("0")
[INFO] [stderr]   TARGET = Some("x86_64-unknown-linux-gnu")
[INFO] [stderr]   HOST = Some("x86_64-unknown-linux-gnu")
[INFO] [stderr]   cargo:rerun-if-env-changed=CC_x86_64-unknown-linux-gnu
[INFO] [stderr]   CC_x86_64-unknown-linux-gnu = None
[INFO] [stderr]   cargo:rerun-if-env-changed=CC_x86_64_unknown_linux_gnu
[INFO] [stderr]   CC_x86_64_unknown_linux_gnu = None
[INFO] [stderr]   cargo:rerun-if-env-changed=HOST_CC
[INFO] [stderr]   HOST_CC = None
[INFO] [stderr]   cargo:rerun-if-env-changed=CC
[INFO] [stderr]   CC = None
[INFO] [stderr]   cargo:rerun-if-env-changed=CFLAGS_x86_64-unknown-linux-gnu
[INFO] [stderr]   CFLAGS_x86_64-unknown-linux-gnu = None
[INFO] [stderr]   cargo:rerun-if-env-changed=CFLAGS_x86_64_unknown_linux_gnu
[INFO] [stderr]   CFLAGS_x86_64_unknown_linux_gnu = None
[INFO] [stderr]   cargo:rerun-if-env-changed=HOST_CFLAGS
[INFO] [stderr]   HOST_CFLAGS = None
[INFO] [stderr]   cargo:rerun-if-env-changed=CFLAGS
[INFO] [stderr]   CFLAGS = None
[INFO] [stderr]   cargo:rerun-if-env-changed=CRATE_CC_NO_DEFAULTS
[INFO] [stderr]   CRATE_CC_NO_DEFAULTS = None
[INFO] [stderr]   DEBUG = Some("true")
[INFO] [stderr]   CARGO_CFG_TARGET_FEATURE = Some("fxsr,sse,sse2")
[INFO] [stderr]   cargo:rerun-if-env-changed=CXX_x86_64-unknown-linux-gnu
[INFO] [stderr]   CXX_x86_64-unknown-linux-gnu = None
[INFO] [stderr]   cargo:rerun-if-env-changed=CXX_x86_64_unknown_linux_gnu
[INFO] [stderr]   CXX_x86_64_unknown_linux_gnu = None
[INFO] [stderr]   cargo:rerun-if-env-changed=HOST_CXX
[INFO] [stderr]   HOST_CXX = None
[INFO] [stderr]   cargo:rerun-if-env-changed=CXX
[INFO] [stderr]   CXX = None
[INFO] [stderr]   cargo:rerun-if-env-changed=CXXFLAGS_x86_64-unknown-linux-gnu
[INFO] [stderr]   CXXFLAGS_x86_64-unknown-linux-gnu = None
[INFO] [stderr]   cargo:rerun-if-env-changed=CXXFLAGS_x86_64_unknown_linux_gnu
[INFO] [stderr]   CXXFLAGS_x86_64_unknown_linux_gnu = None
[INFO] [stderr]   cargo:rerun-if-env-changed=HOST_CXXFLAGS
[INFO] [stderr]   HOST_CXXFLAGS = None
[INFO] [stderr]   cargo:rerun-if-env-changed=CXXFLAGS
[INFO] [stderr]   CXXFLAGS = None
[INFO] [stderr]   running: "c++" "-O0" "-ffunction-sections" "-fdata-sections" "-fPIC" "-gdwarf-4" "-fno-omit-frame-pointer" "-m64" "-I" "spirv-tools/" "-I" "spirv-tools/include" "-I" "generated/" "-I" "spirv-headers/include" "-I" "spirv-headers/include/spirv/unified1" "-Wall" "-Wextra" "-Wall" "-Wextra" "-Wnon-virtual-dtor" "-Wno-missing-field-initializers" "-Werror" "-std=c++11" "-fno-exceptions" "-fno-rtti" "-Wno-long-long" "-Wshadow" "-Wundef" "-Wconversion" "-Wno-sign-conversion" "-Wno-deprecated-declarations" "-std=gnu++11" "-DSPIRV_CHECK_CONTEXT" "-DSPIRV_LINUX" "-o" "/opt/rustwide/target/debug/build/spirv-tools-sys-2816a81766543088/out/spirv-tools/source/util/bit_vector.o" "-c" "spirv-tools/source/util/bit_vector.cpp"
[INFO] [stderr]   running: "c++" "-O0" "-ffunction-sections" "-fdata-sections" "-fPIC" "-gdwarf-4" "-fno-omit-frame-pointer" "-m64" "-I" "spirv-tools/" "-I" "spirv-tools/include" "-I" "generated/" "-I" "spirv-headers/include" "-I" "spirv-headers/include/spirv/unified1" "-Wall" "-Wextra" "-Wall" "-Wextra" "-Wnon-virtual-dtor" "-Wno-missing-field-initializers" "-Werror" "-std=c++11" "-fno-exceptions" "-fno-rtti" "-Wno-long-long" "-Wshadow" "-Wundef" "-Wconversion" "-Wno-sign-conversion" "-Wno-deprecated-declarations" "-std=gnu++11" "-DSPIRV_CHECK_CONTEXT" "-DSPIRV_LINUX" "-o" "/opt/rustwide/target/debug/build/spirv-tools-sys-2816a81766543088/out/spirv-tools/source/util/string_utils.o" "-c" "spirv-tools/source/util/string_utils.cpp"
[INFO] [stderr]   running: "c++" "-O0" "-ffunction-sections" "-fdata-sections" "-fPIC" "-gdwarf-4" "-fno-omit-frame-pointer" "-m64" "-I" "spirv-tools/" "-I" "spirv-tools/include" "-I" "generated/" "-I" "spirv-headers/include" "-I" "spirv-headers/include/spirv/unified1" "-Wall" "-Wextra" "-Wall" "-Wextra" "-Wnon-virtual-dtor" "-Wno-missing-field-initializers" "-Werror" "-std=c++11" "-fno-exceptions" "-fno-rtti" "-Wno-long-long" "-Wshadow" "-Wundef" "-Wconversion" "-Wno-sign-conversion" "-Wno-deprecated-declarations" "-std=gnu++11" "-DSPIRV_CHECK_CONTEXT" "-DSPIRV_LINUX" "-o" "/opt/rustwide/target/debug/build/spirv-tools-sys-2816a81766543088/out/spirv-tools/source/util/parse_number.o" "-c" "spirv-tools/source/util/parse_number.cpp"
[INFO] [stderr]   running: "c++" "-O0" "-ffunction-sections" "-fdata-sections" "-fPIC" "-gdwarf-4" "-fno-omit-frame-pointer" "-m64" "-I" "spirv-tools/" "-I" "spirv-tools/include" "-I" "generated/" "-I" "spirv-headers/include" "-I" "spirv-headers/include/spirv/unified1" "-Wall" "-Wextra" "-Wall" "-Wextra" "-Wnon-virtual-dtor" "-Wno-missing-field-initializers" "-Werror" "-std=c++11" "-fno-exceptions" "-fno-rtti" "-Wno-long-long" "-Wshadow" "-Wundef" "-Wconversion" "-Wno-sign-conversion" "-Wno-deprecated-declarations" "-std=gnu++11" "-DSPIRV_CHECK_CONTEXT" "-DSPIRV_LINUX" "-o" "/opt/rustwide/target/debug/build/spirv-tools-sys-2816a81766543088/out/spirv-tools/source/assembly_grammar.o" "-c" "spirv-tools/source/assembly_grammar.cpp"
[INFO] [stderr]   exit status: 0
[INFO] [stderr]   running: "c++" "-O0" "-ffunction-sections" "-fdata-sections" "-fPIC" "-gdwarf-4" "-fno-omit-frame-pointer" "-m64" "-I" "spirv-tools/" "-I" "spirv-tools/include" "-I" "generated/" "-I" "spirv-headers/include" "-I" "spirv-headers/include/spirv/unified1" "-Wall" "-Wextra" "-Wall" "-Wextra" "-Wnon-virtual-dtor" "-Wno-missing-field-initializers" "-Werror" "-std=c++11" "-fno-exceptions" "-fno-rtti" "-Wno-long-long" "-Wshadow" "-Wundef" "-Wconversion" "-Wno-sign-conversion" "-Wno-deprecated-declarations" "-std=gnu++11" "-DSPIRV_CHECK_CONTEXT" "-DSPIRV_LINUX" "-o" "/opt/rustwide/target/debug/build/spirv-tools-sys-2816a81766543088/out/spirv-tools/source/binary.o" "-c" "spirv-tools/source/binary.cpp"
[INFO] [stderr]   running: "c++" "-O0" "-ffunction-sections" "-fdata-sections" "-fPIC" "-gdwarf-4" "-fno-omit-frame-pointer" "-m64" "-I" "spirv-tools/" "-I" "spirv-tools/include" "-I" "generated/" "-I" "spirv-headers/include" "-I" "spirv-headers/include/spirv/unified1" "-Wall" "-Wextra" "-Wall" "-Wextra" "-Wnon-virtual-dtor" "-Wno-missing-field-initializers" "-Werror" "-std=c++11" "-fno-exceptions" "-fno-rtti" "-Wno-long-long" "-Wshadow" "-Wundef" "-Wconversion" "-Wno-sign-conversion" "-Wno-deprecated-declarations" "-std=gnu++11" "-DSPIRV_CHECK_CONTEXT" "-DSPIRV_LINUX" "-o" "/opt/rustwide/target/debug/build/spirv-tools-sys-2816a81766543088/out/spirv-tools/source/diagnostic.o" "-c" "spirv-tools/source/diagnostic.cpp"
[INFO] [stderr]   exit status: 0
[INFO] [stderr]   running: "c++" "-O0" "-ffunction-sections" "-fdata-sections" "-fPIC" "-gdwarf-4" "-fno-omit-frame-pointer" "-m64" "-I" "spirv-tools/" "-I" "spirv-tools/include" "-I" "generated/" "-I" "spirv-headers/include" "-I" "spirv-headers/include/spirv/unified1" "-Wall" "-Wextra" "-Wall" "-Wextra" "-Wnon-virtual-dtor" "-Wno-missing-field-initializers" "-Werror" "-std=c++11" "-fno-exceptions" "-fno-rtti" "-Wno-long-long" "-Wshadow" "-Wundef" "-Wconversion" "-Wno-sign-conversion" "-Wno-deprecated-declarations" "-std=gnu++11" "-DSPIRV_CHECK_CONTEXT" "-DSPIRV_LINUX" "-o" "/opt/rustwide/target/debug/build/spirv-tools-sys-2816a81766543088/out/spirv-tools/source/disassemble.o" "-c" "spirv-tools/source/disassemble.cpp"
[INFO] [stderr]   exit status: 0
[INFO] [stderr]   running: "c++" "-O0" "-ffunction-sections" "-fdata-sections" "-fPIC" "-gdwarf-4" "-fno-omit-frame-pointer" "-m64" "-I" "spirv-tools/" "-I" "spirv-tools/include" "-I" "generated/" "-I" "spirv-headers/include" "-I" "spirv-headers/include/spirv/unified1" "-Wall" "-Wextra" "-Wall" "-Wextra" "-Wnon-virtual-dtor" "-Wno-missing-field-initializers" "-Werror" "-std=c++11" "-fno-exceptions" "-fno-rtti" "-Wno-long-long" "-Wshadow" "-Wundef" "-Wconversion" "-Wno-sign-conversion" "-Wno-deprecated-declarations" "-std=gnu++11" "-DSPIRV_CHECK_CONTEXT" "-DSPIRV_LINUX" "-o" "/opt/rustwide/target/debug/build/spirv-tools-sys-2816a81766543088/out/spirv-tools/source/enum_string_mapping.o" "-c" "spirv-tools/source/enum_string_mapping.cpp"
[INFO] [stderr]   exit status: 0
[INFO] [stderr]   running: "c++" "-O0" "-ffunction-sections" "-fdata-sections" "-fPIC" "-gdwarf-4" "-fno-omit-frame-pointer" "-m64" "-I" "spirv-tools/" "-I" "spirv-tools/include" "-I" "generated/" "-I" "spirv-headers/include" "-I" "spirv-headers/include/spirv/unified1" "-Wall" "-Wextra" "-Wall" "-Wextra" "-Wnon-virtual-dtor" "-Wno-missing-field-initializers" "-Werror" "-std=c++11" "-fno-exceptions" "-fno-rtti" "-Wno-long-long" "-Wshadow" "-Wundef" "-Wconversion" "-Wno-sign-conversion" "-Wno-deprecated-declarations" "-std=gnu++11" "-DSPIRV_CHECK_CONTEXT" "-DSPIRV_LINUX" "-o" "/opt/rustwide/target/debug/build/spirv-tools-sys-2816a81766543088/out/spirv-tools/source/ext_inst.o" "-c" "spirv-tools/source/ext_inst.cpp"
[INFO] [stderr]   running: "c++" "-O0" "-ffunction-sections" "-fdata-sections" "-fPIC" "-gdwarf-4" "-fno-omit-frame-pointer" "-m64" "-I" "spirv-tools/" "-I" "spirv-tools/include" "-I" "generated/" "-I" "spirv-headers/include" "-I" "spirv-headers/include/spirv/unified1" "-Wall" "-Wextra" "-Wall" "-Wextra" "-Wnon-virtual-dtor" "-Wno-missing-field-initializers" "-Werror" "-std=c++11" "-fno-exceptions" "-fno-rtti" "-Wno-long-long" "-Wshadow" "-Wundef" "-Wconversion" "-Wno-sign-conversion" "-Wno-deprecated-declarations" "-std=gnu++11" "-DSPIRV_CHECK_CONTEXT" "-DSPIRV_LINUX" "-o" "/opt/rustwide/target/debug/build/spirv-tools-sys-2816a81766543088/out/spirv-tools/source/extensions.o" "-c" "spirv-tools/source/extensions.cpp"
[INFO] [stderr]   running: "c++" "-O0" "-ffunction-sections" "-fdata-sections" "-fPIC" "-gdwarf-4" "-fno-omit-frame-pointer" "-m64" "-I" "spirv-tools/" "-I" "spirv-tools/include" "-I" "generated/" "-I" "spirv-headers/include" "-I" "spirv-headers/include/spirv/unified1" "-Wall" "-Wextra" "-Wall" "-Wextra" "-Wnon-virtual-dtor" "-Wno-missing-field-initializers" "-Werror" "-std=c++11" "-fno-exceptions" "-fno-rtti" "-Wno-long-long" "-Wshadow" "-Wundef" "-Wconversion" "-Wno-sign-conversion" "-Wno-deprecated-declarations" "-std=gnu++11" "-DSPIRV_CHECK_CONTEXT" "-DSPIRV_LINUX" "-o" "/opt/rustwide/target/debug/build/spirv-tools-sys-2816a81766543088/out/spirv-tools/source/libspirv.o" "-c" "spirv-tools/source/libspirv.cpp"
[INFO] [stderr]   running: "c++" "-O0" "-ffunction-sections" "-fdata-sections" "-fPIC" "-gdwarf-4" "-fno-omit-frame-pointer" "-m64" "-I" "spirv-tools/" "-I" "spirv-tools/include" "-I" "generated/" "-I" "spirv-headers/include" "-I" "spirv-headers/include/spirv/unified1" "-Wall" "-Wextra" "-Wall" "-Wextra" "-Wnon-virtual-dtor" "-Wno-missing-field-initializers" "-Werror" "-std=c++11" "-fno-exceptions" "-fno-rtti" "-Wno-long-long" "-Wshadow" "-Wundef" "-Wconversion" "-Wno-sign-conversion" "-Wno-deprecated-declarations" "-std=gnu++11" "-DSPIRV_CHECK_CONTEXT" "-DSPIRV_LINUX" "-o" "/opt/rustwide/target/debug/build/spirv-tools-sys-2816a81766543088/out/spirv-tools/source/name_mapper.o" "-c" "spirv-tools/source/name_mapper.cpp"
[INFO] [stderr]   exit status: 0
[INFO] [stderr]   running: "c++" "-O0" "-ffunction-sections" "-fdata-sections" "-fPIC" "-gdwarf-4" "-fno-omit-frame-pointer" "-m64" "-I" "spirv-tools/" "-I" "spirv-tools/include" "-I" "generated/" "-I" "spirv-headers/include" "-I" "spirv-headers/include/spirv/unified1" "-Wall" "-Wextra" "-Wall" "-Wextra" "-Wnon-virtual-dtor" "-Wno-missing-field-initializers" "-Werror" "-std=c++11" "-fno-exceptions" "-fno-rtti" "-Wno-long-long" "-Wshadow" "-Wundef" "-Wconversion" "-Wno-sign-conversion" "-Wno-deprecated-declarations" "-std=gnu++11" "-DSPIRV_CHECK_CONTEXT" "-DSPIRV_LINUX" "-o" "/opt/rustwide/target/debug/build/spirv-tools-sys-2816a81766543088/out/spirv-tools/source/opcode.o" "-c" "spirv-tools/source/opcode.cpp"
[INFO] [stderr]   running: "c++" "-O0" "-ffunction-sections" "-fdata-sections" "-fPIC" "-gdwarf-4" "-fno-omit-frame-pointer" "-m64" "-I" "spirv-tools/" "-I" "spirv-tools/include" "-I" "generated/" "-I" "spirv-headers/include" "-I" "spirv-headers/include/spirv/unified1" "-Wall" "-Wextra" "-Wall" "-Wextra" "-Wnon-virtual-dtor" "-Wno-missing-field-initializers" "-Werror" "-std=c++11" "-fno-exceptions" "-fno-rtti" "-Wno-long-long" "-Wshadow" "-Wundef" "-Wconversion" "-Wno-sign-conversion" "-Wno-deprecated-declarations" "-std=gnu++11" "-DSPIRV_CHECK_CONTEXT" "-DSPIRV_LINUX" "-o" "/opt/rustwide/target/debug/build/spirv-tools-sys-2816a81766543088/out/spirv-tools/source/operand.o" "-c" "spirv-tools/source/operand.cpp"
[INFO] [stderr]   exit status: 0
[INFO] [stderr]   exit status: 0
[INFO] [stderr]   running: "c++" "-O0" "-ffunction-sections" "-fdata-sections" "-fPIC" "-gdwarf-4" "-fno-omit-frame-pointer" "-m64" "-I" "spirv-tools/" "-I" "spirv-tools/include" "-I" "generated/" "-I" "spirv-headers/include" "-I" "spirv-headers/include/spirv/unified1" "-Wall" "-Wextra" "-Wall" "-Wextra" "-Wnon-virtual-dtor" "-Wno-missing-field-initializers" "-Werror" "-std=c++11" "-fno-exceptions" "-fno-rtti" "-Wno-long-long" "-Wshadow" "-Wundef" "-Wconversion" "-Wno-sign-conversion" "-Wno-deprecated-declarations" "-std=gnu++11" "-DSPIRV_CHECK_CONTEXT" "-DSPIRV_LINUX" "-o" "/opt/rustwide/target/debug/build/spirv-tools-sys-2816a81766543088/out/spirv-tools/source/parsed_operand.o" "-c" "spirv-tools/source/parsed_operand.cpp"
[INFO] [stderr]   running: "c++" "-O0" "-ffunction-sections" "-fdata-sections" "-fPIC" "-gdwarf-4" "-fno-omit-frame-pointer" "-m64" "-I" "spirv-tools/" "-I" "spirv-tools/include" "-I" "generated/" "-I" "spirv-headers/include" "-I" "spirv-headers/include/spirv/unified1" "-Wall" "-Wextra" "-Wall" "-Wextra" "-Wnon-virtual-dtor" "-Wno-missing-field-initializers" "-Werror" "-std=c++11" "-fno-exceptions" "-fno-rtti" "-Wno-long-long" "-Wshadow" "-Wundef" "-Wconversion" "-Wno-sign-conversion" "-Wno-deprecated-declarations" "-std=gnu++11" "-DSPIRV_CHECK_CONTEXT" "-DSPIRV_LINUX" "-o" "/opt/rustwide/target/debug/build/spirv-tools-sys-2816a81766543088/out/spirv-tools/source/print.o" "-c" "spirv-tools/source/print.cpp"
[INFO] [stderr]   running: "c++" "-O0" "-ffunction-sections" "-fdata-sections" "-fPIC" "-gdwarf-4" "-fno-omit-frame-pointer" "-m64" "-I" "spirv-tools/" "-I" "spirv-tools/include" "-I" "generated/" "-I" "spirv-headers/include" "-I" "spirv-headers/include/spirv/unified1" "-Wall" "-Wextra" "-Wall" "-Wextra" "-Wnon-virtual-dtor" "-Wno-missing-field-initializers" "-Werror" "-std=c++11" "-fno-exceptions" "-fno-rtti" "-Wno-long-long" "-Wshadow" "-Wundef" "-Wconversion" "-Wno-sign-conversion" "-Wno-deprecated-declarations" "-std=gnu++11" "-DSPIRV_CHECK_CONTEXT" "-DSPIRV_LINUX" "-o" "/opt/rustwide/target/debug/build/spirv-tools-sys-2816a81766543088/out/spirv-tools/source/software_version.o" "-c" "spirv-tools/source/software_version.cpp"
[INFO] [stderr]   exit status: 0
[INFO] [stderr]   running: "c++" "-O0" "-ffunction-sections" "-fdata-sections" "-fPIC" "-gdwarf-4" "-fno-omit-frame-pointer" "-m64" "-I" "spirv-tools/" "-I" "spirv-tools/include" "-I" "generated/" "-I" "spirv-headers/include" "-I" "spirv-headers/include/spirv/unified1" "-Wall" "-Wextra" "-Wall" "-Wextra" "-Wnon-virtual-dtor" "-Wno-missing-field-initializers" "-Werror" "-std=c++11" "-fno-exceptions" "-fno-rtti" "-Wno-long-long" "-Wshadow" "-Wundef" "-Wconversion" "-Wno-sign-conversion" "-Wno-deprecated-declarations" "-std=gnu++11" "-DSPIRV_CHECK_CONTEXT" "-DSPIRV_LINUX" "-o" "/opt/rustwide/target/debug/build/spirv-tools-sys-2816a81766543088/out/spirv-tools/source/spirv_endian.o" "-c" "spirv-tools/source/spirv_endian.cpp"
[INFO] [stderr]   running: "c++" "-O0" "-ffunction-sections" "-fdata-sections" "-fPIC" "-gdwarf-4" "-fno-omit-frame-pointer" "-m64" "-I" "spirv-tools/" "-I" "spirv-tools/include" "-I" "generated/" "-I" "spirv-headers/include" "-I" "spirv-headers/include/spirv/unified1" "-Wall" "-Wextra" "-Wall" "-Wextra" "-Wnon-virtual-dtor" "-Wno-missing-field-initializers" "-Werror" "-std=c++11" "-fno-exceptions" "-fno-rtti" "-Wno-long-long" "-Wshadow" "-Wundef" "-Wconversion" "-Wno-sign-conversion" "-Wno-deprecated-declarations" "-std=gnu++11" "-DSPIRV_CHECK_CONTEXT" "-DSPIRV_LINUX" "-o" "/opt/rustwide/target/debug/build/spirv-tools-sys-2816a81766543088/out/spirv-tools/source/spirv_fuzzer_options.o" "-c" "spirv-tools/source/spirv_fuzzer_options.cpp"
[INFO] [stderr]   exit status: 0
[INFO] [stderr]   running: "c++" "-O0" "-ffunction-sections" "-fdata-sections" "-fPIC" "-gdwarf-4" "-fno-omit-frame-pointer" "-m64" "-I" "spirv-tools/" "-I" "spirv-tools/include" "-I" "generated/" "-I" "spirv-headers/include" "-I" "spirv-headers/include/spirv/unified1" "-Wall" "-Wextra" "-Wall" "-Wextra" "-Wnon-virtual-dtor" "-Wno-missing-field-initializers" "-Werror" "-std=c++11" "-fno-exceptions" "-fno-rtti" "-Wno-long-long" "-Wshadow" "-Wundef" "-Wconversion" "-Wno-sign-conversion" "-Wno-deprecated-declarations" "-std=gnu++11" "-DSPIRV_CHECK_CONTEXT" "-DSPIRV_LINUX" "-o" "/opt/rustwide/target/debug/build/spirv-tools-sys-2816a81766543088/out/spirv-tools/source/spirv_optimizer_options.o" "-c" "spirv-tools/source/spirv_optimizer_options.cpp"
[INFO] [stderr]   exit status: 0
[INFO] [stderr]   running: "c++" "-O0" "-ffunction-sections" "-fdata-sections" "-fPIC" "-gdwarf-4" "-fno-omit-frame-pointer" "-m64" "-I" "spirv-tools/" "-I" "spirv-tools/include" "-I" "generated/" "-I" "spirv-headers/include" "-I" "spirv-headers/include/spirv/unified1" "-Wall" "-Wextra" "-Wall" "-Wextra" "-Wnon-virtual-dtor" "-Wno-missing-field-initializers" "-Werror" "-std=c++11" "-fno-exceptions" "-fno-rtti" "-Wno-long-long" "-Wshadow" "-Wundef" "-Wconversion" "-Wno-sign-conversion" "-Wno-deprecated-declarations" "-std=gnu++11" "-DSPIRV_CHECK_CONTEXT" "-DSPIRV_LINUX" "-o" "/opt/rustwide/target/debug/build/spirv-tools-sys-2816a81766543088/out/spirv-tools/source/spirv_reducer_options.o" "-c" "spirv-tools/source/spirv_reducer_options.cpp"
[INFO] [stderr]   exit status: 0
[INFO] [stderr]   running: "c++" "-O0" "-ffunction-sections" "-fdata-sections" "-fPIC" "-gdwarf-4" "-fno-omit-frame-pointer" "-m64" "-I" "spirv-tools/" "-I" "spirv-tools/include" "-I" "generated/" "-I" "spirv-headers/include" "-I" "spirv-headers/include/spirv/unified1" "-Wall" "-Wextra" "-Wall" "-Wextra" "-Wnon-virtual-dtor" "-Wno-missing-field-initializers" "-Werror" "-std=c++11" "-fno-exceptions" "-fno-rtti" "-Wno-long-long" "-Wshadow" "-Wundef" "-Wconversion" "-Wno-sign-conversion" "-Wno-deprecated-declarations" "-std=gnu++11" "-DSPIRV_CHECK_CONTEXT" "-DSPIRV_LINUX" "-o" "/opt/rustwide/target/debug/build/spirv-tools-sys-2816a81766543088/out/spirv-tools/source/spirv_target_env.o" "-c" "spirv-tools/source/spirv_target_env.cpp"
[INFO] [stderr]   exit status: 0
[INFO] [stderr]   running: "c++" "-O0" "-ffunction-sections" "-fdata-sections" "-fPIC" "-gdwarf-4" "-fno-omit-frame-pointer" "-m64" "-I" "spirv-tools/" "-I" "spirv-tools/include" "-I" "generated/" "-I" "spirv-headers/include" "-I" "spirv-headers/include/spirv/unified1" "-Wall" "-Wextra" "-Wall" "-Wextra" "-Wnon-virtual-dtor" "-Wno-missing-field-initializers" "-Werror" "-std=c++11" "-fno-exceptions" "-fno-rtti" "-Wno-long-long" "-Wshadow" "-Wundef" "-Wconversion" "-Wno-sign-conversion" "-Wno-deprecated-declarations" "-std=gnu++11" "-DSPIRV_CHECK_CONTEXT" "-DSPIRV_LINUX" "-o" "/opt/rustwide/target/debug/build/spirv-tools-sys-2816a81766543088/out/spirv-tools/source/spirv_validator_options.o" "-c" "spirv-tools/source/spirv_validator_options.cpp"
[INFO] [stderr]   exit status: 0
[INFO] [stderr]   running: "c++" "-O0" "-ffunction-sections" "-fdata-sections" "-fPIC" "-gdwarf-4" "-fno-omit-frame-pointer" "-m64" "-I" "spirv-tools/" "-I" "spirv-tools/include" "-I" "generated/" "-I" "spirv-headers/include" "-I" "spirv-headers/include/spirv/unified1" "-Wall" "-Wextra" "-Wall" "-Wextra" "-Wnon-virtual-dtor" "-Wno-missing-field-initializers" "-Werror" "-std=c++11" "-fno-exceptions" "-fno-rtti" "-Wno-long-long" "-Wshadow" "-Wundef" "-Wconversion" "-Wno-sign-conversion" "-Wno-deprecated-declarations" "-std=gnu++11" "-DSPIRV_CHECK_CONTEXT" "-DSPIRV_LINUX" "-o" "/opt/rustwide/target/debug/build/spirv-tools-sys-2816a81766543088/out/spirv-tools/source/table.o" "-c" "spirv-tools/source/table.cpp"
[INFO] [stderr]   exit status: 0
[INFO] [stderr]   running: "c++" "-O0" "-ffunction-sections" "-fdata-sections" "-fPIC" "-gdwarf-4" "-fno-omit-frame-pointer" "-m64" "-I" "spirv-tools/" "-I" "spirv-tools/include" "-I" "generated/" "-I" "spirv-headers/include" "-I" "spirv-headers/include/spirv/unified1" "-Wall" "-Wextra" "-Wall" "-Wextra" "-Wnon-virtual-dtor" "-Wno-missing-field-initializers" "-Werror" "-std=c++11" "-fno-exceptions" "-fno-rtti" "-Wno-long-long" "-Wshadow" "-Wundef" "-Wconversion" "-Wno-sign-conversion" "-Wno-deprecated-declarations" "-std=gnu++11" "-DSPIRV_CHECK_CONTEXT" "-DSPIRV_LINUX" "-o" "/opt/rustwide/target/debug/build/spirv-tools-sys-2816a81766543088/out/spirv-tools/source/text.o" "-c" "spirv-tools/source/text.cpp"
[INFO] [stderr]   exit status: 0
[INFO] [stderr]   running: "c++" "-O0" "-ffunction-sections" "-fdata-sections" "-fPIC" "-gdwarf-4" "-fno-omit-frame-pointer" "-m64" "-I" "spirv-tools/" "-I" "spirv-tools/include" "-I" "generated/" "-I" "spirv-headers/include" "-I" "spirv-headers/include/spirv/unified1" "-Wall" "-Wextra" "-Wall" "-Wextra" "-Wnon-virtual-dtor" "-Wno-missing-field-initializers" "-Werror" "-std=c++11" "-fno-exceptions" "-fno-rtti" "-Wno-long-long" "-Wshadow" "-Wundef" "-Wconversion" "-Wno-sign-conversion" "-Wno-deprecated-declarations" "-std=gnu++11" "-DSPIRV_CHECK_CONTEXT" "-DSPIRV_LINUX" "-o" "/opt/rustwide/target/debug/build/spirv-tools-sys-2816a81766543088/out/spirv-tools/source/text_handler.o" "-c" "spirv-tools/source/text_handler.cpp"
[INFO] [stderr]   exit status: 0
[INFO] [stderr]   running: "c++" "-O0" "-ffunction-sections" "-fdata-sections" "-fPIC" "-gdwarf-4" "-fno-omit-frame-pointer" "-m64" "-I" "spirv-tools/" "-I" "spirv-tools/include" "-I" "generated/" "-I" "spirv-headers/include" "-I" "spirv-headers/include/spirv/unified1" "-Wall" "-Wextra" "-Wall" "-Wextra" "-Wnon-virtual-dtor" "-Wno-missing-field-initializers" "-Werror" "-std=c++11" "-fno-exceptions" "-fno-rtti" "-Wno-long-long" "-Wshadow" "-Wundef" "-Wconversion" "-Wno-sign-conversion" "-Wno-deprecated-declarations" "-std=gnu++11" "-DSPIRV_CHECK_CONTEXT" "-DSPIRV_LINUX" "-o" "/opt/rustwide/target/debug/build/spirv-tools-sys-2816a81766543088/out/spirv-tools/source/val/validate.o" "-c" "spirv-tools/source/val/validate.cpp"
[INFO] [stderr]   exit status: 0
[INFO] [stderr]   running: "c++" "-O0" "-ffunction-sections" "-fdata-sections" "-fPIC" "-gdwarf-4" "-fno-omit-frame-pointer" "-m64" "-I" "spirv-tools/" "-I" "spirv-tools/include" "-I" "generated/" "-I" "spirv-headers/include" "-I" "spirv-headers/include/spirv/unified1" "-Wall" "-Wextra" "-Wall" "-Wextra" "-Wnon-virtual-dtor" "-Wno-missing-field-initializers" "-Werror" "-std=c++11" "-fno-exceptions" "-fno-rtti" "-Wno-long-long" "-Wshadow" "-Wundef" "-Wconversion" "-Wno-sign-conversion" "-Wno-deprecated-declarations" "-std=gnu++11" "-DSPIRV_CHECK_CONTEXT" "-DSPIRV_LINUX" "-o" "/opt/rustwide/target/debug/build/spirv-tools-sys-2816a81766543088/out/spirv-tools/source/val/validate_adjacency.o" "-c" "spirv-tools/source/val/validate_adjacency.cpp"
[INFO] [stderr]   exit status: 0
[INFO] [stderr]   running: "c++" "-O0" "-ffunction-sections" "-fdata-sections" "-fPIC" "-gdwarf-4" "-fno-omit-frame-pointer" "-m64" "-I" "spirv-tools/" "-I" "spirv-tools/include" "-I" "generated/" "-I" "spirv-headers/include" "-I" "spirv-headers/include/spirv/unified1" "-Wall" "-Wextra" "-Wall" "-Wextra" "-Wnon-virtual-dtor" "-Wno-missing-field-initializers" "-Werror" "-std=c++11" "-fno-exceptions" "-fno-rtti" "-Wno-long-long" "-Wshadow" "-Wundef" "-Wconversion" "-Wno-sign-conversion" "-Wno-deprecated-declarations" "-std=gnu++11" "-DSPIRV_CHECK_CONTEXT" "-DSPIRV_LINUX" "-o" "/opt/rustwide/target/debug/build/spirv-tools-sys-2816a81766543088/out/spirv-tools/source/val/validate_annotation.o" "-c" "spirv-tools/source/val/validate_annotation.cpp"
[INFO] [stderr]   running: "c++" "-O0" "-ffunction-sections" "-fdata-sections" "-fPIC" "-gdwarf-4" "-fno-omit-frame-pointer" "-m64" "-I" "spirv-tools/" "-I" "spirv-tools/include" "-I" "generated/" "-I" "spirv-headers/include" "-I" "spirv-headers/include/spirv/unified1" "-Wall" "-Wextra" "-Wall" "-Wextra" "-Wnon-virtual-dtor" "-Wno-missing-field-initializers" "-Werror" "-std=c++11" "-fno-exceptions" "-fno-rtti" "-Wno-long-long" "-Wshadow" "-Wundef" "-Wconversion" "-Wno-sign-conversion" "-Wno-deprecated-declarations" "-std=gnu++11" "-DSPIRV_CHECK_CONTEXT" "-DSPIRV_LINUX" "-o" "/opt/rustwide/target/debug/build/spirv-tools-sys-2816a81766543088/out/spirv-tools/source/val/validate_arithmetics.o" "-c" "spirv-tools/source/val/validate_arithmetics.cpp"
[INFO] [stderr]   exit status: 0
[INFO] [stderr]   running: "c++" "-O0" "-ffunction-sections" "-fdata-sections" "-fPIC" "-gdwarf-4" "-fno-omit-frame-pointer" "-m64" "-I" "spirv-tools/" "-I" "spirv-tools/include" "-I" "generated/" "-I" "spirv-headers/include" "-I" "spirv-headers/include/spirv/unified1" "-Wall" "-Wextra" "-Wall" "-Wextra" "-Wnon-virtual-dtor" "-Wno-missing-field-initializers" "-Werror" "-std=c++11" "-fno-exceptions" "-fno-rtti" "-Wno-long-long" "-Wshadow" "-Wundef" "-Wconversion" "-Wno-sign-conversion" "-Wno-deprecated-declarations" "-std=gnu++11" "-DSPIRV_CHECK_CONTEXT" "-DSPIRV_LINUX" "-o" "/opt/rustwide/target/debug/build/spirv-tools-sys-2816a81766543088/out/spirv-tools/source/val/validate_atomics.o" "-c" "spirv-tools/source/val/validate_atomics.cpp"
[INFO] [stderr]   exit status: 0
[INFO] [stderr]   running: "c++" "-O0" "-ffunction-sections" "-fdata-sections" "-fPIC" "-gdwarf-4" "-fno-omit-frame-pointer" "-m64" "-I" "spirv-tools/" "-I" "spirv-tools/include" "-I" "generated/" "-I" "spirv-headers/include" "-I" "spirv-headers/include/spirv/unified1" "-Wall" "-Wextra" "-Wall" "-Wextra" "-Wnon-virtual-dtor" "-Wno-missing-field-initializers" "-Werror" "-std=c++11" "-fno-exceptions" "-fno-rtti" "-Wno-long-long" "-Wshadow" "-Wundef" "-Wconversion" "-Wno-sign-conversion" "-Wno-deprecated-declarations" "-std=gnu++11" "-DSPIRV_CHECK_CONTEXT" "-DSPIRV_LINUX" "-o" "/opt/rustwide/target/debug/build/spirv-tools-sys-2816a81766543088/out/spirv-tools/source/val/validate_barriers.o" "-c" "spirv-tools/source/val/validate_barriers.cpp"
[INFO] [stderr]   exit status: 0
[INFO] [stderr]   running: "c++" "-O0" "-ffunction-sections" "-fdata-sections" "-fPIC" "-gdwarf-4" "-fno-omit-frame-pointer" "-m64" "-I" "spirv-tools/" "-I" "spirv-tools/include" "-I" "generated/" "-I" "spirv-headers/include" "-I" "spirv-headers/include/spirv/unified1" "-Wall" "-Wextra" "-Wall" "-Wextra" "-Wnon-virtual-dtor" "-Wno-missing-field-initializers" "-Werror" "-std=c++11" "-fno-exceptions" "-fno-rtti" "-Wno-long-long" "-Wshadow" "-Wundef" "-Wconversion" "-Wno-sign-conversion" "-Wno-deprecated-declarations" "-std=gnu++11" "-DSPIRV_CHECK_CONTEXT" "-DSPIRV_LINUX" "-o" "/opt/rustwide/target/debug/build/spirv-tools-sys-2816a81766543088/out/spirv-tools/source/val/validate_bitwise.o" "-c" "spirv-tools/source/val/validate_bitwise.cpp"
[INFO] [stderr]   exit status: 0
[INFO] [stderr]   running: "c++" "-O0" "-ffunction-sections" "-fdata-sections" "-fPIC" "-gdwarf-4" "-fno-omit-frame-pointer" "-m64" "-I" "spirv-tools/" "-I" "spirv-tools/include" "-I" "generated/" "-I" "spirv-headers/include" "-I" "spirv-headers/include/spirv/unified1" "-Wall" "-Wextra" "-Wall" "-Wextra" "-Wnon-virtual-dtor" "-Wno-missing-field-initializers" "-Werror" "-std=c++11" "-fno-exceptions" "-fno-rtti" "-Wno-long-long" "-Wshadow" "-Wundef" "-Wconversion" "-Wno-sign-conversion" "-Wno-deprecated-declarations" "-std=gnu++11" "-DSPIRV_CHECK_CONTEXT" "-DSPIRV_LINUX" "-o" "/opt/rustwide/target/debug/build/spirv-tools-sys-2816a81766543088/out/spirv-tools/source/val/validate_builtins.o" "-c" "spirv-tools/source/val/validate_builtins.cpp"
[INFO] [stderr]   exit status: 0
[INFO] [stderr]   running: "c++" "-O0" "-ffunction-sections" "-fdata-sections" "-fPIC" "-gdwarf-4" "-fno-omit-frame-pointer" "-m64" "-I" "spirv-tools/" "-I" "spirv-tools/include" "-I" "generated/" "-I" "spirv-headers/include" "-I" "spirv-headers/include/spirv/unified1" "-Wall" "-Wextra" "-Wall" "-Wextra" "-Wnon-virtual-dtor" "-Wno-missing-field-initializers" "-Werror" "-std=c++11" "-fno-exceptions" "-fno-rtti" "-Wno-long-long" "-Wshadow" "-Wundef" "-Wconversion" "-Wno-sign-conversion" "-Wno-deprecated-declarations" "-std=gnu++11" "-DSPIRV_CHECK_CONTEXT" "-DSPIRV_LINUX" "-o" "/opt/rustwide/target/debug/build/spirv-tools-sys-2816a81766543088/out/spirv-tools/source/val/validate_capability.o" "-c" "spirv-tools/source/val/validate_capability.cpp"
[INFO] [stderr]   exit status: 0
[INFO] [stderr]   running: "c++" "-O0" "-ffunction-sections" "-fdata-sections" "-fPIC" "-gdwarf-4" "-fno-omit-frame-pointer" "-m64" "-I" "spirv-tools/" "-I" "spirv-tools/include" "-I" "generated/" "-I" "spirv-headers/include" "-I" "spirv-headers/include/spirv/unified1" "-Wall" "-Wextra" "-Wall" "-Wextra" "-Wnon-virtual-dtor" "-Wno-missing-field-initializers" "-Werror" "-std=c++11" "-fno-exceptions" "-fno-rtti" "-Wno-long-long" "-Wshadow" "-Wundef" "-Wconversion" "-Wno-sign-conversion" "-Wno-deprecated-declarations" "-std=gnu++11" "-DSPIRV_CHECK_CONTEXT" "-DSPIRV_LINUX" "-o" "/opt/rustwide/target/debug/build/spirv-tools-sys-2816a81766543088/out/spirv-tools/source/val/validate_cfg.o" "-c" "spirv-tools/source/val/validate_cfg.cpp"
[INFO] [stderr]   running: "c++" "-O0" "-ffunction-sections" "-fdata-sections" "-fPIC" "-gdwarf-4" "-fno-omit-frame-pointer" "-m64" "-I" "spirv-tools/" "-I" "spirv-tools/include" "-I" "generated/" "-I" "spirv-headers/include" "-I" "spirv-headers/include/spirv/unified1" "-Wall" "-Wextra" "-Wall" "-Wextra" "-Wnon-virtual-dtor" "-Wno-missing-field-initializers" "-Werror" "-std=c++11" "-fno-exceptions" "-fno-rtti" "-Wno-long-long" "-Wshadow" "-Wundef" "-Wconversion" "-Wno-sign-conversion" "-Wno-deprecated-declarations" "-std=gnu++11" "-DSPIRV_CHECK_CONTEXT" "-DSPIRV_LINUX" "-o" "/opt/rustwide/target/debug/build/spirv-tools-sys-2816a81766543088/out/spirv-tools/source/val/validate_composites.o" "-c" "spirv-tools/source/val/validate_composites.cpp"
[INFO] [stderr]   running: "c++" "-O0" "-ffunction-sections" "-fdata-sections" "-fPIC" "-gdwarf-4" "-fno-omit-frame-pointer" "-m64" "-I" "spirv-tools/" "-I" "spirv-tools/include" "-I" "generated/" "-I" "spirv-headers/include" "-I" "spirv-headers/include/spirv/unified1" "-Wall" "-Wextra" "-Wall" "-Wextra" "-Wnon-virtual-dtor" "-Wno-missing-field-initializers" "-Werror" "-std=c++11" "-fno-exceptions" "-fno-rtti" "-Wno-long-long" "-Wshadow" "-Wundef" "-Wconversion" "-Wno-sign-conversion" "-Wno-deprecated-declarations" "-std=gnu++11" "-DSPIRV_CHECK_CONTEXT" "-DSPIRV_LINUX" "-o" "/opt/rustwide/target/debug/build/spirv-tools-sys-2816a81766543088/out/spirv-tools/source/val/validate_constants.o" "-c" "spirv-tools/source/val/validate_constants.cpp"
[INFO] [stderr]   running: "c++" "-O0" "-ffunction-sections" "-fdata-sections" "-fPIC" "-gdwarf-4" "-fno-omit-frame-pointer" "-m64" "-I" "spirv-tools/" "-I" "spirv-tools/include" "-I" "generated/" "-I" "spirv-headers/include" "-I" "spirv-headers/include/spirv/unified1" "-Wall" "-Wextra" "-Wall" "-Wextra" "-Wnon-virtual-dtor" "-Wno-missing-field-initializers" "-Werror" "-std=c++11" "-fno-exceptions" "-fno-rtti" "-Wno-long-long" "-Wshadow" "-Wundef" "-Wconversion" "-Wno-sign-conversion" "-Wno-deprecated-declarations" "-std=gnu++11" "-DSPIRV_CHECK_CONTEXT" "-DSPIRV_LINUX" "-o" "/opt/rustwide/target/debug/build/spirv-tools-sys-2816a81766543088/out/spirv-tools/source/val/validate_conversion.o" "-c" "spirv-tools/source/val/validate_conversion.cpp"
[INFO] [stderr]   cargo:warning=c++: fatal error: Killed signal terminated program cc1plus
[INFO] [stderr]   cargo:warning=compilation terminated.
[INFO] [stderr]   exit status: 1
[INFO] [stderr]   running: "c++" "-O0" "-ffunction-sections" "-fdata-sections" "-fPIC" "-gdwarf-4" "-fno-omit-frame-pointer" "-m64" "-I" "spirv-tools/" "-I" "spirv-tools/include" "-I" "generated/" "-I" "spirv-headers/include" "-I" "spirv-headers/include/spirv/unified1" "-Wall" "-Wextra" "-Wall" "-Wextra" "-Wnon-virtual-dtor" "-Wno-missing-field-initializers" "-Werror" "-std=c++11" "-fno-exceptions" "-fno-rtti" "-Wno-long-long" "-Wshadow" "-Wundef" "-Wconversion" "-Wno-sign-conversion" "-Wno-deprecated-declarations" "-std=gnu++11" "-DSPIRV_CHECK_CONTEXT" "-DSPIRV_LINUX" "-o" "/opt/rustwide/target/debug/build/spirv-tools-sys-2816a81766543088/out/spirv-tools/source/val/validate_debug.o" "-c" "spirv-tools/source/val/validate_debug.cpp"
[INFO] [stderr]   cargo:warning=c++: fatal error: Killed signal terminated program cc1plus
[INFO] [stderr]   cargo:warning=compilation terminated.
[INFO] [stderr]   exit status: 1
[INFO] [stderr]   cargo:warning=c++: fatal error: Killed signal terminated program cc1plus
[INFO] [stderr]   cargo:warning=compilation terminated.
[INFO] [stderr]   exit status: 0
[INFO] [stderr]   exit status: 1
[INFO] [stderr]   cargo:warning=c++: fatal error: Killed signal terminated program cc1plus
[INFO] [stderr]   cargo:warning=compilation terminated.
[INFO] [stderr]   exit status: 1
[INFO] [stderr]   exit status: 0
[INFO] [stderr]   exit status: 0
[INFO] [stderr]   exit status: 0
[INFO] [stderr]   exit status: 0
[INFO] [stderr]   exit status: 0
[INFO] [stderr]   exit status: 0
[INFO] [stderr]   exit status: 0
[INFO] [stderr]   exit status: 0
[INFO] [stderr]   exit status: 0
[INFO] [stderr]   exit status: 0
[INFO] [stderr]   exit status: 0
[INFO] [stderr] 
[INFO] [stderr]   --- stderr
[INFO] [stderr] 
[INFO] [stderr] 
[INFO] [stderr]   error occurred: Command "c++" "-O0" "-ffunction-sections" "-fdata-sections" "-fPIC" "-gdwarf-4" "-fno-omit-frame-pointer" "-m64" "-I" "spirv-tools/" "-I" "spirv-tools/include" "-I" "generated/" "-I" "spirv-headers/include" "-I" "spirv-headers/include/spirv/unified1" "-Wall" "-Wextra" "-Wall" "-Wextra" "-Wnon-virtual-dtor" "-Wno-missing-field-initializers" "-Werror" "-std=c++11" "-fno-exceptions" "-fno-rtti" "-Wno-long-long" "-Wshadow" "-Wundef" "-Wconversion" "-Wno-sign-conversion" "-Wno-deprecated-declarations" "-std=gnu++11" "-DSPIRV_CHECK_CONTEXT" "-DSPIRV_LINUX" "-o" "/opt/rustwide/target/debug/build/spirv-tools-sys-2816a81766543088/out/spirv-tools/source/val/validate.o" "-c" "spirv-tools/source/val/validate.cpp" with args "c++" did not execute successfully (status code exit status: 1).
[INFO] [stderr] 
[INFO] [stderr] 
[INFO] running `Command { std: "docker" "inspect" "2232642671f608f8b17ed6dfb7fbb1b935db69374432d397ea6b23f3d8e33023", kill_on_drop: false }`
[INFO] running `Command { std: "docker" "rm" "-f" "2232642671f608f8b17ed6dfb7fbb1b935db69374432d397ea6b23f3d8e33023", kill_on_drop: false }`
[INFO] [stdout] 2232642671f608f8b17ed6dfb7fbb1b935db69374432d397ea6b23f3d8e33023
