[INFO] fetching crate wasm-service 0.5.1...
[INFO] documenting wasm-service-0.5.1 against 1.75.0 for beta-1.76-rustdoc-1
[INFO] extracting crate wasm-service 0.5.1 into /workspace/builds/worker-3-tc1/source
[INFO] validating manifest of crates.io crate wasm-service 0.5.1 on toolchain 1.75.0
[INFO] running `Command { std: CARGO_HOME="/workspace/cargo-home" RUSTUP_HOME="/workspace/rustup-home" "/workspace/cargo-home/bin/cargo" "+1.75.0" "metadata" "--manifest-path" "Cargo.toml" "--no-deps", kill_on_drop: false }`
[INFO] started tweaking crates.io crate wasm-service 0.5.1
[INFO] finished tweaking crates.io crate wasm-service 0.5.1
[INFO] tweaked toml for crates.io crate wasm-service 0.5.1 written to /workspace/builds/worker-3-tc1/source/Cargo.toml
[INFO] running `Command { std: CARGO_HOME="/workspace/cargo-home" RUSTUP_HOME="/workspace/rustup-home" "/workspace/cargo-home/bin/cargo" "+1.75.0" "generate-lockfile" "--manifest-path" "Cargo.toml", kill_on_drop: false }`
[INFO] [stderr]     Updating crates.io index
[INFO] running `Command { std: CARGO_HOME="/workspace/cargo-home" RUSTUP_HOME="/workspace/rustup-home" "/workspace/cargo-home/bin/cargo" "+1.75.0" "fetch" "--manifest-path" "Cargo.toml", kill_on_drop: false }`
[INFO] [stderr]  Downloading crates ...
[INFO] [stderr]   Downloaded tokio-retry v0.3.0
[INFO] [stderr]   Downloaded cloudflare v0.9.1
[INFO] [stderr]   Downloaded os-version v0.2.0
[INFO] [stderr]   Downloaded path-slash v0.2.1
[INFO] [stderr]   Downloaded serde_qs v0.4.6
[INFO] [stderr]   Downloaded billboard v0.1.0
[INFO] [stderr]   Downloaded oauth2 v4.4.2
[INFO] [stderr]   Downloaded console v0.9.2
[INFO] [stderr]   Downloaded toml_edit v0.2.1
[INFO] [stderr]   Downloaded parity-ws v0.11.1
[INFO] [stderr]   Downloaded colored_json v2.1.0
[INFO] [stderr]   Downloaded chrome-devtools-rs v0.0.0-alpha.3
[INFO] [stderr]   Downloaded binary-install v0.0.3-alpha.1
[INFO] [stderr]   Downloaded service-logging v0.4.7
[INFO] [stderr]   Downloaded kv-assets v0.2.3
[INFO] [stderr]   Downloaded wrangler v1.21.0
[INFO] running `Command { std: "docker" "create" "-v" "/var/lib/crater-agent-workspace/builds/worker-3-tc1/target:/opt/rustwide/target:rw,Z" "-v" "/var/lib/crater-agent-workspace/builds/worker-3-tc1/source:/opt/rustwide/workdir:ro,Z" "-v" "/var/lib/crater-agent-workspace/cargo-home:/opt/rustwide/cargo-home:ro,Z" "-v" "/var/lib/crater-agent-workspace/rustup-home:/opt/rustwide/rustup-home:ro,Z" "-e" "SOURCE_DIR=/opt/rustwide/workdir" "-e" "CARGO_TARGET_DIR=/opt/rustwide/target" "-e" "CARGO_HOME=/opt/rustwide/cargo-home" "-e" "RUSTUP_HOME=/opt/rustwide/rustup-home" "-w" "/opt/rustwide/workdir" "-m" "1610612736" "--user" "0:0" "--network" "none" "ghcr.io/rust-lang/crates-build-env/linux@sha256:2788e3201cd34a07e3172128adcd8b3090168a8e3bcc40d7c032b9dda1df7d1c" "/opt/rustwide/cargo-home/bin/cargo" "+1.75.0" "metadata" "--no-deps" "--format-version=1", kill_on_drop: false }`
[INFO] [stdout] 5545bc340a205bf11c972dcb7197c8b19d17b3ccf4058c8ad502410738a341ad
[INFO] running `Command { std: "docker" "start" "-a" "5545bc340a205bf11c972dcb7197c8b19d17b3ccf4058c8ad502410738a341ad", kill_on_drop: false }`
[INFO] running `Command { std: "docker" "inspect" "5545bc340a205bf11c972dcb7197c8b19d17b3ccf4058c8ad502410738a341ad", kill_on_drop: false }`
[INFO] running `Command { std: "docker" "rm" "-f" "5545bc340a205bf11c972dcb7197c8b19d17b3ccf4058c8ad502410738a341ad", kill_on_drop: false }`
[INFO] [stdout] 5545bc340a205bf11c972dcb7197c8b19d17b3ccf4058c8ad502410738a341ad
[INFO] running `Command { std: "docker" "create" "-v" "/var/lib/crater-agent-workspace/builds/worker-3-tc1/target:/opt/rustwide/target:rw,Z" "-v" "/var/lib/crater-agent-workspace/builds/worker-3-tc1/source:/opt/rustwide/workdir:ro,Z" "-v" "/var/lib/crater-agent-workspace/cargo-home:/opt/rustwide/cargo-home:ro,Z" "-v" "/var/lib/crater-agent-workspace/rustup-home:/opt/rustwide/rustup-home:ro,Z" "-e" "SOURCE_DIR=/opt/rustwide/workdir" "-e" "CARGO_TARGET_DIR=/opt/rustwide/target" "-e" "CARGO_INCREMENTAL=0" "-e" "RUST_BACKTRACE=full" "-e" "RUSTFLAGS=--cap-lints=warn" "-e" "RUSTDOCFLAGS=--cap-lints=warn" "-e" "CARGO_HOME=/opt/rustwide/cargo-home" "-e" "RUSTUP_HOME=/opt/rustwide/rustup-home" "-w" "/opt/rustwide/workdir" "-m" "1610612736" "--user" "0:0" "--network" "none" "ghcr.io/rust-lang/crates-build-env/linux@sha256:2788e3201cd34a07e3172128adcd8b3090168a8e3bcc40d7c032b9dda1df7d1c" "/opt/rustwide/cargo-home/bin/cargo" "+1.75.0" "doc" "--frozen" "--no-deps" "--document-private-items" "--message-format=json", kill_on_drop: false }`
[INFO] [stdout] 6c808271267f2807ab1837c2d6285ef47a4d72bc6aff8a92ba7cd3600fd82f50
[INFO] running `Command { std: "docker" "start" "-a" "6c808271267f2807ab1837c2d6285ef47a4d72bc6aff8a92ba7cd3600fd82f50", kill_on_drop: false }`
[INFO] [stderr]    Compiling libc v0.2.151
[INFO] [stderr]     Checking memchr v2.7.1
[INFO] [stderr]    Compiling serde v1.0.195
[INFO] [stderr]    Compiling proc-macro2 v1.0.76
[INFO] [stderr]    Compiling syn v1.0.109
[INFO] [stderr]     Checking untrusted v0.9.0
[INFO] [stderr]     Checking spin v0.9.8
[INFO] [stderr]     Checking futures-channel v0.3.30
[INFO] [stderr]    Compiling generic-array v0.14.7
[INFO] [stderr]    Compiling openssl v0.10.62
[INFO] [stderr]     Checking adler v1.0.2
[INFO] [stderr]     Checking unicode-width v0.1.11
[INFO] [stderr]    Compiling unicase v2.7.0
[INFO] [stderr]    Compiling native-tls v0.2.11
[INFO] [stderr]     Checking gimli v0.28.1
[INFO] [stderr]    Compiling serde_json v1.0.111
[INFO] [stderr]    Compiling num-traits v0.2.17
[INFO] [stderr]    Compiling rustls v0.21.10
[INFO] [stderr]     Checking miniz_oxide v0.7.1
[INFO] [stderr]     Checking rustc-demangle v0.1.23
[INFO] [stderr]    Compiling thiserror v1.0.56
[INFO] [stderr]     Checking rustls-pemfile v1.0.4
[INFO] [stderr]     Checking linux-raw-sys v0.4.12
[INFO] [stderr]    Compiling fnv v1.0.7
[INFO] [stderr]    Compiling ident_case v1.0.1
[INFO] [stderr]    Compiling strsim v0.10.0
[INFO] [stderr]    Compiling crc32fast v1.3.2
[INFO] [stderr]    Compiling log v0.4.20
[INFO] [stderr]    Compiling crossbeam-utils v0.8.18
[INFO] [stderr]     Checking generic-array v0.12.4
[INFO] [stderr]    Compiling quote v1.0.35
[INFO] [stderr]     Checking aho-corasick v1.1.2
[INFO] [stderr]     Checking object v0.32.2
[INFO] [stderr]    Compiling mime_guess v2.0.4
[INFO] [stderr]    Compiling error-chain v0.12.4
[INFO] [stderr]     Checking iana-time-zone v0.1.59
[INFO] [stderr]    Compiling syn v2.0.48
[INFO] [stderr]     Checking rustix v0.38.28
[INFO] [stderr]    Compiling anyhow v1.0.79
[INFO] [stderr]    Compiling failure_derive v0.1.8
[INFO] [stderr]    Compiling lexical-core v0.7.6
[INFO] [stderr]     Checking webpki-roots v0.25.3
[INFO] [stderr]    Compiling rustls v0.20.9
[INFO] [stderr]     Checking byte-tools v0.3.1
[INFO] [stderr]     Checking block-buffer v0.9.0
[INFO] [stderr]     Checking block-padding v0.1.5
[INFO] [stderr]     Checking crypto-common v0.1.6
[INFO] [stderr]     Checking digest v0.9.0
[INFO] [stderr]     Checking block-buffer v0.10.4
[INFO] [stderr]    Compiling async-trait v0.1.77
[INFO] [stderr]    Compiling proc-macro-error-attr v1.0.4
[INFO] [stderr]    Compiling nom v5.1.3
[INFO] [stderr]     Checking either v1.9.0
[INFO] [stderr]     Checking same-file v1.0.6
[INFO] [stderr]     Checking linked-hash-map v0.5.6
[INFO] [stderr]     Checking lazycell v1.3.0
[INFO] [stderr]    Compiling curl v0.4.44
[INFO] [stderr]     Checking arrayvec v0.5.2
[INFO] [stderr]     Checking ansi_term v0.12.1
[INFO] [stderr]     Checking regex-automata v0.4.3
[INFO] [stderr]     Checking sha-1 v0.9.8
[INFO] [stderr]     Checking crossbeam-epoch v0.9.17
[INFO] [stderr]     Checking walkdir v2.4.0
[INFO] [stderr]     Checking flate2 v1.0.28
[INFO] [stderr]     Checking digest v0.10.7
[INFO] [stderr]     Checking block-buffer v0.7.3
[INFO] [stderr]     Checking getrandom v0.2.11
[INFO] [stderr]     Checking num_cpus v1.16.0
[INFO] [stderr]     Checking signal-hook-registry v1.4.1
[INFO] [stderr]     Checking mio v0.8.10
[INFO] [stderr]     Checking socket2 v0.5.5
[INFO] [stderr]     Checking atty v0.2.14
[INFO] [stderr]     Checking iovec v0.1.4
[INFO] [stderr]     Checking rand_core v0.6.4
[INFO] [stderr]     Checking getrandom v0.1.16
[INFO] [stderr]     Checking net2 v0.2.39
[INFO] [stderr]     Checking termios v0.3.3
[INFO] [stderr]     Checking terminal_size v0.1.17
[INFO] [stderr]     Checking dirs-sys v0.3.7
[INFO] [stderr]     Checking filetime v0.2.23
[INFO] [stderr]     Checking rand_core v0.5.1
[INFO] [stderr]    Compiling cc v1.0.83
[INFO] [stderr]     Checking rand_chacha v0.3.1
[INFO] [stderr]     Checking mio v0.6.23
[INFO] [stderr]     Checking socket2 v0.4.10
[INFO] [stderr]     Checking dirs v1.0.5
[INFO] [stderr]     Checking inotify-sys v0.1.5
[INFO] [stderr]     Checking rand_chacha v0.2.2
[INFO] [stderr]     Checking time v0.1.45
[INFO] [stderr]     Checking clicolors-control v1.0.1
[INFO] [stderr]     Checking digest v0.8.1
[INFO] [stderr]     Checking bstr v1.9.0
[INFO] [stderr]     Checking addr2line v0.21.0
[INFO] [stderr]     Checking rand v0.8.5
[INFO] [stderr]     Checking csv-core v0.1.11
[INFO] [stderr]     Checking textwrap v0.11.0
[INFO] [stderr]    Compiling indexmap v1.9.3
[INFO] [stderr]     Checking input_buffer v0.4.0
[INFO] [stderr]     Checking percent-encoding v1.0.1
[INFO] [stderr]     Checking opaque-debug v0.2.3
[INFO] [stderr]     Checking xattr v1.2.0
[INFO] [stderr]     Checking utf-8 v0.7.6
[INFO] [stderr]     Checking strsim v0.8.0
[INFO] [stderr]     Checking fake-simd v0.1.2
[INFO] [stderr]     Checking vec_map v0.8.2
[INFO] [stderr]    Compiling openssl-src v300.2.1+3.2.0
[INFO] [stderr]    Compiling semver v1.0.21
[INFO] [stderr]     Checking sha-1 v0.8.2
[INFO] [stderr]     Checking tar v0.4.40
[INFO] [stderr]     Checking rand v0.7.3
[INFO] [stderr]     Checking term v0.5.2
[INFO] [stderr]     Checking mio-extras v2.0.6
[INFO] [stderr]     Checking inotify v0.7.1
[INFO] [stderr]     Checking dirs v2.0.2
[INFO] [stderr]     Checking clap v2.34.0
[INFO] [stderr]     Checking bytes v0.4.12
[INFO] [stderr]     Checking crossbeam-deque v0.8.4
[INFO] [stderr]     Checking sha2 v0.10.8
[INFO] [stderr]     Checking fs2 v0.4.3
[INFO] [stderr]     Checking term_size v0.3.2
[INFO] [stderr]     Checking console v0.15.7
[INFO] [stderr]     Checking float-cmp v0.9.0
[INFO] [stderr]     Checking yaml-rust v0.4.5
[INFO] [stderr]     Checking itertools v0.10.5
[INFO] [stderr]     Checking combine v4.6.6
[INFO] [stderr]     Checking rustls-native-certs v0.6.3
[INFO] [stderr]     Checking normalize-line-endings v0.3.0
[INFO] [stderr]     Checking is_executable v0.1.2
[INFO] [stderr]     Checking difflib v0.4.0
[INFO] [stderr]     Checking home v0.5.9
[INFO] [stderr]     Checking os_str_bytes v6.6.1
[INFO] [stderr]     Checking siphasher v0.3.11
[INFO] [stderr]     Checking hashbrown v0.12.3
[INFO] [stderr]     Checking predicates-core v1.0.6
[INFO] [stderr]     Checking unescape v0.1.0
[INFO] [stderr]     Checking encode_unicode v0.3.6
[INFO] [stderr]     Checking rust-ini v0.13.0
[INFO] [stderr]     Checking number_prefix v0.3.0
[INFO] [stderr]     Checking tempfile v3.9.0
[INFO] [stderr]     Checking which v4.4.2
[INFO] [stderr]     Checking clap_lex v0.2.4
[INFO] [stderr]     Checking notify v4.0.17
[INFO] [stderr]     Checking twox-hash v1.6.3
[INFO] [stderr]     Checking regex v1.10.2
[INFO] [stderr]     Checking globset v0.4.14
[INFO] [stderr]    Compiling openssl-sys v0.9.98
[INFO] [stderr]    Compiling ring v0.17.7
[INFO] [stderr]    Compiling backtrace v0.3.69
[INFO] [stderr]    Compiling libz-sys v1.1.12
[INFO] [stderr]    Compiling ring v0.16.20
[INFO] [stderr]    Compiling curl-sys v0.4.70+curl-8.5.0
[INFO] [stderr]    Compiling bzip2-sys v0.1.11+1.0.8
[INFO] [stderr]    Compiling wasm-bindgen-backend v0.2.89
[INFO] [stderr]    Compiling sys-info v0.9.1
[INFO] [stderr]     Checking console v0.9.2
[INFO] [stderr]     Checking console v0.11.3
[INFO] [stderr]     Checking predicates v2.1.5
[INFO] [stderr]     Checking env_logger v0.8.4
[INFO] [stderr]     Checking console v0.14.1
[INFO] [stderr]     Checking os-version v0.2.0
[INFO] [stderr]     Checking indicatif v0.15.0
[INFO] [stderr]     Checking ignore v0.4.22
[INFO] [stderr]     Checking dirs v3.0.2
[INFO] [stderr]     Checking rustls-pemfile v0.2.1
[INFO] [stderr]     Checking number_prefix v0.4.0
[INFO] [stderr]     Checking text_io v0.1.12
[INFO] [stderr]     Checking textwrap v0.16.0
[INFO] [stderr]    Compiling darling_core v0.13.4
[INFO] [stderr]    Compiling synstructure v0.12.6
[INFO] [stderr]    Compiling proc-macro-error v1.0.4
[INFO] [stderr]    Compiling wasm-bindgen-macro-support v0.2.89
[INFO] [stderr]     Checking path-slash v0.2.1
[INFO] [stderr]     Checking clap v3.2.25
[INFO] [stderr]     Checking bzip2 v0.4.4
[INFO] [stderr]    Compiling serde_derive v1.0.195
[INFO] [stderr]    Compiling tokio-macros v2.2.0
[INFO] [stderr]    Compiling futures-macro v0.3.30
[INFO] [stderr]    Compiling openssl-macros v0.1.1
[INFO] [stderr]    Compiling thiserror-impl v1.0.56
[INFO] [stderr]    Compiling pin-project-internal v1.1.3
[INFO] [stderr]    Compiling wasm-bindgen-macro v0.2.89
[INFO] [stderr]    Compiling serde_repr v0.1.18
[INFO] [stderr]    Compiling structopt-derive v0.4.18
[INFO] [stderr]     Checking wasm-bindgen v0.2.89
[INFO] [stderr]     Checking tokio v1.35.1
[INFO] [stderr]     Checking failure v0.1.8
[INFO] [stderr]     Checking futures-util v0.3.30
[INFO] [stderr]     Checking js-sys v0.3.66
[INFO] [stderr]    Compiling darling_macro v0.13.4
[INFO] [stderr]     Checking pin-project v1.1.3
[INFO] [stderr]     Checking zip v0.5.13
[INFO] [stderr]     Checking billboard v0.1.0
[INFO] [stderr]     Checking structopt v0.3.26
[INFO] [stderr]    Compiling darling v0.13.4
[INFO] [stderr]    Compiling serde_with_macros v1.5.2
[INFO] [stderr]     Checking sct v0.7.1
[INFO] [stderr]     Checking rustls-webpki v0.101.7
[INFO] [stderr]     Checking webpki v0.22.4
[INFO] [stderr]     Checking futures-executor v0.3.30
[INFO] [stderr]     Checking futures v0.3.30
[INFO] [stderr]     Checking web-sys v0.3.66
[INFO] [stderr]     Checking wasm-bindgen-futures v0.4.39
[INFO] [stderr]     Checking tokio-util v0.7.10
[INFO] [stderr]     Checking tokio-stream v0.1.14
[INFO] [stderr]     Checking tokio-retry v0.3.0
[INFO] [stderr]     Checking tokio-rustls v0.23.4
[INFO] [stderr]     Checking tokio-rustls v0.24.1
[INFO] [stderr]     Checking h2 v0.3.22
[INFO] [stderr]     Checking url v2.5.0
[INFO] [stderr]     Checking serde_urlencoded v0.7.1
[INFO] [stderr]     Checking chrono v0.4.31
[INFO] [stderr]     Checking serde_qs v0.4.6
[INFO] [stderr]     Checking uuid v0.8.2
[INFO] [stderr]     Checking toml v0.5.11
[INFO] [stderr]     Checking serde_with v1.14.0
[INFO] [stderr]     Checking csv v1.3.0
[INFO] [stderr]     Checking serde_path_to_error v0.1.15
[INFO] [stderr]     Checking erased-serde v0.3.31
[INFO] [stderr]     Checking bincode v1.3.3
[INFO] [stderr]     Checking prettytable-rs v0.8.0
[INFO] [stderr]     Checking parity-ws v0.11.1
[INFO] [stderr]     Checking chrome-devtools-rs v0.0.0-alpha.3
[INFO] [stderr]     Checking colored_json v2.1.0
[INFO] [stderr]     Checking config v0.11.0
[INFO] [stderr]     Checking toml_edit v0.2.1
[INFO] [stderr]     Checking hyper v0.14.28
[INFO] [stderr]     Checking hyper-rustls v0.24.2
[INFO] [stderr]     Checking hyper-rustls v0.23.2
[INFO] [stderr]     Checking binary-install v0.0.3-alpha.1
[INFO] [stderr]     Checking tokio-native-tls v0.3.1
[INFO] [stderr]     Checking tungstenite v0.13.0
[INFO] [stderr]     Checking hyper-tls v0.5.0
[INFO] [stderr]     Checking reqwest v0.11.23
[INFO] [stderr]     Checking tokio-tungstenite v0.14.0
[INFO] [stderr]     Checking cloudflare v0.9.1
[INFO] [stderr]     Checking oauth2 v4.4.2
[INFO] [stderr]     Checking service-logging v0.4.7
[INFO] [stderr]     Checking wrangler v1.21.0
[INFO] [stderr]     Checking kv-assets v0.2.3
[INFO] [stdout] error[E0277]: `?` couldn't convert the error to `Error`
[INFO] [stdout]   --> /opt/rustwide/cargo-home/registry/src/index.crates.io-6f17d22bba15001f/kv-assets-0.2.3/src/upload.rs:72:90
[INFO] [stdout]    |
[INFO] [stdout] 54 | pub fn sync_assets(args: SyncConfig) -> Result<(), Error> {
[INFO] [stdout]    |                                         ----------------- expected `Error` because of this
[INFO] [stdout] ...
[INFO] [stdout] 72 |     wrangler::commands::publish::validate_bucket_location(&PathBuf::from(args.asset_dir))?;
[INFO] [stdout]    |                                                                                          ^ the trait `From<anyhow::Error>` is not implemented for `Error`
[INFO] [stdout]    |
[INFO] [stdout]    = note: the question mark operation (`?`) implicitly performs a conversion on the error value using the `From` trait
[INFO] [stdout]    = help: the trait `From<failure::Error>` is implemented for `Error`
[INFO] [stdout]    = help: for that trait implementation, expected `failure::Error`, found `anyhow::Error`
[INFO] [stdout]    = note: required for `Result<(), Error>` to implement `FromResidual<Result<Infallible, anyhow::Error>>`
[INFO] [stdout] 
[INFO] [stdout] 
[INFO] [stdout] error[E0277]: `?` couldn't convert the error to `Error`
[INFO] [stdout]   --> /opt/rustwide/cargo-home/registry/src/index.crates.io-6f17d22bba15001f/kv-assets-0.2.3/src/upload.rs:77:53
[INFO] [stdout]    |
[INFO] [stdout] 54 | pub fn sync_assets(args: SyncConfig) -> Result<(), Error> {
[INFO] [stdout]    |                                         ----------------- expected `Error` because of this
[INFO] [stdout] ...
[INFO] [stdout] 77 |     let manifest = Manifest::new(args.wrangler_path)?;
[INFO] [stdout]    |                                                     ^ the trait `From<anyhow::Error>` is not implemented for `Error`
[INFO] [stdout]    |
[INFO] [stdout]    = note: the question mark operation (`?`) implicitly performs a conversion on the error value using the `From` trait
[INFO] [stdout]    = help: the trait `From<failure::Error>` is implemented for `Error`
[INFO] [stdout]    = help: for that trait implementation, expected `failure::Error`, found `anyhow::Error`
[INFO] [stdout]    = note: required for `Result<(), Error>` to implement `FromResidual<Result<Infallible, anyhow::Error>>`
[INFO] [stdout] 
[INFO] [stdout] 
[INFO] [stdout] error[E0277]: `?` couldn't convert the error to `Error`
[INFO] [stdout]   --> /opt/rustwide/cargo-home/registry/src/index.crates.io-6f17d22bba15001f/kv-assets-0.2.3/src/upload.rs:78:65
[INFO] [stdout]    |
[INFO] [stdout] 54 | pub fn sync_assets(args: SyncConfig) -> Result<(), Error> {
[INFO] [stdout]    |                                         ----------------- expected `Error` because of this
[INFO] [stdout] ...
[INFO] [stdout] 78 |     let mut target = manifest.get_target(None, args.preview_env)?;
[INFO] [stdout]    |                                                                 ^ the trait `From<anyhow::Error>` is not implemented for `Error`
[INFO] [stdout]    |
[INFO] [stdout]    = note: the question mark operation (`?`) implicitly performs a conversion on the error value using the `From` trait
[INFO] [stdout]    = help: the trait `From<failure::Error>` is implemented for `Error`
[INFO] [stdout]    = help: for that trait implementation, expected `failure::Error`, found `anyhow::Error`
[INFO] [stdout]    = note: required for `Result<(), Error>` to implement `FromResidual<Result<Infallible, anyhow::Error>>`
[INFO] [stdout] 
[INFO] [stdout] 
[INFO] [stdout] error[E0277]: `?` couldn't convert the error to `Error`
[INFO] [stdout]   --> /opt/rustwide/cargo-home/registry/src/index.crates.io-6f17d22bba15001f/kv-assets-0.2.3/src/upload.rs:79:33
[INFO] [stdout]    |
[INFO] [stdout] 54 | pub fn sync_assets(args: SyncConfig) -> Result<(), Error> {
[INFO] [stdout]    |                                         ----------------- expected `Error` because of this
[INFO] [stdout] ...
[INFO] [stdout] 79 |     let user = GlobalUser::new()?;
[INFO] [stdout]    |                                 ^ the trait `From<anyhow::Error>` is not implemented for `Error`
[INFO] [stdout]    |
[INFO] [stdout]    = note: the question mark operation (`?`) implicitly performs a conversion on the error value using the `From` trait
[INFO] [stdout]    = help: the trait `From<failure::Error>` is implemented for `Error`
[INFO] [stdout]    = help: for that trait implementation, expected `failure::Error`, found `anyhow::Error`
[INFO] [stdout]    = note: required for `Result<(), Error>` to implement `FromResidual<Result<Infallible, anyhow::Error>>`
[INFO] [stdout] 
[INFO] [stdout] 
[INFO] [stdout] error[E0277]: `?` couldn't convert the error to `Error`
[INFO] [stdout]   --> /opt/rustwide/cargo-home/registry/src/index.crates.io-6f17d22bba15001f/kv-assets-0.2.3/src/upload.rs:81:66
[INFO] [stdout]    |
[INFO] [stdout] 54 | pub fn sync_assets(args: SyncConfig) -> Result<(), Error> {
[INFO] [stdout]    |                                         ----------------- expected `Error` because of this
[INFO] [stdout] ...
[INFO] [stdout] 81 |     let site_namespace = add_namespace(&user, &mut target, false)?;
[INFO] [stdout]    |                                                                  ^ the trait `From<anyhow::Error>` is not implemented for `Error`
[INFO] [stdout]    |
[INFO] [stdout]    = note: the question mark operation (`?`) implicitly performs a conversion on the error value using the `From` trait
[INFO] [stdout]    = help: the trait `From<failure::Error>` is implemented for `Error`
[INFO] [stdout]    = help: for that trait implementation, expected `failure::Error`, found `anyhow::Error`
[INFO] [stdout]    = note: required for `Result<(), Error>` to implement `FromResidual<Result<Infallible, anyhow::Error>>`
[INFO] [stdout] 
[INFO] [stdout] 
[INFO] [stdout] error[E0277]: `?` couldn't convert the error to `Error`
[INFO] [stdout]   --> /opt/rustwide/cargo-home/registry/src/index.crates.io-6f17d22bba15001f/kv-assets-0.2.3/src/upload.rs:83:83
[INFO] [stdout]    |
[INFO] [stdout] 54 | pub fn sync_assets(args: SyncConfig) -> Result<(), Error> {
[INFO] [stdout]    |                                         ----------------- expected `Error` because of this
[INFO] [stdout] ...
[INFO] [stdout] 83 |         wrangler::sites::sync(&target, &user, &site_namespace.id, &args.asset_dir)?;
[INFO] [stdout]    |                                                                                   ^ the trait `From<anyhow::Error>` is not implemented for `Error`
[INFO] [stdout]    |
[INFO] [stdout]    = note: the question mark operation (`?`) implicitly performs a conversion on the error value using the `From` trait
[INFO] [stdout]    = help: the trait `From<failure::Error>` is implemented for `Error`
[INFO] [stdout]    = help: for that trait implementation, expected `failure::Error`, found `anyhow::Error`
[INFO] [stdout]    = note: required for `Result<(), Error>` to implement `FromResidual<Result<Infallible, anyhow::Error>>`
[INFO] [stdout] 
[INFO] [stdout] 
[INFO] [stdout] error[E0277]: `?` couldn't convert the error to `Error`
[INFO] [stdout]   --> /opt/rustwide/cargo-home/registry/src/index.crates.io-6f17d22bba15001f/kv-assets-0.2.3/src/upload.rs:97:6
[INFO] [stdout]    |
[INFO] [stdout] 54 | pub fn sync_assets(args: SyncConfig) -> Result<(), Error> {
[INFO] [stdout]    |                                         ----------------- expected `Error` because of this
[INFO] [stdout] ...
[INFO] [stdout] 97 |     )?;
[INFO] [stdout]    |      ^ the trait `From<anyhow::Error>` is not implemented for `Error`
[INFO] [stdout]    |
[INFO] [stdout]    = note: the question mark operation (`?`) implicitly performs a conversion on the error value using the `From` trait
[INFO] [stdout]    = help: the trait `From<failure::Error>` is implemented for `Error`
[INFO] [stdout]    = help: for that trait implementation, expected `failure::Error`, found `anyhow::Error`
[INFO] [stdout]    = note: required for `Result<(), Error>` to implement `FromResidual<Result<Infallible, anyhow::Error>>`
[INFO] [stdout] 
[INFO] [stdout] 
[INFO] [stdout] error[E0277]: `?` couldn't convert the error to `Error`
[INFO] [stdout]    --> /opt/rustwide/cargo-home/registry/src/index.crates.io-6f17d22bba15001f/kv-assets-0.2.3/src/upload.rs:114:14
[INFO] [stdout]     |
[INFO] [stdout] 54  | pub fn sync_assets(args: SyncConfig) -> Result<(), Error> {
[INFO] [stdout]     |                                         ----------------- expected `Error` because of this
[INFO] [stdout] ...
[INFO] [stdout] 114 |             )?;
[INFO] [stdout]     |              ^ the trait `From<anyhow::Error>` is not implemented for `Error`
[INFO] [stdout]     |
[INFO] [stdout]     = note: the question mark operation (`?`) implicitly performs a conversion on the error value using the `From` trait
[INFO] [stdout]     = help: the trait `From<failure::Error>` is implemented for `Error`
[INFO] [stdout]     = help: for that trait implementation, expected `failure::Error`, found `anyhow::Error`
[INFO] [stdout]     = note: required for `Result<(), Error>` to implement `FromResidual<Result<Infallible, anyhow::Error>>`
[INFO] [stdout] 
[INFO] [stdout] 
[INFO] [stdout] error: aborting due to 8 previous errors
[INFO] [stdout] 
[INFO] [stdout] 
[INFO] [stdout] For more information about this error, try `rustc --explain E0277`.
[INFO] [stdout] 
[INFO] [stderr] error: could not compile `kv-assets` (lib) due to 9 previous errors
[INFO] running `Command { std: "docker" "inspect" "6c808271267f2807ab1837c2d6285ef47a4d72bc6aff8a92ba7cd3600fd82f50", kill_on_drop: false }`
[INFO] running `Command { std: "docker" "rm" "-f" "6c808271267f2807ab1837c2d6285ef47a4d72bc6aff8a92ba7cd3600fd82f50", kill_on_drop: false }`
[INFO] [stdout] 6c808271267f2807ab1837c2d6285ef47a4d72bc6aff8a92ba7cd3600fd82f50
