[INFO] fetching crate wasm-embedded-rt 0.4.0...
[INFO] documenting wasm-embedded-rt-0.4.0 against 1.75.0 for beta-1.76-rustdoc-1
[INFO] extracting crate wasm-embedded-rt 0.4.0 into /workspace/builds/worker-2-tc1/source
[INFO] validating manifest of crates.io crate wasm-embedded-rt 0.4.0 on toolchain 1.75.0
[INFO] running `Command { std: CARGO_HOME="/workspace/cargo-home" RUSTUP_HOME="/workspace/rustup-home" "/workspace/cargo-home/bin/cargo" "+1.75.0" "metadata" "--manifest-path" "Cargo.toml" "--no-deps", kill_on_drop: false }`
[INFO] removed /workspace/builds/worker-2-tc1/source/.cargo/config
[INFO] started tweaking crates.io crate wasm-embedded-rt 0.4.0
[INFO] finished tweaking crates.io crate wasm-embedded-rt 0.4.0
[INFO] tweaked toml for crates.io crate wasm-embedded-rt 0.4.0 written to /workspace/builds/worker-2-tc1/source/Cargo.toml
[INFO] crate crates.io crate wasm-embedded-rt 0.4.0 already has a lockfile, it will not be regenerated
[INFO] running `Command { std: CARGO_HOME="/workspace/cargo-home" RUSTUP_HOME="/workspace/rustup-home" "/workspace/cargo-home/bin/cargo" "+1.75.0" "fetch" "--manifest-path" "Cargo.toml", kill_on_drop: false }`
[INFO] [stderr]     Updating crates.io index
[INFO] [stderr]  Downloading crates ...
[INFO] [stderr]   Downloaded is-terminal v0.3.0
[INFO] [stderr]   Downloaded ambient-authority v0.0.1
[INFO] [stderr]   Downloaded wiggle-generate v3.0.0
[INFO] [stderr]   Downloaded wat v1.0.52
[INFO] [stderr]   Downloaded wiggle-macro v3.0.0
[INFO] [stderr]   Downloaded winx v0.33.0
[INFO] [stderr]   Downloaded ittapi v0.3.2
[INFO] [stderr]   Downloaded file-per-thread-logger v0.1.4
[INFO] [stderr]   Downloaded target-lexicon v0.12.5
[INFO] [stderr]   Downloaded embedded-hal v1.0.0-alpha.8
[INFO] [stderr]   Downloaded psm v0.1.16
[INFO] [stderr]   Downloaded wasm-embedded-rt-wasm3 v0.4.0
[INFO] [stderr]   Downloaded wasmtime-types v3.0.0
[INFO] [stderr]   Downloaded wasmtime-cache v3.0.0
[INFO] [stderr]   Downloaded wasm-encoder v0.20.0
[INFO] [stderr]   Downloaded cap-primitives v0.26.1
[INFO] [stderr]   Downloaded cranelift-wasm v0.90.0
[INFO] [stderr]   Downloaded zstd-sys v2.0.3+zstd.1.5.2
[INFO] [stderr]   Downloaded ittapi-sys v0.3.2
[INFO] [stderr]   Downloaded wasmtime v3.0.0
[INFO] [stderr]   Downloaded rustix v0.35.13
[INFO] [stderr]   Downloaded cranelift-codegen-shared v0.90.0
[INFO] [stderr]   Downloaded cap-rand v0.26.1
[INFO] [stderr]   Downloaded fs-set-times v0.17.1
[INFO] [stderr]   Downloaded cranelift-native v0.90.0
[INFO] [stderr]   Downloaded wasm-embedded-spec v0.4.0
[INFO] [stderr]   Downloaded wast v50.0.0
[INFO] [stderr]   Downloaded wasmtime-asm-macros v3.0.0
[INFO] [stderr]   Downloaded wasmtime-wasi v3.0.0
[INFO] [stderr]   Downloaded wasi-common v3.0.0
[INFO] [stderr]   Downloaded wiggle v3.0.0
[INFO] [stderr]   Downloaded wasmtime-fiber v3.0.0
[INFO] [stderr]   Downloaded cap-std v0.26.1
[INFO] [stderr]   Downloaded system-interface v0.23.0
[INFO] [stderr]   Downloaded cranelift-isle v0.90.0
[INFO] [stderr]   Downloaded cranelift-frontend v0.90.0
[INFO] [stderr]   Downloaded cranelift-entity v0.90.0
[INFO] [stderr]   Downloaded wasmtime-jit-debug v3.0.0
[INFO] [stderr]   Downloaded io-extras v0.15.0
[INFO] [stderr]   Downloaded cranelift-bforest v0.90.0
[INFO] [stderr]   Downloaded wasmtime-cranelift v3.0.0
[INFO] [stderr]   Downloaded memfd v0.6.2
[INFO] [stderr]   Downloaded wasmtime-jit v3.0.0
[INFO] [stderr]   Downloaded embedded-hal-mock v0.7.2
[INFO] [stderr]   Downloaded simplelog v0.10.2
[INFO] [stderr]   Downloaded cap-time-ext v0.26.1
[INFO] [stderr]   Downloaded wasi-cap-std-sync v3.0.0
[INFO] [stderr]   Downloaded cap-fs-ext v0.26.1
[INFO] [stderr]   Downloaded wasm-embedded-rt-wasmtime v0.4.0
[INFO] [stderr]   Downloaded cranelift-egraph v0.90.0
[INFO] [stderr]   Downloaded regalloc2 v0.4.2
[INFO] [stderr]   Downloaded wasmtime-jit-icache-coherence v2.0.0
[INFO] [stderr]   Downloaded linux-embedded-hal v0.4.0-alpha.3
[INFO] [stderr]   Downloaded wasmparser v0.93.0
[INFO] [stderr]   Downloaded wasmtime-environ v3.0.0
[INFO] [stderr]   Downloaded wasmtime-runtime v3.0.0
[INFO] [stderr]   Downloaded cranelift-codegen-meta v0.90.0
[INFO] [stderr]   Downloaded cranelift-codegen v0.90.0
[INFO] running `Command { std: "docker" "create" "-v" "/var/lib/crater-agent-workspace/builds/worker-2-tc1/target:/opt/rustwide/target:rw,Z" "-v" "/var/lib/crater-agent-workspace/builds/worker-2-tc1/source:/opt/rustwide/workdir:ro,Z" "-v" "/var/lib/crater-agent-workspace/cargo-home:/opt/rustwide/cargo-home:ro,Z" "-v" "/var/lib/crater-agent-workspace/rustup-home:/opt/rustwide/rustup-home:ro,Z" "-e" "SOURCE_DIR=/opt/rustwide/workdir" "-e" "CARGO_TARGET_DIR=/opt/rustwide/target" "-e" "CARGO_HOME=/opt/rustwide/cargo-home" "-e" "RUSTUP_HOME=/opt/rustwide/rustup-home" "-w" "/opt/rustwide/workdir" "-m" "1610612736" "--user" "0:0" "--network" "none" "ghcr.io/rust-lang/crates-build-env/linux@sha256:2788e3201cd34a07e3172128adcd8b3090168a8e3bcc40d7c032b9dda1df7d1c" "/opt/rustwide/cargo-home/bin/cargo" "+1.75.0" "metadata" "--no-deps" "--format-version=1", kill_on_drop: false }`
[INFO] [stdout] 8454ecaa72c5a3e589d839cd0aecd3ae403d0fcec1ecb902ee64aea11586ad43
[INFO] running `Command { std: "docker" "start" "-a" "8454ecaa72c5a3e589d839cd0aecd3ae403d0fcec1ecb902ee64aea11586ad43", kill_on_drop: false }`
[INFO] running `Command { std: "docker" "inspect" "8454ecaa72c5a3e589d839cd0aecd3ae403d0fcec1ecb902ee64aea11586ad43", kill_on_drop: false }`
[INFO] running `Command { std: "docker" "rm" "-f" "8454ecaa72c5a3e589d839cd0aecd3ae403d0fcec1ecb902ee64aea11586ad43", kill_on_drop: false }`
[INFO] [stdout] 8454ecaa72c5a3e589d839cd0aecd3ae403d0fcec1ecb902ee64aea11586ad43
[INFO] running `Command { std: "docker" "create" "-v" "/var/lib/crater-agent-workspace/builds/worker-2-tc1/target:/opt/rustwide/target:rw,Z" "-v" "/var/lib/crater-agent-workspace/builds/worker-2-tc1/source:/opt/rustwide/workdir:ro,Z" "-v" "/var/lib/crater-agent-workspace/cargo-home:/opt/rustwide/cargo-home:ro,Z" "-v" "/var/lib/crater-agent-workspace/rustup-home:/opt/rustwide/rustup-home:ro,Z" "-e" "SOURCE_DIR=/opt/rustwide/workdir" "-e" "CARGO_TARGET_DIR=/opt/rustwide/target" "-e" "CARGO_INCREMENTAL=0" "-e" "RUST_BACKTRACE=full" "-e" "RUSTFLAGS=--cap-lints=warn" "-e" "RUSTDOCFLAGS=--cap-lints=warn" "-e" "CARGO_HOME=/opt/rustwide/cargo-home" "-e" "RUSTUP_HOME=/opt/rustwide/rustup-home" "-w" "/opt/rustwide/workdir" "-m" "1610612736" "--user" "0:0" "--network" "none" "ghcr.io/rust-lang/crates-build-env/linux@sha256:2788e3201cd34a07e3172128adcd8b3090168a8e3bcc40d7c032b9dda1df7d1c" "/opt/rustwide/cargo-home/bin/cargo" "+1.75.0" "doc" "--frozen" "--no-deps" "--document-private-items" "--message-format=json", kill_on_drop: false }`
[INFO] [stdout] 7fa6e06c7150beea3034123fb053b57bb06948588eeed32e675c0f43e9f24901
[INFO] running `Command { std: "docker" "start" "-a" "7fa6e06c7150beea3034123fb053b57bb06948588eeed32e675c0f43e9f24901", kill_on_drop: false }`
[INFO] [stderr]    Compiling libc v0.2.137
[INFO] [stderr]    Compiling proc-macro2 v1.0.47
[INFO] [stderr]    Compiling syn v1.0.103
[INFO] [stderr]    Compiling autocfg v1.0.1
[INFO] [stderr]    Compiling version_check v0.9.3
[INFO] [stderr]     Checking once_cell v1.16.0
[INFO] [stderr]    Compiling memchr v2.4.1
[INFO] [stderr]    Compiling serde_derive v1.0.132
[INFO] [stderr]    Compiling log v0.4.17
[INFO] [stderr]    Compiling serde v1.0.132
[INFO] [stderr]    Compiling io-lifetimes v0.7.5
[INFO] [stderr]    Compiling rustix v0.35.13
[INFO] [stderr]     Checking itoa v1.0.4
[INFO] [stderr]     Checking linux-raw-sys v0.0.46
[INFO] [stderr]    Compiling anyhow v1.0.66
[INFO] [stderr]    Compiling target-lexicon v0.12.5
[INFO] [stderr]     Checking fallible-iterator v0.2.0
[INFO] [stderr]     Checking stable_deref_trait v1.2.0
[INFO] [stderr]     Checking byteorder v1.4.3
[INFO] [stderr]    Compiling ahash v0.7.6
[INFO] [stderr]    Compiling cranelift-isle v0.90.0
[INFO] [stderr]    Compiling typenum v1.14.0
[INFO] [stderr]    Compiling indexmap v1.9.2
[INFO] [stderr]    Compiling memoffset v0.6.5
[INFO] [stderr]    Compiling crc32fast v1.3.0
[INFO] [stderr]    Compiling cranelift-codegen-shared v0.90.0
[INFO] [stderr]     Checking fxhash v0.2.1
[INFO] [stderr]    Compiling generic-array v0.14.4
[INFO] [stderr]    Compiling cranelift-codegen-meta v0.90.0
[INFO] [stderr]    Compiling crossbeam-utils v0.8.5
[INFO] [stderr]     Checking smallvec v1.7.0
[INFO] [stderr]     Checking slice-group-by v0.3.0
[INFO] [stderr]    Compiling io-lifetimes v1.0.2
[INFO] [stderr]     Checking bumpalo v3.11.1
[INFO] [stderr]     Checking arrayvec v0.7.2
[INFO] [stderr]     Checking ppv-lite86 v0.2.15
[INFO] [stderr]     Checking leb128 v0.2.5
[INFO] [stderr]    Compiling quote v1.0.10
[INFO] [stderr]    Compiling crossbeam-epoch v0.9.5
[INFO] [stderr]    Compiling rustix v0.36.3
[INFO] [stderr]    Compiling clang-sys v1.4.0
[INFO] [stderr]     Checking regalloc2 v0.4.2
[INFO] [stderr]     Checking aho-corasick v0.7.18
[INFO] [stderr]     Checking regex-syntax v0.6.25
[INFO] [stderr]     Checking either v1.6.1
[INFO] [stderr]     Checking scopeguard v1.1.0
[INFO] [stderr]    Compiling rayon-core v1.9.1
[INFO] [stderr]    Compiling zstd-safe v5.0.2+zstd.1.5.2
[INFO] [stderr]     Checking linux-raw-sys v0.1.3
[INFO] [stderr]     Checking termcolor v1.1.2
[INFO] [stderr]     Checking wasmtime-asm-macros v3.0.0
[INFO] [stderr]    Compiling cpp_demangle v0.3.5
[INFO] [stderr]    Compiling io-extras v0.15.0
[INFO] [stderr]    Compiling nom v7.1.1
[INFO] [stderr]     Checking itertools v0.10.3
[INFO] [stderr]    Compiling wast v35.0.2
[INFO] [stderr]     Checking crossbeam-deque v0.8.1
[INFO] [stderr]     Checking getrandom v0.2.3
[INFO] [stderr]     Checking atty v0.2.14
[INFO] [stderr]    Compiling jobserver v0.1.24
[INFO] [stderr]     Checking rand_core v0.6.3
[INFO] [stderr]    Compiling cc v1.0.77
[INFO] [stderr]     Checking rand_chacha v0.3.1
[INFO] [stderr]     Checking hashbrown v0.12.3
[INFO] [stderr]    Compiling dirs-sys-next v0.1.2
[INFO] [stderr]    Compiling dirs-next v2.0.0
[INFO] [stderr]     Checking rand v0.8.4
[INFO] [stderr]     Checking num_cpus v1.13.1
[INFO] [stderr]     Checking crossbeam-channel v0.5.1
[INFO] [stderr]     Checking wasm-encoder v0.20.0
[INFO] [stderr]     Checking block-buffer v0.10.3
[INFO] [stderr]     Checking crypto-common v0.1.6
[INFO] [stderr]     Checking digest v0.10.6
[INFO] [stderr]    Compiling rayon v1.5.1
[INFO] [stderr]     Checking regex v1.5.4
[INFO] [stderr]    Compiling libloading v0.7.4
[INFO] [stderr]    Compiling paste v1.0.6
[INFO] [stderr]     Checking ambient-authority v0.0.1
[INFO] [stderr]    Compiling bindgen v0.63.0
[INFO] [stderr]    Compiling async-trait v0.1.52
[INFO] [stderr]    Compiling cap-primitives v0.26.1
[INFO] [stderr]    Compiling wasmtime-cache v3.0.0
[INFO] [stderr]     Checking cpufeatures v0.2.1
[INFO] [stderr]    Compiling zstd-sys v2.0.3+zstd.1.5.2
[INFO] [stderr]    Compiling wasmtime-fiber v3.0.0
[INFO] [stderr]    Compiling ittapi-sys v0.3.2
[INFO] [stderr]    Compiling wasmtime-runtime v3.0.0
[INFO] [stderr]    Compiling psm v0.1.16
[INFO] [stderr]    Compiling cexpr v0.6.0
[INFO] [stderr]    Compiling which v4.3.0
[INFO] [stderr]     Checking sha2 v0.10.6
[INFO] [stderr]     Checking wast v50.0.0
[INFO] [stderr]     Checking memfd v0.6.2
[INFO] [stderr]     Checking env_logger v0.7.1
[INFO] [stderr]     Checking directories-next v2.0.0
[INFO] [stderr]    Compiling shellexpand v2.1.0
[INFO] [stderr]     Checking fs-set-times v0.17.1
[INFO] [stderr]     Checking wasmtime-jit-icache-coherence v2.0.0
[INFO] [stderr]     Checking maybe-owned v0.3.4
[INFO] [stderr]    Compiling heck v0.4.0
[INFO] [stderr]     Checking ipnet v2.3.1
[INFO] [stderr]     Checking base64 v0.13.0
[INFO] [stderr]    Compiling wasmtime v3.0.0
[INFO] [stderr]     Checking file-per-thread-logger v0.1.4
[INFO] [stderr]     Checking rustc-demangle v0.1.21
[INFO] [stderr]     Checking tracing-core v0.1.21
[INFO] [stderr]     Checking pin-project-lite v0.2.7
[INFO] [stderr]    Compiling cranelift-codegen v0.90.0
[INFO] [stderr]     Checking nb v1.0.0
[INFO] [stderr]    Compiling cap-std v0.26.1
[INFO] [stderr]    Compiling wasi-common v3.0.0
[INFO] [stderr]     Checking nix v0.23.1
[INFO] [stderr]    Compiling num-traits v0.2.14
[INFO] [stderr]    Compiling proc-macro-error-attr v1.0.4
[INFO] [stderr]    Compiling cap-fs-ext v0.26.1
[INFO] [stderr]    Compiling system-interface v0.23.0
[INFO] [stderr]     Checking embedded-hal v1.0.0-alpha.8
[INFO] [stderr]     Checking cap-rand v0.26.1
[INFO] [stderr]    Compiling cmake v0.1.46
[INFO] [stderr]    Compiling num-integer v0.1.44
[INFO] [stderr]    Compiling proc-macro-error v1.0.4
[INFO] [stderr]    Compiling unicode-segmentation v1.8.0
[INFO] [stderr]     Checking cap-time-ext v0.26.1
[INFO] [stderr]     Checking is-terminal v0.3.0
[INFO] [stderr]    Compiling wasmtime-wasi v3.0.0
[INFO] [stderr]     Checking cty v0.2.2
[INFO] [stderr]    Compiling heck v0.3.3
[INFO] [stderr]     Checking nb v0.1.3
[INFO] [stderr]     Checking termios v0.2.2
[INFO] [stderr]     Checking ioctl-rs v0.1.6
[INFO] [stderr]     Checking serial-core v0.4.0
[INFO] [stderr]     Checking time v0.1.43
[INFO] [stderr]     Checking void v1.0.2
[INFO] [stderr]     Checking clap v2.34.0
[INFO] [stderr]     Checking embedded-hal v0.2.6
[INFO] [stderr]     Checking serial-unix v0.4.0
[INFO] [stderr]     Checking cast v0.3.0
[INFO] [stderr]    Compiling wasm-embedded-rt v0.4.0 (/opt/rustwide/workdir)
[INFO] [stderr]     Checking embedded-hal-mock v0.7.2
[INFO] [stderr]     Checking strum v0.21.0
[INFO] [stderr]     Checking ittapi v0.3.2
[INFO] [stderr]     Checking chrono v0.4.19
[INFO] [stderr]     Checking simplelog v0.10.2
[INFO] [stderr]    Compiling thiserror-impl v1.0.30
[INFO] [stderr]    Compiling tracing-attributes v0.1.18
[INFO] [stderr]    Compiling structopt-derive v0.4.18
[INFO] [stderr]    Compiling strum_macros v0.21.1
[INFO] [stderr]     Checking sysfs_gpio v0.6.1
[INFO] [stderr]     Checking spidev v0.5.1
[INFO] [stderr]     Checking gpio-cdev v0.5.1
[INFO] [stderr]     Checking i2cdev v0.5.1
[INFO] [stderr]     Checking wat v1.0.52
[INFO] [stderr]     Checking linux-embedded-hal v0.4.0-alpha.3
[INFO] [stderr]     Checking tracing v0.1.29
[INFO] [stderr]     Checking thiserror v1.0.30
[INFO] [stderr]     Checking witx v0.9.1
[INFO] [stderr]     Checking structopt v0.3.25
[INFO] [stderr]     Checking zstd v0.11.2+zstd.1.5.2
[INFO] [stderr]    Compiling wiggle-generate v3.0.0
[INFO] [stderr]    Compiling wiggle-macro v3.0.0
[INFO] [stderr]    Compiling wasm-embedded-spec v0.4.0
[INFO] [stderr]    Compiling wasm-embedded-rt-wasm3 v0.4.0
[INFO] [stderr]     Checking cranelift-entity v0.90.0
[INFO] [stderr]     Checking bincode v1.3.3
[INFO] [stderr]     Checking toml v0.5.8
[INFO] [stderr]     Checking cranelift-bforest v0.90.0
[INFO] [stderr]     Checking gimli v0.26.1
[INFO] [stderr]     Checking wasmparser v0.93.0
[INFO] [stderr]     Checking object v0.29.0
[INFO] [stderr]     Checking cranelift-egraph v0.90.0
[INFO] [stderr]     Checking wasmtime-types v3.0.0
[INFO] [stderr]     Checking addr2line v0.17.0
[INFO] [stderr]     Checking wasmtime-environ v3.0.0
[INFO] [stderr]     Checking wasmtime-jit-debug v3.0.0
[INFO] [stderr] error: failed to run custom build command for `wasm-embedded-rt-wasm3 v0.4.0`
[INFO] [stderr] note: To improve backtraces for build dependencies, set the CARGO_PROFILE_DEV_BUILD_OVERRIDE_DEBUG=true environment variable to enable debug information generation.
[INFO] [stderr] 
[INFO] [stderr] Caused by:
[INFO] [stderr]   process didn't exit successfully: `/opt/rustwide/target/debug/build/wasm-embedded-rt-wasm3-0415df07f533bbff/build-script-build` (exit status: 101)
[INFO] [stderr]   --- stdout
[INFO] [stderr]   cargo:rerun-if-changed=src/
[INFO] [stderr]   cargo:rerun-if-changed=inc/
[INFO] [stderr]   cargo:rerun-if-changed=build.rs
[INFO] [stderr]   cargo:rerun-if-changed=CMakeLists.txt
[INFO] [stderr]   cargo:ROOT=/opt/rustwide/cargo-home/registry/src/index.crates.io-6f17d22bba15001f/wasm-embedded-rt-wasm3-0.4.0
[INFO] [stderr]   CMAKE_TOOLCHAIN_FILE_x86_64-unknown-linux-gnu = None
[INFO] [stderr]   CMAKE_TOOLCHAIN_FILE_x86_64_unknown_linux_gnu = None
[INFO] [stderr]   HOST_CMAKE_TOOLCHAIN_FILE = None
[INFO] [stderr]   CMAKE_TOOLCHAIN_FILE = None
[INFO] [stderr]   CMAKE_GENERATOR_x86_64-unknown-linux-gnu = None
[INFO] [stderr]   CMAKE_GENERATOR_x86_64_unknown_linux_gnu = None
[INFO] [stderr]   HOST_CMAKE_GENERATOR = None
[INFO] [stderr]   CMAKE_GENERATOR = None
[INFO] [stderr]   CMAKE_PREFIX_PATH_x86_64-unknown-linux-gnu = None
[INFO] [stderr]   CMAKE_PREFIX_PATH_x86_64_unknown_linux_gnu = None
[INFO] [stderr]   HOST_CMAKE_PREFIX_PATH = None
[INFO] [stderr]   CMAKE_PREFIX_PATH = None
[INFO] [stderr]   CMAKE_x86_64-unknown-linux-gnu = None
[INFO] [stderr]   CMAKE_x86_64_unknown_linux_gnu = None
[INFO] [stderr]   HOST_CMAKE = None
[INFO] [stderr]   CMAKE = None
[INFO] [stderr]   running: cd "/opt/rustwide/target/debug/build/wasm-embedded-rt-wasm3-283e36b6daceed54/out/build" && CMAKE_PREFIX_PATH="" "cmake" "/opt/rustwide/cargo-home/registry/src/index.crates.io-6f17d22bba15001f/wasm-embedded-rt-wasm3-0.4.0/./" "-DWASME_BUILD_WASM3=ON" "-DWASME_SPEC_DIR=/opt/rustwide/cargo-home/registry/src/index.crates.io-6f17d22bba15001f/wasm-embedded-spec-0.4.0" "-DCMAKE_INSTALL_PREFIX=/opt/rustwide/target/debug/build/wasm-embedded-rt-wasm3-283e36b6daceed54/out" "-DCMAKE_C_FLAGS= -ffunction-sections -fdata-sections -fPIC -m64" "-DCMAKE_C_COMPILER=/usr/bin/cc" "-DCMAKE_CXX_FLAGS= -ffunction-sections -fdata-sections -fPIC -m64" "-DCMAKE_CXX_COMPILER=/usr/bin/c++" "-DCMAKE_ASM_FLAGS= -ffunction-sections -fdata-sections -fPIC -m64" "-DCMAKE_ASM_COMPILER=/usr/bin/cc" "-DCMAKE_BUILD_TYPE=Debug"
[INFO] [stderr]   -- The C compiler identification is GNU 11.4.0
[INFO] [stderr]   -- The CXX compiler identification is GNU 11.4.0
[INFO] [stderr]   -- Detecting C compiler ABI info
[INFO] [stderr]   -- Detecting C compiler ABI info - done
[INFO] [stderr]   -- Check for working C compiler: /usr/bin/cc - skipped
[INFO] [stderr]   -- Detecting C compile features
[INFO] [stderr]   -- Detecting C compile features - done
[INFO] [stderr]   -- Detecting CXX compiler ABI info
[INFO] [stderr]   -- Detecting CXX compiler ABI info - done
[INFO] [stderr]   -- Check for working CXX compiler: /usr/bin/c++ - skipped
[INFO] [stderr]   -- Detecting CXX compile features
[INFO] [stderr]   -- Detecting CXX compile features - done
[INFO] [stderr]   -- Configuring done
[INFO] [stderr]   -- Generating done
[INFO] [stderr]   -- Build files have been written to: /opt/rustwide/target/debug/build/wasm-embedded-rt-wasm3-283e36b6daceed54/out/build
[INFO] [stderr]   running: cd "/opt/rustwide/target/debug/build/wasm-embedded-rt-wasm3-283e36b6daceed54/out/build" && MAKEFLAGS="-j --jobserver-fds=7,8 --jobserver-auth=7,8" "cmake" "--build" "." "--target" "install" "--config" "Debug" "--parallel" "16"
[INFO] [stderr]   [  6%] Creating directories for 'wasm3'
[INFO] [stderr]   [ 13%] Performing download step (git clone) for 'wasm3'
[INFO] [stderr]   -- Had to git clone more than once:
[INFO] [stderr]             3 times.
[INFO] [stderr] 
[INFO] [stderr]   --- stderr
[INFO] [stderr]   error: 'rustfmt' is not installed for the toolchain '1.75.0-x86_64-unknown-linux-gnu'
[INFO] [stderr]   To install, run `rustup component add rustfmt --toolchain 1.75.0-x86_64-unknown-linux-gnu`
[INFO] [stderr]   Failed to run rustfmt: Internal rustfmt error (non-fatal, continuing)
[INFO] [stderr]   WASI ENABLED
[INFO] [stderr]   WASM3 BUILD ENABLED
[INFO] [stderr]   Using embedded-wasm/spec from: /opt/rustwide/cargo-home/registry/src/index.crates.io-6f17d22bba15001f/wasm-embedded-spec-0.4.0
[INFO] [stderr]   CMake Warning:
[INFO] [stderr]     Manually-specified variables were not used by the project:
[INFO] [stderr] 
[INFO] [stderr]       CMAKE_ASM_COMPILER
[INFO] [stderr]       CMAKE_ASM_FLAGS
[INFO] [stderr] 
[INFO] [stderr] 
[INFO] [stderr]   gmake: warning: -j16 forced in submake: resetting jobserver mode.
[INFO] [stderr]   Cloning into 'wasm3'...
[INFO] [stderr]   fatal: unable to access 'https://github.com/ryankurte/wasm3.git/': Could not resolve host: github.com
[INFO] [stderr]   Cloning into 'wasm3'...
[INFO] [stderr]   fatal: unable to access 'https://github.com/ryankurte/wasm3.git/': Could not resolve host: github.com
[INFO] [stderr]   Cloning into 'wasm3'...
[INFO] [stderr]   fatal: unable to access 'https://github.com/ryankurte/wasm3.git/': Could not resolve host: github.com
[INFO] [stderr]   CMake Error at /opt/rustwide/target/debug/build/wasm-embedded-rt-wasm3-283e36b6daceed54/out/build/wasm3-prefix/tmp/wasm3-gitclone.cmake:31 (message):
[INFO] [stderr]     Failed to clone repository: 'https://github.com/ryankurte/wasm3.git'
[INFO] [stderr] 
[INFO] [stderr] 
[INFO] [stderr]   gmake[2]: *** [CMakeFiles/wasm3.dir/build.make:98: wasm3-prefix/src/wasm3-stamp/wasm3-download] Error 1
[INFO] [stderr]   gmake[1]: *** [CMakeFiles/Makefile2:85: CMakeFiles/wasm3.dir/all] Error 2
[INFO] [stderr]   gmake: *** [Makefile:136: all] Error 2
[INFO] [stderr]   thread 'main' panicked at /opt/rustwide/cargo-home/registry/src/index.crates.io-6f17d22bba15001f/cmake-0.1.46/src/lib.rs:974:5:
[INFO] [stderr] 
[INFO] [stderr]   command did not execute successfully, got: exit status: 2
[INFO] [stderr] 
[INFO] [stderr]   build script failed, must exit now
[INFO] [stderr]   stack backtrace:
[INFO] [stderr]      0:     0x56305a914f8c - std::backtrace_rs::backtrace::libunwind::trace::ha637c64ce894333a
[INFO] [stderr]                                  at /rustc/82e1608dfa6e0b5569232559e3d385fea5a93112/library/std/src/../../backtrace/src/backtrace/libunwind.rs:104:5
[INFO] [stderr]      1:     0x56305a914f8c - std::backtrace_rs::backtrace::trace_unsynchronized::h47f62dea28e0c88d
[INFO] [stderr]                                  at /rustc/82e1608dfa6e0b5569232559e3d385fea5a93112/library/std/src/../../backtrace/src/backtrace/mod.rs:66:5
[INFO] [stderr]      2:     0x56305a914f8c - std::sys_common::backtrace::_print_fmt::h9eef0abe20ede486
[INFO] [stderr]                                  at /rustc/82e1608dfa6e0b5569232559e3d385fea5a93112/library/std/src/sys_common/backtrace.rs:67:5
[INFO] [stderr]      3:     0x56305a914f8c - <std::sys_common::backtrace::_print::DisplayBacktrace as core::fmt::Display>::fmt::hed7f999df88cc644
[INFO] [stderr]                                  at /rustc/82e1608dfa6e0b5569232559e3d385fea5a93112/library/std/src/sys_common/backtrace.rs:44:22
[INFO] [stderr]      4:     0x56305a940c40 - core::fmt::rt::Argument::fmt::h1539a9308b8d058d
[INFO] [stderr]                                  at /rustc/82e1608dfa6e0b5569232559e3d385fea5a93112/library/core/src/fmt/rt.rs:142:9
[INFO] [stderr]      5:     0x56305a940c40 - core::fmt::write::h3a39390d8560d9c9
[INFO] [stderr]                                  at /rustc/82e1608dfa6e0b5569232559e3d385fea5a93112/library/core/src/fmt/mod.rs:1120:17
[INFO] [stderr]      6:     0x56305a9122df - std::io::Write::write_fmt::h5fc9997dfe05f882
[INFO] [stderr]                                  at /rustc/82e1608dfa6e0b5569232559e3d385fea5a93112/library/std/src/io/mod.rs:1762:15
[INFO] [stderr]      7:     0x56305a914d74 - std::sys_common::backtrace::_print::h894006fb5c6f3d45
[INFO] [stderr]                                  at /rustc/82e1608dfa6e0b5569232559e3d385fea5a93112/library/std/src/sys_common/backtrace.rs:47:5
[INFO] [stderr]      8:     0x56305a914d74 - std::sys_common::backtrace::print::h23a2d212c6fff936
[INFO] [stderr]                                  at /rustc/82e1608dfa6e0b5569232559e3d385fea5a93112/library/std/src/sys_common/backtrace.rs:34:9
[INFO] [stderr]      9:     0x56305a916587 - std::panicking::default_hook::{{closure}}::h8a1d2ee00185001a
[INFO] [stderr]     10:     0x56305a9162ef - std::panicking::default_hook::h6038f2eba384e475
[INFO] [stderr]                                  at /rustc/82e1608dfa6e0b5569232559e3d385fea5a93112/library/std/src/panicking.rs:292:9
[INFO] [stderr]     11:     0x56305a916a08 - std::panicking::rust_panic_with_hook::h2b5517d590cab22e
[INFO] [stderr]                                  at /rustc/82e1608dfa6e0b5569232559e3d385fea5a93112/library/std/src/panicking.rs:779:13
[INFO] [stderr]     12:     0x56305a9168ee - std::panicking::begin_panic_handler::{{closure}}::h233112c06e0ef43e
[INFO] [stderr]                                  at /rustc/82e1608dfa6e0b5569232559e3d385fea5a93112/library/std/src/panicking.rs:657:13
[INFO] [stderr]     13:     0x56305a915456 - std::sys_common::backtrace::__rust_end_short_backtrace::h6e893f24d7ebbff8
[INFO] [stderr]                                  at /rustc/82e1608dfa6e0b5569232559e3d385fea5a93112/library/std/src/sys_common/backtrace.rs:170:18
[INFO] [stderr]     14:     0x56305a916652 - rust_begin_unwind
[INFO] [stderr]                                  at /rustc/82e1608dfa6e0b5569232559e3d385fea5a93112/library/std/src/panicking.rs:645:5
[INFO] [stderr]     15:     0x56305a36d7b5 - core::panicking::panic_fmt::hbf0e066aabfa482c
[INFO] [stderr]                                  at /rustc/82e1608dfa6e0b5569232559e3d385fea5a93112/library/core/src/panicking.rs:72:14
[INFO] [stderr]     16:     0x56305a8ae1f1 - cmake::fail::ha428ddddb7c9557c
[INFO] [stderr]     17:     0x56305a8ad8f7 - cmake::run::hf8e0afc7f1cd1e0b
[INFO] [stderr]     18:     0x56305a8aaa98 - cmake::Config::build::h0bb4dd039124ec86
[INFO] [stderr]     19:     0x56305a372b0d - build_script_build::main::h301d4f04ba5fac48
[INFO] [stderr]     20:     0x56305a36eb33 - core::ops::function::FnOnce::call_once::hb5b8d62bbf83773f
[INFO] [stderr]     21:     0x56305a36e156 - std::sys_common::backtrace::__rust_begin_short_backtrace::hd636d5f97bd2ad32
[INFO] [stderr]     22:     0x56305a36e819 - std::rt::lang_start::{{closure}}::h42330a2ccc29145c
[INFO] [stderr]     23:     0x56305a90dbe7 - core::ops::function::impls::<impl core::ops::function::FnOnce<A> for &F>::call_once::hd95060ecd5e1ca24
[INFO] [stderr]                                  at /rustc/82e1608dfa6e0b5569232559e3d385fea5a93112/library/core/src/ops/function.rs:284:13
[INFO] [stderr]     24:     0x56305a90dbe7 - std::panicking::try::do_call::h6e8cf51db32a6e4b
[INFO] [stderr]                                  at /rustc/82e1608dfa6e0b5569232559e3d385fea5a93112/library/std/src/panicking.rs:552:40
[INFO] [stderr]     25:     0x56305a90dbe7 - std::panicking::try::h3a52eefe24fe3c29
[INFO] [stderr]                                  at /rustc/82e1608dfa6e0b5569232559e3d385fea5a93112/library/std/src/panicking.rs:516:19
[INFO] [stderr]     26:     0x56305a90dbe7 - std::panic::catch_unwind::h24c28c23c02c3841
[INFO] [stderr]                                  at /rustc/82e1608dfa6e0b5569232559e3d385fea5a93112/library/std/src/panic.rs:142:14
[INFO] [stderr]     27:     0x56305a90dbe7 - std::rt::lang_start_internal::{{closure}}::h705d3c9cbc06ef47
[INFO] [stderr]                                  at /rustc/82e1608dfa6e0b5569232559e3d385fea5a93112/library/std/src/rt.rs:148:48
[INFO] [stderr]     28:     0x56305a90dbe7 - std::panicking::try::do_call::ha21f52ba13158470
[INFO] [stderr]                                  at /rustc/82e1608dfa6e0b5569232559e3d385fea5a93112/library/std/src/panicking.rs:552:40
[INFO] [stderr]     29:     0x56305a90dbe7 - std::panicking::try::h5581346bf6aeb1f8
[INFO] [stderr]                                  at /rustc/82e1608dfa6e0b5569232559e3d385fea5a93112/library/std/src/panicking.rs:516:19
[INFO] [stderr]     30:     0x56305a90dbe7 - std::panic::catch_unwind::h7919645a6b72e25b
[INFO] [stderr]                                  at /rustc/82e1608dfa6e0b5569232559e3d385fea5a93112/library/std/src/panic.rs:142:14
[INFO] [stderr]     31:     0x56305a90dbe7 - std::rt::lang_start_internal::h12de51168669836e
[INFO] [stderr]                                  at /rustc/82e1608dfa6e0b5569232559e3d385fea5a93112/library/std/src/rt.rs:148:20
[INFO] [stderr]     32:     0x56305a36e7f7 - std::rt::lang_start::hb8129b43ae1ee356
[INFO] [stderr]     33:     0x56305a372d55 - main
[INFO] [stderr]     34:     0x7fac6c161d90 - <unknown>
[INFO] [stderr]     35:     0x7fac6c161e40 - __libc_start_main
[INFO] [stderr]     36:     0x56305a36e085 - _start
[INFO] [stderr]     37:                0x0 - <unknown>
[INFO] [stderr] warning: build failed, waiting for other jobs to finish...
[INFO] running `Command { std: "docker" "inspect" "7fa6e06c7150beea3034123fb053b57bb06948588eeed32e675c0f43e9f24901", kill_on_drop: false }`
[INFO] running `Command { std: "docker" "rm" "-f" "7fa6e06c7150beea3034123fb053b57bb06948588eeed32e675c0f43e9f24901", kill_on_drop: false }`
[INFO] [stdout] 7fa6e06c7150beea3034123fb053b57bb06948588eeed32e675c0f43e9f24901
[INFO] documenting wasm-embedded-rt-0.4.0 against beta-2023-12-22 for beta-1.76-rustdoc-1
[INFO] extracting crate wasm-embedded-rt 0.4.0 into /workspace/builds/worker-2-tc2/source
[INFO] validating manifest of crates.io crate wasm-embedded-rt 0.4.0 on toolchain beta-2023-12-22
[INFO] running `Command { std: CARGO_HOME="/workspace/cargo-home" RUSTUP_HOME="/workspace/rustup-home" "/workspace/cargo-home/bin/cargo" "+beta-2023-12-22" "metadata" "--manifest-path" "Cargo.toml" "--no-deps", kill_on_drop: false }`
[INFO] removed /workspace/builds/worker-2-tc2/source/.cargo/config
[INFO] started tweaking crates.io crate wasm-embedded-rt 0.4.0
[INFO] finished tweaking crates.io crate wasm-embedded-rt 0.4.0
[INFO] tweaked toml for crates.io crate wasm-embedded-rt 0.4.0 written to /workspace/builds/worker-2-tc2/source/Cargo.toml
[INFO] crate crates.io crate wasm-embedded-rt 0.4.0 already has a lockfile, it will not be regenerated
[INFO] running `Command { std: CARGO_HOME="/workspace/cargo-home" RUSTUP_HOME="/workspace/rustup-home" "/workspace/cargo-home/bin/cargo" "+beta-2023-12-22" "fetch" "--manifest-path" "Cargo.toml", kill_on_drop: false }`
[INFO] running `Command { std: "docker" "create" "-v" "/var/lib/crater-agent-workspace/builds/worker-2-tc2/target:/opt/rustwide/target:rw,Z" "-v" "/var/lib/crater-agent-workspace/builds/worker-2-tc2/source:/opt/rustwide/workdir:ro,Z" "-v" "/var/lib/crater-agent-workspace/cargo-home:/opt/rustwide/cargo-home:ro,Z" "-v" "/var/lib/crater-agent-workspace/rustup-home:/opt/rustwide/rustup-home:ro,Z" "-e" "SOURCE_DIR=/opt/rustwide/workdir" "-e" "CARGO_TARGET_DIR=/opt/rustwide/target" "-e" "CARGO_HOME=/opt/rustwide/cargo-home" "-e" "RUSTUP_HOME=/opt/rustwide/rustup-home" "-w" "/opt/rustwide/workdir" "-m" "1610612736" "--user" "0:0" "--network" "none" "ghcr.io/rust-lang/crates-build-env/linux@sha256:2788e3201cd34a07e3172128adcd8b3090168a8e3bcc40d7c032b9dda1df7d1c" "/opt/rustwide/cargo-home/bin/cargo" "+beta-2023-12-22" "metadata" "--no-deps" "--format-version=1", kill_on_drop: false }`
[INFO] [stdout] 674c9f13dc197ec7c10723396a1fe60c958aff2300b1ccc6f61a41031de3b3ae
[INFO] running `Command { std: "docker" "start" "-a" "674c9f13dc197ec7c10723396a1fe60c958aff2300b1ccc6f61a41031de3b3ae", kill_on_drop: false }`
[INFO] running `Command { std: "docker" "inspect" "674c9f13dc197ec7c10723396a1fe60c958aff2300b1ccc6f61a41031de3b3ae", kill_on_drop: false }`
[INFO] running `Command { std: "docker" "rm" "-f" "674c9f13dc197ec7c10723396a1fe60c958aff2300b1ccc6f61a41031de3b3ae", kill_on_drop: false }`
[INFO] [stdout] 674c9f13dc197ec7c10723396a1fe60c958aff2300b1ccc6f61a41031de3b3ae
[INFO] running `Command { std: "docker" "create" "-v" "/var/lib/crater-agent-workspace/builds/worker-2-tc2/target:/opt/rustwide/target:rw,Z" "-v" "/var/lib/crater-agent-workspace/builds/worker-2-tc2/source:/opt/rustwide/workdir:ro,Z" "-v" "/var/lib/crater-agent-workspace/cargo-home:/opt/rustwide/cargo-home:ro,Z" "-v" "/var/lib/crater-agent-workspace/rustup-home:/opt/rustwide/rustup-home:ro,Z" "-e" "SOURCE_DIR=/opt/rustwide/workdir" "-e" "CARGO_TARGET_DIR=/opt/rustwide/target" "-e" "CARGO_INCREMENTAL=0" "-e" "RUST_BACKTRACE=full" "-e" "RUSTFLAGS=--cap-lints=warn" "-e" "RUSTDOCFLAGS=--cap-lints=warn" "-e" "CARGO_HOME=/opt/rustwide/cargo-home" "-e" "RUSTUP_HOME=/opt/rustwide/rustup-home" "-w" "/opt/rustwide/workdir" "-m" "1610612736" "--user" "0:0" "--network" "none" "ghcr.io/rust-lang/crates-build-env/linux@sha256:2788e3201cd34a07e3172128adcd8b3090168a8e3bcc40d7c032b9dda1df7d1c" "/opt/rustwide/cargo-home/bin/cargo" "+beta-2023-12-22" "doc" "--frozen" "--no-deps" "--document-private-items" "--message-format=json", kill_on_drop: false }`
[INFO] [stdout] 8c61a099965fef56a76540c5dc6c1570885937a76d7f39d805762e8f7510a85b
[INFO] running `Command { std: "docker" "start" "-a" "8c61a099965fef56a76540c5dc6c1570885937a76d7f39d805762e8f7510a85b", kill_on_drop: false }`
[INFO] [stderr]    Compiling libc v0.2.137
[INFO] [stderr]    Compiling proc-macro2 v1.0.47
[INFO] [stderr]    Compiling syn v1.0.103
[INFO] [stderr]    Compiling autocfg v1.0.1
[INFO] [stderr]    Compiling version_check v0.9.3
[INFO] [stderr]     Checking once_cell v1.16.0
[INFO] [stderr]    Compiling memchr v2.4.1
[INFO] [stderr]    Compiling serde_derive v1.0.132
[INFO] [stderr]    Compiling serde v1.0.132
[INFO] [stderr]    Compiling log v0.4.17
[INFO] [stderr]    Compiling io-lifetimes v0.7.5
[INFO] [stderr]    Compiling rustix v0.35.13
[INFO] [stderr]    Compiling anyhow v1.0.66
[INFO] [stderr]     Checking itoa v1.0.4
[INFO] [stderr]     Checking linux-raw-sys v0.0.46
[INFO] [stderr]     Checking fallible-iterator v0.2.0
[INFO] [stderr]     Checking stable_deref_trait v1.2.0
[INFO] [stderr]    Compiling target-lexicon v0.12.5
[INFO] [stderr]     Checking byteorder v1.4.3
[INFO] [stderr]    Compiling cranelift-isle v0.90.0
[INFO] [stderr]    Compiling ahash v0.7.6
[INFO] [stderr]    Compiling typenum v1.14.0
[INFO] [stderr]    Compiling indexmap v1.9.2
[INFO] [stderr]    Compiling memoffset v0.6.5
[INFO] [stderr]    Compiling crc32fast v1.3.0
[INFO] [stderr]    Compiling cranelift-codegen-shared v0.90.0
[INFO] [stderr]    Compiling cranelift-codegen-meta v0.90.0
[INFO] [stderr]     Checking fxhash v0.2.1
[INFO] [stderr]    Compiling generic-array v0.14.4
[INFO] [stderr]     Checking smallvec v1.7.0
[INFO] [stderr]    Compiling crossbeam-utils v0.8.5
[INFO] [stderr]     Checking slice-group-by v0.3.0
[INFO] [stderr]    Compiling io-lifetimes v1.0.2
[INFO] [stderr]     Checking ppv-lite86 v0.2.15
[INFO] [stderr]    Compiling rustix v0.36.3
[INFO] [stderr]     Checking bumpalo v3.11.1
[INFO] [stderr]    Compiling quote v1.0.10
[INFO] [stderr]     Checking arrayvec v0.7.2
[INFO] [stderr]     Checking leb128 v0.2.5
[INFO] [stderr]     Checking regalloc2 v0.4.2
[INFO] [stderr]    Compiling crossbeam-epoch v0.9.5
[INFO] [stderr]     Checking aho-corasick v0.7.18
[INFO] [stderr]    Compiling clang-sys v1.4.0
[INFO] [stderr]     Checking scopeguard v1.1.0
[INFO] [stderr]     Checking linux-raw-sys v0.1.3
[INFO] [stderr]    Compiling rayon-core v1.9.1
[INFO] [stderr]     Checking either v1.6.1
[INFO] [stderr]    Compiling zstd-safe v5.0.2+zstd.1.5.2
[INFO] [stderr]     Checking termcolor v1.1.2
[INFO] [stderr]     Checking regex-syntax v0.6.25
[INFO] [stderr]     Checking wasmtime-asm-macros v3.0.0
[INFO] [stderr]    Compiling cpp_demangle v0.3.5
[INFO] [stderr]    Compiling io-extras v0.15.0
[INFO] [stderr]    Compiling nom v7.1.1
[INFO] [stderr]    Compiling wast v35.0.2
[INFO] [stderr]     Checking itertools v0.10.3
[INFO] [stderr]     Checking crossbeam-deque v0.8.1
[INFO] [stderr]     Checking getrandom v0.2.3
[INFO] [stderr]    Compiling jobserver v0.1.24
[INFO] [stderr]     Checking rand_core v0.6.3
[INFO] [stderr]    Compiling cc v1.0.77
[INFO] [stderr]     Checking atty v0.2.14
[INFO] [stderr]     Checking rand_chacha v0.3.1
[INFO] [stderr]     Checking hashbrown v0.12.3
[INFO] [stderr]    Compiling dirs-sys-next v0.1.2
[INFO] [stderr]     Checking rand v0.8.4
[INFO] [stderr]    Compiling dirs-next v2.0.0
[INFO] [stderr]     Checking block-buffer v0.10.3
[INFO] [stderr]     Checking crypto-common v0.1.6
[INFO] [stderr]     Checking num_cpus v1.13.1
[INFO] [stderr]     Checking crossbeam-channel v0.5.1
[INFO] [stderr]     Checking digest v0.10.6
[INFO] [stderr]     Checking wasm-encoder v0.20.0
[INFO] [stderr]    Compiling rayon v1.5.1
[INFO] [stderr]    Compiling libloading v0.7.4
[INFO] [stderr]    Compiling bindgen v0.63.0
[INFO] [stderr]    Compiling wasmtime-cache v3.0.0
[INFO] [stderr]    Compiling async-trait v0.1.52
[INFO] [stderr]     Checking ambient-authority v0.0.1
[INFO] [stderr]     Checking cpufeatures v0.2.1
[INFO] [stderr]    Compiling paste v1.0.6
[INFO] [stderr]    Compiling cap-primitives v0.26.1
[INFO] [stderr]     Checking regex v1.5.4
[INFO] [stderr]    Compiling which v4.3.0
[INFO] [stderr]    Compiling wasmtime-fiber v3.0.0
[INFO] [stderr]    Compiling zstd-sys v2.0.3+zstd.1.5.2
[INFO] [stderr]    Compiling ittapi-sys v0.3.2
[INFO] [stderr]    Compiling wasmtime-runtime v3.0.0
[INFO] [stderr]    Compiling psm v0.1.16
[INFO] [stderr]     Checking wast v50.0.0
[INFO] [stderr]    Compiling cexpr v0.6.0
[INFO] [stderr]     Checking sha2 v0.10.6
[INFO] [stderr]     Checking directories-next v2.0.0
[INFO] [stderr]     Checking memfd v0.6.2
[INFO] [stderr]    Compiling shellexpand v2.1.0
[INFO] [stderr]     Checking wasmtime-jit-icache-coherence v2.0.0
[INFO] [stderr]     Checking fs-set-times v0.17.1
[INFO] [stderr]    Compiling wasmtime v3.0.0
[INFO] [stderr]     Checking maybe-owned v0.3.4
[INFO] [stderr]     Checking rustc-demangle v0.1.21
[INFO] [stderr]    Compiling heck v0.4.0
[INFO] [stderr]     Checking base64 v0.13.0
[INFO] [stderr]     Checking ipnet v2.3.1
[INFO] [stderr]     Checking env_logger v0.7.1
[INFO] [stderr]    Compiling cranelift-codegen v0.90.0
[INFO] [stderr]     Checking tracing-core v0.1.21
[INFO] [stderr]    Compiling cap-std v0.26.1
[INFO] [stderr]     Checking pin-project-lite v0.2.7
[INFO] [stderr]     Checking nb v1.0.0
[INFO] [stderr]    Compiling wasi-common v3.0.0
[INFO] [stderr]     Checking nix v0.23.1
[INFO] [stderr]     Checking file-per-thread-logger v0.1.4
[INFO] [stderr]    Compiling num-traits v0.2.14
[INFO] [stderr]    Compiling proc-macro-error-attr v1.0.4
[INFO] [stderr]    Compiling cap-fs-ext v0.26.1
[INFO] [stderr]    Compiling system-interface v0.23.0
[INFO] [stderr]     Checking embedded-hal v1.0.0-alpha.8
[INFO] [stderr]     Checking cap-rand v0.26.1
[INFO] [stderr]    Compiling cmake v0.1.46
[INFO] [stderr]    Compiling num-integer v0.1.44
[INFO] [stderr]    Compiling proc-macro-error v1.0.4
[INFO] [stderr]    Compiling unicode-segmentation v1.8.0
[INFO] [stderr]     Checking cap-time-ext v0.26.1
[INFO] [stderr]     Checking is-terminal v0.3.0
[INFO] [stderr]    Compiling wasmtime-wasi v3.0.0
[INFO] [stderr]     Checking cty v0.2.2
[INFO] [stderr]     Checking nb v0.1.3
[INFO] [stderr]     Checking time v0.1.43
[INFO] [stderr]     Checking ioctl-rs v0.1.6
[INFO] [stderr]    Compiling heck v0.3.3
[INFO] [stderr]     Checking termios v0.2.2
[INFO] [stderr]     Checking serial-core v0.4.0
[INFO] [stderr]     Checking void v1.0.2
[INFO] [stderr]     Checking clap v2.34.0
[INFO] [stderr]     Checking serial-unix v0.4.0
[INFO] [stderr]     Checking cast v0.3.0
[INFO] [stderr]     Checking embedded-hal v0.2.6
[INFO] [stderr]    Compiling wasm-embedded-rt v0.4.0 (/opt/rustwide/workdir)
[INFO] [stderr]     Checking strum v0.21.0
[INFO] [stderr]     Checking embedded-hal-mock v0.7.2
[INFO] [stderr]     Checking chrono v0.4.19
[INFO] [stderr]     Checking ittapi v0.3.2
[INFO] [stderr]     Checking simplelog v0.10.2
[INFO] [stderr]    Compiling thiserror-impl v1.0.30
[INFO] [stderr]    Compiling tracing-attributes v0.1.18
[INFO] [stderr]    Compiling structopt-derive v0.4.18
[INFO] [stderr]    Compiling strum_macros v0.21.1
[INFO] [stderr]     Checking i2cdev v0.5.1
[INFO] [stderr]     Checking sysfs_gpio v0.6.1
[INFO] [stderr]     Checking spidev v0.5.1
[INFO] [stderr]     Checking gpio-cdev v0.5.1
[INFO] [stderr]     Checking wat v1.0.52
[INFO] [stderr]     Checking linux-embedded-hal v0.4.0-alpha.3
[INFO] [stderr]     Checking tracing v0.1.29
[INFO] [stderr]     Checking thiserror v1.0.30
[INFO] [stderr]     Checking witx v0.9.1
[INFO] [stderr]     Checking structopt v0.3.25
[INFO] [stderr]     Checking zstd v0.11.2+zstd.1.5.2
[INFO] [stderr]    Compiling wiggle-generate v3.0.0
[INFO] [stderr]    Compiling wasm-embedded-spec v0.4.0
[INFO] [stderr]    Compiling wasm-embedded-rt-wasm3 v0.4.0
[INFO] [stderr]    Compiling wiggle-macro v3.0.0
[INFO] [stderr]     Checking cranelift-entity v0.90.0
[INFO] [stderr]     Checking bincode v1.3.3
[INFO] [stderr]     Checking toml v0.5.8
[INFO] [stderr]     Checking cranelift-bforest v0.90.0
[INFO] [stderr]     Checking gimli v0.26.1
[INFO] [stderr]     Checking wasmparser v0.93.0
[INFO] [stderr]     Checking cranelift-egraph v0.90.0
[INFO] [stderr]     Checking object v0.29.0
[INFO] [stderr]     Checking addr2line v0.17.0
[INFO] [stderr]     Checking wasmtime-types v3.0.0
[INFO] [stderr]     Checking wasmtime-jit-debug v3.0.0
[INFO] [stderr]     Checking wasmtime-environ v3.0.0
[INFO] [stderr] error: failed to run custom build command for `wasm-embedded-rt-wasm3 v0.4.0`
[INFO] [stderr] note: To improve backtraces for build dependencies, set the CARGO_PROFILE_DEV_BUILD_OVERRIDE_DEBUG=true environment variable to enable debug information generation.
[INFO] [stderr] 
[INFO] [stderr] Caused by:
[INFO] [stderr]   process didn't exit successfully: `/opt/rustwide/target/debug/build/wasm-embedded-rt-wasm3-de3efb2d357e973f/build-script-build` (exit status: 101)
[INFO] [stderr]   --- stdout
[INFO] [stderr]   cargo:rerun-if-changed=src/
[INFO] [stderr]   cargo:rerun-if-changed=inc/
[INFO] [stderr]   cargo:rerun-if-changed=build.rs
[INFO] [stderr]   cargo:rerun-if-changed=CMakeLists.txt
[INFO] [stderr]   cargo:ROOT=/opt/rustwide/cargo-home/registry/src/index.crates.io-6f17d22bba15001f/wasm-embedded-rt-wasm3-0.4.0
[INFO] [stderr]   CMAKE_TOOLCHAIN_FILE_x86_64-unknown-linux-gnu = None
[INFO] [stderr]   CMAKE_TOOLCHAIN_FILE_x86_64_unknown_linux_gnu = None
[INFO] [stderr]   HOST_CMAKE_TOOLCHAIN_FILE = None
[INFO] [stderr]   CMAKE_TOOLCHAIN_FILE = None
[INFO] [stderr]   CMAKE_GENERATOR_x86_64-unknown-linux-gnu = None
[INFO] [stderr]   CMAKE_GENERATOR_x86_64_unknown_linux_gnu = None
[INFO] [stderr]   HOST_CMAKE_GENERATOR = None
[INFO] [stderr]   CMAKE_GENERATOR = None
[INFO] [stderr]   CMAKE_PREFIX_PATH_x86_64-unknown-linux-gnu = None
[INFO] [stderr]   CMAKE_PREFIX_PATH_x86_64_unknown_linux_gnu = None
[INFO] [stderr]   HOST_CMAKE_PREFIX_PATH = None
[INFO] [stderr]   CMAKE_PREFIX_PATH = None
[INFO] [stderr]   CMAKE_x86_64-unknown-linux-gnu = None
[INFO] [stderr]   CMAKE_x86_64_unknown_linux_gnu = None
[INFO] [stderr]   HOST_CMAKE = None
[INFO] [stderr]   CMAKE = None
[INFO] [stderr]   running: cd "/opt/rustwide/target/debug/build/wasm-embedded-rt-wasm3-62edaa6068229a06/out/build" && CMAKE_PREFIX_PATH="" "cmake" "/opt/rustwide/cargo-home/registry/src/index.crates.io-6f17d22bba15001f/wasm-embedded-rt-wasm3-0.4.0/./" "-DWASME_BUILD_WASM3=ON" "-DWASME_SPEC_DIR=/opt/rustwide/cargo-home/registry/src/index.crates.io-6f17d22bba15001f/wasm-embedded-spec-0.4.0" "-DCMAKE_INSTALL_PREFIX=/opt/rustwide/target/debug/build/wasm-embedded-rt-wasm3-62edaa6068229a06/out" "-DCMAKE_C_FLAGS= -ffunction-sections -fdata-sections -fPIC -m64" "-DCMAKE_C_COMPILER=/usr/bin/cc" "-DCMAKE_CXX_FLAGS= -ffunction-sections -fdata-sections -fPIC -m64" "-DCMAKE_CXX_COMPILER=/usr/bin/c++" "-DCMAKE_ASM_FLAGS= -ffunction-sections -fdata-sections -fPIC -m64" "-DCMAKE_ASM_COMPILER=/usr/bin/cc" "-DCMAKE_BUILD_TYPE=Debug"
[INFO] [stderr]   -- The C compiler identification is GNU 11.4.0
[INFO] [stderr]   -- The CXX compiler identification is GNU 11.4.0
[INFO] [stderr]   -- Detecting C compiler ABI info
[INFO] [stderr]   -- Detecting C compiler ABI info - done
[INFO] [stderr]   -- Check for working C compiler: /usr/bin/cc - skipped
[INFO] [stderr]   -- Detecting C compile features
[INFO] [stderr]   -- Detecting C compile features - done
[INFO] [stderr]   -- Detecting CXX compiler ABI info
[INFO] [stderr]   -- Detecting CXX compiler ABI info - done
[INFO] [stderr]   -- Check for working CXX compiler: /usr/bin/c++ - skipped
[INFO] [stderr]   -- Detecting CXX compile features
[INFO] [stderr]   -- Detecting CXX compile features - done
[INFO] [stderr]   -- Configuring done
[INFO] [stderr]   -- Generating done
[INFO] [stderr]   -- Build files have been written to: /opt/rustwide/target/debug/build/wasm-embedded-rt-wasm3-62edaa6068229a06/out/build
[INFO] [stderr]   running: cd "/opt/rustwide/target/debug/build/wasm-embedded-rt-wasm3-62edaa6068229a06/out/build" && MAKEFLAGS="-j --jobserver-fds=7,8 --jobserver-auth=7,8" "cmake" "--build" "." "--target" "install" "--config" "Debug" "--parallel" "16"
[INFO] [stderr]   [  6%] Creating directories for 'wasm3'
[INFO] [stderr]   [ 13%] Performing download step (git clone) for 'wasm3'
[INFO] [stderr]   -- Had to git clone more than once:
[INFO] [stderr]             3 times.
[INFO] [stderr] 
[INFO] [stderr]   --- stderr
[INFO] [stderr]   error: 'rustfmt' is not installed for the toolchain 'beta-2023-12-22-x86_64-unknown-linux-gnu'
[INFO] [stderr]   To install, run `rustup component add rustfmt --toolchain beta-2023-12-22-x86_64-unknown-linux-gnu`
[INFO] [stderr]   Failed to run rustfmt: Internal rustfmt error (non-fatal, continuing)
[INFO] [stderr]   WASI ENABLED
[INFO] [stderr]   WASM3 BUILD ENABLED
[INFO] [stderr]   Using embedded-wasm/spec from: /opt/rustwide/cargo-home/registry/src/index.crates.io-6f17d22bba15001f/wasm-embedded-spec-0.4.0
[INFO] [stderr]   CMake Warning:
[INFO] [stderr]     Manually-specified variables were not used by the project:
[INFO] [stderr] 
[INFO] [stderr]       CMAKE_ASM_COMPILER
[INFO] [stderr]       CMAKE_ASM_FLAGS
[INFO] [stderr] 
[INFO] [stderr] 
[INFO] [stderr]   gmake: warning: -j16 forced in submake: resetting jobserver mode.
[INFO] [stderr]   Cloning into 'wasm3'...
[INFO] [stderr]   fatal: unable to access 'https://github.com/ryankurte/wasm3.git/': Could not resolve host: github.com
[INFO] [stderr]   Cloning into 'wasm3'...
[INFO] [stderr]   fatal: unable to access 'https://github.com/ryankurte/wasm3.git/': Could not resolve host: github.com
[INFO] [stderr]   Cloning into 'wasm3'...
[INFO] [stderr]   fatal: unable to access 'https://github.com/ryankurte/wasm3.git/': Could not resolve host: github.com
[INFO] [stderr]   CMake Error at /opt/rustwide/target/debug/build/wasm-embedded-rt-wasm3-62edaa6068229a06/out/build/wasm3-prefix/tmp/wasm3-gitclone.cmake:31 (message):
[INFO] [stderr]     Failed to clone repository: 'https://github.com/ryankurte/wasm3.git'
[INFO] [stderr] 
[INFO] [stderr] 
[INFO] [stderr]   gmake[2]: *** [CMakeFiles/wasm3.dir/build.make:98: wasm3-prefix/src/wasm3-stamp/wasm3-download] Error 1
[INFO] [stderr]   gmake[1]: *** [CMakeFiles/Makefile2:85: CMakeFiles/wasm3.dir/all] Error 2
[INFO] [stderr]   gmake: *** [Makefile:136: all] Error 2
[INFO] [stderr]   thread 'main' panicked at /opt/rustwide/cargo-home/registry/src/index.crates.io-6f17d22bba15001f/cmake-0.1.46/src/lib.rs:974:5:
[INFO] [stderr] 
[INFO] [stderr]   command did not execute successfully, got: exit status: 2
[INFO] [stderr] 
[INFO] [stderr]   build script failed, must exit now
[INFO] [stderr]   stack backtrace:
[INFO] [stderr]      0:     0x56242ed06e46 - std::backtrace_rs::backtrace::libunwind::trace::h261606ad26a499c1
[INFO] [stderr]                                  at /rustc/0e09125c6c3c2fd70d7de961bcf0e51575235fad/library/std/src/../../backtrace/src/backtrace/libunwind.rs:104:5
[INFO] [stderr]      1:     0x56242ed06e46 - std::backtrace_rs::backtrace::trace_unsynchronized::hd183f0625477fb28
[INFO] [stderr]                                  at /rustc/0e09125c6c3c2fd70d7de961bcf0e51575235fad/library/std/src/../../backtrace/src/backtrace/mod.rs:66:5
[INFO] [stderr]      2:     0x56242ed06e46 - std::sys_common::backtrace::_print_fmt::hd7f8fef21b4eda67
[INFO] [stderr]                                  at /rustc/0e09125c6c3c2fd70d7de961bcf0e51575235fad/library/std/src/sys_common/backtrace.rs:68:5
[INFO] [stderr]      3:     0x56242ed06e46 - <std::sys_common::backtrace::_print::DisplayBacktrace as core::fmt::Display>::fmt::h623d9b51f2f453f1
[INFO] [stderr]                                  at /rustc/0e09125c6c3c2fd70d7de961bcf0e51575235fad/library/std/src/sys_common/backtrace.rs:44:22
[INFO] [stderr]      4:     0x56242ed31e40 - core::fmt::rt::Argument::fmt::h9f417ac76a86f368
[INFO] [stderr]                                  at /rustc/0e09125c6c3c2fd70d7de961bcf0e51575235fad/library/core/src/fmt/rt.rs:142:9
[INFO] [stderr]      5:     0x56242ed31e40 - core::fmt::write::hc9b6faf4ac2aeff7
[INFO] [stderr]                                  at /rustc/0e09125c6c3c2fd70d7de961bcf0e51575235fad/library/core/src/fmt/mod.rs:1120:17
[INFO] [stderr]      6:     0x56242ed0427f - std::io::Write::write_fmt::hfead1eee52c2e65e
[INFO] [stderr]                                  at /rustc/0e09125c6c3c2fd70d7de961bcf0e51575235fad/library/std/src/io/mod.rs:1810:15
[INFO] [stderr]      7:     0x56242ed06c24 - std::sys_common::backtrace::_print::hd5d66399c7df88a2
[INFO] [stderr]                                  at /rustc/0e09125c6c3c2fd70d7de961bcf0e51575235fad/library/std/src/sys_common/backtrace.rs:47:5
[INFO] [stderr]      8:     0x56242ed06c24 - std::sys_common::backtrace::print::he81ed2da642d37e5
[INFO] [stderr]                                  at /rustc/0e09125c6c3c2fd70d7de961bcf0e51575235fad/library/std/src/sys_common/backtrace.rs:34:9
[INFO] [stderr]      9:     0x56242ed08507 - std::panicking::default_hook::{{closure}}::h85773f4fa117163d
[INFO] [stderr]     10:     0x56242ed08269 - std::panicking::default_hook::h6a1694a91d09b278
[INFO] [stderr]                                  at /rustc/0e09125c6c3c2fd70d7de961bcf0e51575235fad/library/std/src/panicking.rs:292:9
[INFO] [stderr]     11:     0x56242ed08998 - std::panicking::rust_panic_with_hook::h0a7ad96e90f7145b
[INFO] [stderr]                                  at /rustc/0e09125c6c3c2fd70d7de961bcf0e51575235fad/library/std/src/panicking.rs:779:13
[INFO] [stderr]     12:     0x56242ed08872 - std::panicking::begin_panic_handler::{{closure}}::h7919090525c6485e
[INFO] [stderr]                                  at /rustc/0e09125c6c3c2fd70d7de961bcf0e51575235fad/library/std/src/panicking.rs:657:13
[INFO] [stderr]     13:     0x56242ed07346 - std::sys_common::backtrace::__rust_end_short_backtrace::hf3289479464f7dfe
[INFO] [stderr]                                  at /rustc/0e09125c6c3c2fd70d7de961bcf0e51575235fad/library/std/src/sys_common/backtrace.rs:171:18
[INFO] [stderr]     14:     0x56242ed085d0 - rust_begin_unwind
[INFO] [stderr]                                  at /rustc/0e09125c6c3c2fd70d7de961bcf0e51575235fad/library/std/src/panicking.rs:645:5
[INFO] [stderr]     15:     0x56242e7467c5 - core::panicking::panic_fmt::hcc9f77c5c132af55
[INFO] [stderr]                                  at /rustc/0e09125c6c3c2fd70d7de961bcf0e51575235fad/library/core/src/panicking.rs:72:14
[INFO] [stderr]     16:     0x56242ec9d9a1 - cmake::fail::hae6232d125500d91
[INFO] [stderr]     17:     0x56242ec9d0a7 - cmake::run::h178029872322c01d
[INFO] [stderr]     18:     0x56242ec9a235 - cmake::Config::build::ha42363bfa72d178d
[INFO] [stderr]     19:     0x56242e74badd - build_script_build::main::he1a3c39ab04bf1b7
[INFO] [stderr]     20:     0x56242e747b13 - core::ops::function::FnOnce::call_once::h528916cb044f7851
[INFO] [stderr]     21:     0x56242e747176 - std::sys_common::backtrace::__rust_begin_short_backtrace::h59a7fd43b577b547
[INFO] [stderr]     22:     0x56242e747809 - std::rt::lang_start::{{closure}}::hdb8f7e0a49f267da
[INFO] [stderr]     23:     0x56242ecff901 - core::ops::function::impls::<impl core::ops::function::FnOnce<A> for &F>::call_once::h4eb4c5e1620f29b0
[INFO] [stderr]                                  at /rustc/0e09125c6c3c2fd70d7de961bcf0e51575235fad/library/core/src/ops/function.rs:284:13
[INFO] [stderr]     24:     0x56242ecff901 - std::panicking::try::do_call::h73fd26535faffcdf
[INFO] [stderr]                                  at /rustc/0e09125c6c3c2fd70d7de961bcf0e51575235fad/library/std/src/panicking.rs:552:40
[INFO] [stderr]     25:     0x56242ecff901 - std::panicking::try::h77ff1d98f0fb9f39
[INFO] [stderr]                                  at /rustc/0e09125c6c3c2fd70d7de961bcf0e51575235fad/library/std/src/panicking.rs:516:19
[INFO] [stderr]     26:     0x56242ecff901 - std::panic::catch_unwind::hab3caf2448b95e37
[INFO] [stderr]                                  at /rustc/0e09125c6c3c2fd70d7de961bcf0e51575235fad/library/std/src/panic.rs:142:14
[INFO] [stderr]     27:     0x56242ecff901 - std::rt::lang_start_internal::{{closure}}::h8086711f9c783f78
[INFO] [stderr]                                  at /rustc/0e09125c6c3c2fd70d7de961bcf0e51575235fad/library/std/src/rt.rs:148:48
[INFO] [stderr]     28:     0x56242ecff901 - std::panicking::try::do_call::hf920d4dc291cd6ca
[INFO] [stderr]                                  at /rustc/0e09125c6c3c2fd70d7de961bcf0e51575235fad/library/std/src/panicking.rs:552:40
[INFO] [stderr]     29:     0x56242ecff901 - std::panicking::try::h2b806ccc0a85db74
[INFO] [stderr]                                  at /rustc/0e09125c6c3c2fd70d7de961bcf0e51575235fad/library/std/src/panicking.rs:516:19
[INFO] [stderr]     30:     0x56242ecff901 - std::panic::catch_unwind::h038489539c507df2
[INFO] [stderr]                                  at /rustc/0e09125c6c3c2fd70d7de961bcf0e51575235fad/library/std/src/panic.rs:142:14
[INFO] [stderr]     31:     0x56242ecff901 - std::rt::lang_start_internal::h28503b88912e8a5c
[INFO] [stderr]                                  at /rustc/0e09125c6c3c2fd70d7de961bcf0e51575235fad/library/std/src/rt.rs:148:20
[INFO] [stderr]     32:     0x56242e7477e7 - std::rt::lang_start::h7b74db2d1db32392
[INFO] [stderr]     33:     0x56242e74bd25 - main
[INFO] [stderr]     34:     0x7f79378c6d90 - <unknown>
[INFO] [stderr]     35:     0x7f79378c6e40 - __libc_start_main
[INFO] [stderr]     36:     0x56242e7470a5 - _start
[INFO] [stderr]     37:                0x0 - <unknown>
[INFO] [stderr] warning: build failed, waiting for other jobs to finish...
[INFO] running `Command { std: "docker" "inspect" "8c61a099965fef56a76540c5dc6c1570885937a76d7f39d805762e8f7510a85b", kill_on_drop: false }`
[INFO] running `Command { std: "docker" "rm" "-f" "8c61a099965fef56a76540c5dc6c1570885937a76d7f39d805762e8f7510a85b", kill_on_drop: false }`
[INFO] [stdout] 8c61a099965fef56a76540c5dc6c1570885937a76d7f39d805762e8f7510a85b
