[INFO] fetching crate wasm-bus-ws 1.1.0...
[INFO] documenting wasm-bus-ws-1.1.0 against 1.75.0 for beta-1.76-rustdoc-1
[INFO] extracting crate wasm-bus-ws 1.1.0 into /workspace/builds/worker-0-tc1/source
[INFO] validating manifest of crates.io crate wasm-bus-ws 1.1.0 on toolchain 1.75.0
[INFO] running `Command { std: CARGO_HOME="/workspace/cargo-home" RUSTUP_HOME="/workspace/rustup-home" "/workspace/cargo-home/bin/cargo" "+1.75.0" "metadata" "--manifest-path" "Cargo.toml" "--no-deps", kill_on_drop: false }`
[INFO] started tweaking crates.io crate wasm-bus-ws 1.1.0
[INFO] finished tweaking crates.io crate wasm-bus-ws 1.1.0
[INFO] tweaked toml for crates.io crate wasm-bus-ws 1.1.0 written to /workspace/builds/worker-0-tc1/source/Cargo.toml
[INFO] running `Command { std: CARGO_HOME="/workspace/cargo-home" RUSTUP_HOME="/workspace/rustup-home" "/workspace/cargo-home/bin/cargo" "+1.75.0" "generate-lockfile" "--manifest-path" "Cargo.toml", kill_on_drop: false }`
[INFO] [stderr]     Updating crates.io index
[INFO] running `Command { std: CARGO_HOME="/workspace/cargo-home" RUSTUP_HOME="/workspace/rustup-home" "/workspace/cargo-home/bin/cargo" "+1.75.0" "fetch" "--manifest-path" "Cargo.toml", kill_on_drop: false }`
[INFO] [stderr]  Downloading crates ...
[INFO] [stderr]   Downloaded cooked-waker v5.0.0
[INFO] [stderr]   Downloaded wasm-bus-macros v1.1.0
[INFO] [stderr]   Downloaded wasm-bus v1.1.0
[INFO] [stderr]   Downloaded wasm-bus-types v1.1.0
[INFO] running `Command { std: "docker" "create" "-v" "/var/lib/crater-agent-workspace/builds/worker-0-tc1/target:/opt/rustwide/target:rw,Z" "-v" "/var/lib/crater-agent-workspace/builds/worker-0-tc1/source:/opt/rustwide/workdir:ro,Z" "-v" "/var/lib/crater-agent-workspace/cargo-home:/opt/rustwide/cargo-home:ro,Z" "-v" "/var/lib/crater-agent-workspace/rustup-home:/opt/rustwide/rustup-home:ro,Z" "-e" "SOURCE_DIR=/opt/rustwide/workdir" "-e" "CARGO_TARGET_DIR=/opt/rustwide/target" "-e" "CARGO_HOME=/opt/rustwide/cargo-home" "-e" "RUSTUP_HOME=/opt/rustwide/rustup-home" "-w" "/opt/rustwide/workdir" "-m" "1610612736" "--user" "0:0" "--network" "none" "ghcr.io/rust-lang/crates-build-env/linux@sha256:2788e3201cd34a07e3172128adcd8b3090168a8e3bcc40d7c032b9dda1df7d1c" "/opt/rustwide/cargo-home/bin/cargo" "+1.75.0" "metadata" "--no-deps" "--format-version=1", kill_on_drop: false }`
[INFO] [stdout] 3d0e5776b7d7c9c35460f4560343f637a8df2de289f442b8dd809b51366c4ec8
[INFO] running `Command { std: "docker" "start" "-a" "3d0e5776b7d7c9c35460f4560343f637a8df2de289f442b8dd809b51366c4ec8", kill_on_drop: false }`
[INFO] running `Command { std: "docker" "inspect" "3d0e5776b7d7c9c35460f4560343f637a8df2de289f442b8dd809b51366c4ec8", kill_on_drop: false }`
[INFO] running `Command { std: "docker" "rm" "-f" "3d0e5776b7d7c9c35460f4560343f637a8df2de289f442b8dd809b51366c4ec8", kill_on_drop: false }`
[INFO] [stdout] 3d0e5776b7d7c9c35460f4560343f637a8df2de289f442b8dd809b51366c4ec8
[INFO] running `Command { std: "docker" "create" "-v" "/var/lib/crater-agent-workspace/builds/worker-0-tc1/target:/opt/rustwide/target:rw,Z" "-v" "/var/lib/crater-agent-workspace/builds/worker-0-tc1/source:/opt/rustwide/workdir:ro,Z" "-v" "/var/lib/crater-agent-workspace/cargo-home:/opt/rustwide/cargo-home:ro,Z" "-v" "/var/lib/crater-agent-workspace/rustup-home:/opt/rustwide/rustup-home:ro,Z" "-e" "SOURCE_DIR=/opt/rustwide/workdir" "-e" "CARGO_TARGET_DIR=/opt/rustwide/target" "-e" "CARGO_INCREMENTAL=0" "-e" "RUST_BACKTRACE=full" "-e" "RUSTFLAGS=--cap-lints=warn" "-e" "RUSTDOCFLAGS=--cap-lints=warn" "-e" "CARGO_HOME=/opt/rustwide/cargo-home" "-e" "RUSTUP_HOME=/opt/rustwide/rustup-home" "-w" "/opt/rustwide/workdir" "-m" "1610612736" "--user" "0:0" "--network" "none" "ghcr.io/rust-lang/crates-build-env/linux@sha256:2788e3201cd34a07e3172128adcd8b3090168a8e3bcc40d7c032b9dda1df7d1c" "/opt/rustwide/cargo-home/bin/cargo" "+1.75.0" "doc" "--frozen" "--no-deps" "--document-private-items" "--message-format=json", kill_on_drop: false }`
[INFO] [stdout] 7d0c87bb4d32f09aac0cdff31eee93d0a5f9c2832fa7e1a96f917da4a4862720
[INFO] running `Command { std: "docker" "start" "-a" "7d0c87bb4d32f09aac0cdff31eee93d0a5f9c2832fa7e1a96f917da4a4862720", kill_on_drop: false }`
[INFO] [stderr]    Compiling serde v1.0.195
[INFO] [stderr]    Compiling paste v1.0.14
[INFO] [stderr]    Compiling thiserror v1.0.56
[INFO] [stderr]    Compiling serde_json v1.0.111
[INFO] [stderr]    Compiling hashbrown v0.12.3
[INFO] [stderr]    Compiling num-traits v0.2.17
[INFO] [stderr]    Compiling indexmap v1.9.3
[INFO] [stderr]    Compiling syn v2.0.48
[INFO] [stderr]    Compiling ryu v1.0.16
[INFO] [stderr]    Compiling linked-hash-map v0.5.6
[INFO] [stderr]    Compiling syn v1.0.109
[INFO] [stderr]    Compiling yaml-rust v0.4.5
[INFO] [stderr]     Checking tinyvec_macros v0.1.1
[INFO] [stderr]    Compiling xml-rs v0.8.19
[INFO] [stderr]     Checking byteorder v1.5.0
[INFO] [stderr]    Compiling itoa v1.0.10
[INFO] [stderr]     Checking log v0.4.20
[INFO] [stderr]     Checking tinyvec v1.6.0
[INFO] [stderr]    Compiling rmp v0.8.12
[INFO] [stderr]     Checking pin-project-lite v0.2.13
[INFO] [stderr]     Checking once_cell v1.19.0
[INFO] [stderr]    Compiling convert_case v0.5.0
[INFO] [stderr]     Checking percent-encoding v2.3.1
[INFO] [stderr]    Compiling async-trait v0.1.77
[INFO] [stderr]     Checking unicode-bidi v0.3.14
[INFO] [stderr]     Checking tracing-core v0.1.32
[INFO] [stderr]     Checking unicode-normalization v0.1.22
[INFO] [stderr]     Checking form_urlencoded v1.2.1
[INFO] [stderr]     Checking base64 v0.13.1
[INFO] [stderr]     Checking cooked-waker v5.0.0
[INFO] [stderr]     Checking idna v0.5.0
[INFO] [stderr]     Checking url v2.5.0
[INFO] [stderr]    Compiling serde_derive v1.0.195
[INFO] [stderr]    Compiling thiserror-impl v1.0.56
[INFO] [stderr]    Compiling tokio-macros v2.2.0
[INFO] [stderr]    Compiling tracing-attributes v0.1.27
[INFO] [stderr]     Checking tokio v1.35.1
[INFO] [stderr]    Compiling derivative v2.2.0
[INFO] [stderr]     Checking tracing v0.1.40
[INFO] [stderr]     Checking serde-xml-rs v0.5.1
[INFO] [stderr]     Checking serde_yaml v0.8.26
[INFO] [stderr]     Checking bincode v1.3.3
[INFO] [stderr]     Checking rmp-serde v0.15.5
[INFO] [stderr]     Checking wasm-bus-types v1.1.0
[INFO] [stderr]    Compiling wasm-bus-macros v1.1.0
[INFO] [stderr]     Checking wasm-bus v1.1.0
[INFO] [stdout] error[E0659]: `CallError` is ambiguous
[INFO] [stdout]   --> /opt/rustwide/cargo-home/registry/src/index.crates.io-6f17d22bba15001f/wasm-bus-1.1.0/src/abi/data.rs:1:12
[INFO] [stdout]    |
[INFO] [stdout] 1  | use super::CallError;
[INFO] [stdout]    |            ^^^^^^^^^ ambiguous name
[INFO] [stdout]    |
[INFO] [stdout]    = note: ambiguous because of multiple glob imports of a name in the same module
[INFO] [stdout] note: `CallError` could refer to the enum imported here
[INFO] [stdout]   --> /opt/rustwide/cargo-home/registry/src/index.crates.io-6f17d22bba15001f/wasm-bus-1.1.0/src/abi/mod.rs:37:9
[INFO] [stdout]    |
[INFO] [stdout] 37 | pub use wasm_bus_types::*;
[INFO] [stdout]    |         ^^^^^^^^^^^^^^^^^
[INFO] [stdout]    = help: consider adding an explicit import of `CallError` to disambiguate
[INFO] [stdout] note: `CallError` could also refer to the enum imported here
[INFO] [stdout]   --> /opt/rustwide/cargo-home/registry/src/index.crates.io-6f17d22bba15001f/wasm-bus-1.1.0/src/abi/mod.rs:27:9
[INFO] [stdout]    |
[INFO] [stdout] 27 | pub use error::*;
[INFO] [stdout]    |         ^^^^^^^^
[INFO] [stdout]    = help: consider adding an explicit import of `CallError` to disambiguate
[INFO] [stdout] 
[INFO] [stdout] 
[INFO] [stdout] error[E0659]: `CallError` is ambiguous
[INFO] [stdout]   --> /opt/rustwide/cargo-home/registry/src/index.crates.io-6f17d22bba15001f/wasm-bus-1.1.0/src/abi/listen.rs:9:17
[INFO] [stdout]    |
[INFO] [stdout] 9  | use crate::abi::CallError;
[INFO] [stdout]    |                 ^^^^^^^^^ ambiguous name
[INFO] [stdout]    |
[INFO] [stdout]    = note: ambiguous because of multiple glob imports of a name in the same module
[INFO] [stdout] note: `CallError` could refer to the enum imported here
[INFO] [stdout]   --> /opt/rustwide/cargo-home/registry/src/index.crates.io-6f17d22bba15001f/wasm-bus-1.1.0/src/abi/mod.rs:37:9
[INFO] [stdout]    |
[INFO] [stdout] 37 | pub use wasm_bus_types::*;
[INFO] [stdout]    |         ^^^^^^^^^^^^^^^^^
[INFO] [stdout]    = help: consider adding an explicit import of `CallError` to disambiguate
[INFO] [stdout] note: `CallError` could also refer to the enum imported here
[INFO] [stdout]   --> /opt/rustwide/cargo-home/registry/src/index.crates.io-6f17d22bba15001f/wasm-bus-1.1.0/src/abi/mod.rs:27:9
[INFO] [stdout]    |
[INFO] [stdout] 27 | pub use error::*;
[INFO] [stdout]    |         ^^^^^^^^
[INFO] [stdout]    = help: consider adding an explicit import of `CallError` to disambiguate
[INFO] [stdout] 
[INFO] [stdout] 
[INFO] [stdout] error[E0659]: `CallError` is ambiguous
[INFO] [stdout]   --> /opt/rustwide/cargo-home/registry/src/index.crates.io-6f17d22bba15001f/wasm-bus-1.1.0/src/abi/respond_to.rs:11:17
[INFO] [stdout]    |
[INFO] [stdout] 11 | use crate::abi::CallError;
[INFO] [stdout]    |                 ^^^^^^^^^ ambiguous name
[INFO] [stdout]    |
[INFO] [stdout]    = note: ambiguous because of multiple glob imports of a name in the same module
[INFO] [stdout] note: `CallError` could refer to the enum imported here
[INFO] [stdout]   --> /opt/rustwide/cargo-home/registry/src/index.crates.io-6f17d22bba15001f/wasm-bus-1.1.0/src/abi/mod.rs:37:9
[INFO] [stdout]    |
[INFO] [stdout] 37 | pub use wasm_bus_types::*;
[INFO] [stdout]    |         ^^^^^^^^^^^^^^^^^
[INFO] [stdout]    = help: consider adding an explicit import of `CallError` to disambiguate
[INFO] [stdout] note: `CallError` could also refer to the enum imported here
[INFO] [stdout]   --> /opt/rustwide/cargo-home/registry/src/index.crates.io-6f17d22bba15001f/wasm-bus-1.1.0/src/abi/mod.rs:27:9
[INFO] [stdout]    |
[INFO] [stdout] 27 | pub use error::*;
[INFO] [stdout]    |         ^^^^^^^^
[INFO] [stdout]    = help: consider adding an explicit import of `CallError` to disambiguate
[INFO] [stdout] 
[INFO] [stdout] 
[INFO] [stdout] error[E0659]: `CallError` is ambiguous
[INFO] [stdout]   --> /opt/rustwide/cargo-home/registry/src/index.crates.io-6f17d22bba15001f/wasm-bus-1.1.0/src/prelude.rs:13:21
[INFO] [stdout]    |
[INFO] [stdout] 13 | pub use crate::abi::CallError;
[INFO] [stdout]    |                     ^^^^^^^^^ ambiguous name
[INFO] [stdout]    |
[INFO] [stdout]    = note: ambiguous because of multiple glob imports of a name in the same module
[INFO] [stdout] note: `CallError` could refer to the enum imported here
[INFO] [stdout]   --> /opt/rustwide/cargo-home/registry/src/index.crates.io-6f17d22bba15001f/wasm-bus-1.1.0/src/abi/mod.rs:37:9
[INFO] [stdout]    |
[INFO] [stdout] 37 | pub use wasm_bus_types::*;
[INFO] [stdout]    |         ^^^^^^^^^^^^^^^^^
[INFO] [stdout]    = help: consider adding an explicit import of `CallError` to disambiguate
[INFO] [stdout] note: `CallError` could also refer to the enum imported here
[INFO] [stdout]   --> /opt/rustwide/cargo-home/registry/src/index.crates.io-6f17d22bba15001f/wasm-bus-1.1.0/src/abi/mod.rs:27:9
[INFO] [stdout]    |
[INFO] [stdout] 27 | pub use error::*;
[INFO] [stdout]    |         ^^^^^^^^
[INFO] [stdout]    = help: consider adding an explicit import of `CallError` to disambiguate
[INFO] [stdout] 
[INFO] [stdout] 
[INFO] [stdout] error[E0659]: `CallError` is ambiguous
[INFO] [stdout]   --> /opt/rustwide/cargo-home/registry/src/index.crates.io-6f17d22bba15001f/wasm-bus-1.1.0/src/task/helper.rs:8:17
[INFO] [stdout]    |
[INFO] [stdout] 8  | use crate::abi::CallError;
[INFO] [stdout]    |                 ^^^^^^^^^ ambiguous name
[INFO] [stdout]    |
[INFO] [stdout]    = note: ambiguous because of multiple glob imports of a name in the same module
[INFO] [stdout] note: `CallError` could refer to the enum imported here
[INFO] [stdout]   --> /opt/rustwide/cargo-home/registry/src/index.crates.io-6f17d22bba15001f/wasm-bus-1.1.0/src/abi/mod.rs:37:9
[INFO] [stdout]    |
[INFO] [stdout] 37 | pub use wasm_bus_types::*;
[INFO] [stdout]    |         ^^^^^^^^^^^^^^^^^
[INFO] [stdout]    = help: consider adding an explicit import of `CallError` to disambiguate
[INFO] [stdout] note: `CallError` could also refer to the enum imported here
[INFO] [stdout]   --> /opt/rustwide/cargo-home/registry/src/index.crates.io-6f17d22bba15001f/wasm-bus-1.1.0/src/abi/mod.rs:27:9
[INFO] [stdout]    |
[INFO] [stdout] 27 | pub use error::*;
[INFO] [stdout]    |         ^^^^^^^^
[INFO] [stdout]    = help: consider adding an explicit import of `CallError` to disambiguate
[INFO] [stdout] 
[INFO] [stdout] 
[INFO] [stdout] error[E0659]: `CallError` is ambiguous
[INFO] [stdout]   --> /opt/rustwide/cargo-home/registry/src/index.crates.io-6f17d22bba15001f/wasm-bus-1.1.0/src/abi/mod.rs:67:38
[INFO] [stdout]    |
[INFO] [stdout] 67 |             Err(_err) => Data::Error(CallError::SerializationFailed),
[INFO] [stdout]    |                                      ^^^^^^^^^ ambiguous name
[INFO] [stdout]    |
[INFO] [stdout]    = note: ambiguous because of multiple glob imports of a name in the same module
[INFO] [stdout] note: `CallError` could refer to the enum imported here
[INFO] [stdout]   --> /opt/rustwide/cargo-home/registry/src/index.crates.io-6f17d22bba15001f/wasm-bus-1.1.0/src/abi/mod.rs:37:9
[INFO] [stdout]    |
[INFO] [stdout] 37 | pub use wasm_bus_types::*;
[INFO] [stdout]    |         ^^^^^^^^^^^^^^^^^
[INFO] [stdout]    = help: consider adding an explicit import of `CallError` to disambiguate
[INFO] [stdout] note: `CallError` could also refer to the enum imported here
[INFO] [stdout]   --> /opt/rustwide/cargo-home/registry/src/index.crates.io-6f17d22bba15001f/wasm-bus-1.1.0/src/abi/mod.rs:27:9
[INFO] [stdout]    |
[INFO] [stdout] 27 | pub use error::*;
[INFO] [stdout]    |         ^^^^^^^^
[INFO] [stdout]    = help: consider adding an explicit import of `CallError` to disambiguate
[INFO] [stdout] 
[INFO] [stdout] 
[INFO] [stdout] error[E0659]: `CallError` is ambiguous
[INFO] [stdout]   --> /opt/rustwide/cargo-home/registry/src/index.crates.io-6f17d22bba15001f/wasm-bus-1.1.0/src/abi/mod.rs:71:38
[INFO] [stdout]    |
[INFO] [stdout] 71 |             Err(_err) => Data::Error(CallError::SerializationFailed),
[INFO] [stdout]    |                                      ^^^^^^^^^ ambiguous name
[INFO] [stdout]    |
[INFO] [stdout]    = note: ambiguous because of multiple glob imports of a name in the same module
[INFO] [stdout] note: `CallError` could refer to the enum imported here
[INFO] [stdout]   --> /opt/rustwide/cargo-home/registry/src/index.crates.io-6f17d22bba15001f/wasm-bus-1.1.0/src/abi/mod.rs:37:9
[INFO] [stdout]    |
[INFO] [stdout] 37 | pub use wasm_bus_types::*;
[INFO] [stdout]    |         ^^^^^^^^^^^^^^^^^
[INFO] [stdout]    = help: consider adding an explicit import of `CallError` to disambiguate
[INFO] [stdout] note: `CallError` could also refer to the enum imported here
[INFO] [stdout]   --> /opt/rustwide/cargo-home/registry/src/index.crates.io-6f17d22bba15001f/wasm-bus-1.1.0/src/abi/mod.rs:27:9
[INFO] [stdout]    |
[INFO] [stdout] 27 | pub use error::*;
[INFO] [stdout]    |         ^^^^^^^^
[INFO] [stdout]    = help: consider adding an explicit import of `CallError` to disambiguate
[INFO] [stdout] 
[INFO] [stdout] 
[INFO] [stdout] error[E0659]: `CallError` is ambiguous
[INFO] [stdout]    --> /opt/rustwide/cargo-home/registry/src/index.crates.io-6f17d22bba15001f/wasm-bus-1.1.0/src/abi/mod.rs:108:34
[INFO] [stdout]     |
[INFO] [stdout] 108 |     F: FnMut(REQ) -> Result<RES, CallError>,
[INFO] [stdout]     |                                  ^^^^^^^^^ ambiguous name
[INFO] [stdout]     |
[INFO] [stdout]     = note: ambiguous because of multiple glob imports of a name in the same module
[INFO] [stdout] note: `CallError` could refer to the enum imported here
[INFO] [stdout]    --> /opt/rustwide/cargo-home/registry/src/index.crates.io-6f17d22bba15001f/wasm-bus-1.1.0/src/abi/mod.rs:37:9
[INFO] [stdout]     |
[INFO] [stdout] 37  | pub use wasm_bus_types::*;
[INFO] [stdout]     |         ^^^^^^^^^^^^^^^^^
[INFO] [stdout]     = help: consider adding an explicit import of `CallError` to disambiguate
[INFO] [stdout] note: `CallError` could also refer to the enum imported here
[INFO] [stdout]    --> /opt/rustwide/cargo-home/registry/src/index.crates.io-6f17d22bba15001f/wasm-bus-1.1.0/src/abi/mod.rs:27:9
[INFO] [stdout]     |
[INFO] [stdout] 27  | pub use error::*;
[INFO] [stdout]     |         ^^^^^^^^
[INFO] [stdout]     = help: consider adding an explicit import of `CallError` to disambiguate
[INFO] [stdout] 
[INFO] [stdout] 
[INFO] [stdout] error[E0277]: the trait bound `u32: From<wasm_bus_types::CallError>` is not satisfied
[INFO] [stdout]   --> /opt/rustwide/cargo-home/registry/src/index.crates.io-6f17d22bba15001f/wasm-bus-1.1.0/src/abi/listen.rs:57:36
[INFO] [stdout]    |
[INFO] [stdout] 57 |                 let err: u32 = err.into();
[INFO] [stdout]    |                                    ^^^^ the trait `From<wasm_bus_types::CallError>` is not implemented for `u32`
[INFO] [stdout]    |
[INFO] [stdout]    = help: the following other types implement trait `From<T>`:
[INFO] [stdout]              <u32 as From<bool>>
[INFO] [stdout]              <u32 as From<char>>
[INFO] [stdout]              <u32 as From<u8>>
[INFO] [stdout]              <u32 as From<u16>>
[INFO] [stdout]              <u32 as From<NonZeroU32>>
[INFO] [stdout]              <u32 as From<Ipv4Addr>>
[INFO] [stdout]    = note: required for `wasm_bus_types::CallError` to implement `Into<u32>`
[INFO] [stdout] 
[INFO] [stdout] 
[INFO] [stdout] error[E0277]: the trait bound `u32: From<wasm_bus_types::CallError>` is not satisfied
[INFO] [stdout]   --> /opt/rustwide/cargo-home/registry/src/index.crates.io-6f17d22bba15001f/wasm-bus-1.1.0/src/abi/respond_to.rs:66:57
[INFO] [stdout]    |
[INFO] [stdout] 66 |                 let err: u32 = CallError::InvalidHandle.into();
[INFO] [stdout]    |                                                         ^^^^ the trait `From<wasm_bus_types::CallError>` is not implemented for `u32`
[INFO] [stdout]    |
[INFO] [stdout]    = help: the following other types implement trait `From<T>`:
[INFO] [stdout]              <u32 as From<bool>>
[INFO] [stdout]              <u32 as From<char>>
[INFO] [stdout]              <u32 as From<u8>>
[INFO] [stdout]              <u32 as From<u16>>
[INFO] [stdout]              <u32 as From<NonZeroU32>>
[INFO] [stdout]              <u32 as From<Ipv4Addr>>
[INFO] [stdout]    = note: required for `wasm_bus_types::CallError` to implement `Into<u32>`
[INFO] [stdout] 
[INFO] [stdout] 
[INFO] [stdout] error[E0277]: the trait bound `u32: From<wasm_bus_types::CallError>` is not satisfied
[INFO] [stdout]   --> /opt/rustwide/cargo-home/registry/src/index.crates.io-6f17d22bba15001f/wasm-bus-1.1.0/src/abi/respond_to.rs:79:36
[INFO] [stdout]    |
[INFO] [stdout] 79 |                 let err: u32 = err.into();
[INFO] [stdout]    |                                    ^^^^ the trait `From<wasm_bus_types::CallError>` is not implemented for `u32`
[INFO] [stdout]    |
[INFO] [stdout]    = help: the following other types implement trait `From<T>`:
[INFO] [stdout]              <u32 as From<bool>>
[INFO] [stdout]              <u32 as From<char>>
[INFO] [stdout]              <u32 as From<u8>>
[INFO] [stdout]              <u32 as From<u16>>
[INFO] [stdout]              <u32 as From<NonZeroU32>>
[INFO] [stdout]              <u32 as From<Ipv4Addr>>
[INFO] [stdout]    = note: required for `wasm_bus_types::CallError` to implement `Into<u32>`
[INFO] [stdout] 
[INFO] [stdout] 
[INFO] [stdout] error[E0277]: the trait bound `wasm_bus_types::CallError: From<u32>` is not satisfied
[INFO] [stdout]    --> /opt/rustwide/cargo-home/registry/src/index.crates.io-6f17d22bba15001f/wasm-bus-1.1.0/src/abi/syscall.rs:106:62
[INFO] [stdout]     |
[INFO] [stdout] 106 |         crate::engine::BusEngine::error(handle.into(), error.into());
[INFO] [stdout]     |                                                              ^^^^ the trait `From<u32>` is not implemented for `wasm_bus_types::CallError`
[INFO] [stdout]     |
[INFO] [stdout]     = note: required for `u32` to implement `Into<wasm_bus_types::CallError>`
[INFO] [stdout] 
[INFO] [stdout] 
[INFO] [stdout] error: aborting due to 12 previous errors
[INFO] [stdout] 
[INFO] [stdout] 
[INFO] [stdout] Some errors have detailed explanations: E0277, E0659.
[INFO] [stdout] 
[INFO] [stdout] For more information about an error, try `rustc --explain E0277`.
[INFO] [stdout] 
[INFO] [stderr] error: could not compile `wasm-bus` (lib) due to 13 previous errors
[INFO] running `Command { std: "docker" "inspect" "7d0c87bb4d32f09aac0cdff31eee93d0a5f9c2832fa7e1a96f917da4a4862720", kill_on_drop: false }`
[INFO] running `Command { std: "docker" "rm" "-f" "7d0c87bb4d32f09aac0cdff31eee93d0a5f9c2832fa7e1a96f917da4a4862720", kill_on_drop: false }`
[INFO] [stdout] 7d0c87bb4d32f09aac0cdff31eee93d0a5f9c2832fa7e1a96f917da4a4862720
[INFO] documenting wasm-bus-ws-1.1.0 against beta-2023-12-22 for beta-1.76-rustdoc-1
[INFO] extracting crate wasm-bus-ws 1.1.0 into /workspace/builds/worker-0-tc2/source
[INFO] validating manifest of crates.io crate wasm-bus-ws 1.1.0 on toolchain beta-2023-12-22
[INFO] running `Command { std: CARGO_HOME="/workspace/cargo-home" RUSTUP_HOME="/workspace/rustup-home" "/workspace/cargo-home/bin/cargo" "+beta-2023-12-22" "metadata" "--manifest-path" "Cargo.toml" "--no-deps", kill_on_drop: false }`
[INFO] started tweaking crates.io crate wasm-bus-ws 1.1.0
[INFO] finished tweaking crates.io crate wasm-bus-ws 1.1.0
[INFO] tweaked toml for crates.io crate wasm-bus-ws 1.1.0 written to /workspace/builds/worker-0-tc2/source/Cargo.toml
[INFO] running `Command { std: CARGO_HOME="/workspace/cargo-home" RUSTUP_HOME="/workspace/rustup-home" "/workspace/cargo-home/bin/cargo" "+beta-2023-12-22" "generate-lockfile" "--manifest-path" "Cargo.toml", kill_on_drop: false }`
[INFO] [stderr]     Updating crates.io index
[INFO] running `Command { std: CARGO_HOME="/workspace/cargo-home" RUSTUP_HOME="/workspace/rustup-home" "/workspace/cargo-home/bin/cargo" "+beta-2023-12-22" "fetch" "--manifest-path" "Cargo.toml", kill_on_drop: false }`
[INFO] running `Command { std: "docker" "create" "-v" "/var/lib/crater-agent-workspace/builds/worker-0-tc2/target:/opt/rustwide/target:rw,Z" "-v" "/var/lib/crater-agent-workspace/builds/worker-0-tc2/source:/opt/rustwide/workdir:ro,Z" "-v" "/var/lib/crater-agent-workspace/cargo-home:/opt/rustwide/cargo-home:ro,Z" "-v" "/var/lib/crater-agent-workspace/rustup-home:/opt/rustwide/rustup-home:ro,Z" "-e" "SOURCE_DIR=/opt/rustwide/workdir" "-e" "CARGO_TARGET_DIR=/opt/rustwide/target" "-e" "CARGO_HOME=/opt/rustwide/cargo-home" "-e" "RUSTUP_HOME=/opt/rustwide/rustup-home" "-w" "/opt/rustwide/workdir" "-m" "1610612736" "--user" "0:0" "--network" "none" "ghcr.io/rust-lang/crates-build-env/linux@sha256:2788e3201cd34a07e3172128adcd8b3090168a8e3bcc40d7c032b9dda1df7d1c" "/opt/rustwide/cargo-home/bin/cargo" "+beta-2023-12-22" "metadata" "--no-deps" "--format-version=1", kill_on_drop: false }`
[INFO] [stdout] 361fd9e1ebbfef6964c0149308a6ea6b2e58a58319112698d07272464ef0abfa
[INFO] running `Command { std: "docker" "start" "-a" "361fd9e1ebbfef6964c0149308a6ea6b2e58a58319112698d07272464ef0abfa", kill_on_drop: false }`
[INFO] running `Command { std: "docker" "inspect" "361fd9e1ebbfef6964c0149308a6ea6b2e58a58319112698d07272464ef0abfa", kill_on_drop: false }`
[INFO] running `Command { std: "docker" "rm" "-f" "361fd9e1ebbfef6964c0149308a6ea6b2e58a58319112698d07272464ef0abfa", kill_on_drop: false }`
[INFO] [stdout] 361fd9e1ebbfef6964c0149308a6ea6b2e58a58319112698d07272464ef0abfa
[INFO] running `Command { std: "docker" "create" "-v" "/var/lib/crater-agent-workspace/builds/worker-0-tc2/target:/opt/rustwide/target:rw,Z" "-v" "/var/lib/crater-agent-workspace/builds/worker-0-tc2/source:/opt/rustwide/workdir:ro,Z" "-v" "/var/lib/crater-agent-workspace/cargo-home:/opt/rustwide/cargo-home:ro,Z" "-v" "/var/lib/crater-agent-workspace/rustup-home:/opt/rustwide/rustup-home:ro,Z" "-e" "SOURCE_DIR=/opt/rustwide/workdir" "-e" "CARGO_TARGET_DIR=/opt/rustwide/target" "-e" "CARGO_INCREMENTAL=0" "-e" "RUST_BACKTRACE=full" "-e" "RUSTFLAGS=--cap-lints=warn" "-e" "RUSTDOCFLAGS=--cap-lints=warn" "-e" "CARGO_HOME=/opt/rustwide/cargo-home" "-e" "RUSTUP_HOME=/opt/rustwide/rustup-home" "-w" "/opt/rustwide/workdir" "-m" "1610612736" "--user" "0:0" "--network" "none" "ghcr.io/rust-lang/crates-build-env/linux@sha256:2788e3201cd34a07e3172128adcd8b3090168a8e3bcc40d7c032b9dda1df7d1c" "/opt/rustwide/cargo-home/bin/cargo" "+beta-2023-12-22" "doc" "--frozen" "--no-deps" "--document-private-items" "--message-format=json", kill_on_drop: false }`
[INFO] [stdout] 1f6961899e9155ddc4b64be3d73e2f67b08efc66d397e71e5ec5842a48da1263
[INFO] running `Command { std: "docker" "start" "-a" "1f6961899e9155ddc4b64be3d73e2f67b08efc66d397e71e5ec5842a48da1263", kill_on_drop: false }`
[INFO] [stderr]    Compiling serde v1.0.195
[INFO] [stderr]    Compiling paste v1.0.14
[INFO] [stderr]    Compiling thiserror v1.0.56
[INFO] [stderr]    Compiling serde_json v1.0.111
[INFO] [stderr]    Compiling syn v1.0.109
[INFO] [stderr]    Compiling num-traits v0.2.17
[INFO] [stderr]    Compiling indexmap v1.9.3
[INFO] [stderr]    Compiling syn v2.0.48
[INFO] [stderr]    Compiling linked-hash-map v0.5.6
[INFO] [stderr]    Compiling ryu v1.0.16
[INFO] [stderr]    Compiling hashbrown v0.12.3
[INFO] [stderr]    Compiling log v0.4.20
[INFO] [stderr]    Compiling yaml-rust v0.4.5
[INFO] [stderr]     Checking tinyvec_macros v0.1.1
[INFO] [stderr]    Compiling itoa v1.0.10
[INFO] [stderr]    Compiling xml-rs v0.8.19
[INFO] [stderr]     Checking byteorder v1.5.0
[INFO] [stderr]     Checking tinyvec v1.6.0
[INFO] [stderr]     Checking once_cell v1.19.0
[INFO] [stderr]     Checking rmp v0.8.12
[INFO] [stderr]     Checking pin-project-lite v0.2.13
[INFO] [stderr]     Checking tracing-core v0.1.32
[INFO] [stderr]    Compiling async-trait v0.1.77
[INFO] [stderr]     Checking percent-encoding v2.3.1
[INFO] [stderr]     Checking unicode-bidi v0.3.14
[INFO] [stderr]    Compiling convert_case v0.5.0
[INFO] [stderr]     Checking form_urlencoded v1.2.1
[INFO] [stderr]     Checking cooked-waker v5.0.0
[INFO] [stderr]     Checking base64 v0.13.1
[INFO] [stderr]     Checking unicode-normalization v0.1.22
[INFO] [stderr]     Checking idna v0.5.0
[INFO] [stderr]     Checking url v2.5.0
[INFO] [stderr]    Compiling serde_derive v1.0.195
[INFO] [stderr]    Compiling thiserror-impl v1.0.56
[INFO] [stderr]    Compiling tokio-macros v2.2.0
[INFO] [stderr]    Compiling tracing-attributes v0.1.27
[INFO] [stderr]     Checking tokio v1.35.1
[INFO] [stderr]     Checking tracing v0.1.40
[INFO] [stderr]    Compiling derivative v2.2.0
[INFO] [stderr]     Checking bincode v1.3.3
[INFO] [stderr]     Checking rmp-serde v0.15.5
[INFO] [stderr]     Checking serde_yaml v0.8.26
[INFO] [stderr]     Checking serde-xml-rs v0.5.1
[INFO] [stderr]     Checking wasm-bus-types v1.1.0
[INFO] [stderr]    Compiling wasm-bus-macros v1.1.0
[INFO] [stderr]     Checking wasm-bus v1.1.0
[INFO] [stdout] error[E0659]: `CallError` is ambiguous
[INFO] [stdout]   --> /opt/rustwide/cargo-home/registry/src/index.crates.io-6f17d22bba15001f/wasm-bus-1.1.0/src/abi/data.rs:1:12
[INFO] [stdout]    |
[INFO] [stdout] 1  | use super::CallError;
[INFO] [stdout]    |            ^^^^^^^^^ ambiguous name
[INFO] [stdout]    |
[INFO] [stdout]    = note: ambiguous because of multiple glob imports of a name in the same module
[INFO] [stdout] note: `CallError` could refer to the enum imported here
[INFO] [stdout]   --> /opt/rustwide/cargo-home/registry/src/index.crates.io-6f17d22bba15001f/wasm-bus-1.1.0/src/abi/mod.rs:37:9
[INFO] [stdout]    |
[INFO] [stdout] 37 | pub use wasm_bus_types::*;
[INFO] [stdout]    |         ^^^^^^^^^^^^^^^^^
[INFO] [stdout]    = help: consider adding an explicit import of `CallError` to disambiguate
[INFO] [stdout] note: `CallError` could also refer to the enum imported here
[INFO] [stdout]   --> /opt/rustwide/cargo-home/registry/src/index.crates.io-6f17d22bba15001f/wasm-bus-1.1.0/src/abi/mod.rs:27:9
[INFO] [stdout]    |
[INFO] [stdout] 27 | pub use error::*;
[INFO] [stdout]    |         ^^^^^^^^
[INFO] [stdout]    = help: consider adding an explicit import of `CallError` to disambiguate
[INFO] [stdout] 
[INFO] [stdout] 
[INFO] [stdout] error[E0659]: `CallError` is ambiguous
[INFO] [stdout]   --> /opt/rustwide/cargo-home/registry/src/index.crates.io-6f17d22bba15001f/wasm-bus-1.1.0/src/abi/listen.rs:9:17
[INFO] [stdout]    |
[INFO] [stdout] 9  | use crate::abi::CallError;
[INFO] [stdout]    |                 ^^^^^^^^^ ambiguous name
[INFO] [stdout]    |
[INFO] [stdout]    = note: ambiguous because of multiple glob imports of a name in the same module
[INFO] [stdout] note: `CallError` could refer to the enum imported here
[INFO] [stdout]   --> /opt/rustwide/cargo-home/registry/src/index.crates.io-6f17d22bba15001f/wasm-bus-1.1.0/src/abi/mod.rs:37:9
[INFO] [stdout]    |
[INFO] [stdout] 37 | pub use wasm_bus_types::*;
[INFO] [stdout]    |         ^^^^^^^^^^^^^^^^^
[INFO] [stdout]    = help: consider adding an explicit import of `CallError` to disambiguate
[INFO] [stdout] note: `CallError` could also refer to the enum imported here
[INFO] [stdout]   --> /opt/rustwide/cargo-home/registry/src/index.crates.io-6f17d22bba15001f/wasm-bus-1.1.0/src/abi/mod.rs:27:9
[INFO] [stdout]    |
[INFO] [stdout] 27 | pub use error::*;
[INFO] [stdout]    |         ^^^^^^^^
[INFO] [stdout]    = help: consider adding an explicit import of `CallError` to disambiguate
[INFO] [stdout] 
[INFO] [stdout] 
[INFO] [stdout] error[E0659]: `CallError` is ambiguous
[INFO] [stdout]   --> /opt/rustwide/cargo-home/registry/src/index.crates.io-6f17d22bba15001f/wasm-bus-1.1.0/src/abi/respond_to.rs:11:17
[INFO] [stdout]    |
[INFO] [stdout] 11 | use crate::abi::CallError;
[INFO] [stdout]    |                 ^^^^^^^^^ ambiguous name
[INFO] [stdout]    |
[INFO] [stdout]    = note: ambiguous because of multiple glob imports of a name in the same module
[INFO] [stdout] note: `CallError` could refer to the enum imported here
[INFO] [stdout]   --> /opt/rustwide/cargo-home/registry/src/index.crates.io-6f17d22bba15001f/wasm-bus-1.1.0/src/abi/mod.rs:37:9
[INFO] [stdout]    |
[INFO] [stdout] 37 | pub use wasm_bus_types::*;
[INFO] [stdout]    |         ^^^^^^^^^^^^^^^^^
[INFO] [stdout]    = help: consider adding an explicit import of `CallError` to disambiguate
[INFO] [stdout] note: `CallError` could also refer to the enum imported here
[INFO] [stdout]   --> /opt/rustwide/cargo-home/registry/src/index.crates.io-6f17d22bba15001f/wasm-bus-1.1.0/src/abi/mod.rs:27:9
[INFO] [stdout]    |
[INFO] [stdout] 27 | pub use error::*;
[INFO] [stdout]    |         ^^^^^^^^
[INFO] [stdout]    = help: consider adding an explicit import of `CallError` to disambiguate
[INFO] [stdout] 
[INFO] [stdout] 
[INFO] [stdout] error[E0659]: `CallError` is ambiguous
[INFO] [stdout]   --> /opt/rustwide/cargo-home/registry/src/index.crates.io-6f17d22bba15001f/wasm-bus-1.1.0/src/prelude.rs:13:21
[INFO] [stdout]    |
[INFO] [stdout] 13 | pub use crate::abi::CallError;
[INFO] [stdout]    |                     ^^^^^^^^^ ambiguous name
[INFO] [stdout]    |
[INFO] [stdout]    = note: ambiguous because of multiple glob imports of a name in the same module
[INFO] [stdout] note: `CallError` could refer to the enum imported here
[INFO] [stdout]   --> /opt/rustwide/cargo-home/registry/src/index.crates.io-6f17d22bba15001f/wasm-bus-1.1.0/src/abi/mod.rs:37:9
[INFO] [stdout]    |
[INFO] [stdout] 37 | pub use wasm_bus_types::*;
[INFO] [stdout]    |         ^^^^^^^^^^^^^^^^^
[INFO] [stdout]    = help: consider adding an explicit import of `CallError` to disambiguate
[INFO] [stdout] note: `CallError` could also refer to the enum imported here
[INFO] [stdout]   --> /opt/rustwide/cargo-home/registry/src/index.crates.io-6f17d22bba15001f/wasm-bus-1.1.0/src/abi/mod.rs:27:9
[INFO] [stdout]    |
[INFO] [stdout] 27 | pub use error::*;
[INFO] [stdout]    |         ^^^^^^^^
[INFO] [stdout]    = help: consider adding an explicit import of `CallError` to disambiguate
[INFO] [stdout] 
[INFO] [stdout] 
[INFO] [stdout] error[E0659]: `CallError` is ambiguous
[INFO] [stdout]   --> /opt/rustwide/cargo-home/registry/src/index.crates.io-6f17d22bba15001f/wasm-bus-1.1.0/src/task/helper.rs:8:17
[INFO] [stdout]    |
[INFO] [stdout] 8  | use crate::abi::CallError;
[INFO] [stdout]    |                 ^^^^^^^^^ ambiguous name
[INFO] [stdout]    |
[INFO] [stdout]    = note: ambiguous because of multiple glob imports of a name in the same module
[INFO] [stdout] note: `CallError` could refer to the enum imported here
[INFO] [stdout]   --> /opt/rustwide/cargo-home/registry/src/index.crates.io-6f17d22bba15001f/wasm-bus-1.1.0/src/abi/mod.rs:37:9
[INFO] [stdout]    |
[INFO] [stdout] 37 | pub use wasm_bus_types::*;
[INFO] [stdout]    |         ^^^^^^^^^^^^^^^^^
[INFO] [stdout]    = help: consider adding an explicit import of `CallError` to disambiguate
[INFO] [stdout] note: `CallError` could also refer to the enum imported here
[INFO] [stdout]   --> /opt/rustwide/cargo-home/registry/src/index.crates.io-6f17d22bba15001f/wasm-bus-1.1.0/src/abi/mod.rs:27:9
[INFO] [stdout]    |
[INFO] [stdout] 27 | pub use error::*;
[INFO] [stdout]    |         ^^^^^^^^
[INFO] [stdout]    = help: consider adding an explicit import of `CallError` to disambiguate
[INFO] [stdout] 
[INFO] [stdout] 
[INFO] [stdout] error[E0659]: `CallError` is ambiguous
[INFO] [stdout]   --> /opt/rustwide/cargo-home/registry/src/index.crates.io-6f17d22bba15001f/wasm-bus-1.1.0/src/abi/mod.rs:67:38
[INFO] [stdout]    |
[INFO] [stdout] 67 |             Err(_err) => Data::Error(CallError::SerializationFailed),
[INFO] [stdout]    |                                      ^^^^^^^^^ ambiguous name
[INFO] [stdout]    |
[INFO] [stdout]    = note: ambiguous because of multiple glob imports of a name in the same module
[INFO] [stdout] note: `CallError` could refer to the enum imported here
[INFO] [stdout]   --> /opt/rustwide/cargo-home/registry/src/index.crates.io-6f17d22bba15001f/wasm-bus-1.1.0/src/abi/mod.rs:37:9
[INFO] [stdout]    |
[INFO] [stdout] 37 | pub use wasm_bus_types::*;
[INFO] [stdout]    |         ^^^^^^^^^^^^^^^^^
[INFO] [stdout]    = help: consider adding an explicit import of `CallError` to disambiguate
[INFO] [stdout] note: `CallError` could also refer to the enum imported here
[INFO] [stdout]   --> /opt/rustwide/cargo-home/registry/src/index.crates.io-6f17d22bba15001f/wasm-bus-1.1.0/src/abi/mod.rs:27:9
[INFO] [stdout]    |
[INFO] [stdout] 27 | pub use error::*;
[INFO] [stdout]    |         ^^^^^^^^
[INFO] [stdout]    = help: consider adding an explicit import of `CallError` to disambiguate
[INFO] [stdout] 
[INFO] [stdout] 
[INFO] [stdout] error[E0659]: `CallError` is ambiguous
[INFO] [stdout]   --> /opt/rustwide/cargo-home/registry/src/index.crates.io-6f17d22bba15001f/wasm-bus-1.1.0/src/abi/mod.rs:71:38
[INFO] [stdout]    |
[INFO] [stdout] 71 |             Err(_err) => Data::Error(CallError::SerializationFailed),
[INFO] [stdout]    |                                      ^^^^^^^^^ ambiguous name
[INFO] [stdout]    |
[INFO] [stdout]    = note: ambiguous because of multiple glob imports of a name in the same module
[INFO] [stdout] note: `CallError` could refer to the enum imported here
[INFO] [stdout]   --> /opt/rustwide/cargo-home/registry/src/index.crates.io-6f17d22bba15001f/wasm-bus-1.1.0/src/abi/mod.rs:37:9
[INFO] [stdout]    |
[INFO] [stdout] 37 | pub use wasm_bus_types::*;
[INFO] [stdout]    |         ^^^^^^^^^^^^^^^^^
[INFO] [stdout]    = help: consider adding an explicit import of `CallError` to disambiguate
[INFO] [stdout] note: `CallError` could also refer to the enum imported here
[INFO] [stdout]   --> /opt/rustwide/cargo-home/registry/src/index.crates.io-6f17d22bba15001f/wasm-bus-1.1.0/src/abi/mod.rs:27:9
[INFO] [stdout]    |
[INFO] [stdout] 27 | pub use error::*;
[INFO] [stdout]    |         ^^^^^^^^
[INFO] [stdout]    = help: consider adding an explicit import of `CallError` to disambiguate
[INFO] [stdout] 
[INFO] [stdout] 
[INFO] [stdout] error[E0659]: `CallError` is ambiguous
[INFO] [stdout]    --> /opt/rustwide/cargo-home/registry/src/index.crates.io-6f17d22bba15001f/wasm-bus-1.1.0/src/abi/mod.rs:108:34
[INFO] [stdout]     |
[INFO] [stdout] 108 |     F: FnMut(REQ) -> Result<RES, CallError>,
[INFO] [stdout]     |                                  ^^^^^^^^^ ambiguous name
[INFO] [stdout]     |
[INFO] [stdout]     = note: ambiguous because of multiple glob imports of a name in the same module
[INFO] [stdout] note: `CallError` could refer to the enum imported here
[INFO] [stdout]    --> /opt/rustwide/cargo-home/registry/src/index.crates.io-6f17d22bba15001f/wasm-bus-1.1.0/src/abi/mod.rs:37:9
[INFO] [stdout]     |
[INFO] [stdout] 37  | pub use wasm_bus_types::*;
[INFO] [stdout]     |         ^^^^^^^^^^^^^^^^^
[INFO] [stdout]     = help: consider adding an explicit import of `CallError` to disambiguate
[INFO] [stdout] note: `CallError` could also refer to the enum imported here
[INFO] [stdout]    --> /opt/rustwide/cargo-home/registry/src/index.crates.io-6f17d22bba15001f/wasm-bus-1.1.0/src/abi/mod.rs:27:9
[INFO] [stdout]     |
[INFO] [stdout] 27  | pub use error::*;
[INFO] [stdout]     |         ^^^^^^^^
[INFO] [stdout]     = help: consider adding an explicit import of `CallError` to disambiguate
[INFO] [stdout] 
[INFO] [stdout] 
[INFO] [stdout] error[E0277]: the trait bound `u32: From<wasm_bus_types::CallError>` is not satisfied
[INFO] [stdout]   --> /opt/rustwide/cargo-home/registry/src/index.crates.io-6f17d22bba15001f/wasm-bus-1.1.0/src/abi/listen.rs:57:36
[INFO] [stdout]    |
[INFO] [stdout] 57 |                 let err: u32 = err.into();
[INFO] [stdout]    |                                    ^^^^ the trait `From<wasm_bus_types::CallError>` is not implemented for `u32`
[INFO] [stdout]    |
[INFO] [stdout]    = help: the following other types implement trait `From<T>`:
[INFO] [stdout]              <u32 as From<bool>>
[INFO] [stdout]              <u32 as From<char>>
[INFO] [stdout]              <u32 as From<u8>>
[INFO] [stdout]              <u32 as From<u16>>
[INFO] [stdout]              <u32 as From<NonZeroU32>>
[INFO] [stdout]              <u32 as From<Ipv4Addr>>
[INFO] [stdout]    = note: required for `wasm_bus_types::CallError` to implement `Into<u32>`
[INFO] [stdout] 
[INFO] [stdout] 
[INFO] [stdout] error[E0277]: the trait bound `u32: From<wasm_bus_types::CallError>` is not satisfied
[INFO] [stdout]   --> /opt/rustwide/cargo-home/registry/src/index.crates.io-6f17d22bba15001f/wasm-bus-1.1.0/src/abi/respond_to.rs:66:57
[INFO] [stdout]    |
[INFO] [stdout] 66 |                 let err: u32 = CallError::InvalidHandle.into();
[INFO] [stdout]    |                                                         ^^^^ the trait `From<wasm_bus_types::CallError>` is not implemented for `u32`
[INFO] [stdout]    |
[INFO] [stdout]    = help: the following other types implement trait `From<T>`:
[INFO] [stdout]              <u32 as From<bool>>
[INFO] [stdout]              <u32 as From<char>>
[INFO] [stdout]              <u32 as From<u8>>
[INFO] [stdout]              <u32 as From<u16>>
[INFO] [stdout]              <u32 as From<NonZeroU32>>
[INFO] [stdout]              <u32 as From<Ipv4Addr>>
[INFO] [stdout]    = note: required for `wasm_bus_types::CallError` to implement `Into<u32>`
[INFO] [stdout] 
[INFO] [stdout] 
[INFO] [stdout] error[E0277]: the trait bound `u32: From<wasm_bus_types::CallError>` is not satisfied
[INFO] [stdout]   --> /opt/rustwide/cargo-home/registry/src/index.crates.io-6f17d22bba15001f/wasm-bus-1.1.0/src/abi/respond_to.rs:79:36
[INFO] [stdout]    |
[INFO] [stdout] 79 |                 let err: u32 = err.into();
[INFO] [stdout]    |                                    ^^^^ the trait `From<wasm_bus_types::CallError>` is not implemented for `u32`
[INFO] [stdout]    |
[INFO] [stdout]    = help: the following other types implement trait `From<T>`:
[INFO] [stdout]              <u32 as From<bool>>
[INFO] [stdout]              <u32 as From<char>>
[INFO] [stdout]              <u32 as From<u8>>
[INFO] [stdout]              <u32 as From<u16>>
[INFO] [stdout]              <u32 as From<NonZeroU32>>
[INFO] [stdout]              <u32 as From<Ipv4Addr>>
[INFO] [stdout]    = note: required for `wasm_bus_types::CallError` to implement `Into<u32>`
[INFO] [stdout] 
[INFO] [stdout] 
[INFO] [stdout] error[E0277]: the trait bound `wasm_bus_types::CallError: From<u32>` is not satisfied
[INFO] [stdout]    --> /opt/rustwide/cargo-home/registry/src/index.crates.io-6f17d22bba15001f/wasm-bus-1.1.0/src/abi/syscall.rs:106:62
[INFO] [stdout]     |
[INFO] [stdout] 106 |         crate::engine::BusEngine::error(handle.into(), error.into());
[INFO] [stdout]     |                                                              ^^^^ the trait `From<u32>` is not implemented for `wasm_bus_types::CallError`
[INFO] [stdout]     |
[INFO] [stdout]     = note: required for `u32` to implement `Into<wasm_bus_types::CallError>`
[INFO] [stdout] 
[INFO] [stdout] 
[INFO] [stdout] error: aborting due to 12 previous errors
[INFO] [stdout] 
[INFO] [stdout] 
[INFO] [stdout] Some errors have detailed explanations: E0277, E0659.
[INFO] [stdout] 
[INFO] [stdout] For more information about an error, try `rustc --explain E0277`.
[INFO] [stdout] 
[INFO] [stderr] error: could not compile `wasm-bus` (lib) due to 13 previous errors
[INFO] running `Command { std: "docker" "inspect" "1f6961899e9155ddc4b64be3d73e2f67b08efc66d397e71e5ec5842a48da1263", kill_on_drop: false }`
[INFO] running `Command { std: "docker" "rm" "-f" "1f6961899e9155ddc4b64be3d73e2f67b08efc66d397e71e5ec5842a48da1263", kill_on_drop: false }`
[INFO] [stdout] 1f6961899e9155ddc4b64be3d73e2f67b08efc66d397e71e5ec5842a48da1263
