[INFO] fetching crate wash-lib 0.15.0...
[INFO] documenting wash-lib-0.15.0 against 1.75.0 for beta-1.76-rustdoc-1
[INFO] extracting crate wash-lib 0.15.0 into /workspace/builds/worker-2-tc1/source
[INFO] validating manifest of crates.io crate wash-lib 0.15.0 on toolchain 1.75.0
[INFO] running `Command { std: CARGO_HOME="/workspace/cargo-home" RUSTUP_HOME="/workspace/rustup-home" "/workspace/cargo-home/bin/cargo" "+1.75.0" "metadata" "--manifest-path" "Cargo.toml" "--no-deps", kill_on_drop: false }`
[INFO] started tweaking crates.io crate wash-lib 0.15.0
[INFO] finished tweaking crates.io crate wash-lib 0.15.0
[INFO] tweaked toml for crates.io crate wash-lib 0.15.0 written to /workspace/builds/worker-2-tc1/source/Cargo.toml
[INFO] running `Command { std: CARGO_HOME="/workspace/cargo-home" RUSTUP_HOME="/workspace/rustup-home" "/workspace/cargo-home/bin/cargo" "+1.75.0" "generate-lockfile" "--manifest-path" "Cargo.toml", kill_on_drop: false }`
[INFO] [stderr]     Updating crates.io index
[INFO] running `Command { std: CARGO_HOME="/workspace/cargo-home" RUSTUP_HOME="/workspace/rustup-home" "/workspace/cargo-home/bin/cargo" "+1.75.0" "fetch" "--manifest-path" "Cargo.toml", kill_on_drop: false }`
[INFO] [stderr]  Downloading crates ...
[INFO] [stderr]   Downloaded serde_nanos v0.1.3
[INFO] [stderr]   Downloaded oci-distribution v0.9.4
[INFO] [stderr]   Downloaded atelier_test v0.1.4
[INFO] [stderr]   Downloaded wasm-encoder v0.36.2
[INFO] [stderr]   Downloaded olpc-cjson v0.1.3
[INFO] [stderr]   Downloaded cloudevents-sdk v0.7.0
[INFO] [stderr]   Downloaded atelier_core v0.2.22
[INFO] [stderr]   Downloaded spdx v0.10.3
[INFO] [stderr]   Downloaded wascap v0.11.2
[INFO] [stderr]   Downloaded async-nats v0.33.0
[INFO] [stderr]   Downloaded any_ascii v0.1.7
[INFO] [stderr]   Downloaded wasmparser v0.116.1
[INFO] [stderr]   Downloaded tokio-tar v0.3.1
[INFO] [stderr]   Downloaded wasmcloud-core v0.1.0
[INFO] [stderr]   Downloaded weld-codegen v0.7.0
[INFO] [stderr]   Downloaded wit-bindgen-go v0.13.1
[INFO] [stderr]   Downloaded wasm-gen v0.1.4
[INFO] [stderr]   Downloaded jsonschema v0.17.1
[INFO] [stderr]   Downloaded wasmcloud-component-adapters v0.2.4
[INFO] [stderr]   Downloaded wasmcloud-control-interface v0.32.1
[INFO] [stderr]   Downloaded signatory v0.27.1
[INFO] [stderr]   Downloaded lexical-sort v0.3.1
[INFO] [stderr]   Downloaded wit-component v0.16.1
[INFO] [stderr]   Downloaded nix-nar v0.2.1
[INFO] [stderr]   Downloaded wasm-encoder v0.37.0
[INFO] [stderr]   Downloaded wit-bindgen-c v0.13.1
[INFO] [stderr]   Downloaded atelier_assembler v0.1.4
[INFO] [stderr]   Downloaded wit-component v0.17.0
[INFO] [stderr]   Downloaded provider-archive v0.8.0
[INFO] [stderr]   Downloaded downloader v0.2.7
[INFO] [stderr]   Downloaded wasm-metadata v0.10.14
[INFO] [stderr]   Downloaded num-cmp v0.1.0
[INFO] [stderr]   Downloaded delegate-attr v0.2.9
[INFO] [stderr]   Downloaded iso8601 v0.6.1
[INFO] [stderr]   Downloaded jwt v0.16.0
[INFO] [stderr]   Downloaded ulid v1.1.0
[INFO] [stderr]   Downloaded nkeys v0.3.2
[INFO] [stderr]   Downloaded nuid v0.4.1
[INFO] [stderr]   Downloaded claims v0.7.1
[INFO] [stderr]   Downloaded nuid v0.5.0
[INFO] [stderr]   Downloaded atelier_json v0.2.7
[INFO] [stderr]   Downloaded atelier_smithy v0.2.13
[INFO] [stderr]   Downloaded wit-bindgen-core v0.13.1
[INFO] [stderr]   Downloaded nuid v0.3.2
[INFO] [stderr]   Downloaded wit-parser v0.12.2
[INFO] [stderr]   Downloaded async-nats v0.31.0
[INFO] [stderr]   Downloaded wadm v0.9.1
[INFO] [stderr]   Downloaded wascap v0.12.0
[INFO] running `Command { std: "docker" "create" "-v" "/var/lib/crater-agent-workspace/builds/worker-2-tc1/target:/opt/rustwide/target:rw,Z" "-v" "/var/lib/crater-agent-workspace/builds/worker-2-tc1/source:/opt/rustwide/workdir:ro,Z" "-v" "/var/lib/crater-agent-workspace/cargo-home:/opt/rustwide/cargo-home:ro,Z" "-v" "/var/lib/crater-agent-workspace/rustup-home:/opt/rustwide/rustup-home:ro,Z" "-e" "SOURCE_DIR=/opt/rustwide/workdir" "-e" "CARGO_TARGET_DIR=/opt/rustwide/target" "-e" "CARGO_HOME=/opt/rustwide/cargo-home" "-e" "RUSTUP_HOME=/opt/rustwide/rustup-home" "-w" "/opt/rustwide/workdir" "-m" "1610612736" "--user" "0:0" "--network" "none" "ghcr.io/rust-lang/crates-build-env/linux@sha256:2788e3201cd34a07e3172128adcd8b3090168a8e3bcc40d7c032b9dda1df7d1c" "/opt/rustwide/cargo-home/bin/cargo" "+1.75.0" "metadata" "--no-deps" "--format-version=1", kill_on_drop: false }`
[INFO] [stdout] 3aa11e5ba20b20952dd2913453ed2897489e29b0c29bfee02c9dc36ad9fc03a1
[INFO] running `Command { std: "docker" "start" "-a" "3aa11e5ba20b20952dd2913453ed2897489e29b0c29bfee02c9dc36ad9fc03a1", kill_on_drop: false }`
[INFO] running `Command { std: "docker" "inspect" "3aa11e5ba20b20952dd2913453ed2897489e29b0c29bfee02c9dc36ad9fc03a1", kill_on_drop: false }`
[INFO] running `Command { std: "docker" "rm" "-f" "3aa11e5ba20b20952dd2913453ed2897489e29b0c29bfee02c9dc36ad9fc03a1", kill_on_drop: false }`
[INFO] [stdout] 3aa11e5ba20b20952dd2913453ed2897489e29b0c29bfee02c9dc36ad9fc03a1
[INFO] running `Command { std: "docker" "create" "-v" "/var/lib/crater-agent-workspace/builds/worker-2-tc1/target:/opt/rustwide/target:rw,Z" "-v" "/var/lib/crater-agent-workspace/builds/worker-2-tc1/source:/opt/rustwide/workdir:ro,Z" "-v" "/var/lib/crater-agent-workspace/cargo-home:/opt/rustwide/cargo-home:ro,Z" "-v" "/var/lib/crater-agent-workspace/rustup-home:/opt/rustwide/rustup-home:ro,Z" "-e" "SOURCE_DIR=/opt/rustwide/workdir" "-e" "CARGO_TARGET_DIR=/opt/rustwide/target" "-e" "CARGO_INCREMENTAL=0" "-e" "RUST_BACKTRACE=full" "-e" "RUSTFLAGS=--cap-lints=warn" "-e" "RUSTDOCFLAGS=--cap-lints=warn" "-e" "CARGO_HOME=/opt/rustwide/cargo-home" "-e" "RUSTUP_HOME=/opt/rustwide/rustup-home" "-w" "/opt/rustwide/workdir" "-m" "1610612736" "--user" "0:0" "--network" "none" "ghcr.io/rust-lang/crates-build-env/linux@sha256:2788e3201cd34a07e3172128adcd8b3090168a8e3bcc40d7c032b9dda1df7d1c" "/opt/rustwide/cargo-home/bin/cargo" "+1.75.0" "doc" "--frozen" "--no-deps" "--document-private-items" "--message-format=json", kill_on_drop: false }`
[INFO] [stdout] c41cabd3a55247fc60aa332ee88663e3636d140a33ee4cfee24fe105ac587099
[INFO] running `Command { std: "docker" "start" "-a" "c41cabd3a55247fc60aa332ee88663e3636d140a33ee4cfee24fe105ac587099", kill_on_drop: false }`
[INFO] [stderr]    Compiling proc-macro2 v1.0.76
[INFO] [stderr]    Compiling serde_json v1.0.111
[INFO] [stderr]    Compiling libc v0.2.151
[INFO] [stderr]    Compiling thiserror v1.0.56
[INFO] [stderr]     Checking parking_lot_core v0.9.9
[INFO] [stderr]     Checking signal-hook-registry v1.4.1
[INFO] [stderr]     Checking futures-channel v0.3.30
[INFO] [stderr]    Compiling num-traits v0.2.17
[INFO] [stderr]     Checking futures-task v0.3.30
[INFO] [stderr]    Compiling semver v1.0.21
[INFO] [stderr]     Checking digest v0.10.7
[INFO] [stderr]     Checking rand v0.8.5
[INFO] [stderr]     Checking leb128 v0.2.5
[INFO] [stderr]    Compiling pin-project-lite v0.2.13
[INFO] [stderr]     Checking unicode-normalization v0.1.22
[INFO] [stderr]    Compiling bytes v1.5.0
[INFO] [stderr]     Checking pem-rfc7468 v0.7.0
[INFO] [stderr]    Compiling anyhow v1.0.79
[INFO] [stderr]    Compiling platforms v3.3.0
[INFO] [stderr]    Compiling futures-core v0.3.30
[INFO] [stderr]    Compiling futures-sink v0.3.30
[INFO] [stderr]     Checking der v0.7.8
[INFO] [stderr]     Checking sha2 v0.10.8
[INFO] [stderr]     Checking signature v2.2.0
[INFO] [stderr]    Compiling untrusted v0.9.0
[INFO] [stderr]    Compiling rustix v0.38.28
[INFO] [stderr]     Checking parking_lot v0.12.1
[INFO] [stderr]    Compiling spin v0.9.8
[INFO] [stderr]     Checking unicode-segmentation v1.10.1
[INFO] [stderr]     Checking ed25519 v2.2.3
[INFO] [stderr]    Compiling quote v1.0.35
[INFO] [stderr]     Checking idna v0.5.0
[INFO] [stderr]    Compiling curve25519-dalek v4.1.1
[INFO] [stderr]    Compiling tracing-core v0.1.32
[INFO] [stderr]    Compiling slab v0.4.9
[INFO] [stderr]    Compiling syn v2.0.48
[INFO] [stderr]    Compiling futures-io v0.3.30
[INFO] [stderr]    Compiling pin-utils v0.1.0
[INFO] [stderr]     Checking linux-raw-sys v0.4.12
[INFO] [stderr]    Compiling async-trait v0.1.77
[INFO] [stderr]    Compiling num-integer v0.1.45
[INFO] [stderr]    Compiling http v0.2.11
[INFO] [stderr]     Checking wasm-encoder v0.38.1
[INFO] [stderr]    Compiling error-chain v0.12.4
[INFO] [stderr]    Compiling cc v1.0.83
[INFO] [stderr]    Compiling socket2 v0.5.5
[INFO] [stderr]    Compiling mio v0.8.10
[INFO] [stderr]    Compiling num_cpus v1.16.0
[INFO] [stderr]    Compiling getrandom v0.2.11
[INFO] [stderr]    Compiling time-macros v0.2.16
[INFO] [stderr]    Compiling serde v1.0.195
[INFO] [stderr]    Compiling tracing v0.1.40
[INFO] [stderr]     Checking wasm-encoder v0.36.2
[INFO] [stderr]    Compiling num-bigint v0.4.4
[INFO] [stderr]    Compiling percent-encoding v2.3.1
[INFO] [stderr]     Checking utf8parse v0.2.1
[INFO] [stderr]    Compiling try-lock v0.2.5
[INFO] [stderr]     Checking anstyle-parse v0.2.3
[INFO] [stderr]     Checking spki v0.7.3
[INFO] [stderr]    Compiling form_urlencoded v1.2.1
[INFO] [stderr]    Compiling want v0.3.1
[INFO] [stderr]    Compiling syn v1.0.109
[INFO] [stderr]     Checking heck v0.3.3
[INFO] [stderr]     Checking pkcs8 v0.10.2
[INFO] [stderr]    Compiling httparse v1.8.0
[INFO] [stderr]     Checking spdx v0.10.3
[INFO] [stderr]    Compiling num-iter v0.1.43
[INFO] [stderr]     Checking signatory v0.27.1
[INFO] [stderr]    Compiling num-rational v0.4.1
[INFO] [stderr]    Compiling http-body v0.4.6
[INFO] [stderr]     Checking colorchoice v1.0.0
[INFO] [stderr]     Checking anstyle-query v1.0.2
[INFO] [stderr]     Checking anstyle v1.0.4
[INFO] [stderr]    Compiling unicode-bidi v0.3.14
[INFO] [stderr]     Checking urlencoding v2.1.3
[INFO] [stderr]     Checking ucd-trie v0.1.6
[INFO] [stderr]     Checking openssl-probe v0.1.5
[INFO] [stderr]    Compiling httpdate v1.0.3
[INFO] [stderr]     Checking id-arena v2.2.1
[INFO] [stderr]    Compiling tower-service v0.3.2
[INFO] [stderr]     Checking unicode-xid v0.2.4
[INFO] [stderr]    Compiling doc-comment v0.3.3
[INFO] [stderr]     Checking rustls-native-certs v0.6.3
[INFO] [stderr]     Checking ordered-float v3.9.2
[INFO] [stderr]     Checking anstream v0.6.5
[INFO] [stderr]     Checking crossbeam-channel v0.5.10
[INFO] [stderr]    Compiling crypto-common v0.1.6
[INFO] [stderr]     Checking untrusted v0.7.1
[INFO] [stderr]    Compiling base64 v0.21.5
[INFO] [stderr]    Compiling bitflags v2.4.1
[INFO] [stderr]     Checking clap_lex v0.6.0
[INFO] [stderr]     Checking byteorder v0.5.3
[INFO] [stderr]    Compiling ring v0.17.7
[INFO] [stderr]    Compiling backtrace v0.3.69
[INFO] [stderr]    Compiling ring v0.16.20
[INFO] [stderr]     Checking wasm-gen v0.1.4
[INFO] [stderr]     Checking clap_builder v4.4.12
[INFO] [stderr]    Compiling rustls-pemfile v1.0.4
[INFO] [stderr]    Compiling unicase v2.7.0
[INFO] [stderr]     Checking num-complex v0.4.4
[INFO] [stderr]     Checking nuid v0.4.1
[INFO] [stderr]     Checking hmac v0.12.1
[INFO] [stderr]    Compiling encoding_rs v0.8.33
[INFO] [stderr]    Compiling url v2.5.0
[INFO] [stderr]     Checking sharded-slab v0.1.7
[INFO] [stderr]    Compiling memoffset v0.6.5
[INFO] [stderr]    Compiling ahash v0.8.7
[INFO] [stderr]    Compiling fastrand v2.0.1
[INFO] [stderr]     Checking escape_string v0.1.2
[INFO] [stderr]     Checking match_cfg v0.1.0
[INFO] [stderr]     Checking atelier_core v0.2.22
[INFO] [stderr]    Compiling mime v0.3.17
[INFO] [stderr]     Checking diff v0.1.13
[INFO] [stderr]     Checking ascii_tree v0.1.1
[INFO] [stderr]    Compiling is_executable v1.0.1
[INFO] [stderr]     Checking ansi_term v0.12.1
[INFO] [stderr]     Checking bit-vec v0.6.3
[INFO] [stderr]    Compiling webpki-roots v0.25.3
[INFO] [stderr]    Compiling ipnet v2.9.0
[INFO] [stderr]     Checking num v0.4.1
[INFO] [stderr]     Checking pretty_assertions v0.7.2
[INFO] [stderr]     Checking tracing-subscriber v0.3.18
[INFO] [stderr]     Checking bit-set v0.5.3
[INFO] [stderr]     Checking is-terminal v0.4.10
[INFO] [stderr]     Checking hostname v0.3.1
[INFO] [stderr]     Checking nuid v0.5.0
[INFO] [stderr]     Checking http-auth v0.1.9
[INFO] [stderr]     Checking base64 v0.12.3
[INFO] [stderr]    Compiling camino v1.1.6
[INFO] [stderr]     Checking env_logger v0.10.1
[INFO] [stderr]     Checking fancy-regex v0.11.0
[INFO] [stderr]     Checking fraction v0.13.1
[INFO] [stderr]     Checking xattr v1.2.0
[INFO] [stderr]     Checking iso8601 v0.6.1
[INFO] [stderr]     Checking nuid v0.3.2
[INFO] [stderr]    Compiling darling_core v0.20.3
[INFO] [stderr]    Compiling tempfile v3.9.0
[INFO] [stderr]     Checking heck v0.4.1
[INFO] [stderr]     Checking wasm-encoder v0.29.0
[INFO] [stderr]     Checking filetime v0.2.23
[INFO] [stderr]     Checking unsafe-libyaml v0.2.10
[INFO] [stderr]     Checking any_ascii v0.1.7
[INFO] [stderr]     Checking num-cmp v0.1.0
[INFO] [stderr]     Checking bytecount v0.6.7
[INFO] [stderr]     Checking atelier_test v0.1.4
[INFO] [stderr]     Checking unicode-width v0.1.11
[INFO] [stderr]     Checking lexical-sort v0.3.1
[INFO] [stderr]     Checking wast v69.0.1
[INFO] [stderr]     Checking nix v0.22.3
[INFO] [stderr]     Checking directories v4.0.1
[INFO] [stderr]     Checking rmp v0.8.12
[INFO] [stderr]     Checking ulid v1.1.0
[INFO] [stderr]     Checking Inflector v0.11.4
[INFO] [stderr]     Checking rustc-hash v1.1.0
[INFO] [stderr]     Checking hex v0.4.3
[INFO] [stderr]     Checking wasm-encoder v0.37.0
[INFO] [stderr]    Compiling serde_derive v1.0.195
[INFO] [stderr]    Compiling tokio-macros v2.2.0
[INFO] [stderr]    Compiling futures-macro v0.3.30
[INFO] [stderr]    Compiling thiserror-impl v1.0.56
[INFO] [stderr]    Compiling tracing-attributes v0.1.27
[INFO] [stderr]    Compiling curve25519-dalek-derive v0.1.1
[INFO] [stderr]    Compiling pin-project-internal v1.1.3
[INFO] [stderr]    Compiling serde_repr v0.1.18
[INFO] [stderr]    Compiling rustls v0.21.10
[INFO] [stderr]    Compiling snafu-derive v0.6.10
[INFO] [stderr]    Compiling clap_derive v4.4.7
[INFO] [stderr]    Compiling darling_macro v0.20.3
[INFO] [stderr]    Compiling delegate-attr v0.2.9
[INFO] [stderr]     Checking sct v0.7.1
[INFO] [stderr]     Checking rustls-webpki v0.101.7
[INFO] [stderr]    Compiling tokio v1.35.1
[INFO] [stderr]     Checking futures-util v0.3.30
[INFO] [stderr]     Checking ed25519-dalek v2.1.0
[INFO] [stderr]     Checking pin-project v1.1.3
[INFO] [stderr]     Checking nkeys v0.3.2
[INFO] [stderr]    Compiling pest v2.7.6
[INFO] [stderr]    Compiling nix-nar v0.2.1
[INFO] [stderr]    Compiling darling v0.20.3
[INFO] [stderr]    Compiling serde_with_macros v2.3.3
[INFO] [stderr]     Checking tracing-futures v0.2.5
[INFO] [stderr]     Checking snafu v0.6.10
[INFO] [stderr]     Checking clap v4.4.13
[INFO] [stderr]    Compiling pest_meta v2.7.6
[INFO] [stderr]     Checking wat v1.0.82
[INFO] [stderr]    Compiling pest_generator v2.7.6
[INFO] [stderr]     Checking futures-executor v0.3.30
[INFO] [stderr]     Checking opentelemetry_api v0.20.0
[INFO] [stderr]     Checking futures v0.3.30
[INFO] [stderr]    Compiling pest_derive v2.7.6
[INFO] [stderr]     Checking opentelemetry_sdk v0.20.0
[INFO] [stderr]    Compiling tokio-util v0.7.10
[INFO] [stderr]    Compiling tokio-rustls v0.24.1
[INFO] [stderr]     Checking pest_ascii_tree v0.1.0
[INFO] [stderr]     Checking opentelemetry v0.20.0
[INFO] [stderr]     Checking tracing-opentelemetry v0.20.0
[INFO] [stderr]     Checking atelier_smithy v0.2.13
[INFO] [stderr]    Compiling h2 v0.3.22
[INFO] [stderr]    Compiling wash-lib v0.15.0 (/opt/rustwide/workdir)
[INFO] [stderr]     Checking indexmap v2.1.0
[INFO] [stderr]     Checking serde_urlencoded v0.7.1
[INFO] [stderr]     Checking deranged v0.3.11
[INFO] [stderr]     Checking uuid v1.6.1
[INFO] [stderr]     Checking serde_nanos v0.1.3
[INFO] [stderr]     Checking serde_spanned v0.6.5
[INFO] [stderr]     Checking toml_datetime v0.6.5
[INFO] [stderr]     Checking chrono v0.4.31
[INFO] [stderr]     Checking wasmparser v0.107.0
[INFO] [stderr]     Checking serde_bytes v0.11.14
[INFO] [stderr]     Checking cargo-platform v0.1.6
[INFO] [stderr]     Checking toml v0.5.11
[INFO] [stderr]     Checking serde_cbor v0.11.2
[INFO] [stderr]     Checking rmp-serde v1.1.2
[INFO] [stderr]     Checking serde-transcode v1.1.1
[INFO] [stderr]     Checking serde_with v2.3.3
[INFO] [stderr]     Checking wasmparser v0.116.1
[INFO] [stderr]     Checking wasmparser v0.118.1
[INFO] [stderr]     Checking toml_edit v0.19.15
[INFO] [stderr]     Checking serde_yaml v0.9.30
[INFO] [stderr]     Checking wit-parser v0.12.2
[INFO] [stderr]     Checking olpc-cjson v0.1.3
[INFO] [stderr]     Checking jwt v0.16.0
[INFO] [stderr]     Checking atelier_json v0.2.7
[INFO] [stderr]     Checking cloudevents-sdk v0.7.0
[INFO] [stderr]     Checking time v0.3.31
[INFO] [stderr]     Checking handlebars v4.5.0
[INFO] [stderr]     Checking atelier_assembler v0.1.4
[INFO] [stderr]     Checking config v0.13.4
[INFO] [stderr]     Checking cargo_metadata v0.18.1
[INFO] [stderr]     Checking toml v0.7.8
[INFO] [stderr]    Compiling hyper v0.14.28
[INFO] [stderr]     Checking cargo_toml v0.15.3
[INFO] [stderr]     Checking wascap v0.11.2
[INFO] [stderr]     Checking wascap v0.12.0
[INFO] [stderr]     Checking wasm-metadata v0.10.14
[INFO] [stderr]    Compiling hyper-rustls v0.24.2
[INFO] [stderr]     Checking tokio-retry v0.3.0
[INFO] [stderr]     Checking tokio-stream v0.1.14
[INFO] [stderr]     Checking async-compression v0.3.15
[INFO] [stderr]     Checking command-group v1.0.8
[INFO] [stderr]    Compiling reqwest v0.11.23
[INFO] [stderr]     Checking async-nats v0.33.0
[INFO] [stderr]     Checking async-nats v0.31.0
[INFO] [stderr]     Checking wit-component v0.17.0
[INFO] [stderr]     Checking wit-component v0.16.1
[INFO] [stderr]     Checking tokio-tar v0.3.1
[INFO] [stderr]     Checking provider-archive v0.8.0
[INFO] [stderr]     Checking wit-bindgen-core v0.13.1
[INFO] [stderr]    Compiling wasmcloud-component-adapters v0.2.4
[INFO] [stderr]     Checking wit-bindgen-c v0.13.1
[INFO] [stderr]     Checking wit-bindgen-go v0.13.1
[INFO] [stderr] error: failed to run custom build command for `wasmcloud-component-adapters v0.2.4`
[INFO] [stderr] note: To improve backtraces for build dependencies, set the CARGO_PROFILE_DEV_BUILD_OVERRIDE_DEBUG=true environment variable to enable debug information generation.
[INFO] [stderr] 
[INFO] [stderr] Caused by:
[INFO] [stderr]   process didn't exit successfully: `/opt/rustwide/target/debug/build/wasmcloud-component-adapters-4ae21531e563edfe/build-script-build` (exit status: 1)
[INFO] [stderr]   --- stdout
[INFO] [stderr]   cargo:rerun-if-changed=flake.lock
[INFO] [stderr]   cargo:rerun-if-changed=build.rs
[INFO] [stderr]   cargo:rerun-if-env-changed=WASI_PREVIEW1_COMMAND_COMPONENT_ADAPTER
[INFO] [stderr]   cargo:rerun-if-env-changed=WASI_PREVIEW1_REACTOR_COMPONENT_ADAPTER
[INFO] [stderr] 
[INFO] [stderr]   --- stderr
[INFO] [stderr]   Error: `https://github.com/bytecodealliance/wasmtime/releases/download/v13.0.0/wasi_snapshot_preview1.command.wasm` is not a valid URL
[INFO] [stderr] 
[INFO] [stderr]   Caused by:
[INFO] [stderr]       0: error sending request for url (https://github.com/bytecodealliance/wasmtime/releases/download/v13.0.0/wasi_snapshot_preview1.command.wasm): error trying to connect: dns error: failed to lookup address information: Temporary failure in name resolution
[INFO] [stderr]       1: error trying to connect: dns error: failed to lookup address information: Temporary failure in name resolution
[INFO] [stderr]       2: dns error: failed to lookup address information: Temporary failure in name resolution
[INFO] [stderr]       3: failed to lookup address information: Temporary failure in name resolution
[INFO] [stderr] 
[INFO] [stderr]   Stack backtrace:
[INFO] [stderr]      0: <E as anyhow::context::ext::StdError>::ext_context
[INFO] [stderr]      1: anyhow::context::<impl anyhow::Context<T,E> for core::result::Result<T,E>>::with_context
[INFO] [stderr]      2: build_script_build::upsert_artifact::{{closure}}
[INFO] [stderr]      3: <futures_util::future::maybe_done::MaybeDone<Fut> as core::future::future::Future>::poll
[INFO] [stderr]      4: build_script_build::main::{{closure}}::{{closure}}
[INFO] [stderr]      5: <futures_util::future::poll_fn::PollFn<F> as core::future::future::Future>::poll
[INFO] [stderr]      6: build_script_build::main::{{closure}}
[INFO] [stderr]      7: tokio::runtime::park::CachedParkThread::block_on::{{closure}}
[INFO] [stderr]      8: tokio::runtime::park::CachedParkThread::block_on
[INFO] [stderr]      9: tokio::runtime::context::blocking::BlockingRegionGuard::block_on
[INFO] [stderr]     10: tokio::runtime::scheduler::multi_thread::MultiThread::block_on::{{closure}}
[INFO] [stderr]     11: tokio::runtime::context::runtime::enter_runtime
[INFO] [stderr]     12: tokio::runtime::scheduler::multi_thread::MultiThread::block_on
[INFO] [stderr]     13: tokio::runtime::runtime::Runtime::block_on
[INFO] [stderr]     14: build_script_build::main
[INFO] [stderr]     15: core::ops::function::FnOnce::call_once
[INFO] [stderr]     16: std::sys_common::backtrace::__rust_begin_short_backtrace
[INFO] [stderr]     17: std::rt::lang_start::{{closure}}
[INFO] [stderr]     18: core::ops::function::impls::<impl core::ops::function::FnOnce<A> for &F>::call_once
[INFO] [stderr]                at /rustc/82e1608dfa6e0b5569232559e3d385fea5a93112/library/core/src/ops/function.rs:284:13
[INFO] [stderr]     19: std::panicking::try::do_call
[INFO] [stderr]                at /rustc/82e1608dfa6e0b5569232559e3d385fea5a93112/library/std/src/panicking.rs:552:40
[INFO] [stderr]     20: std::panicking::try
[INFO] [stderr]                at /rustc/82e1608dfa6e0b5569232559e3d385fea5a93112/library/std/src/panicking.rs:516:19
[INFO] [stderr]     21: std::panic::catch_unwind
[INFO] [stderr]                at /rustc/82e1608dfa6e0b5569232559e3d385fea5a93112/library/std/src/panic.rs:142:14
[INFO] [stderr]     22: std::rt::lang_start_internal::{{closure}}
[INFO] [stderr]                at /rustc/82e1608dfa6e0b5569232559e3d385fea5a93112/library/std/src/rt.rs:148:48
[INFO] [stderr]     23: std::panicking::try::do_call
[INFO] [stderr]                at /rustc/82e1608dfa6e0b5569232559e3d385fea5a93112/library/std/src/panicking.rs:552:40
[INFO] [stderr]     24: std::panicking::try
[INFO] [stderr]                at /rustc/82e1608dfa6e0b5569232559e3d385fea5a93112/library/std/src/panicking.rs:516:19
[INFO] [stderr]     25: std::panic::catch_unwind
[INFO] [stderr]                at /rustc/82e1608dfa6e0b5569232559e3d385fea5a93112/library/std/src/panic.rs:142:14
[INFO] [stderr]     26: std::rt::lang_start_internal
[INFO] [stderr]                at /rustc/82e1608dfa6e0b5569232559e3d385fea5a93112/library/std/src/rt.rs:148:20
[INFO] [stderr]     27: std::rt::lang_start
[INFO] [stderr]     28: main
[INFO] [stderr]     29: <unknown>
[INFO] [stderr]     30: __libc_start_main
[INFO] [stderr]     31: _start
[INFO] [stderr] warning: build failed, waiting for other jobs to finish...
[INFO] running `Command { std: "docker" "inspect" "c41cabd3a55247fc60aa332ee88663e3636d140a33ee4cfee24fe105ac587099", kill_on_drop: false }`
[INFO] running `Command { std: "docker" "rm" "-f" "c41cabd3a55247fc60aa332ee88663e3636d140a33ee4cfee24fe105ac587099", kill_on_drop: false }`
[INFO] [stdout] c41cabd3a55247fc60aa332ee88663e3636d140a33ee4cfee24fe105ac587099
