[INFO] fetching crate wash-cli 0.24.1...
[INFO] documenting wash-cli-0.24.1 against 1.75.0 for beta-1.76-rustdoc-1
[INFO] extracting crate wash-cli 0.24.1 into /workspace/builds/worker-5-tc1/source
[INFO] validating manifest of crates.io crate wash-cli 0.24.1 on toolchain 1.75.0
[INFO] running `Command { std: CARGO_HOME="/workspace/cargo-home" RUSTUP_HOME="/workspace/rustup-home" "/workspace/cargo-home/bin/cargo" "+1.75.0" "metadata" "--manifest-path" "Cargo.toml" "--no-deps", kill_on_drop: false }`
[INFO] started tweaking crates.io crate wash-cli 0.24.1
[INFO] finished tweaking crates.io crate wash-cli 0.24.1
[INFO] tweaked toml for crates.io crate wash-cli 0.24.1 written to /workspace/builds/worker-5-tc1/source/Cargo.toml
[INFO] crate crates.io crate wash-cli 0.24.1 already has a lockfile, it will not be regenerated
[INFO] running `Command { std: CARGO_HOME="/workspace/cargo-home" RUSTUP_HOME="/workspace/rustup-home" "/workspace/cargo-home/bin/cargo" "+1.75.0" "fetch" "--manifest-path" "Cargo.toml", kill_on_drop: false }`
[INFO] [stderr]     Updating crates.io index
[INFO] [stderr]  Downloading crates ...
[INFO] [stderr]   Downloaded escape_string v0.1.2
[INFO] [stderr]   Downloaded atelier_assembler v0.1.4
[INFO] [stderr]   Downloaded nkeys v0.3.2
[INFO] [stderr]   Downloaded wasmcloud-core v0.2.0
[INFO] [stderr]   Downloaded atelier_test v0.1.4
[INFO] [stderr]   Downloaded atelier_openapi v0.1.0
[INFO] [stderr]   Downloaded ascii_tree v0.1.1
[INFO] [stderr]   Downloaded term-table v1.3.2
[INFO] [stderr]   Downloaded delegate-attr v0.2.9
[INFO] [stderr]   Downloaded pest_ascii_tree v0.1.0
[INFO] [stderr]   Downloaded cargo-platform v0.1.5
[INFO] [stderr]   Downloaded wasm-gen v0.1.4
[INFO] [stderr]   Downloaded nuid v0.3.2
[INFO] [stderr]   Downloaded path-absolutize v3.1.1
[INFO] [stderr]   Downloaded wasmcloud-control-interface v0.32.0
[INFO] [stderr]   Downloaded rmpv v1.0.1
[INFO] [stderr]   Downloaded nix-nar v0.2.1
[INFO] [stderr]   Downloaded weld-codegen v0.7.0
[INFO] [stderr]   Downloaded wit-parser v0.12.2
[INFO] [stderr]   Downloaded spdx v0.10.2
[INFO] [stderr]   Downloaded wascap v0.11.2
[INFO] [stderr]   Downloaded wascap v0.12.0
[INFO] [stderr]   Downloaded wit-bindgen-go v0.13.1
[INFO] [stderr]   Downloaded wasmcloud-provider-sdk v0.2.0
[INFO] [stderr]   Downloaded wasmcloud-core v0.1.0
[INFO] [stderr]   Downloaded atelier_describe v0.1.10
[INFO] [stderr]   Downloaded wasmcloud-component-adapters v0.2.4
[INFO] [stderr]   Downloaded command-group v1.0.8
[INFO] [stderr]   Downloaded opentelemetry-proto v0.3.0
[INFO] [stderr]   Downloaded wit-component v0.17.0
[INFO] [stderr]   Downloaded async-nats v0.31.0
[INFO] [stderr]   Downloaded wash-lib v0.15.0
[INFO] [stderr]   Downloaded wast v69.0.0
[INFO] [stderr]   Downloaded wasmparser v0.118.0
[INFO] [stderr]   Downloaded signatory v0.27.1
[INFO] [stderr]   Downloaded wasmparser v0.116.1
[INFO] [stderr]   Downloaded wit-component v0.16.1
[INFO] [stderr]   Downloaded any_ascii v0.1.7
[INFO] [stderr]   Downloaded async-nats v0.33.0
[INFO] [stderr]   Downloaded atelier_core v0.1.4
[INFO] [stderr]   Downloaded wadm v0.9.0
[INFO] [stderr]   Downloaded tracing-opentelemetry v0.20.0
[INFO] [stderr]   Downloaded atelier_lib v0.2.5
[INFO] [stderr]   Downloaded opentelemetry_sdk v0.20.0
[INFO] [stderr]   Downloaded somedoc v0.2.10
[INFO] [stderr]   Downloaded atelier_core v0.2.22
[INFO] [stderr]   Downloaded atelier_json v0.2.7
[INFO] [stderr]   Downloaded wit-bindgen-core v0.13.1
[INFO] [stderr]   Downloaded wasm-encoder v0.37.0
[INFO] [stderr]   Downloaded cloudevents-sdk v0.7.0
[INFO] [stderr]   Downloaded wat v1.0.81
[INFO] [stderr]   Downloaded wasm-encoder v0.38.0
[INFO] [stderr]   Downloaded wasm-metadata v0.10.13
[INFO] [stderr]   Downloaded opentelemetry-http v0.9.0
[INFO] [stderr]   Downloaded opentelemetry-semantic-conventions v0.12.0
[INFO] [stderr]   Downloaded wasm-encoder v0.36.2
[INFO] [stderr]   Downloaded opentelemetry-otlp v0.13.0
[INFO] [stderr]   Downloaded opentelemetry v0.20.0
[INFO] [stderr]   Downloaded clap_complete v4.4.4
[INFO] [stderr]   Downloaded nuid v0.4.1
[INFO] [stderr]   Downloaded tokio-tar v0.3.1
[INFO] [stderr]   Downloaded downloader v0.2.7
[INFO] [stderr]   Downloaded is_executable v1.0.1
[INFO] [stderr]   Downloaded nuid v0.5.0
[INFO] [stderr]   Downloaded atelier_smithy v0.2.13
[INFO] [stderr]   Downloaded cargo_atelier v0.2.7
[INFO] [stderr]   Downloaded warp-embed v0.4.0
[INFO] [stderr]   Downloaded provider-archive v0.8.0
[INFO] [stderr]   Downloaded wit-bindgen-c v0.13.1
[INFO] [stderr]   Downloaded platforms v3.2.0
[INFO] [stderr]   Downloaded tokio-retry v0.3.0
[INFO] [stderr]   Downloaded serde_nanos v0.1.3
[INFO] [stderr]   Downloaded blob-uuid v0.4.0
[INFO] [stderr]   Downloaded lexical-sort v0.3.1
[INFO] [stderr]   Downloaded wasmcloud-tracing v0.1.0
[INFO] running `Command { std: "docker" "create" "-v" "/var/lib/crater-agent-workspace/builds/worker-5-tc1/target:/opt/rustwide/target:rw,Z" "-v" "/var/lib/crater-agent-workspace/builds/worker-5-tc1/source:/opt/rustwide/workdir:ro,Z" "-v" "/var/lib/crater-agent-workspace/cargo-home:/opt/rustwide/cargo-home:ro,Z" "-v" "/var/lib/crater-agent-workspace/rustup-home:/opt/rustwide/rustup-home:ro,Z" "-e" "SOURCE_DIR=/opt/rustwide/workdir" "-e" "CARGO_TARGET_DIR=/opt/rustwide/target" "-e" "CARGO_HOME=/opt/rustwide/cargo-home" "-e" "RUSTUP_HOME=/opt/rustwide/rustup-home" "-w" "/opt/rustwide/workdir" "-m" "1610612736" "--user" "0:0" "--network" "none" "ghcr.io/rust-lang/crates-build-env/linux@sha256:2788e3201cd34a07e3172128adcd8b3090168a8e3bcc40d7c032b9dda1df7d1c" "/opt/rustwide/cargo-home/bin/cargo" "+1.75.0" "metadata" "--no-deps" "--format-version=1", kill_on_drop: false }`
[INFO] [stdout] b753c8295b620c83f374f7da6bcb6748c5aa3c8f537c425d43cbbb4389d33e60
[INFO] running `Command { std: "docker" "start" "-a" "b753c8295b620c83f374f7da6bcb6748c5aa3c8f537c425d43cbbb4389d33e60", kill_on_drop: false }`
[INFO] running `Command { std: "docker" "inspect" "b753c8295b620c83f374f7da6bcb6748c5aa3c8f537c425d43cbbb4389d33e60", kill_on_drop: false }`
[INFO] running `Command { std: "docker" "rm" "-f" "b753c8295b620c83f374f7da6bcb6748c5aa3c8f537c425d43cbbb4389d33e60", kill_on_drop: false }`
[INFO] [stdout] b753c8295b620c83f374f7da6bcb6748c5aa3c8f537c425d43cbbb4389d33e60
[INFO] running `Command { std: "docker" "create" "-v" "/var/lib/crater-agent-workspace/builds/worker-5-tc1/target:/opt/rustwide/target:rw,Z" "-v" "/var/lib/crater-agent-workspace/builds/worker-5-tc1/source:/opt/rustwide/workdir:ro,Z" "-v" "/var/lib/crater-agent-workspace/cargo-home:/opt/rustwide/cargo-home:ro,Z" "-v" "/var/lib/crater-agent-workspace/rustup-home:/opt/rustwide/rustup-home:ro,Z" "-e" "SOURCE_DIR=/opt/rustwide/workdir" "-e" "CARGO_TARGET_DIR=/opt/rustwide/target" "-e" "CARGO_INCREMENTAL=0" "-e" "RUST_BACKTRACE=full" "-e" "RUSTFLAGS=--cap-lints=warn" "-e" "RUSTDOCFLAGS=--cap-lints=warn" "-e" "CARGO_HOME=/opt/rustwide/cargo-home" "-e" "RUSTUP_HOME=/opt/rustwide/rustup-home" "-w" "/opt/rustwide/workdir" "-m" "1610612736" "--user" "0:0" "--network" "none" "ghcr.io/rust-lang/crates-build-env/linux@sha256:2788e3201cd34a07e3172128adcd8b3090168a8e3bcc40d7c032b9dda1df7d1c" "/opt/rustwide/cargo-home/bin/cargo" "+1.75.0" "doc" "--frozen" "--no-deps" "--document-private-items" "--message-format=json", kill_on_drop: false }`
[INFO] [stdout] ef498b2afa2c52029acc4fd88d19b1a475e831d1a4f7b9dd7b8e0c1b15bee9e8
[INFO] running `Command { std: "docker" "start" "-a" "ef498b2afa2c52029acc4fd88d19b1a475e831d1a4f7b9dd7b8e0c1b15bee9e8", kill_on_drop: false }`
[INFO] [stderr]    Compiling proc-macro2 v1.0.69
[INFO] [stderr]    Compiling libc v0.2.150
[INFO] [stderr]    Compiling serde v1.0.193
[INFO] [stderr]     Checking memchr v2.6.4
[INFO] [stderr]     Checking itoa v1.0.9
[INFO] [stderr]    Compiling futures-core v0.3.29
[INFO] [stderr]     Checking smallvec v1.11.2
[INFO] [stderr]    Compiling futures-channel v0.3.29
[INFO] [stderr]    Compiling futures-task v0.3.29
[INFO] [stderr]     Checking ryu v1.0.15
[INFO] [stderr]    Compiling serde_json v1.0.108
[INFO] [stderr]     Checking once_cell v1.18.0
[INFO] [stderr]    Compiling lock_api v0.4.11
[INFO] [stderr]    Compiling parking_lot_core v0.9.9
[INFO] [stderr]    Compiling thiserror v1.0.50
[INFO] [stderr]     Checking scopeguard v1.2.0
[INFO] [stderr]     Checking futures-sink v0.3.29
[INFO] [stderr]     Checking futures-io v0.3.29
[INFO] [stderr]    Compiling futures-util v0.3.29
[INFO] [stderr]     Checking hashbrown v0.14.2
[INFO] [stderr]     Checking tracing-core v0.1.32
[INFO] [stderr]     Checking subtle v2.5.0
[INFO] [stderr]     Checking percent-encoding v2.3.0
[INFO] [stderr]     Checking gimli v0.28.0
[INFO] [stderr]     Checking rustc-demangle v0.1.23
[INFO] [stderr]    Compiling rustls v0.21.9
[INFO] [stderr]     Checking digest v0.10.7
[INFO] [stderr]     Checking cpufeatures v0.2.11
[INFO] [stderr]     Checking spin v0.9.8
[INFO] [stderr]     Checking form_urlencoded v1.2.0
[INFO] [stderr]    Compiling semver v1.0.20
[INFO] [stderr]     Checking unicode-bidi v0.3.13
[INFO] [stderr]    Compiling indexmap v1.9.3
[INFO] [stderr]     Checking aho-corasick v1.1.2
[INFO] [stderr]     Checking object v0.32.1
[INFO] [stderr]     Checking leb128 v0.2.5
[INFO] [stderr]     Checking hashbrown v0.12.3
[INFO] [stderr]     Checking try-lock v0.2.4
[INFO] [stderr]    Compiling syn v1.0.109
[INFO] [stderr]     Checking idna v0.4.0
[INFO] [stderr]    Compiling quote v1.0.33
[INFO] [stderr]     Checking want v0.3.1
[INFO] [stderr]     Checking sha2 v0.10.8
[INFO] [stderr]    Compiling async-trait v0.1.74
[INFO] [stderr]    Compiling pin-project-lite v0.2.13
[INFO] [stderr]    Compiling syn v2.0.39
[INFO] [stderr]     Checking base64ct v1.6.0
[INFO] [stderr]    Compiling anyhow v1.0.75
[INFO] [stderr]     Checking const-oid v0.9.5
[INFO] [stderr]    Compiling cc v1.0.83
[INFO] [stderr]    Compiling platforms v3.2.0
[INFO] [stderr]     Checking data-encoding v2.5.0
[INFO] [stderr]    Compiling bytes v1.5.0
[INFO] [stderr]     Checking pem-rfc7468 v0.7.0
[INFO] [stderr]     Checking zeroize v1.7.0
[INFO] [stderr]    Compiling rustc_version v0.4.0
[INFO] [stderr]     Checking der v0.7.8
[INFO] [stderr]     Checking signature v2.2.0
[INFO] [stderr]     Checking unicode-segmentation v1.10.1
[INFO] [stderr]     Checking regex-automata v0.4.3
[INFO] [stderr]    Compiling num_cpus v1.16.0
[INFO] [stderr]    Compiling socket2 v0.5.5
[INFO] [stderr]    Compiling mio v0.8.9
[INFO] [stderr]    Compiling error-chain v0.12.4
[INFO] [stderr]     Checking ed25519 v2.2.3
[INFO] [stderr]    Compiling curve25519-dalek v4.1.1
[INFO] [stderr]     Checking getrandom v0.2.11
[INFO] [stderr]     Checking signal-hook-registry v1.4.1
[INFO] [stderr]     Checking parking_lot v0.12.1
[INFO] [stderr]     Checking rand_core v0.6.4
[INFO] [stderr]     Checking socket2 v0.4.10
[INFO] [stderr]    Compiling crossbeam-utils v0.8.16
[INFO] [stderr]     Checking urlencoding v2.1.3
[INFO] [stderr]    Compiling generic-array v0.14.7
[INFO] [stderr]     Checking rand_chacha v0.3.1
[INFO] [stderr]     Checking heck v0.3.3
[INFO] [stderr]    Compiling time-core v0.1.2
[INFO] [stderr]    Compiling rustix v0.38.25
[INFO] [stderr]    Compiling ucd-trie v0.1.6
[INFO] [stderr]     Checking addr2line v0.21.0
[INFO] [stderr]     Checking powerfmt v0.2.0
[INFO] [stderr]     Checking spki v0.7.2
[INFO] [stderr]    Compiling time-macros v0.2.15
[INFO] [stderr]     Checking rand v0.8.5
[INFO] [stderr]     Checking pkcs8 v0.10.2
[INFO] [stderr]     Checking wasm-encoder v0.36.2
[INFO] [stderr]     Checking ordered-float v3.9.2
[INFO] [stderr]    Compiling ring v0.17.5
[INFO] [stderr]    Compiling backtrace v0.3.69
[INFO] [stderr]     Checking linux-raw-sys v0.4.11
[INFO] [stderr]     Checking signatory v0.27.1
[INFO] [stderr]    Compiling untrusted v0.9.0
[INFO] [stderr]     Checking crossbeam-channel v0.5.8
[INFO] [stderr]     Checking unicode-width v0.1.11
[INFO] [stderr]     Checking webpki-roots v0.25.2
[INFO] [stderr]    Compiling block-buffer v0.10.4
[INFO] [stderr]    Compiling crypto-common v0.1.6
[INFO] [stderr]    Compiling slab v0.4.9
[INFO] [stderr]    Compiling unicase v2.7.0
[INFO] [stderr]     Checking openssl-probe v0.1.5
[INFO] [stderr]    Compiling pin-utils v0.1.0
[INFO] [stderr]     Checking rustls-native-certs v0.6.3
[INFO] [stderr]    Compiling http v0.2.11
[INFO] [stderr]     Checking wasm-encoder v0.38.0
[INFO] [stderr]    Compiling tinyvec_macros v0.1.1
[INFO] [stderr]    Compiling tracing v0.1.40
[INFO] [stderr]     Checking byteorder v0.5.3
[INFO] [stderr]     Checking regex-syntax v0.6.29
[INFO] [stderr]    Compiling tinyvec v1.6.0
[INFO] [stderr]     Checking regex v1.10.2
[INFO] [stderr]     Checking wasm-gen v0.1.4
[INFO] [stderr]     Checking anstyle-parse v0.2.2
[INFO] [stderr]     Checking nuid v0.4.1
[INFO] [stderr]    Compiling axum-core v0.3.4
[INFO] [stderr]     Checking thread_local v1.1.7
[INFO] [stderr]    Compiling num-bigint v0.4.4
[INFO] [stderr]     Checking anstyle v1.0.4
[INFO] [stderr]    Compiling indexmap v2.1.0
[INFO] [stderr]     Checking overload v0.1.1
[INFO] [stderr]     Checking tower-layer v0.3.2
[INFO] [stderr]    Compiling either v1.9.0
[INFO] [stderr]     Checking nu-ansi-term v0.46.0
[INFO] [stderr]     Checking atelier_core v0.2.22
[INFO] [stderr]    Compiling itertools v0.10.5
[INFO] [stderr]    Compiling http-body v0.4.5
[INFO] [stderr]     Checking anstream v0.6.4
[INFO] [stderr]     Checking nuid v0.5.0
[INFO] [stderr]    Compiling unicode-normalization v0.1.22
[INFO] [stderr]    Compiling ring v0.16.20
[INFO] [stderr]    Compiling axum v0.6.20
[INFO] [stderr]    Compiling httparse v1.8.0
[INFO] [stderr]     Checking sharded-slab v0.1.7
[INFO] [stderr]     Checking spdx v0.10.2
[INFO] [stderr]    Compiling num-rational v0.4.1
[INFO] [stderr]    Compiling num-iter v0.1.43
[INFO] [stderr]     Checking unicode-xid v0.2.4
[INFO] [stderr]     Checking id-arena v2.2.1
[INFO] [stderr]     Checking diff v0.1.13
[INFO] [stderr]     Checking clap_lex v0.6.0
[INFO] [stderr]    Compiling doc-comment v0.3.3
[INFO] [stderr]     Checking escape_string v0.1.2
[INFO] [stderr]    Compiling httpdate v1.0.3
[INFO] [stderr]    Compiling tower-service v0.3.2
[INFO] [stderr]     Checking ascii_tree v0.1.1
[INFO] [stderr]     Checking regex-automata v0.1.10
[INFO] [stderr]     Checking is-terminal v0.4.9
[INFO] [stderr]     Checking walkdir v2.4.0
[INFO] [stderr]     Checking clap_builder v4.4.8
[INFO] [stderr]     Checking pretty_assertions v0.7.2
[INFO] [stderr]     Checking sync_wrapper v0.1.2
[INFO] [stderr]     Checking matchit v0.7.3
[INFO] [stderr]    Compiling base64 v0.21.5
[INFO] [stderr]    Compiling bitflags v2.4.1
[INFO] [stderr]    Compiling darling_core v0.20.3
[INFO] [stderr]     Checking nom v7.1.3
[INFO] [stderr]    Compiling url v2.4.1
[INFO] [stderr]    Compiling rustls-pemfile v1.0.4
[INFO] [stderr]     Checking atelier_test v0.1.4
[INFO] [stderr]     Checking matchers v0.1.0
[INFO] [stderr]     Checking ulid v1.1.0
[INFO] [stderr]     Checking uuid v0.8.2
[INFO] [stderr]    Compiling encoding_rs v0.8.33
[INFO] [stderr]     Checking sha1 v0.10.6
[INFO] [stderr]     Checking num-complex v0.4.4
[INFO] [stderr]     Checking base64 v0.10.1
[INFO] [stderr]    Compiling ahash v0.8.6
[INFO] [stderr]     Checking match_cfg v0.1.0
[INFO] [stderr]    Compiling fastrand v2.0.1
[INFO] [stderr]    Compiling is_executable v1.0.1
[INFO] [stderr]     Checking hex v0.4.3
[INFO] [stderr]    Compiling ipnet v2.9.0
[INFO] [stderr]    Compiling mime v0.3.17
[INFO] [stderr]     Checking iana-time-zone v0.1.58
[INFO] [stderr]     Checking winnow v0.5.19
[INFO] [stderr]    Compiling same-file v1.0.6
[INFO] [stderr]     Checking bit-set v0.5.3
[INFO] [stderr]     Checking blob-uuid v0.4.0
[INFO] [stderr]     Checking hostname v0.3.1
[INFO] [stderr]    Compiling mime_guess v2.0.4
[INFO] [stderr]    Compiling proc-macro-error-attr v1.0.4
[INFO] [stderr]     Checking rmp v0.8.12
[INFO] [stderr]     Checking num v0.4.1
[INFO] [stderr]     Checking filetime v0.2.22
[INFO] [stderr]     Checking dirs-sys v0.3.7
[INFO] [stderr]    Compiling multer v2.1.0
[INFO] [stderr]     Checking base64 v0.12.3
[INFO] [stderr]    Compiling camino v1.1.6
[INFO] [stderr]    Compiling portable-atomic v1.5.1
[INFO] [stderr]     Checking utf-8 v0.7.6
[INFO] [stderr]     Checking zerocopy v0.7.26
[INFO] [stderr]     Checking env_logger v0.10.1
[INFO] [stderr]     Checking iso8601 v0.6.1
[INFO] [stderr]     Checking fraction v0.13.1
[INFO] [stderr]    Compiling proc-macro-error v1.0.4
[INFO] [stderr]     Checking flate2 v1.0.28
[INFO] [stderr]    Compiling rust-embed-utils v7.8.1
[INFO] [stderr]     Checking fancy-regex v0.11.0
[INFO] [stderr]    Compiling tempfile v3.8.1
[INFO] [stderr]     Checking atelier_core v0.1.4
[INFO] [stderr]    Compiling serde_derive v1.0.193
[INFO] [stderr]    Compiling tokio-macros v2.2.0
[INFO] [stderr]    Compiling futures-macro v0.3.29
[INFO] [stderr]    Compiling thiserror-impl v1.0.50
[INFO] [stderr]    Compiling tracing-attributes v0.1.27
[INFO] [stderr]    Compiling pin-project-internal v1.1.3
[INFO] [stderr]     Checking sct v0.7.1
[INFO] [stderr]     Checking rustls-webpki v0.101.7
[INFO] [stderr]    Compiling curve25519-dalek-derive v0.1.1
[INFO] [stderr]    Compiling serde_repr v0.1.17
[INFO] [stderr]    Compiling clap_derive v4.4.7
[INFO] [stderr]    Compiling prost-derive v0.11.9
[INFO] [stderr]    Compiling snafu-derive v0.6.10
[INFO] [stderr]    Compiling darling_macro v0.20.3
[INFO] [stderr]    Compiling tokio v1.34.0
[INFO] [stderr]    Compiling delegate-attr v0.2.9
[INFO] [stderr]     Checking nuid v0.3.2
[INFO] [stderr]     Checking console v0.15.7
[INFO] [stderr]     Checking pin-project v1.1.3
[INFO] [stderr]     Checking textwrap v0.11.0
[INFO] [stderr]     Checking ed25519-dalek v2.1.0
[INFO] [stderr]    Compiling darling v0.20.3
[INFO] [stderr]     Checking heck v0.4.1
[INFO] [stderr]     Checking xattr v1.0.1
[INFO] [stderr]     Checking atty v0.2.14
[INFO] [stderr]     Checking wasm-encoder v0.29.0
[INFO] [stderr]     Checking bstr v1.8.0
[INFO] [stderr]     Checking hmac v0.12.1
[INFO] [stderr]     Checking nkeys v0.3.2
[INFO] [stderr]     Checking pest v2.7.5
[INFO] [stderr]     Checking any_ascii v0.1.7
[INFO] [stderr]    Compiling nix-nar v0.2.1
[INFO] [stderr]     Checking num-cmp v0.1.0
[INFO] [stderr]     Checking tracing-futures v0.2.5
[INFO] [stderr]     Checking bytecount v0.6.7
[INFO] [stderr]     Checking unsafe-libyaml v0.2.9
[INFO] [stderr]     Checking clap v2.34.0
[INFO] [stderr]     Checking snafu v0.6.10
[INFO] [stderr]     Checking globset v0.4.13
[INFO] [stderr]     Checking lexical-sort v0.3.1
[INFO] [stderr]    Compiling serde_with_macros v2.3.3
[INFO] [stderr]     Checking atelier_openapi v0.1.0
[INFO] [stderr]    Compiling structopt-derive v0.4.18
[INFO] [stderr]    Compiling rust-embed-impl v6.8.1
[INFO] [stderr]     Checking nix v0.22.3
[INFO] [stderr]     Checking directories v4.0.1
[INFO] [stderr]     Checking wast v69.0.0
[INFO] [stderr]     Checking Inflector v0.11.4
[INFO] [stderr]     Checking inotify-sys v0.1.5
[INFO] [stderr]     Checking http-auth v0.1.8
[INFO] [stderr]     Checking clap v4.4.8
[INFO] [stderr]    Compiling pest_meta v2.7.5
[INFO] [stderr]     Checking path-dedot v3.1.1
[INFO] [stderr]     Checking scoped-tls v1.0.1
[INFO] [stderr]     Checking pathdiff v0.2.1
[INFO] [stderr]     Checking shell-words v1.1.0
[INFO] [stderr]     Checking half v1.8.2
[INFO] [stderr]     Checking rustc-hash v1.1.0
[INFO] [stderr]     Checking indicatif v0.17.7
[INFO] [stderr]     Checking path-absolutize v3.1.1
[INFO] [stderr]     Checking dialoguer v0.10.4
[INFO] [stderr]     Checking inotify v0.9.6
[INFO] [stderr]     Checking ignore v0.4.20
[INFO] [stderr]     Checking dirs v4.0.0
[INFO] [stderr]     Checking rust-embed v6.8.1
[INFO] [stderr]     Checking colored v2.0.4
[INFO] [stderr]     Checking term-table v1.3.2
[INFO] [stderr]     Checking futures-executor v0.3.29
[INFO] [stderr]     Checking opentelemetry_api v0.20.0
[INFO] [stderr]     Checking wasm-encoder v0.37.0
[INFO] [stderr]     Checking home v0.5.5
[INFO] [stderr]     Checking futures v0.3.29
[INFO] [stderr]     Checking which v4.4.2
[INFO] [stderr]     Checking notify v6.1.1
[INFO] [stderr]    Compiling pest_generator v2.7.5
[INFO] [stderr]     Checking clap_complete v4.4.4
[INFO] [stderr]     Checking rmpv v1.0.1
[INFO] [stderr]     Checking sanitize-filename v0.4.0
[INFO] [stderr]     Checking nix v0.27.1
[INFO] [stderr]     Checking structopt v0.3.26
[INFO] [stderr]    Compiling pest_derive v2.7.5
[INFO] [stderr]    Compiling tokio-util v0.7.10
[INFO] [stderr]    Compiling tokio-rustls v0.24.1
[INFO] [stderr]    Compiling h2 v0.3.22
[INFO] [stderr]     Checking pest_ascii_tree v0.1.0
[INFO] [stderr]     Checking atelier_smithy v0.2.13
[INFO] [stderr]    Compiling wash-lib v0.15.0
[INFO] [stderr]    Compiling wash-cli v0.24.1 (/opt/rustwide/workdir)
[INFO] [stderr]     Checking serde_urlencoded v0.7.1
[INFO] [stderr]     Checking deranged v0.3.9
[INFO] [stderr]     Checking serde_nanos v0.1.3
[INFO] [stderr]     Checking uuid v1.6.1
[INFO] [stderr]     Checking tracing-serde v0.1.3
[INFO] [stderr]     Checking serde_spanned v0.6.4
[INFO] [stderr]     Checking toml_datetime v0.6.5
[INFO] [stderr]     Checking serde_bytes v0.11.12
[INFO] [stderr]     Checking chrono v0.4.31
[INFO] [stderr]     Checking cargo-platform v0.1.5
[INFO] [stderr]     Checking rmp-serde v1.1.2
[INFO] [stderr]     Checking toml v0.5.11
[INFO] [stderr]     Checking wasmparser v0.107.0
[INFO] [stderr]     Checking wat v1.0.81
[INFO] [stderr]     Checking serde_with v2.3.3
[INFO] [stderr]     Checking serde_cbor v0.11.2
[INFO] [stderr]     Checking serde-transcode v1.1.1
[INFO] [stderr]     Checking prost v0.11.9
[INFO] [stderr]     Checking wasmparser v0.116.1
[INFO] [stderr]     Checking wasmparser v0.118.0
[INFO] [stderr]     Checking toml_edit v0.19.15
[INFO] [stderr]     Checking serde_yaml v0.9.27
[INFO] [stderr]     Checking time v0.3.30
[INFO] [stderr]     Checking tracing-subscriber v0.3.18
[INFO] [stderr]     Checking wit-parser v0.12.2
[INFO] [stderr]     Checking atelier_json v0.2.7
[INFO] [stderr]     Checking somedoc v0.2.10
[INFO] [stderr]     Checking handlebars v4.5.0
[INFO] [stderr]     Checking atelier_assembler v0.1.4
[INFO] [stderr]     Checking cloudevents-sdk v0.7.0
[INFO] [stderr]    Compiling hyper v0.14.27
[INFO] [stderr]     Checking headers-core v0.2.0
[INFO] [stderr]     Checking tungstenite v0.20.1
[INFO] [stderr]     Checking headers v0.3.9
[INFO] [stderr]     Checking toml v0.7.8
[INFO] [stderr]     Checking jwt v0.16.0
[INFO] [stderr]     Checking olpc-cjson v0.1.3
[INFO] [stderr]     Checking config v0.13.4
[INFO] [stderr]     Checking cargo_metadata v0.18.1
[INFO] [stderr]     Checking cargo_toml v0.15.3
[INFO] [stderr]     Checking atelier_describe v0.1.10
[INFO] [stderr]     Checking atelier_lib v0.2.5
[INFO] [stderr]     Checking cargo_atelier v0.2.7
[INFO] [stderr]     Checking wascap v0.11.2
[INFO] [stderr]    Compiling hyper-rustls v0.24.2
[INFO] [stderr]    Compiling reqwest v0.11.22
[INFO] [stderr]     Checking wascap v0.12.0
[INFO] [stderr]     Checking wasm-metadata v0.10.13
[INFO] [stderr]     Checking tokio-stream v0.1.14
[INFO] [stderr]     Checking tokio-retry v0.3.0
[INFO] [stderr]     Checking tokio-io-timeout v1.2.0
[INFO] [stderr]     Checking async-compression v0.3.15
[INFO] [stderr]     Checking tokio-tungstenite v0.20.1
[INFO] [stderr]     Checking command-group v1.0.8
[INFO] [stderr]     Checking async-nats v0.33.0
[INFO] [stderr]     Checking async-nats v0.31.0
[INFO] [stderr]     Checking wit-component v0.17.0
[INFO] [stderr]     Checking wit-component v0.16.1
[INFO] [stderr]     Checking opentelemetry_sdk v0.20.0
[INFO] [stderr]     Checking tokio-tar v0.3.1
[INFO] [stderr]     Checking tower v0.4.13
[INFO] [stderr]     Checking provider-archive v0.8.0
[INFO] [stderr]     Checking opentelemetry v0.20.0
[INFO] [stderr]     Checking tracing-opentelemetry v0.20.0
[INFO] [stderr]     Checking opentelemetry-semantic-conventions v0.12.0
[INFO] [stderr]    Compiling wasmcloud-component-adapters v0.2.4
[INFO] [stderr]     Checking wit-bindgen-core v0.13.1
[INFO] [stderr]     Checking wit-bindgen-c v0.13.1
[INFO] [stderr]     Checking wit-bindgen-go v0.13.1
[INFO] [stderr]     Checking wasmcloud-core v0.1.0
[INFO] [stderr] error: failed to run custom build command for `wasmcloud-component-adapters v0.2.4`
[INFO] [stderr] note: To improve backtraces for build dependencies, set the CARGO_PROFILE_DEV_BUILD_OVERRIDE_DEBUG=true environment variable to enable debug information generation.
[INFO] [stderr] 
[INFO] [stderr] Caused by:
[INFO] [stderr]   process didn't exit successfully: `/opt/rustwide/target/debug/build/wasmcloud-component-adapters-a51425fcd3cc4707/build-script-build` (exit status: 1)
[INFO] [stderr]   --- stdout
[INFO] [stderr]   cargo:rerun-if-changed=flake.lock
[INFO] [stderr]   cargo:rerun-if-changed=build.rs
[INFO] [stderr]   cargo:rerun-if-env-changed=WASI_PREVIEW1_COMMAND_COMPONENT_ADAPTER
[INFO] [stderr]   cargo:rerun-if-env-changed=WASI_PREVIEW1_REACTOR_COMPONENT_ADAPTER
[INFO] [stderr] 
[INFO] [stderr]   --- stderr
[INFO] [stderr]   Error: `https://github.com/bytecodealliance/wasmtime/releases/download/v13.0.0/wasi_snapshot_preview1.command.wasm` is not a valid URL
[INFO] [stderr] 
[INFO] [stderr]   Caused by:
[INFO] [stderr]       0: error sending request for url (https://github.com/bytecodealliance/wasmtime/releases/download/v13.0.0/wasi_snapshot_preview1.command.wasm): error trying to connect: dns error: failed to lookup address information: Temporary failure in name resolution
[INFO] [stderr]       1: error trying to connect: dns error: failed to lookup address information: Temporary failure in name resolution
[INFO] [stderr]       2: dns error: failed to lookup address information: Temporary failure in name resolution
[INFO] [stderr]       3: failed to lookup address information: Temporary failure in name resolution
[INFO] [stderr] warning: build failed, waiting for other jobs to finish...
[INFO] running `Command { std: "docker" "inspect" "ef498b2afa2c52029acc4fd88d19b1a475e831d1a4f7b9dd7b8e0c1b15bee9e8", kill_on_drop: false }`
[INFO] running `Command { std: "docker" "rm" "-f" "ef498b2afa2c52029acc4fd88d19b1a475e831d1a4f7b9dd7b8e0c1b15bee9e8", kill_on_drop: false }`
[INFO] [stdout] ef498b2afa2c52029acc4fd88d19b1a475e831d1a4f7b9dd7b8e0c1b15bee9e8
[INFO] documenting wash-cli-0.24.1 against beta-2023-12-22 for beta-1.76-rustdoc-1
[INFO] extracting crate wash-cli 0.24.1 into /workspace/builds/worker-5-tc2/source
[INFO] validating manifest of crates.io crate wash-cli 0.24.1 on toolchain beta-2023-12-22
[INFO] running `Command { std: CARGO_HOME="/workspace/cargo-home" RUSTUP_HOME="/workspace/rustup-home" "/workspace/cargo-home/bin/cargo" "+beta-2023-12-22" "metadata" "--manifest-path" "Cargo.toml" "--no-deps", kill_on_drop: false }`
[INFO] started tweaking crates.io crate wash-cli 0.24.1
[INFO] finished tweaking crates.io crate wash-cli 0.24.1
[INFO] tweaked toml for crates.io crate wash-cli 0.24.1 written to /workspace/builds/worker-5-tc2/source/Cargo.toml
[INFO] crate crates.io crate wash-cli 0.24.1 already has a lockfile, it will not be regenerated
[INFO] running `Command { std: CARGO_HOME="/workspace/cargo-home" RUSTUP_HOME="/workspace/rustup-home" "/workspace/cargo-home/bin/cargo" "+beta-2023-12-22" "fetch" "--manifest-path" "Cargo.toml", kill_on_drop: false }`
[INFO] running `Command { std: "docker" "create" "-v" "/var/lib/crater-agent-workspace/builds/worker-5-tc2/target:/opt/rustwide/target:rw,Z" "-v" "/var/lib/crater-agent-workspace/builds/worker-5-tc2/source:/opt/rustwide/workdir:ro,Z" "-v" "/var/lib/crater-agent-workspace/cargo-home:/opt/rustwide/cargo-home:ro,Z" "-v" "/var/lib/crater-agent-workspace/rustup-home:/opt/rustwide/rustup-home:ro,Z" "-e" "SOURCE_DIR=/opt/rustwide/workdir" "-e" "CARGO_TARGET_DIR=/opt/rustwide/target" "-e" "CARGO_HOME=/opt/rustwide/cargo-home" "-e" "RUSTUP_HOME=/opt/rustwide/rustup-home" "-w" "/opt/rustwide/workdir" "-m" "1610612736" "--user" "0:0" "--network" "none" "ghcr.io/rust-lang/crates-build-env/linux@sha256:2788e3201cd34a07e3172128adcd8b3090168a8e3bcc40d7c032b9dda1df7d1c" "/opt/rustwide/cargo-home/bin/cargo" "+beta-2023-12-22" "metadata" "--no-deps" "--format-version=1", kill_on_drop: false }`
[INFO] [stdout] 0e85332c008201f978b2ebf64284b4878306479fad542bb5bbb15b87117558ca
[INFO] running `Command { std: "docker" "start" "-a" "0e85332c008201f978b2ebf64284b4878306479fad542bb5bbb15b87117558ca", kill_on_drop: false }`
[INFO] running `Command { std: "docker" "inspect" "0e85332c008201f978b2ebf64284b4878306479fad542bb5bbb15b87117558ca", kill_on_drop: false }`
[INFO] running `Command { std: "docker" "rm" "-f" "0e85332c008201f978b2ebf64284b4878306479fad542bb5bbb15b87117558ca", kill_on_drop: false }`
[INFO] [stdout] 0e85332c008201f978b2ebf64284b4878306479fad542bb5bbb15b87117558ca
[INFO] running `Command { std: "docker" "create" "-v" "/var/lib/crater-agent-workspace/builds/worker-5-tc2/target:/opt/rustwide/target:rw,Z" "-v" "/var/lib/crater-agent-workspace/builds/worker-5-tc2/source:/opt/rustwide/workdir:ro,Z" "-v" "/var/lib/crater-agent-workspace/cargo-home:/opt/rustwide/cargo-home:ro,Z" "-v" "/var/lib/crater-agent-workspace/rustup-home:/opt/rustwide/rustup-home:ro,Z" "-e" "SOURCE_DIR=/opt/rustwide/workdir" "-e" "CARGO_TARGET_DIR=/opt/rustwide/target" "-e" "CARGO_INCREMENTAL=0" "-e" "RUST_BACKTRACE=full" "-e" "RUSTFLAGS=--cap-lints=warn" "-e" "RUSTDOCFLAGS=--cap-lints=warn" "-e" "CARGO_HOME=/opt/rustwide/cargo-home" "-e" "RUSTUP_HOME=/opt/rustwide/rustup-home" "-w" "/opt/rustwide/workdir" "-m" "1610612736" "--user" "0:0" "--network" "none" "ghcr.io/rust-lang/crates-build-env/linux@sha256:2788e3201cd34a07e3172128adcd8b3090168a8e3bcc40d7c032b9dda1df7d1c" "/opt/rustwide/cargo-home/bin/cargo" "+beta-2023-12-22" "doc" "--frozen" "--no-deps" "--document-private-items" "--message-format=json", kill_on_drop: false }`
[INFO] [stdout] 1e08228398424efe6c60e5f5df9b907bb6be18a26fbc8b4f92ab1c93cc8f25f3
[INFO] running `Command { std: "docker" "start" "-a" "1e08228398424efe6c60e5f5df9b907bb6be18a26fbc8b4f92ab1c93cc8f25f3", kill_on_drop: false }`
[INFO] [stderr]    Compiling proc-macro2 v1.0.69
[INFO] [stderr]    Compiling libc v0.2.150
[INFO] [stderr]    Compiling serde v1.0.193
[INFO] [stderr]     Checking memchr v2.6.4
[INFO] [stderr]     Checking itoa v1.0.9
[INFO] [stderr]    Compiling futures-core v0.3.29
[INFO] [stderr]     Checking smallvec v1.11.2
[INFO] [stderr]    Compiling futures-task v0.3.29
[INFO] [stderr]    Compiling futures-channel v0.3.29
[INFO] [stderr]     Checking ryu v1.0.15
[INFO] [stderr]    Compiling serde_json v1.0.108
[INFO] [stderr]     Checking once_cell v1.18.0
[INFO] [stderr]    Compiling lock_api v0.4.11
[INFO] [stderr]    Compiling parking_lot_core v0.9.9
[INFO] [stderr]     Checking scopeguard v1.2.0
[INFO] [stderr]    Compiling thiserror v1.0.50
[INFO] [stderr]     Checking futures-sink v0.3.29
[INFO] [stderr]    Compiling futures-util v0.3.29
[INFO] [stderr]     Checking futures-io v0.3.29
[INFO] [stderr]     Checking hashbrown v0.14.2
[INFO] [stderr]     Checking tracing-core v0.1.32
[INFO] [stderr]     Checking subtle v2.5.0
[INFO] [stderr]     Checking percent-encoding v2.3.0
[INFO] [stderr]     Checking gimli v0.28.0
[INFO] [stderr]     Checking rustc-demangle v0.1.23
[INFO] [stderr]    Compiling rustls v0.21.9
[INFO] [stderr]     Checking cpufeatures v0.2.11
[INFO] [stderr]     Checking digest v0.10.7
[INFO] [stderr]     Checking spin v0.9.8
[INFO] [stderr]     Checking form_urlencoded v1.2.0
[INFO] [stderr]    Compiling semver v1.0.20
[INFO] [stderr]     Checking unicode-bidi v0.3.13
[INFO] [stderr]    Compiling indexmap v1.9.3
[INFO] [stderr]     Checking aho-corasick v1.1.2
[INFO] [stderr]     Checking object v0.32.1
[INFO] [stderr]     Checking leb128 v0.2.5
[INFO] [stderr]     Checking try-lock v0.2.4
[INFO] [stderr]    Compiling syn v1.0.109
[INFO] [stderr]     Checking hashbrown v0.12.3
[INFO] [stderr]     Checking want v0.3.1
[INFO] [stderr]     Checking sha2 v0.10.8
[INFO] [stderr]    Compiling pin-project-lite v0.2.13
[INFO] [stderr]     Checking idna v0.4.0
[INFO] [stderr]    Compiling async-trait v0.1.74
[INFO] [stderr]     Checking base64ct v1.6.0
[INFO] [stderr]    Compiling platforms v3.2.0
[INFO] [stderr]    Compiling quote v1.0.33
[INFO] [stderr]    Compiling bytes v1.5.0
[INFO] [stderr]     Checking pem-rfc7468 v0.7.0
[INFO] [stderr]     Checking zeroize v1.7.0
[INFO] [stderr]    Compiling cc v1.0.83
[INFO] [stderr]    Compiling syn v2.0.39
[INFO] [stderr]    Compiling rustc_version v0.4.0
[INFO] [stderr]     Checking const-oid v0.9.5
[INFO] [stderr]     Checking data-encoding v2.5.0
[INFO] [stderr]    Compiling anyhow v1.0.75
[INFO] [stderr]     Checking signature v2.2.0
[INFO] [stderr]     Checking unicode-segmentation v1.10.1
[INFO] [stderr]     Checking der v0.7.8
[INFO] [stderr]    Compiling num_cpus v1.16.0
[INFO] [stderr]     Checking regex-automata v0.4.3
[INFO] [stderr]    Compiling curve25519-dalek v4.1.1
[INFO] [stderr]    Compiling socket2 v0.5.5
[INFO] [stderr]    Compiling mio v0.8.9
[INFO] [stderr]    Compiling error-chain v0.12.4
[INFO] [stderr]     Checking ed25519 v2.2.3
[INFO] [stderr]    Compiling crossbeam-utils v0.8.16
[INFO] [stderr]     Checking urlencoding v2.1.3
[INFO] [stderr]     Checking getrandom v0.2.11
[INFO] [stderr]     Checking signal-hook-registry v1.4.1
[INFO] [stderr]     Checking rand_core v0.6.4
[INFO] [stderr]     Checking parking_lot v0.12.1
[INFO] [stderr]     Checking socket2 v0.4.10
[INFO] [stderr]    Compiling generic-array v0.14.7
[INFO] [stderr]     Checking heck v0.3.3
[INFO] [stderr]     Checking rand_chacha v0.3.1
[INFO] [stderr]     Checking powerfmt v0.2.0
[INFO] [stderr]    Compiling time-core v0.1.2
[INFO] [stderr]    Compiling rustix v0.38.25
[INFO] [stderr]    Compiling ucd-trie v0.1.6
[INFO] [stderr]    Compiling time-macros v0.2.15
[INFO] [stderr]     Checking wasm-encoder v0.36.2
[INFO] [stderr]     Checking rand v0.8.5
[INFO] [stderr]     Checking spki v0.7.2
[INFO] [stderr]     Checking crossbeam-channel v0.5.8
[INFO] [stderr]    Compiling ring v0.17.5
[INFO] [stderr]    Compiling backtrace v0.3.69
[INFO] [stderr]     Checking ordered-float v3.9.2
[INFO] [stderr]     Checking pkcs8 v0.10.2
[INFO] [stderr]     Checking linux-raw-sys v0.4.11
[INFO] [stderr]     Checking addr2line v0.21.0
[INFO] [stderr]     Checking signatory v0.27.1
[INFO] [stderr]     Checking webpki-roots v0.25.2
[INFO] [stderr]     Checking unicode-width v0.1.11
[INFO] [stderr]    Compiling untrusted v0.9.0
[INFO] [stderr]    Compiling block-buffer v0.10.4
[INFO] [stderr]    Compiling crypto-common v0.1.6
[INFO] [stderr]    Compiling slab v0.4.9
[INFO] [stderr]    Compiling unicase v2.7.0
[INFO] [stderr]    Compiling pin-utils v0.1.0
[INFO] [stderr]     Checking openssl-probe v0.1.5
[INFO] [stderr]    Compiling http v0.2.11
[INFO] [stderr]     Checking wasm-encoder v0.38.0
[INFO] [stderr]     Checking byteorder v0.5.3
[INFO] [stderr]     Checking regex-syntax v0.6.29
[INFO] [stderr]     Checking rustls-native-certs v0.6.3
[INFO] [stderr]    Compiling tinyvec_macros v0.1.1
[INFO] [stderr]     Checking anstyle-parse v0.2.2
[INFO] [stderr]    Compiling tracing v0.1.40
[INFO] [stderr]    Compiling tinyvec v1.6.0
[INFO] [stderr]     Checking regex v1.10.2
[INFO] [stderr]     Checking wasm-gen v0.1.4
[INFO] [stderr]     Checking nuid v0.4.1
[INFO] [stderr]    Compiling axum-core v0.3.4
[INFO] [stderr]     Checking thread_local v1.1.7
[INFO] [stderr]    Compiling num-bigint v0.4.4
[INFO] [stderr]    Compiling indexmap v2.1.0
[INFO] [stderr]     Checking overload v0.1.1
[INFO] [stderr]    Compiling either v1.9.0
[INFO] [stderr]     Checking tower-layer v0.3.2
[INFO] [stderr]     Checking anstyle v1.0.4
[INFO] [stderr]    Compiling itertools v0.10.5
[INFO] [stderr]     Checking anstream v0.6.4
[INFO] [stderr]    Compiling http-body v0.4.5
[INFO] [stderr]     Checking atelier_core v0.2.22
[INFO] [stderr]     Checking nu-ansi-term v0.46.0
[INFO] [stderr]     Checking nuid v0.5.0
[INFO] [stderr]    Compiling ring v0.16.20
[INFO] [stderr]    Compiling unicode-normalization v0.1.22
[INFO] [stderr]    Compiling axum v0.6.20
[INFO] [stderr]    Compiling httparse v1.8.0
[INFO] [stderr]     Checking sharded-slab v0.1.7
[INFO] [stderr]     Checking spdx v0.10.2
[INFO] [stderr]    Compiling num-iter v0.1.43
[INFO] [stderr]    Compiling num-rational v0.4.1
[INFO] [stderr]     Checking unicode-xid v0.2.4
[INFO] [stderr]    Compiling tower-service v0.3.2
[INFO] [stderr]     Checking id-arena v2.2.1
[INFO] [stderr]    Compiling httpdate v1.0.3
[INFO] [stderr]     Checking diff v0.1.13
[INFO] [stderr]     Checking clap_lex v0.6.0
[INFO] [stderr]     Checking escape_string v0.1.2
[INFO] [stderr]     Checking regex-automata v0.1.10
[INFO] [stderr]    Compiling doc-comment v0.3.3
[INFO] [stderr]     Checking ascii_tree v0.1.1
[INFO] [stderr]     Checking clap_builder v4.4.8
[INFO] [stderr]     Checking pretty_assertions v0.7.2
[INFO] [stderr]     Checking walkdir v2.4.0
[INFO] [stderr]     Checking is-terminal v0.4.9
[INFO] [stderr]     Checking matchit v0.7.3
[INFO] [stderr]    Compiling bitflags v2.4.1
[INFO] [stderr]     Checking sync_wrapper v0.1.2
[INFO] [stderr]    Compiling base64 v0.21.5
[INFO] [stderr]     Checking nom v7.1.3
[INFO] [stderr]     Checking atelier_test v0.1.4
[INFO] [stderr]    Compiling darling_core v0.20.3
[INFO] [stderr]     Checking matchers v0.1.0
[INFO] [stderr]    Compiling rustls-pemfile v1.0.4
[INFO] [stderr]     Checking ulid v1.1.0
[INFO] [stderr]     Checking uuid v0.8.2
[INFO] [stderr]    Compiling encoding_rs v0.8.33
[INFO] [stderr]    Compiling url v2.4.1
[INFO] [stderr]     Checking sha1 v0.10.6
[INFO] [stderr]     Checking num-complex v0.4.4
[INFO] [stderr]     Checking base64 v0.10.1
[INFO] [stderr]    Compiling ahash v0.8.6
[INFO] [stderr]     Checking iana-time-zone v0.1.58
[INFO] [stderr]    Compiling ipnet v2.9.0
[INFO] [stderr]     Checking winnow v0.5.19
[INFO] [stderr]    Compiling is_executable v1.0.1
[INFO] [stderr]     Checking match_cfg v0.1.0
[INFO] [stderr]    Compiling fastrand v2.0.1
[INFO] [stderr]    Compiling same-file v1.0.6
[INFO] [stderr]    Compiling mime v0.3.17
[INFO] [stderr]     Checking hex v0.4.3
[INFO] [stderr]     Checking hostname v0.3.1
[INFO] [stderr]     Checking bit-set v0.5.3
[INFO] [stderr]     Checking num v0.4.1
[INFO] [stderr]     Checking blob-uuid v0.4.0
[INFO] [stderr]    Compiling mime_guess v2.0.4
[INFO] [stderr]    Compiling proc-macro-error-attr v1.0.4
[INFO] [stderr]     Checking filetime v0.2.22
[INFO] [stderr]     Checking dirs-sys v0.3.7
[INFO] [stderr]     Checking rmp v0.8.12
[INFO] [stderr]    Compiling multer v2.1.0
[INFO] [stderr]     Checking base64 v0.12.3
[INFO] [stderr]     Checking utf-8 v0.7.6
[INFO] [stderr]    Compiling portable-atomic v1.5.1
[INFO] [stderr]    Compiling camino v1.1.6
[INFO] [stderr]     Checking zerocopy v0.7.26
[INFO] [stderr]     Checking env_logger v0.10.1
[INFO] [stderr]     Checking iso8601 v0.6.1
[INFO] [stderr]     Checking fancy-regex v0.11.0
[INFO] [stderr]    Compiling proc-macro-error v1.0.4
[INFO] [stderr]     Checking flate2 v1.0.28
[INFO] [stderr]     Checking fraction v0.13.1
[INFO] [stderr]     Checking rustls-webpki v0.101.7
[INFO] [stderr]     Checking sct v0.7.1
[INFO] [stderr]    Compiling rust-embed-utils v7.8.1
[INFO] [stderr]     Checking atelier_core v0.1.4
[INFO] [stderr]     Checking nuid v0.3.2
[INFO] [stderr]    Compiling tempfile v3.8.1
[INFO] [stderr]     Checking textwrap v0.11.0
[INFO] [stderr]    Compiling prost-derive v0.11.9
[INFO] [stderr]    Compiling snafu-derive v0.6.10
[INFO] [stderr]    Compiling delegate-attr v0.2.9
[INFO] [stderr]     Checking console v0.15.7
[INFO] [stderr]     Checking atty v0.2.14
[INFO] [stderr]     Checking xattr v1.0.1
[INFO] [stderr]     Checking heck v0.4.1
[INFO] [stderr]    Compiling serde_derive v1.0.193
[INFO] [stderr]    Compiling tokio-macros v2.2.0
[INFO] [stderr]    Compiling futures-macro v0.3.29
[INFO] [stderr]    Compiling thiserror-impl v1.0.50
[INFO] [stderr]    Compiling tracing-attributes v0.1.27
[INFO] [stderr]    Compiling pin-project-internal v1.1.3
[INFO] [stderr]    Compiling curve25519-dalek-derive v0.1.1
[INFO] [stderr]    Compiling serde_repr v0.1.17
[INFO] [stderr]    Compiling clap_derive v4.4.7
[INFO] [stderr]    Compiling darling_macro v0.20.3
[INFO] [stderr]     Checking wasm-encoder v0.29.0
[INFO] [stderr]    Compiling tokio v1.34.0
[INFO] [stderr]     Checking hmac v0.12.1
[INFO] [stderr]     Checking bstr v1.8.0
[INFO] [stderr]    Compiling darling v0.20.3
[INFO] [stderr]     Checking num-cmp v0.1.0
[INFO] [stderr]     Checking any_ascii v0.1.7
[INFO] [stderr]     Checking ed25519-dalek v2.1.0
[INFO] [stderr]    Compiling pest v2.7.5
[INFO] [stderr]     Checking snafu v0.6.10
[INFO] [stderr]    Compiling nix-nar v0.2.1
[INFO] [stderr]     Checking unsafe-libyaml v0.2.9
[INFO] [stderr]     Checking pin-project v1.1.3
[INFO] [stderr]     Checking bytecount v0.6.7
[INFO] [stderr]     Checking clap v2.34.0
[INFO] [stderr]     Checking lexical-sort v0.3.1
[INFO] [stderr]     Checking nkeys v0.3.2
[INFO] [stderr]     Checking globset v0.4.13
[INFO] [stderr]    Compiling serde_with_macros v2.3.3
[INFO] [stderr]     Checking atelier_openapi v0.1.0
[INFO] [stderr]    Compiling rust-embed-impl v6.8.1
[INFO] [stderr]    Compiling structopt-derive v0.4.18
[INFO] [stderr]     Checking nix v0.22.3
[INFO] [stderr]     Checking tracing-futures v0.2.5
[INFO] [stderr]     Checking directories v4.0.1
[INFO] [stderr]     Checking wast v69.0.0
[INFO] [stderr]     Checking Inflector v0.11.4
[INFO] [stderr]     Checking inotify-sys v0.1.5
[INFO] [stderr]     Checking http-auth v0.1.8
[INFO] [stderr]    Compiling pest_meta v2.7.5
[INFO] [stderr]     Checking path-dedot v3.1.1
[INFO] [stderr]     Checking half v1.8.2
[INFO] [stderr]     Checking rustc-hash v1.1.0
[INFO] [stderr]     Checking pathdiff v0.2.1
[INFO] [stderr]     Checking shell-words v1.1.0
[INFO] [stderr]     Checking scoped-tls v1.0.1
[INFO] [stderr]     Checking rust-embed v6.8.1
[INFO] [stderr]     Checking indicatif v0.17.7
[INFO] [stderr]     Checking path-absolutize v3.1.1
[INFO] [stderr]     Checking dialoguer v0.10.4
[INFO] [stderr]     Checking inotify v0.9.6
[INFO] [stderr]     Checking ignore v0.4.20
[INFO] [stderr]     Checking dirs v4.0.0
[INFO] [stderr]     Checking clap v4.4.8
[INFO] [stderr]     Checking colored v2.0.4
[INFO] [stderr]     Checking term-table v1.3.2
[INFO] [stderr]     Checking wasm-encoder v0.37.0
[INFO] [stderr]     Checking home v0.5.5
[INFO] [stderr]     Checking clap_complete v4.4.4
[INFO] [stderr]     Checking notify v6.1.1
[INFO] [stderr]    Compiling pest_generator v2.7.5
[INFO] [stderr]     Checking which v4.4.2
[INFO] [stderr]     Checking rmpv v1.0.1
[INFO] [stderr]     Checking sanitize-filename v0.4.0
[INFO] [stderr]     Checking futures-executor v0.3.29
[INFO] [stderr]     Checking opentelemetry_api v0.20.0
[INFO] [stderr]     Checking nix v0.27.1
[INFO] [stderr]     Checking futures v0.3.29
[INFO] [stderr]     Checking structopt v0.3.26
[INFO] [stderr]    Compiling pest_derive v2.7.5
[INFO] [stderr]    Compiling tokio-util v0.7.10
[INFO] [stderr]    Compiling tokio-rustls v0.24.1
[INFO] [stderr]     Checking pest_ascii_tree v0.1.0
[INFO] [stderr]     Checking atelier_smithy v0.2.13
[INFO] [stderr]    Compiling h2 v0.3.22
[INFO] [stderr]    Compiling wash-lib v0.15.0
[INFO] [stderr]    Compiling wash-cli v0.24.1 (/opt/rustwide/workdir)
[INFO] [stderr]     Checking serde_urlencoded v0.7.1
[INFO] [stderr]     Checking deranged v0.3.9
[INFO] [stderr]     Checking uuid v1.6.1
[INFO] [stderr]     Checking serde_nanos v0.1.3
[INFO] [stderr]     Checking tracing-serde v0.1.3
[INFO] [stderr]     Checking serde_bytes v0.11.12
[INFO] [stderr]     Checking toml_datetime v0.6.5
[INFO] [stderr]     Checking serde_spanned v0.6.4
[INFO] [stderr]     Checking chrono v0.4.31
[INFO] [stderr]     Checking rmp-serde v1.1.2
[INFO] [stderr]     Checking toml v0.5.11
[INFO] [stderr]     Checking cargo-platform v0.1.5
[INFO] [stderr]     Checking wasmparser v0.107.0
[INFO] [stderr]     Checking serde-transcode v1.1.1
[INFO] [stderr]     Checking serde_with v2.3.3
[INFO] [stderr]     Checking prost v0.11.9
[INFO] [stderr]     Checking wat v1.0.81
[INFO] [stderr]     Checking serde_cbor v0.11.2
[INFO] [stderr]     Checking wasmparser v0.116.1
[INFO] [stderr]     Checking wasmparser v0.118.0
[INFO] [stderr]     Checking toml_edit v0.19.15
[INFO] [stderr]     Checking serde_yaml v0.9.27
[INFO] [stderr]     Checking wit-parser v0.12.2
[INFO] [stderr]     Checking tracing-subscriber v0.3.18
[INFO] [stderr]     Checking time v0.3.30
[INFO] [stderr]     Checking atelier_json v0.2.7
[INFO] [stderr]     Checking somedoc v0.2.10
[INFO] [stderr]     Checking jwt v0.16.0
[INFO] [stderr]     Checking atelier_assembler v0.1.4
[INFO] [stderr]     Checking cloudevents-sdk v0.7.0
[INFO] [stderr]     Checking tungstenite v0.20.1
[INFO] [stderr]     Checking headers-core v0.2.0
[INFO] [stderr]     Checking headers v0.3.9
[INFO] [stderr]    Compiling hyper v0.14.27
[INFO] [stderr]     Checking olpc-cjson v0.1.3
[INFO] [stderr]     Checking handlebars v4.5.0
[INFO] [stderr]     Checking config v0.13.4
[INFO] [stderr]     Checking cargo_metadata v0.18.1
[INFO] [stderr]     Checking toml v0.7.8
[INFO] [stderr]     Checking cargo_toml v0.15.3
[INFO] [stderr]     Checking atelier_describe v0.1.10
[INFO] [stderr]     Checking atelier_lib v0.2.5
[INFO] [stderr]     Checking cargo_atelier v0.2.7
[INFO] [stderr]     Checking wascap v0.11.2
[INFO] [stderr]    Compiling hyper-rustls v0.24.2
[INFO] [stderr]    Compiling reqwest v0.11.22
[INFO] [stderr]     Checking wascap v0.12.0
[INFO] [stderr]     Checking tokio-stream v0.1.14
[INFO] [stderr]     Checking tokio-retry v0.3.0
[INFO] [stderr]     Checking tokio-io-timeout v1.2.0
[INFO] [stderr]     Checking tokio-tungstenite v0.20.1
[INFO] [stderr]     Checking async-compression v0.3.15
[INFO] [stderr]     Checking command-group v1.0.8
[INFO] [stderr]     Checking wasm-metadata v0.10.13
[INFO] [stderr]     Checking async-nats v0.33.0
[INFO] [stderr]     Checking async-nats v0.31.0
[INFO] [stderr]     Checking opentelemetry_sdk v0.20.0
[INFO] [stderr]     Checking tokio-tar v0.3.1
[INFO] [stderr]     Checking wit-component v0.17.0
[INFO] [stderr]     Checking wit-component v0.16.1
[INFO] [stderr]     Checking tower v0.4.13
[INFO] [stderr]     Checking provider-archive v0.8.0
[INFO] [stderr]     Checking opentelemetry v0.20.0
[INFO] [stderr]     Checking tracing-opentelemetry v0.20.0
[INFO] [stderr]     Checking opentelemetry-semantic-conventions v0.12.0
[INFO] [stderr]    Compiling wasmcloud-component-adapters v0.2.4
[INFO] [stderr]     Checking wit-bindgen-core v0.13.1
[INFO] [stderr]     Checking wit-bindgen-c v0.13.1
[INFO] [stderr]     Checking wit-bindgen-go v0.13.1
[INFO] [stderr]     Checking wasmcloud-core v0.1.0
[INFO] [stderr] error: failed to run custom build command for `wasmcloud-component-adapters v0.2.4`
[INFO] [stderr] note: To improve backtraces for build dependencies, set the CARGO_PROFILE_DEV_BUILD_OVERRIDE_DEBUG=true environment variable to enable debug information generation.
[INFO] [stderr] 
[INFO] [stderr] Caused by:
[INFO] [stderr]   process didn't exit successfully: `/opt/rustwide/target/debug/build/wasmcloud-component-adapters-d61709d3f3a49c10/build-script-build` (exit status: 1)
[INFO] [stderr]   --- stdout
[INFO] [stderr]   cargo:rerun-if-changed=flake.lock
[INFO] [stderr]   cargo:rerun-if-changed=build.rs
[INFO] [stderr]   cargo:rerun-if-env-changed=WASI_PREVIEW1_COMMAND_COMPONENT_ADAPTER
[INFO] [stderr]   cargo:rerun-if-env-changed=WASI_PREVIEW1_REACTOR_COMPONENT_ADAPTER
[INFO] [stderr] 
[INFO] [stderr]   --- stderr
[INFO] [stderr]   Error: `https://github.com/bytecodealliance/wasmtime/releases/download/v13.0.0/wasi_snapshot_preview1.command.wasm` is not a valid URL
[INFO] [stderr] 
[INFO] [stderr]   Caused by:
[INFO] [stderr]       0: error sending request for url (https://github.com/bytecodealliance/wasmtime/releases/download/v13.0.0/wasi_snapshot_preview1.command.wasm): error trying to connect: dns error: failed to lookup address information: Temporary failure in name resolution
[INFO] [stderr]       1: error trying to connect: dns error: failed to lookup address information: Temporary failure in name resolution
[INFO] [stderr]       2: dns error: failed to lookup address information: Temporary failure in name resolution
[INFO] [stderr]       3: failed to lookup address information: Temporary failure in name resolution
[INFO] [stderr] warning: build failed, waiting for other jobs to finish...
[INFO] running `Command { std: "docker" "inspect" "1e08228398424efe6c60e5f5df9b907bb6be18a26fbc8b4f92ab1c93cc8f25f3", kill_on_drop: false }`
[INFO] running `Command { std: "docker" "rm" "-f" "1e08228398424efe6c60e5f5df9b907bb6be18a26fbc8b4f92ab1c93cc8f25f3", kill_on_drop: false }`
[INFO] [stdout] 1e08228398424efe6c60e5f5df9b907bb6be18a26fbc8b4f92ab1c93cc8f25f3
