[INFO] fetching crate wascc-redis 0.9.2...
[INFO] documenting wascc-redis-0.9.2 against 1.75.0 for beta-1.76-rustdoc-1
[INFO] extracting crate wascc-redis 0.9.2 into /workspace/builds/worker-5-tc1/source
[INFO] validating manifest of crates.io crate wascc-redis 0.9.2 on toolchain 1.75.0
[INFO] running `Command { std: CARGO_HOME="/workspace/cargo-home" RUSTUP_HOME="/workspace/rustup-home" "/workspace/cargo-home/bin/cargo" "+1.75.0" "metadata" "--manifest-path" "Cargo.toml" "--no-deps", kill_on_drop: false }`
[INFO] started tweaking crates.io crate wascc-redis 0.9.2
[INFO] finished tweaking crates.io crate wascc-redis 0.9.2
[INFO] tweaked toml for crates.io crate wascc-redis 0.9.2 written to /workspace/builds/worker-5-tc1/source/Cargo.toml
[INFO] running `Command { std: CARGO_HOME="/workspace/cargo-home" RUSTUP_HOME="/workspace/rustup-home" "/workspace/cargo-home/bin/cargo" "+1.75.0" "generate-lockfile" "--manifest-path" "Cargo.toml", kill_on_drop: false }`
[INFO] [stderr]     Updating crates.io index
[INFO] running `Command { std: CARGO_HOME="/workspace/cargo-home" RUSTUP_HOME="/workspace/rustup-home" "/workspace/cargo-home/bin/cargo" "+1.75.0" "fetch" "--manifest-path" "Cargo.toml", kill_on_drop: false }`
[INFO] [stderr]  Downloading crates ...
[INFO] [stderr]   Downloaded wascc-codec v0.9.1
[INFO] [stderr]   Downloaded redis v0.17.0
[INFO] running `Command { std: "docker" "create" "-v" "/var/lib/crater-agent-workspace/builds/worker-5-tc1/target:/opt/rustwide/target:rw,Z" "-v" "/var/lib/crater-agent-workspace/builds/worker-5-tc1/source:/opt/rustwide/workdir:ro,Z" "-v" "/var/lib/crater-agent-workspace/cargo-home:/opt/rustwide/cargo-home:ro,Z" "-v" "/var/lib/crater-agent-workspace/rustup-home:/opt/rustwide/rustup-home:ro,Z" "-e" "SOURCE_DIR=/opt/rustwide/workdir" "-e" "CARGO_TARGET_DIR=/opt/rustwide/target" "-e" "CARGO_HOME=/opt/rustwide/cargo-home" "-e" "RUSTUP_HOME=/opt/rustwide/rustup-home" "-w" "/opt/rustwide/workdir" "-m" "1610612736" "--user" "0:0" "--network" "none" "ghcr.io/rust-lang/crates-build-env/linux@sha256:2788e3201cd34a07e3172128adcd8b3090168a8e3bcc40d7c032b9dda1df7d1c" "/opt/rustwide/cargo-home/bin/cargo" "+1.75.0" "metadata" "--no-deps" "--format-version=1", kill_on_drop: false }`
[INFO] [stdout] c79f9142ebad3e7ff2512cb89b222bc908af2b63c60c648696d82a1974a54945
[INFO] running `Command { std: "docker" "start" "-a" "c79f9142ebad3e7ff2512cb89b222bc908af2b63c60c648696d82a1974a54945", kill_on_drop: false }`
[INFO] running `Command { std: "docker" "inspect" "c79f9142ebad3e7ff2512cb89b222bc908af2b63c60c648696d82a1974a54945", kill_on_drop: false }`
[INFO] running `Command { std: "docker" "rm" "-f" "c79f9142ebad3e7ff2512cb89b222bc908af2b63c60c648696d82a1974a54945", kill_on_drop: false }`
[INFO] [stdout] c79f9142ebad3e7ff2512cb89b222bc908af2b63c60c648696d82a1974a54945
[INFO] running `Command { std: "docker" "create" "-v" "/var/lib/crater-agent-workspace/builds/worker-5-tc1/target:/opt/rustwide/target:rw,Z" "-v" "/var/lib/crater-agent-workspace/builds/worker-5-tc1/source:/opt/rustwide/workdir:ro,Z" "-v" "/var/lib/crater-agent-workspace/cargo-home:/opt/rustwide/cargo-home:ro,Z" "-v" "/var/lib/crater-agent-workspace/rustup-home:/opt/rustwide/rustup-home:ro,Z" "-e" "SOURCE_DIR=/opt/rustwide/workdir" "-e" "CARGO_TARGET_DIR=/opt/rustwide/target" "-e" "CARGO_INCREMENTAL=0" "-e" "RUST_BACKTRACE=full" "-e" "RUSTFLAGS=--cap-lints=warn" "-e" "RUSTDOCFLAGS=--cap-lints=warn" "-e" "CARGO_HOME=/opt/rustwide/cargo-home" "-e" "RUSTUP_HOME=/opt/rustwide/rustup-home" "-w" "/opt/rustwide/workdir" "-m" "1610612736" "--user" "0:0" "--network" "none" "ghcr.io/rust-lang/crates-build-env/linux@sha256:2788e3201cd34a07e3172128adcd8b3090168a8e3bcc40d7c032b9dda1df7d1c" "/opt/rustwide/cargo-home/bin/cargo" "+1.75.0" "doc" "--frozen" "--no-deps" "--document-private-items" "--message-format=json", kill_on_drop: false }`
[INFO] [stdout] 94829d512c76748804af0fdf3ec3dd4698ce75f5cf290c49f24a99dd40a0e5f4
[INFO] running `Command { std: "docker" "start" "-a" "94829d512c76748804af0fdf3ec3dd4698ce75f5cf290c49f24a99dd40a0e5f4", kill_on_drop: false }`
[INFO] [stderr]    Compiling proc-macro2 v1.0.76
[INFO] [stderr]     Checking log v0.4.20
[INFO] [stderr]     Checking tracing-core v0.1.32
[INFO] [stderr]     Checking net2 v0.2.39
[INFO] [stderr]     Checking iovec v0.1.4
[INFO] [stderr]    Compiling serde v1.0.195
[INFO] [stderr]    Compiling num-traits v0.2.17
[INFO] [stderr]    Compiling paste v1.0.14
[INFO] [stderr]     Checking bytes v0.5.6
[INFO] [stderr]     Checking pin-project-lite v0.1.12
[INFO] [stderr]     Checking byteorder v1.5.0
[INFO] [stderr]     Checking polling v2.8.0
[INFO] [stderr]     Checking mio v0.6.23
[INFO] [stderr]     Checking regex-syntax v0.8.2
[INFO] [stderr]     Checking tracing v0.1.40
[INFO] [stderr]     Checking async-io v1.13.0
[INFO] [stderr]     Checking kv-log-macro v1.0.7
[INFO] [stderr]     Checking polling v3.3.1
[INFO] [stderr]     Checking blocking v1.5.1
[INFO] [stderr]    Compiling quote v1.0.35
[INFO] [stderr]     Checking mio-uds v0.6.8
[INFO] [stderr]    Compiling syn v2.0.48
[INFO] [stderr]     Checking async-io v2.2.2
[INFO] [stderr]     Checking tokio v0.2.25
[INFO] [stderr]    Compiling serde_json v1.0.111
[INFO] [stderr]     Checking crossbeam-epoch v0.9.17
[INFO] [stderr]     Checking itoa v1.0.10
[INFO] [stderr]     Checking ryu v1.0.16
[INFO] [stderr]     Checking regex-automata v0.4.3
[INFO] [stderr]     Checking crossbeam-channel v0.5.10
[INFO] [stderr]     Checking crossbeam-deque v0.8.4
[INFO] [stderr]     Checking atty v0.2.14
[INFO] [stderr]     Checking crossbeam-queue v0.3.10
[INFO] [stderr]     Checking termcolor v1.4.0
[INFO] [stderr]     Checking async-global-executor v2.4.1
[INFO] [stderr]     Checking dtoa v0.4.8
[INFO] [stderr]     Checking itoa v0.4.8
[INFO] [stderr]     Checking rmp v0.8.12
[INFO] [stderr]     Checking crossbeam v0.8.3
[INFO] [stderr]     Checking async-std v1.12.0
[INFO] [stderr]     Checking tokio-util v0.3.1
[INFO] [stderr]     Checking combine v4.6.6
[INFO] [stderr]     Checking regex v1.10.2
[INFO] [stderr]     Checking env_logger v0.8.4
[INFO] [stderr]    Compiling serde_derive v1.0.195
[INFO] [stderr]    Compiling async-trait v0.1.77
[INFO] [stderr]     Checking redis v0.17.0
[INFO] [stdout] error[E0412]: cannot find type `BoxFuture` in module `futures_util::future`
[INFO] [stdout]    --> /opt/rustwide/cargo-home/registry/src/index.crates.io-6f17d22bba15001f/redis-0.17.0/src/types.rs:525:53
[INFO] [stdout]     |
[INFO] [stdout] 525 | pub type RedisFuture<'a, T> = futures_util::future::BoxFuture<'a, RedisResult<T>>;
[INFO] [stdout]     |                                                     ^^^^^^^^^ help: a trait with a similar name exists: `Future`
[INFO] [stdout]    --> /rustc/82e1608dfa6e0b5569232559e3d385fea5a93112/library/core/src/future/future.rs:37:1
[INFO] [stdout]     |
[INFO] [stdout]     = note: similarly named trait `Future` defined here
[INFO] [stdout]     |
[INFO] [stdout] note: found an item that was configured out
[INFO] [stdout]    --> /opt/rustwide/cargo-home/registry/src/index.crates.io-6f17d22bba15001f/futures-util-0.3.30/src/future/mod.rs:16:32
[INFO] [stdout]     |
[INFO] [stdout] 16  | pub use futures_core::future::{BoxFuture, LocalBoxFuture};
[INFO] [stdout]     |                                ^^^^^^^^^
[INFO] [stdout]     = note: the item is gated behind the `alloc` feature
[INFO] [stdout] 
[INFO] [stdout] 
[INFO] [stderr]     Checking rmp-serde v0.14.4
[INFO] [stderr]     Checking serde_bytes v0.11.14
[INFO] [stdout] error[E0599]: no method named `boxed` found for `async` block `{async block@/opt/rustwide/cargo-home/registry/src/index.crates.io-6f17d22bba15001f/redis-0.17.0/src/aio.rs:549:10: 557:10}` in the current scope
[INFO] [stdout]    --> /opt/rustwide/cargo-home/registry/src/index.crates.io-6f17d22bba15001f/redis-0.17.0/src/aio.rs:558:10
[INFO] [stdout]     |
[INFO] [stdout] 549 | /         (async move {
[INFO] [stdout] 550 | |             if self.pubsub {
[INFO] [stdout] 551 | |                 self.exit_pubsub().await?;
[INFO] [stdout] 552 | |             }
[INFO] [stdout] ...   |
[INFO] [stdout] 557 | |         })
[INFO] [stdout] 558 | |         .boxed()
[INFO] [stdout]     | |         -^^^^^ method not found in `{async block@/opt/rustwide/cargo-home/registry/src/index.crates.io-6f17d22bba15001f/redis-0.17.0/src/aio.rs:549:10: 557:10}`
[INFO] [stdout]     | |_________|
[INFO] [stdout]     | 
[INFO] [stdout]     |
[INFO] [stdout]     = help: items from traits can only be used if the trait is in scope
[INFO] [stdout] help: the following traits are implemented but not in scope; perhaps add a `use` for one of them:
[INFO] [stdout]     |
[INFO] [stdout] 2   + use combine::Parser;
[INFO] [stdout]     |
[INFO] [stdout] 2   + use futures_lite::future::FutureExt;
[INFO] [stdout]     |
[INFO] [stdout] 2   + use futures_lite::future::FutureExt;
[INFO] [stdout]     |
[INFO] [stdout] 2   + use futures_lite::stream::StreamExt;
[INFO] [stdout]     |
[INFO] [stdout]       and 1 other candidate
[INFO] [stdout] 
[INFO] [stdout] 
[INFO] [stdout] error[E0599]: no method named `boxed` found for `async` block `{async block@/opt/rustwide/cargo-home/registry/src/index.crates.io-6f17d22bba15001f/redis-0.17.0/src/aio.rs:567:10: 586:10}` in the current scope
[INFO] [stdout]    --> /opt/rustwide/cargo-home/registry/src/index.crates.io-6f17d22bba15001f/redis-0.17.0/src/aio.rs:587:10
[INFO] [stdout]     |
[INFO] [stdout] 567 | /         (async move {
[INFO] [stdout] 568 | |             if self.pubsub {
[INFO] [stdout] 569 | |                 self.exit_pubsub().await?;
[INFO] [stdout] 570 | |             }
[INFO] [stdout] ...   |
[INFO] [stdout] 586 | |         })
[INFO] [stdout] 587 | |         .boxed()
[INFO] [stdout]     | |         -^^^^^ method not found in `{async block@/opt/rustwide/cargo-home/registry/src/index.crates.io-6f17d22bba15001f/redis-0.17.0/src/aio.rs:567:10: 586:10}`
[INFO] [stdout]     | |_________|
[INFO] [stdout]     | 
[INFO] [stdout]     |
[INFO] [stdout]     = help: items from traits can only be used if the trait is in scope
[INFO] [stdout] help: the following traits are implemented but not in scope; perhaps add a `use` for one of them:
[INFO] [stdout]     |
[INFO] [stdout] 2   + use combine::Parser;
[INFO] [stdout]     |
[INFO] [stdout] 2   + use futures_lite::future::FutureExt;
[INFO] [stdout]     |
[INFO] [stdout] 2   + use futures_lite::future::FutureExt;
[INFO] [stdout]     |
[INFO] [stdout] 2   + use futures_lite::stream::StreamExt;
[INFO] [stdout]     |
[INFO] [stdout]       and 1 other candidate
[INFO] [stdout] 
[INFO] [stdout] 
[INFO] [stdout] error[E0599]: no method named `boxed` found for `async` block `{async block@/opt/rustwide/cargo-home/registry/src/index.crates.io-6f17d22bba15001f/redis-0.17.0/src/aio.rs:935:10: 946:10}` in the current scope
[INFO] [stdout]    --> /opt/rustwide/cargo-home/registry/src/index.crates.io-6f17d22bba15001f/redis-0.17.0/src/aio.rs:947:10
[INFO] [stdout]     |
[INFO] [stdout] 935 | /         (async move {
[INFO] [stdout] 936 | |             let value = self
[INFO] [stdout] 937 | |                 .pipeline
[INFO] [stdout] 938 | |                 .send(cmd.get_packed_command())
[INFO] [stdout] ...   |
[INFO] [stdout] 946 | |         })
[INFO] [stdout] 947 | |         .boxed()
[INFO] [stdout]     | |         -^^^^^ method not found in `{async block@/opt/rustwide/cargo-home/registry/src/index.crates.io-6f17d22bba15001f/redis-0.17.0/src/aio.rs:935:10: 946:10}`
[INFO] [stdout]     | |_________|
[INFO] [stdout]     | 
[INFO] [stdout]     |
[INFO] [stdout]     = help: items from traits can only be used if the trait is in scope
[INFO] [stdout] help: the following traits are implemented but not in scope; perhaps add a `use` for one of them:
[INFO] [stdout]     |
[INFO] [stdout] 2   + use combine::Parser;
[INFO] [stdout]     |
[INFO] [stdout] 2   + use futures_lite::future::FutureExt;
[INFO] [stdout]     |
[INFO] [stdout] 2   + use futures_lite::future::FutureExt;
[INFO] [stdout]     |
[INFO] [stdout] 2   + use futures_lite::stream::StreamExt;
[INFO] [stdout]     |
[INFO] [stdout]       and 1 other candidate
[INFO] [stdout] 
[INFO] [stdout] 
[INFO] [stdout] error[E0599]: no method named `boxed` found for `async` block `{async block@/opt/rustwide/cargo-home/registry/src/index.crates.io-6f17d22bba15001f/redis-0.17.0/src/aio.rs:956:10: 969:10}` in the current scope
[INFO] [stdout]    --> /opt/rustwide/cargo-home/registry/src/index.crates.io-6f17d22bba15001f/redis-0.17.0/src/aio.rs:970:10
[INFO] [stdout]     |
[INFO] [stdout] 956 | /         (async move {
[INFO] [stdout] 957 | |             let mut value = self
[INFO] [stdout] 958 | |                 .pipeline
[INFO] [stdout] 959 | |                 .send_recv_multiple(cmd.get_packed_pipeline(), offset + count)
[INFO] [stdout] ...   |
[INFO] [stdout] 969 | |         })
[INFO] [stdout] 970 | |         .boxed()
[INFO] [stdout]     | |         -^^^^^ method not found in `{async block@/opt/rustwide/cargo-home/registry/src/index.crates.io-6f17d22bba15001f/redis-0.17.0/src/aio.rs:956:10: 969:10}`
[INFO] [stdout]     | |_________|
[INFO] [stdout]     | 
[INFO] [stdout]     |
[INFO] [stdout]     = help: items from traits can only be used if the trait is in scope
[INFO] [stdout] help: the following traits are implemented but not in scope; perhaps add a `use` for one of them:
[INFO] [stdout]     |
[INFO] [stdout] 2   + use combine::Parser;
[INFO] [stdout]     |
[INFO] [stdout] 2   + use futures_lite::future::FutureExt;
[INFO] [stdout]     |
[INFO] [stdout] 2   + use futures_lite::future::FutureExt;
[INFO] [stdout]     |
[INFO] [stdout] 2   + use futures_lite::stream::StreamExt;
[INFO] [stdout]     |
[INFO] [stdout]       and 1 other candidate
[INFO] [stdout] 
[INFO] [stdout] 
[INFO] [stderr]     Checking wascc-codec v0.9.1
[INFO] [stdout] error: aborting due to 5 previous errors
[INFO] [stdout] 
[INFO] [stdout] 
[INFO] [stdout] Some errors have detailed explanations: E0412, E0599.
[INFO] [stdout] 
[INFO] [stdout] For more information about an error, try `rustc --explain E0412`.
[INFO] [stdout] 
[INFO] [stderr] error: could not compile `redis` (lib) due to 6 previous errors; 89 warnings emitted
[INFO] running `Command { std: "docker" "inspect" "94829d512c76748804af0fdf3ec3dd4698ce75f5cf290c49f24a99dd40a0e5f4", kill_on_drop: false }`
[INFO] running `Command { std: "docker" "rm" "-f" "94829d512c76748804af0fdf3ec3dd4698ce75f5cf290c49f24a99dd40a0e5f4", kill_on_drop: false }`
[INFO] [stdout] 94829d512c76748804af0fdf3ec3dd4698ce75f5cf290c49f24a99dd40a0e5f4
