[INFO] fetching crate wascc-host 0.14.0...
[INFO] documenting wascc-host-0.14.0 against 1.75.0 for beta-1.76-rustdoc-1
[INFO] extracting crate wascc-host 0.14.0 into /workspace/builds/worker-6-tc1/source
[INFO] validating manifest of crates.io crate wascc-host 0.14.0 on toolchain 1.75.0
[INFO] running `Command { std: CARGO_HOME="/workspace/cargo-home" RUSTUP_HOME="/workspace/rustup-home" "/workspace/cargo-home/bin/cargo" "+1.75.0" "metadata" "--manifest-path" "Cargo.toml" "--no-deps", kill_on_drop: false }`
[INFO] started tweaking crates.io crate wascc-host 0.14.0
[INFO] removed 0 missing examples
[INFO] removed 0 missing tests
[INFO] finished tweaking crates.io crate wascc-host 0.14.0
[INFO] tweaked toml for crates.io crate wascc-host 0.14.0 written to /workspace/builds/worker-6-tc1/source/Cargo.toml
[INFO] crate crates.io crate wascc-host 0.14.0 already has a lockfile, it will not be regenerated
[INFO] running `Command { std: CARGO_HOME="/workspace/cargo-home" RUSTUP_HOME="/workspace/rustup-home" "/workspace/cargo-home/bin/cargo" "+1.75.0" "fetch" "--manifest-path" "Cargo.toml", kill_on_drop: false }`
[INFO] [stderr]     Updating crates.io index
[INFO] [stderr]  Downloading crates ...
[INFO] [stderr]   Downloaded rmp v0.8.9
[INFO] [stderr]   Downloaded errno-dragonfly v0.1.1
[INFO] [stderr]   Downloaded async-channel v1.5.1
[INFO] [stderr]   Downloaded redis v0.17.0
[INFO] [stderr]   Downloaded backtrace v0.3.53
[INFO] [stderr]   Downloaded cranelift-codegen-shared v0.66.0
[INFO] [stderr]   Downloaded serde_yaml v0.8.13
[INFO] [stderr]   Downloaded cranelift-codegen v0.66.0
[INFO] [stderr]   Downloaded syn v1.0.45
[INFO] [stderr]   Downloaded regex-syntax v0.6.20
[INFO] [stderr]   Downloaded async-global-executor v1.4.2
[INFO] [stderr]   Downloaded bzip2-sys v0.1.9+1.0.8
[INFO] [stderr]   Downloaded cranelift-codegen-meta v0.66.0
[INFO] [stderr]   Downloaded raw-cpuid v7.0.3
[INFO] [stderr]   Downloaded wiggle v0.19.0
[INFO] [stderr]   Downloaded wasm3-provider v0.0.1
[INFO] [stderr]   Downloaded wasmtime-wiggle v0.19.0
[INFO] [stderr]   Downloaded zstd-sys v1.4.17+zstd.1.4.5
[INFO] [stderr]   Downloaded wasm3 v0.1.3
[INFO] [stderr]   Downloaded witx v0.8.7
[INFO] [stderr]   Downloaded wasmtime-provider v0.0.1
[INFO] [stderr]   Downloaded latticeclient v0.4.0
[INFO] [stderr]   Downloaded async-rustls v0.1.1
[INFO] [stderr]   Downloaded nuid v0.2.1
[INFO] [stderr]   Downloaded wascap v0.5.1
[INFO] [stderr]   Downloaded cvt v0.1.1
[INFO] [stderr]   Downloaded winx v0.19.0
[INFO] [stderr]   Downloaded www-authenticate v0.3.0
[INFO] [stderr]   Downloaded scroll_derive v0.10.3
[INFO] [stderr]   Downloaded base64-url v1.4.7
[INFO] [stderr]   Downloaded nats v0.8.1
[INFO] [stderr]   Downloaded wast v26.0.1
[INFO] [stderr]   Downloaded wast v22.0.0
[INFO] [stderr]   Downloaded wasm3-sys v0.1.2
[INFO] [stderr]   Downloaded oci-distribution v0.4.0
[INFO] [stderr]   Downloaded more-asserts v0.2.1
[INFO] [stderr]   Downloaded yanix v0.19.0
[INFO] [stderr]   Downloaded wiggle-generate v0.19.0
[INFO] [stderr]   Downloaded provider-archive v0.1.0
[INFO] [stderr]   Downloaded chrono-humanize v0.1.1
[INFO] [stderr]   Downloaded wat v1.0.27
[INFO] [stderr]   Downloaded wasmtime-wiggle-macro v0.19.1
[INFO] [stderr]   Downloaded wasi-common v0.19.1
[INFO] [stderr]   Downloaded wiggle-macro v0.19.0
[INFO] [stderr]   Downloaded wig v0.19.0
[INFO] [stderr]   Downloaded ctrlc v3.1.7
[INFO] [stderr]   Downloaded hyperx v0.13.2
[INFO] [stderr]   Downloaded wasmtime-wasi v0.19.1
[INFO] [stderr]   Downloaded protobuf v2.18.0
[INFO] [stderr]   Downloaded cranelift-frontend v0.66.0
[INFO] [stderr]   Downloaded async-io v1.1.10
[INFO] [stderr]   Downloaded rayon-core v1.8.1
[INFO] [stderr]   Downloaded wasmtime-debug v0.19.0
[INFO] [stderr]   Downloaded object v0.21.1
[INFO] [stderr]   Downloaded libloading v0.6.4
[INFO] [stderr]   Downloaded zip v0.5.8
[INFO] [stderr]   Downloaded wascc-codec v0.8.1
[INFO] [stderr]   Downloaded zstd v0.5.3+zstd.1.4.5
[INFO] [stderr]   Downloaded zstd-safe v2.0.5+zstd.1.4.5
[INFO] [stderr]   Downloaded prometheus v0.9.0
[INFO] [stderr]   Downloaded wasmtime-obj v0.19.0
[INFO] [stderr]   Downloaded bincode v1.3.1
[INFO] [stderr]   Downloaded cranelift-native v0.66.0
[INFO] [stderr]   Downloaded wasmtime-runtime v0.19.0
[INFO] [stderr]   Downloaded async-net v1.5.0
[INFO] [stderr]   Downloaded wasmtime-profiling v0.19.0
[INFO] [stderr]   Downloaded combine v4.3.2
[INFO] [stderr]   Downloaded futures-lite v1.11.2
[INFO] [stderr]   Downloaded cranelift-wasm v0.66.0
[INFO] [stderr]   Downloaded nkeys v0.0.11
[INFO] [stderr]   Downloaded wasmtime-environ v0.19.0
[INFO] [stderr]   Downloaded wapc v0.10.1
[INFO] [stderr]   Downloaded regalloc v0.0.27
[INFO] [stderr]   Downloaded rayon v1.4.1
[INFO] [stderr]   Downloaded wasmtime-jit v0.19.0
[INFO] [stderr]   Downloaded ed25519 v1.0.3
[INFO] [stderr]   Downloaded cranelift-bforest v0.66.0
[INFO] [stderr]   Downloaded file-per-thread-logger v0.1.4
[INFO] [stderr]   Downloaded tracing-attributes v0.1.11
[INFO] [stderr]   Downloaded bindgen v0.54.0
[INFO] [stderr]   Downloaded async-lock v2.3.0
[INFO] [stderr]   Downloaded rustc-demangle v0.1.17
[INFO] [stderr]   Downloaded flate2 v1.0.14
[INFO] [stderr]   Downloaded wasmparser v0.59.0
[INFO] [stderr]   Downloaded polling v2.0.2
[INFO] [stderr]   Downloaded aho-corasick v0.7.14
[INFO] [stderr]   Downloaded fastrand v1.4.0
[INFO] [stderr]   Downloaded target-lexicon v0.10.0
[INFO] [stderr]   Downloaded nb-connect v1.0.2
[INFO] [stderr]   Downloaded errno v0.2.6
[INFO] [stderr]   Downloaded signatory v0.21.0
[INFO] [stderr]   Downloaded async-std v1.6.5
[INFO] [stderr]   Downloaded regex v1.4.1
[INFO] [stderr]   Downloaded wasmtime v0.19.0
[INFO] [stderr]   Downloaded cranelift-entity v0.66.0
[INFO] [stderr]   Downloaded filetime v0.2.12
[INFO] [stderr]   Downloaded cty v0.2.1
[INFO] [stderr]   Downloaded parity-wasm v0.42.1
[INFO] running `Command { std: "docker" "create" "-v" "/var/lib/crater-agent-workspace/builds/worker-6-tc1/target:/opt/rustwide/target:rw,Z" "-v" "/var/lib/crater-agent-workspace/builds/worker-6-tc1/source:/opt/rustwide/workdir:ro,Z" "-v" "/var/lib/crater-agent-workspace/cargo-home:/opt/rustwide/cargo-home:ro,Z" "-v" "/var/lib/crater-agent-workspace/rustup-home:/opt/rustwide/rustup-home:ro,Z" "-e" "SOURCE_DIR=/opt/rustwide/workdir" "-e" "CARGO_TARGET_DIR=/opt/rustwide/target" "-e" "CARGO_HOME=/opt/rustwide/cargo-home" "-e" "RUSTUP_HOME=/opt/rustwide/rustup-home" "-w" "/opt/rustwide/workdir" "-m" "1610612736" "--user" "0:0" "--network" "none" "ghcr.io/rust-lang/crates-build-env/linux@sha256:2788e3201cd34a07e3172128adcd8b3090168a8e3bcc40d7c032b9dda1df7d1c" "/opt/rustwide/cargo-home/bin/cargo" "+1.75.0" "metadata" "--no-deps" "--format-version=1", kill_on_drop: false }`
[INFO] [stdout] 2b996979fc6828a677680e2988e2e79c164c6844f7e874eaaf5ef52f87e75018
[INFO] running `Command { std: "docker" "start" "-a" "2b996979fc6828a677680e2988e2e79c164c6844f7e874eaaf5ef52f87e75018", kill_on_drop: false }`
[INFO] running `Command { std: "docker" "inspect" "2b996979fc6828a677680e2988e2e79c164c6844f7e874eaaf5ef52f87e75018", kill_on_drop: false }`
[INFO] running `Command { std: "docker" "rm" "-f" "2b996979fc6828a677680e2988e2e79c164c6844f7e874eaaf5ef52f87e75018", kill_on_drop: false }`
[INFO] [stdout] 2b996979fc6828a677680e2988e2e79c164c6844f7e874eaaf5ef52f87e75018
[INFO] running `Command { std: "docker" "create" "-v" "/var/lib/crater-agent-workspace/builds/worker-6-tc1/target:/opt/rustwide/target:rw,Z" "-v" "/var/lib/crater-agent-workspace/builds/worker-6-tc1/source:/opt/rustwide/workdir:ro,Z" "-v" "/var/lib/crater-agent-workspace/cargo-home:/opt/rustwide/cargo-home:ro,Z" "-v" "/var/lib/crater-agent-workspace/rustup-home:/opt/rustwide/rustup-home:ro,Z" "-e" "SOURCE_DIR=/opt/rustwide/workdir" "-e" "CARGO_TARGET_DIR=/opt/rustwide/target" "-e" "CARGO_INCREMENTAL=0" "-e" "RUST_BACKTRACE=full" "-e" "RUSTFLAGS=--cap-lints=warn" "-e" "RUSTDOCFLAGS=--cap-lints=warn" "-e" "CARGO_HOME=/opt/rustwide/cargo-home" "-e" "RUSTUP_HOME=/opt/rustwide/rustup-home" "-w" "/opt/rustwide/workdir" "-m" "1610612736" "--user" "0:0" "--network" "none" "ghcr.io/rust-lang/crates-build-env/linux@sha256:2788e3201cd34a07e3172128adcd8b3090168a8e3bcc40d7c032b9dda1df7d1c" "/opt/rustwide/cargo-home/bin/cargo" "+1.75.0" "doc" "--frozen" "--no-deps" "--document-private-items" "--message-format=json", kill_on_drop: false }`
[INFO] [stdout] 849d164d943ecd3fc1fbcbcc4733c290d3852a23c3b8d304e44676cfef4e6afa
[INFO] running `Command { std: "docker" "start" "-a" "849d164d943ecd3fc1fbcbcc4733c290d3852a23c3b8d304e44676cfef4e6afa", kill_on_drop: false }`
[INFO] [stderr]    Compiling proc-macro2 v1.0.24
[INFO] [stderr]    Compiling libc v0.2.79
[INFO] [stderr]    Compiling unicode-xid v0.2.1
[INFO] [stderr]    Compiling syn v1.0.45
[INFO] [stderr]    Compiling serde_derive v1.0.117
[INFO] [stderr]    Compiling serde v1.0.117
[INFO] [stderr]    Compiling log v0.4.11
[INFO] [stderr]    Compiling byteorder v1.3.4
[INFO] [stderr]    Compiling memchr v2.3.3
[INFO] [stderr]    Compiling typenum v1.12.0
[INFO] [stderr]    Compiling indexmap v1.6.0
[INFO] [stderr]    Compiling anyhow v1.0.33
[INFO] [stderr]    Compiling version_check v0.9.2
[INFO] [stderr]     Checking hashbrown v0.9.1
[INFO] [stderr]    Compiling bitflags v1.2.1
[INFO] [stderr]    Compiling crossbeam-utils v0.7.2
[INFO] [stderr]    Compiling quote v1.0.7
[INFO] [stderr]    Compiling maybe-uninit v2.0.0
[INFO] [stderr]    Compiling memoffset v0.5.6
[INFO] [stderr]     Checking itoa v0.4.6
[INFO] [stderr]    Compiling jobserver v0.1.21
[INFO] [stderr]    Compiling cranelift-codegen-shared v0.66.0
[INFO] [stderr]    Compiling cc v1.0.61
[INFO] [stderr]     Checking num_cpus v1.13.0
[INFO] [stderr]    Compiling pkg-config v0.3.19
[INFO] [stderr]     Checking aho-corasick v0.7.14
[INFO] [stderr]     Checking thread_local v1.0.1
[INFO] [stderr]    Compiling crossbeam-epoch v0.8.2
[INFO] [stderr]     Checking regex-syntax v0.6.20
[INFO] [stderr]    Compiling either v1.6.1
[INFO] [stderr]     Checking quick-error v1.2.3
[INFO] [stderr]    Compiling target-lexicon v0.10.0
[INFO] [stderr]     Checking humantime v1.3.0
[INFO] [stderr]    Compiling itertools v0.9.0
[INFO] [stderr]     Checking atty v0.2.14
[INFO] [stderr]    Compiling getrandom v0.1.15
[INFO] [stderr]     Checking termcolor v1.1.0
[INFO] [stderr]     Checking smallvec v1.4.2
[INFO] [stderr]    Compiling glob v0.3.0
[INFO] [stderr]     Checking stable_deref_trait v1.2.0
[INFO] [stderr]     Checking scopeguard v1.1.0
[INFO] [stderr]     Checking fallible-iterator v0.2.0
[INFO] [stderr]     Checking iovec v0.1.4
[INFO] [stderr]     Checking pin-project-lite v0.1.11
[INFO] [stderr]    Compiling rayon-core v1.8.1
[INFO] [stderr]     Checking crossbeam-deque v0.7.3
[INFO] [stderr]     Checking generic-array v0.12.3
[INFO] [stderr]     Checking crossbeam-channel v0.4.4
[INFO] [stderr]     Checking slab v0.4.2
[INFO] [stderr]     Checking byte-tools v0.3.1
[INFO] [stderr]    Compiling crc32fast v1.2.0
[INFO] [stderr]    Compiling rayon v1.4.1
[INFO] [stderr]     Checking block-padding v0.1.5
[INFO] [stderr]    Compiling autocfg v0.1.7
[INFO] [stderr]     Checking futures-core v0.3.6
[INFO] [stderr]    Compiling zstd-sys v1.4.17+zstd.1.4.5
[INFO] [stderr]     Checking rand_core v0.4.2
[INFO] [stderr]     Checking base64 v0.12.3
[INFO] [stderr]     Checking once_cell v1.4.1
[INFO] [stderr]     Checking digest v0.8.1
[INFO] [stderr]     Checking block-buffer v0.7.3
[INFO] [stderr]     Checking dirs-sys v0.3.5
[INFO] [stderr]     Checking tracing-core v0.1.17
[INFO] [stderr]    Compiling leb128 v0.2.4
[INFO] [stderr]     Checking opaque-debug v0.2.3
[INFO] [stderr]    Compiling pin-project-internal v0.4.27
[INFO] [stderr]     Checking wasmparser v0.59.0
[INFO] [stderr]    Compiling semver-parser v0.7.0
[INFO] [stderr]    Compiling wasmtime-environ v0.19.0
[INFO] [stderr]     Checking regex v1.4.1
[INFO] [stderr]     Checking fake-simd v0.1.2
[INFO] [stderr]    Compiling cfg-if v0.1.10
[INFO] [stderr]     Checking sha2 v0.8.2
[INFO] [stderr]    Compiling semver v0.9.0
[INFO] [stderr]    Compiling wast v22.0.0
[INFO] [stderr]     Checking directories v2.0.2
[INFO] [stderr]    Compiling openssl-sys v0.9.58
[INFO] [stderr]     Checking net2 v0.2.35
[INFO] [stderr]     Checking errno v0.2.6
[INFO] [stderr]    Compiling generic-array v0.14.4
[INFO] [stderr]    Compiling unicase v2.6.0
[INFO] [stderr]    Compiling miniz_oxide v0.4.3
[INFO] [stderr]    Compiling num-traits v0.2.12
[INFO] [stderr]    Compiling unicode-segmentation v1.6.0
[INFO] [stderr]     Checking futures-sink v0.3.6
[INFO] [stderr]    Compiling ryu v1.0.5
[INFO] [stderr]     Checking bytes v0.5.6
[INFO] [stderr]     Checking more-asserts v0.2.1
[INFO] [stderr]    Compiling proc-macro-nested v0.1.6
[INFO] [stderr]    Compiling heck v0.3.1
[INFO] [stderr]    Compiling rustc_version v0.2.3
[INFO] [stderr]     Checking gimli v0.22.0
[INFO] [stderr]     Checking matches v0.1.8
[INFO] [stderr]    Compiling proc-macro-hack v0.5.18
[INFO] [stderr]    Compiling serde_json v1.0.59
[INFO] [stderr]     Checking adler v0.2.3
[INFO] [stderr] The following warnings were emitted during compilation:
[INFO] [stderr] 
[INFO] [stderr] warning: openssl-sys@0.9.58: build/expando.c:4:24: error: pasting "RUST_VERSION_OPENSSL_" and "(" does not give a valid preprocessing token
[INFO] [stderr] warning: openssl-sys@0.9.58:     4 | #define VERSION2(n, v) RUST_VERSION_##n##_##v
[INFO] [stderr] warning: openssl-sys@0.9.58:       |                        ^~~~~~~~~~~~~
[INFO] [stderr] warning: openssl-sys@0.9.58: build/expando.c:5:23: note: in expansion of macro 'VERSION2'
[INFO] [stderr] warning: openssl-sys@0.9.58:     5 | #define VERSION(n, v) VERSION2(n, v)
[INFO] [stderr] warning: openssl-sys@0.9.58:       |                       ^~~~~~~~
[INFO] [stderr] warning: openssl-sys@0.9.58: build/expando.c:10:1: note: in expansion of macro 'VERSION'
[INFO] [stderr] warning: openssl-sys@0.9.58:    10 | VERSION(OPENSSL, OPENSSL_VERSION_NUMBER)
[INFO] [stderr] warning: openssl-sys@0.9.58:       | ^~~~~~~
[INFO] [stderr] 
[INFO] [stderr] error: failed to run custom build command for `openssl-sys v0.9.58`
[INFO] [stderr] note: To improve backtraces for build dependencies, set the CARGO_PROFILE_DEV_BUILD_OVERRIDE_DEBUG=true environment variable to enable debug information generation.
[INFO] [stderr] 
[INFO] [stderr] Caused by:
[INFO] [stderr]   process didn't exit successfully: `/opt/rustwide/target/debug/build/openssl-sys-8e7f29bd2f8b5eb9/build-script-main` (exit status: 101)
[INFO] [stderr]   --- stdout
[INFO] [stderr]   cargo:rustc-cfg=const_fn
[INFO] [stderr]   cargo:rerun-if-env-changed=X86_64_UNKNOWN_LINUX_GNU_OPENSSL_LIB_DIR
[INFO] [stderr]   X86_64_UNKNOWN_LINUX_GNU_OPENSSL_LIB_DIR unset
[INFO] [stderr]   cargo:rerun-if-env-changed=OPENSSL_LIB_DIR
[INFO] [stderr]   OPENSSL_LIB_DIR unset
[INFO] [stderr]   cargo:rerun-if-env-changed=X86_64_UNKNOWN_LINUX_GNU_OPENSSL_INCLUDE_DIR
[INFO] [stderr]   X86_64_UNKNOWN_LINUX_GNU_OPENSSL_INCLUDE_DIR unset
[INFO] [stderr]   cargo:rerun-if-env-changed=OPENSSL_INCLUDE_DIR
[INFO] [stderr]   OPENSSL_INCLUDE_DIR unset
[INFO] [stderr]   cargo:rerun-if-env-changed=X86_64_UNKNOWN_LINUX_GNU_OPENSSL_DIR
[INFO] [stderr]   X86_64_UNKNOWN_LINUX_GNU_OPENSSL_DIR unset
[INFO] [stderr]   cargo:rerun-if-env-changed=OPENSSL_DIR
[INFO] [stderr]   OPENSSL_DIR unset
[INFO] [stderr]   cargo:rerun-if-env-changed=OPENSSL_NO_PKG_CONFIG
[INFO] [stderr]   cargo:rerun-if-env-changed=PKG_CONFIG
[INFO] [stderr]   cargo:rerun-if-env-changed=OPENSSL_STATIC
[INFO] [stderr]   cargo:rerun-if-env-changed=OPENSSL_DYNAMIC
[INFO] [stderr]   cargo:rerun-if-env-changed=PKG_CONFIG_ALL_STATIC
[INFO] [stderr]   cargo:rerun-if-env-changed=PKG_CONFIG_ALL_DYNAMIC
[INFO] [stderr]   cargo:rerun-if-env-changed=PKG_CONFIG_PATH_x86_64-unknown-linux-gnu
[INFO] [stderr]   cargo:rerun-if-env-changed=PKG_CONFIG_PATH_x86_64_unknown_linux_gnu
[INFO] [stderr]   cargo:rerun-if-env-changed=HOST_PKG_CONFIG_PATH
[INFO] [stderr]   cargo:rerun-if-env-changed=PKG_CONFIG_PATH
[INFO] [stderr]   cargo:rerun-if-env-changed=PKG_CONFIG_LIBDIR_x86_64-unknown-linux-gnu
[INFO] [stderr]   cargo:rerun-if-env-changed=PKG_CONFIG_LIBDIR_x86_64_unknown_linux_gnu
[INFO] [stderr]   cargo:rerun-if-env-changed=HOST_PKG_CONFIG_LIBDIR
[INFO] [stderr]   cargo:rerun-if-env-changed=PKG_CONFIG_LIBDIR
[INFO] [stderr]   cargo:rerun-if-env-changed=PKG_CONFIG_SYSROOT_DIR_x86_64-unknown-linux-gnu
[INFO] [stderr]   cargo:rerun-if-env-changed=PKG_CONFIG_SYSROOT_DIR_x86_64_unknown_linux_gnu
[INFO] [stderr]   cargo:rerun-if-env-changed=HOST_PKG_CONFIG_SYSROOT_DIR
[INFO] [stderr]   cargo:rerun-if-env-changed=PKG_CONFIG_SYSROOT_DIR
[INFO] [stderr]   cargo:rerun-if-env-changed=PKG_CONFIG_SYSROOT_DIR
[INFO] [stderr]   cargo:rerun-if-env-changed=SYSROOT
[INFO] [stderr]   cargo:rerun-if-env-changed=OPENSSL_STATIC
[INFO] [stderr]   cargo:rerun-if-env-changed=OPENSSL_DYNAMIC
[INFO] [stderr]   cargo:rerun-if-env-changed=PKG_CONFIG_ALL_STATIC
[INFO] [stderr]   cargo:rerun-if-env-changed=PKG_CONFIG_ALL_DYNAMIC
[INFO] [stderr]   cargo:rustc-link-lib=ssl
[INFO] [stderr]   cargo:rustc-link-lib=crypto
[INFO] [stderr]   cargo:rerun-if-env-changed=PKG_CONFIG
[INFO] [stderr]   cargo:rerun-if-env-changed=OPENSSL_STATIC
[INFO] [stderr]   cargo:rerun-if-env-changed=OPENSSL_DYNAMIC
[INFO] [stderr]   cargo:rerun-if-env-changed=PKG_CONFIG_ALL_STATIC
[INFO] [stderr]   cargo:rerun-if-env-changed=PKG_CONFIG_ALL_DYNAMIC
[INFO] [stderr]   cargo:rerun-if-env-changed=PKG_CONFIG_PATH_x86_64-unknown-linux-gnu
[INFO] [stderr]   cargo:rerun-if-env-changed=PKG_CONFIG_PATH_x86_64_unknown_linux_gnu
[INFO] [stderr]   cargo:rerun-if-env-changed=HOST_PKG_CONFIG_PATH
[INFO] [stderr]   cargo:rerun-if-env-changed=PKG_CONFIG_PATH
[INFO] [stderr]   cargo:rerun-if-env-changed=PKG_CONFIG_LIBDIR_x86_64-unknown-linux-gnu
[INFO] [stderr]   cargo:rerun-if-env-changed=PKG_CONFIG_LIBDIR_x86_64_unknown_linux_gnu
[INFO] [stderr]   cargo:rerun-if-env-changed=HOST_PKG_CONFIG_LIBDIR
[INFO] [stderr]   cargo:rerun-if-env-changed=PKG_CONFIG_LIBDIR
[INFO] [stderr]   cargo:rerun-if-env-changed=PKG_CONFIG_SYSROOT_DIR_x86_64-unknown-linux-gnu
[INFO] [stderr]   cargo:rerun-if-env-changed=PKG_CONFIG_SYSROOT_DIR_x86_64_unknown_linux_gnu
[INFO] [stderr]   cargo:rerun-if-env-changed=HOST_PKG_CONFIG_SYSROOT_DIR
[INFO] [stderr]   cargo:rerun-if-env-changed=PKG_CONFIG_SYSROOT_DIR
[INFO] [stderr]   OPT_LEVEL = Some("0")
[INFO] [stderr]   TARGET = Some("x86_64-unknown-linux-gnu")
[INFO] [stderr]   HOST = Some("x86_64-unknown-linux-gnu")
[INFO] [stderr]   CC_x86_64-unknown-linux-gnu = None
[INFO] [stderr]   CC_x86_64_unknown_linux_gnu = None
[INFO] [stderr]   HOST_CC = None
[INFO] [stderr]   CC = None
[INFO] [stderr]   CFLAGS_x86_64-unknown-linux-gnu = None
[INFO] [stderr]   CFLAGS_x86_64_unknown_linux_gnu = None
[INFO] [stderr]   HOST_CFLAGS = None
[INFO] [stderr]   CFLAGS = None
[INFO] [stderr]   CRATE_CC_NO_DEFAULTS = None
[INFO] [stderr]   DEBUG = Some("true")
[INFO] [stderr]   CARGO_CFG_TARGET_FEATURE = Some("fxsr,sse,sse2")
[INFO] [stderr]   running: "cc" "-O0" "-ffunction-sections" "-fdata-sections" "-fPIC" "-g" "-fno-omit-frame-pointer" "-m64" "-I" "/usr/include" "-Wall" "-Wextra" "-E" "build/expando.c"
[INFO] [stderr]   cargo:warning=build/expando.c:4:24: error: pasting "RUST_VERSION_OPENSSL_" and "(" does not give a valid preprocessing token
[INFO] [stderr]   cargo:warning=    4 | #define VERSION2(n, v) RUST_VERSION_##n##_##v
[INFO] [stderr]   cargo:warning=      |                        ^~~~~~~~~~~~~
[INFO] [stderr]   cargo:warning=build/expando.c:5:23: note: in expansion of macro 'VERSION2'
[INFO] [stderr]   cargo:warning=    5 | #define VERSION(n, v) VERSION2(n, v)
[INFO] [stderr]   cargo:warning=      |                       ^~~~~~~~
[INFO] [stderr]   cargo:warning=build/expando.c:10:1: note: in expansion of macro 'VERSION'
[INFO] [stderr]   cargo:warning=   10 | VERSION(OPENSSL, OPENSSL_VERSION_NUMBER)
[INFO] [stderr]   cargo:warning=      | ^~~~~~~
[INFO] [stderr]   exit status: 1
[INFO] [stderr] 
[INFO] [stderr]   --- stderr
[INFO] [stderr]   thread 'main' panicked at /opt/rustwide/cargo-home/registry/src/index.crates.io-6f17d22bba15001f/openssl-sys-0.9.58/build/main.rs:140:13:
[INFO] [stderr] 
[INFO] [stderr]   Header expansion error:
[INFO] [stderr]   Error { kind: ToolExecError, message: "Command \"cc\" \"-O0\" \"-ffunction-sections\" \"-fdata-sections\" \"-fPIC\" \"-g\" \"-fno-omit-frame-pointer\" \"-m64\" \"-I\" \"/usr/include\" \"-Wall\" \"-Wextra\" \"-E\" \"build/expando.c\" with args \"cc\" did not execute successfully (status code exit status: 1)." }
[INFO] [stderr] 
[INFO] [stderr]   Failed to find OpenSSL development headers.
[INFO] [stderr] 
[INFO] [stderr]   You can try fixing this setting the `OPENSSL_DIR` environment variable
[INFO] [stderr]   pointing to your OpenSSL installation or installing OpenSSL headers package
[INFO] [stderr]   specific to your distribution:
[INFO] [stderr] 
[INFO] [stderr]       # On Ubuntu
[INFO] [stderr]       sudo apt-get install libssl-dev
[INFO] [stderr]       # On Arch Linux
[INFO] [stderr]       sudo pacman -S openssl
[INFO] [stderr]       # On Fedora
[INFO] [stderr]       sudo dnf install openssl-devel
[INFO] [stderr] 
[INFO] [stderr]   See rust-openssl README for more information:
[INFO] [stderr] 
[INFO] [stderr]       https://github.com/sfackler/rust-openssl#linux
[INFO] [stderr] 
[INFO] [stderr]   stack backtrace:
[INFO] [stderr]      0:     0x5563934e817c - std::backtrace_rs::backtrace::libunwind::trace::ha637c64ce894333a
[INFO] [stderr]                                  at /rustc/82e1608dfa6e0b5569232559e3d385fea5a93112/library/std/src/../../backtrace/src/backtrace/libunwind.rs:104:5
[INFO] [stderr]      1:     0x5563934e817c - std::backtrace_rs::backtrace::trace_unsynchronized::h47f62dea28e0c88d
[INFO] [stderr]                                  at /rustc/82e1608dfa6e0b5569232559e3d385fea5a93112/library/std/src/../../backtrace/src/backtrace/mod.rs:66:5
[INFO] [stderr]      2:     0x5563934e817c - std::sys_common::backtrace::_print_fmt::h9eef0abe20ede486
[INFO] [stderr]                                  at /rustc/82e1608dfa6e0b5569232559e3d385fea5a93112/library/std/src/sys_common/backtrace.rs:67:5
[INFO] [stderr]      3:     0x5563934e817c - <std::sys_common::backtrace::_print::DisplayBacktrace as core::fmt::Display>::fmt::hed7f999df88cc644
[INFO] [stderr]                                  at /rustc/82e1608dfa6e0b5569232559e3d385fea5a93112/library/std/src/sys_common/backtrace.rs:44:22
[INFO] [stderr]      4:     0x55639350e2e0 - core::fmt::rt::Argument::fmt::h1539a9308b8d058d
[INFO] [stderr]                                  at /rustc/82e1608dfa6e0b5569232559e3d385fea5a93112/library/core/src/fmt/rt.rs:142:9
[INFO] [stderr]      5:     0x55639350e2e0 - core::fmt::write::h3a39390d8560d9c9
[INFO] [stderr]                                  at /rustc/82e1608dfa6e0b5569232559e3d385fea5a93112/library/core/src/fmt/mod.rs:1120:17
[INFO] [stderr]      6:     0x5563934e5abf - std::io::Write::write_fmt::h5fc9997dfe05f882
[INFO] [stderr]                                  at /rustc/82e1608dfa6e0b5569232559e3d385fea5a93112/library/std/src/io/mod.rs:1762:15
[INFO] [stderr]      7:     0x5563934e7f64 - std::sys_common::backtrace::_print::h894006fb5c6f3d45
[INFO] [stderr]                                  at /rustc/82e1608dfa6e0b5569232559e3d385fea5a93112/library/std/src/sys_common/backtrace.rs:47:5
[INFO] [stderr]      8:     0x5563934e7f64 - std::sys_common::backtrace::print::h23a2d212c6fff936
[INFO] [stderr]                                  at /rustc/82e1608dfa6e0b5569232559e3d385fea5a93112/library/std/src/sys_common/backtrace.rs:34:9
[INFO] [stderr]      9:     0x5563934e9777 - std::panicking::default_hook::{{closure}}::h8a1d2ee00185001a
[INFO] [stderr]     10:     0x5563934e94df - std::panicking::default_hook::h6038f2eba384e475
[INFO] [stderr]                                  at /rustc/82e1608dfa6e0b5569232559e3d385fea5a93112/library/std/src/panicking.rs:292:9
[INFO] [stderr]     11:     0x5563934e9bf8 - std::panicking::rust_panic_with_hook::h2b5517d590cab22e
[INFO] [stderr]                                  at /rustc/82e1608dfa6e0b5569232559e3d385fea5a93112/library/std/src/panicking.rs:779:13
[INFO] [stderr]     12:     0x5563934e9ade - std::panicking::begin_panic_handler::{{closure}}::h233112c06e0ef43e
[INFO] [stderr]                                  at /rustc/82e1608dfa6e0b5569232559e3d385fea5a93112/library/std/src/panicking.rs:657:13
[INFO] [stderr]     13:     0x5563934e8646 - std::sys_common::backtrace::__rust_end_short_backtrace::h6e893f24d7ebbff8
[INFO] [stderr]                                  at /rustc/82e1608dfa6e0b5569232559e3d385fea5a93112/library/std/src/sys_common/backtrace.rs:170:18
[INFO] [stderr]     14:     0x5563934e9842 - rust_begin_unwind
[INFO] [stderr]                                  at /rustc/82e1608dfa6e0b5569232559e3d385fea5a93112/library/std/src/panicking.rs:645:5
[INFO] [stderr]     15:     0x556393452685 - core::panicking::panic_fmt::hbf0e066aabfa482c
[INFO] [stderr]                                  at /rustc/82e1608dfa6e0b5569232559e3d385fea5a93112/library/core/src/panicking.rs:72:14
[INFO] [stderr]     16:     0x55639345a55a - build_script_main::validate_headers::heb444f3718aa30da
[INFO] [stderr]     17:     0x556393457172 - build_script_main::find_normal::try_pkg_config::he209facdab926180
[INFO] [stderr]     18:     0x556393456284 - build_script_main::find_normal::find_openssl_dir::hb4f093c697cdc0a0
[INFO] [stderr]     19:     0x556393456122 - build_script_main::find_normal::get_openssl::{{closure}}::h3a1e218b71fa710e
[INFO] [stderr]     20:     0x556393453949 - core::option::Option<T>::unwrap_or_else::h0624e95f87d0cda1
[INFO] [stderr]     21:     0x556393455ede - build_script_main::find_normal::get_openssl::h5b8f491dc9697783
[INFO] [stderr]     22:     0x556393457e4d - build_script_main::find_openssl::h0c3e1c442c6a7d97
[INFO] [stderr]     23:     0x556393457f2d - build_script_main::main::h770fd176ab59821e
[INFO] [stderr]     24:     0x55639345e153 - core::ops::function::FnOnce::call_once::h913df651d141dc26
[INFO] [stderr]     25:     0x55639345dc86 - std::sys_common::backtrace::__rust_begin_short_backtrace::heca1b28cc393e584
[INFO] [stderr]     26:     0x556393453339 - std::rt::lang_start::{{closure}}::h8bbc4d5d2e149ec0
[INFO] [stderr]     27:     0x5563934e1d97 - core::ops::function::impls::<impl core::ops::function::FnOnce<A> for &F>::call_once::hd95060ecd5e1ca24
[INFO] [stderr]                                  at /rustc/82e1608dfa6e0b5569232559e3d385fea5a93112/library/core/src/ops/function.rs:284:13
[INFO] [stderr]     28:     0x5563934e1d97 - std::panicking::try::do_call::h6e8cf51db32a6e4b
[INFO] [stderr]                                  at /rustc/82e1608dfa6e0b5569232559e3d385fea5a93112/library/std/src/panicking.rs:552:40
[INFO] [stderr]     29:     0x5563934e1d97 - std::panicking::try::h3a52eefe24fe3c29
[INFO] [stderr]                                  at /rustc/82e1608dfa6e0b5569232559e3d385fea5a93112/library/std/src/panicking.rs:516:19
[INFO] [stderr]     30:     0x5563934e1d97 - std::panic::catch_unwind::h24c28c23c02c3841
[INFO] [stderr]                                  at /rustc/82e1608dfa6e0b5569232559e3d385fea5a93112/library/std/src/panic.rs:142:14
[INFO] [stderr]     31:     0x5563934e1d97 - std::rt::lang_start_internal::{{closure}}::h705d3c9cbc06ef47
[INFO] [stderr]                                  at /rustc/82e1608dfa6e0b5569232559e3d385fea5a93112/library/std/src/rt.rs:148:48
[INFO] [stderr]     32:     0x5563934e1d97 - std::panicking::try::do_call::ha21f52ba13158470
[INFO] [stderr]                                  at /rustc/82e1608dfa6e0b5569232559e3d385fea5a93112/library/std/src/panicking.rs:552:40
[INFO] [stderr]     33:     0x5563934e1d97 - std::panicking::try::h5581346bf6aeb1f8
[INFO] [stderr]                                  at /rustc/82e1608dfa6e0b5569232559e3d385fea5a93112/library/std/src/panicking.rs:516:19
[INFO] [stderr]     34:     0x5563934e1d97 - std::panic::catch_unwind::h7919645a6b72e25b
[INFO] [stderr]                                  at /rustc/82e1608dfa6e0b5569232559e3d385fea5a93112/library/std/src/panic.rs:142:14
[INFO] [stderr]     35:     0x5563934e1d97 - std::rt::lang_start_internal::h12de51168669836e
[INFO] [stderr]                                  at /rustc/82e1608dfa6e0b5569232559e3d385fea5a93112/library/std/src/rt.rs:148:20
[INFO] [stderr]     36:     0x556393453317 - std::rt::lang_start::hd526e089afe903d1
[INFO] [stderr]     37:     0x55639345b2a5 - main
[INFO] [stderr]     38:     0x7fa85f37ed90 - <unknown>
[INFO] [stderr]     39:     0x7fa85f37ee40 - __libc_start_main
[INFO] [stderr]     40:     0x556393452e95 - _start
[INFO] [stderr]     41:                0x0 - <unknown>
[INFO] [stderr] warning: build failed, waiting for other jobs to finish...
[INFO] running `Command { std: "docker" "inspect" "849d164d943ecd3fc1fbcbcc4733c290d3852a23c3b8d304e44676cfef4e6afa", kill_on_drop: false }`
[INFO] running `Command { std: "docker" "rm" "-f" "849d164d943ecd3fc1fbcbcc4733c290d3852a23c3b8d304e44676cfef4e6afa", kill_on_drop: false }`
[INFO] [stdout] 849d164d943ecd3fc1fbcbcc4733c290d3852a23c3b8d304e44676cfef4e6afa
[INFO] documenting wascc-host-0.14.0 against beta-2023-12-22 for beta-1.76-rustdoc-1
[INFO] extracting crate wascc-host 0.14.0 into /workspace/builds/worker-6-tc2/source
[INFO] validating manifest of crates.io crate wascc-host 0.14.0 on toolchain beta-2023-12-22
[INFO] running `Command { std: CARGO_HOME="/workspace/cargo-home" RUSTUP_HOME="/workspace/rustup-home" "/workspace/cargo-home/bin/cargo" "+beta-2023-12-22" "metadata" "--manifest-path" "Cargo.toml" "--no-deps", kill_on_drop: false }`
[INFO] started tweaking crates.io crate wascc-host 0.14.0
[INFO] removed 0 missing examples
[INFO] removed 0 missing tests
[INFO] finished tweaking crates.io crate wascc-host 0.14.0
[INFO] tweaked toml for crates.io crate wascc-host 0.14.0 written to /workspace/builds/worker-6-tc2/source/Cargo.toml
[INFO] crate crates.io crate wascc-host 0.14.0 already has a lockfile, it will not be regenerated
[INFO] running `Command { std: CARGO_HOME="/workspace/cargo-home" RUSTUP_HOME="/workspace/rustup-home" "/workspace/cargo-home/bin/cargo" "+beta-2023-12-22" "fetch" "--manifest-path" "Cargo.toml", kill_on_drop: false }`
[INFO] running `Command { std: "docker" "create" "-v" "/var/lib/crater-agent-workspace/builds/worker-6-tc2/target:/opt/rustwide/target:rw,Z" "-v" "/var/lib/crater-agent-workspace/builds/worker-6-tc2/source:/opt/rustwide/workdir:ro,Z" "-v" "/var/lib/crater-agent-workspace/cargo-home:/opt/rustwide/cargo-home:ro,Z" "-v" "/var/lib/crater-agent-workspace/rustup-home:/opt/rustwide/rustup-home:ro,Z" "-e" "SOURCE_DIR=/opt/rustwide/workdir" "-e" "CARGO_TARGET_DIR=/opt/rustwide/target" "-e" "CARGO_HOME=/opt/rustwide/cargo-home" "-e" "RUSTUP_HOME=/opt/rustwide/rustup-home" "-w" "/opt/rustwide/workdir" "-m" "1610612736" "--user" "0:0" "--network" "none" "ghcr.io/rust-lang/crates-build-env/linux@sha256:2788e3201cd34a07e3172128adcd8b3090168a8e3bcc40d7c032b9dda1df7d1c" "/opt/rustwide/cargo-home/bin/cargo" "+beta-2023-12-22" "metadata" "--no-deps" "--format-version=1", kill_on_drop: false }`
[INFO] [stdout] 1e8262f62a6a8e000c793b629acafc4282aa876b6f4e3f542d1d47f478fc63bf
[INFO] running `Command { std: "docker" "start" "-a" "1e8262f62a6a8e000c793b629acafc4282aa876b6f4e3f542d1d47f478fc63bf", kill_on_drop: false }`
[INFO] running `Command { std: "docker" "inspect" "1e8262f62a6a8e000c793b629acafc4282aa876b6f4e3f542d1d47f478fc63bf", kill_on_drop: false }`
[INFO] running `Command { std: "docker" "rm" "-f" "1e8262f62a6a8e000c793b629acafc4282aa876b6f4e3f542d1d47f478fc63bf", kill_on_drop: false }`
[INFO] [stdout] 1e8262f62a6a8e000c793b629acafc4282aa876b6f4e3f542d1d47f478fc63bf
[INFO] running `Command { std: "docker" "create" "-v" "/var/lib/crater-agent-workspace/builds/worker-6-tc2/target:/opt/rustwide/target:rw,Z" "-v" "/var/lib/crater-agent-workspace/builds/worker-6-tc2/source:/opt/rustwide/workdir:ro,Z" "-v" "/var/lib/crater-agent-workspace/cargo-home:/opt/rustwide/cargo-home:ro,Z" "-v" "/var/lib/crater-agent-workspace/rustup-home:/opt/rustwide/rustup-home:ro,Z" "-e" "SOURCE_DIR=/opt/rustwide/workdir" "-e" "CARGO_TARGET_DIR=/opt/rustwide/target" "-e" "CARGO_INCREMENTAL=0" "-e" "RUST_BACKTRACE=full" "-e" "RUSTFLAGS=--cap-lints=warn" "-e" "RUSTDOCFLAGS=--cap-lints=warn" "-e" "CARGO_HOME=/opt/rustwide/cargo-home" "-e" "RUSTUP_HOME=/opt/rustwide/rustup-home" "-w" "/opt/rustwide/workdir" "-m" "1610612736" "--user" "0:0" "--network" "none" "ghcr.io/rust-lang/crates-build-env/linux@sha256:2788e3201cd34a07e3172128adcd8b3090168a8e3bcc40d7c032b9dda1df7d1c" "/opt/rustwide/cargo-home/bin/cargo" "+beta-2023-12-22" "doc" "--frozen" "--no-deps" "--document-private-items" "--message-format=json", kill_on_drop: false }`
[INFO] [stdout] 9e276d5c8ac88dd7eea825c03b15cba646efbb6ac6320d02579494165ad7fea6
[INFO] running `Command { std: "docker" "start" "-a" "9e276d5c8ac88dd7eea825c03b15cba646efbb6ac6320d02579494165ad7fea6", kill_on_drop: false }`
[INFO] [stderr]    Compiling proc-macro2 v1.0.24
[INFO] [stderr]    Compiling libc v0.2.79
[INFO] [stderr]    Compiling unicode-xid v0.2.1
[INFO] [stderr]    Compiling syn v1.0.45
[INFO] [stderr]    Compiling serde_derive v1.0.117
[INFO] [stderr]    Compiling serde v1.0.117
[INFO] [stderr]    Compiling log v0.4.11
[INFO] [stderr]    Compiling byteorder v1.3.4
[INFO] [stderr]    Compiling memchr v2.3.3
[INFO] [stderr]    Compiling typenum v1.12.0
[INFO] [stderr]    Compiling indexmap v1.6.0
[INFO] [stderr]    Compiling anyhow v1.0.33
[INFO] [stderr]    Compiling version_check v0.9.2
[INFO] [stderr]     Checking hashbrown v0.9.1
[INFO] [stderr]    Compiling bitflags v1.2.1
[INFO] [stderr]    Compiling crossbeam-utils v0.7.2
[INFO] [stderr]    Compiling maybe-uninit v2.0.0
[INFO] [stderr]    Compiling memoffset v0.5.6
[INFO] [stderr]     Checking itoa v0.4.6
[INFO] [stderr]    Compiling quote v1.0.7
[INFO] [stderr]    Compiling jobserver v0.1.21
[INFO] [stderr]     Checking num_cpus v1.13.0
[INFO] [stderr]    Compiling pkg-config v0.3.19
[INFO] [stderr]    Compiling cranelift-codegen-shared v0.66.0
[INFO] [stderr]    Compiling cc v1.0.61
[INFO] [stderr]     Checking aho-corasick v0.7.14
[INFO] [stderr]     Checking thread_local v1.0.1
[INFO] [stderr]    Compiling crossbeam-epoch v0.8.2
[INFO] [stderr]     Checking regex-syntax v0.6.20
[INFO] [stderr]    Compiling target-lexicon v0.10.0
[INFO] [stderr]     Checking quick-error v1.2.3
[INFO] [stderr]    Compiling either v1.6.1
[INFO] [stderr]     Checking humantime v1.3.0
[INFO] [stderr]    Compiling itertools v0.9.0
[INFO] [stderr]     Checking atty v0.2.14
[INFO] [stderr]     Checking fallible-iterator v0.2.0
[INFO] [stderr]     Checking termcolor v1.1.0
[INFO] [stderr]     Checking stable_deref_trait v1.2.0
[INFO] [stderr]     Checking smallvec v1.4.2
[INFO] [stderr]     Checking scopeguard v1.1.0
[INFO] [stderr]    Compiling glob v0.3.0
[INFO] [stderr]    Compiling getrandom v0.1.15
[INFO] [stderr]     Checking iovec v0.1.4
[INFO] [stderr]    Compiling rayon-core v1.8.1
[INFO] [stderr]     Checking pin-project-lite v0.1.11
[INFO] [stderr]     Checking crossbeam-deque v0.7.3
[INFO] [stderr]     Checking crossbeam-channel v0.4.4
[INFO] [stderr]     Checking regex v1.4.1
[INFO] [stderr]     Checking generic-array v0.12.3
[INFO] [stderr]     Checking slab v0.4.2
[INFO] [stderr]     Checking byte-tools v0.3.1
[INFO] [stderr]    Compiling crc32fast v1.2.0
[INFO] [stderr]     Checking block-padding v0.1.5
[INFO] [stderr]    Compiling rayon v1.4.1
[INFO] [stderr]     Checking futures-core v0.3.6
[INFO] [stderr]     Checking once_cell v1.4.1
[INFO] [stderr]     Checking rand_core v0.4.2
[INFO] [stderr]    Compiling autocfg v0.1.7
[INFO] [stderr]     Checking base64 v0.12.3
[INFO] [stderr]    Compiling zstd-sys v1.4.17+zstd.1.4.5
[INFO] [stderr]     Checking digest v0.8.1
[INFO] [stderr]     Checking block-buffer v0.7.3
[INFO] [stderr]     Checking dirs-sys v0.3.5
[INFO] [stderr]     Checking tracing-core v0.1.17
[INFO] [stderr]     Checking fake-simd v0.1.2
[INFO] [stderr]     Checking opaque-debug v0.2.3
[INFO] [stderr]    Compiling leb128 v0.2.4
[INFO] [stderr]     Checking wasmparser v0.59.0
[INFO] [stderr]    Compiling semver-parser v0.7.0
[INFO] [stderr]    Compiling pin-project-internal v0.4.27
[INFO] [stderr]    Compiling cfg-if v0.1.10
[INFO] [stderr]    Compiling wasmtime-environ v0.19.0
[INFO] [stderr]    Compiling semver v0.9.0
[INFO] [stderr]    Compiling wast v22.0.0
[INFO] [stderr]     Checking directories v2.0.2
[INFO] [stderr]     Checking sha2 v0.8.2
[INFO] [stderr]    Compiling openssl-sys v0.9.58
[INFO] [stderr]     Checking errno v0.2.6
[INFO] [stderr]     Checking net2 v0.2.35
[INFO] [stderr]    Compiling generic-array v0.14.4
[INFO] [stderr]    Compiling unicase v2.6.0
[INFO] [stderr]    Compiling num-traits v0.2.12
[INFO] [stderr]    Compiling miniz_oxide v0.4.3
[INFO] [stderr]    Compiling ryu v1.0.5
[INFO] [stderr]    Compiling unicode-segmentation v1.6.0
[INFO] [stderr]     Checking more-asserts v0.2.1
[INFO] [stderr]    Compiling proc-macro-nested v0.1.6
[INFO] [stderr]     Checking bytes v0.5.6
[INFO] [stderr]     Checking futures-sink v0.3.6
[INFO] [stderr]    Compiling heck v0.3.1
[INFO] [stderr]    Compiling rustc_version v0.2.3
[INFO] [stderr]     Checking tinyvec v0.3.4
[INFO] [stderr]    Compiling proc-macro-hack v0.5.18
[INFO] [stderr]     Checking gimli v0.22.0
[INFO] [stderr] The following warnings were emitted during compilation:
[INFO] [stderr] 
[INFO] [stderr] warning: openssl-sys@0.9.58: build/expando.c:4:24: error: pasting "RUST_VERSION_OPENSSL_" and "(" does not give a valid preprocessing token
[INFO] [stderr] warning: openssl-sys@0.9.58:     4 | #define VERSION2(n, v) RUST_VERSION_##n##_##v
[INFO] [stderr] warning: openssl-sys@0.9.58:       |                        ^~~~~~~~~~~~~
[INFO] [stderr] warning: openssl-sys@0.9.58: build/expando.c:5:23: note: in expansion of macro 'VERSION2'
[INFO] [stderr] warning: openssl-sys@0.9.58:     5 | #define VERSION(n, v) VERSION2(n, v)
[INFO] [stderr] warning: openssl-sys@0.9.58:       |                       ^~~~~~~~
[INFO] [stderr] warning: openssl-sys@0.9.58: build/expando.c:10:1: note: in expansion of macro 'VERSION'
[INFO] [stderr] warning: openssl-sys@0.9.58:    10 | VERSION(OPENSSL, OPENSSL_VERSION_NUMBER)
[INFO] [stderr] warning: openssl-sys@0.9.58:       | ^~~~~~~
[INFO] [stderr] 
[INFO] [stderr] error: failed to run custom build command for `openssl-sys v0.9.58`
[INFO] [stderr] note: To improve backtraces for build dependencies, set the CARGO_PROFILE_DEV_BUILD_OVERRIDE_DEBUG=true environment variable to enable debug information generation.
[INFO] [stderr] 
[INFO] [stderr] Caused by:
[INFO] [stderr]   process didn't exit successfully: `/opt/rustwide/target/debug/build/openssl-sys-6b35bdd712365175/build-script-main` (exit status: 101)
[INFO] [stderr]   --- stdout
[INFO] [stderr]   cargo:rustc-cfg=const_fn
[INFO] [stderr]   cargo:rerun-if-env-changed=X86_64_UNKNOWN_LINUX_GNU_OPENSSL_LIB_DIR
[INFO] [stderr]   X86_64_UNKNOWN_LINUX_GNU_OPENSSL_LIB_DIR unset
[INFO] [stderr]   cargo:rerun-if-env-changed=OPENSSL_LIB_DIR
[INFO] [stderr]   OPENSSL_LIB_DIR unset
[INFO] [stderr]   cargo:rerun-if-env-changed=X86_64_UNKNOWN_LINUX_GNU_OPENSSL_INCLUDE_DIR
[INFO] [stderr]   X86_64_UNKNOWN_LINUX_GNU_OPENSSL_INCLUDE_DIR unset
[INFO] [stderr]   cargo:rerun-if-env-changed=OPENSSL_INCLUDE_DIR
[INFO] [stderr]   OPENSSL_INCLUDE_DIR unset
[INFO] [stderr]   cargo:rerun-if-env-changed=X86_64_UNKNOWN_LINUX_GNU_OPENSSL_DIR
[INFO] [stderr]   X86_64_UNKNOWN_LINUX_GNU_OPENSSL_DIR unset
[INFO] [stderr]   cargo:rerun-if-env-changed=OPENSSL_DIR
[INFO] [stderr]   OPENSSL_DIR unset
[INFO] [stderr]   cargo:rerun-if-env-changed=OPENSSL_NO_PKG_CONFIG
[INFO] [stderr]   cargo:rerun-if-env-changed=PKG_CONFIG
[INFO] [stderr]   cargo:rerun-if-env-changed=OPENSSL_STATIC
[INFO] [stderr]   cargo:rerun-if-env-changed=OPENSSL_DYNAMIC
[INFO] [stderr]   cargo:rerun-if-env-changed=PKG_CONFIG_ALL_STATIC
[INFO] [stderr]   cargo:rerun-if-env-changed=PKG_CONFIG_ALL_DYNAMIC
[INFO] [stderr]   cargo:rerun-if-env-changed=PKG_CONFIG_PATH_x86_64-unknown-linux-gnu
[INFO] [stderr]   cargo:rerun-if-env-changed=PKG_CONFIG_PATH_x86_64_unknown_linux_gnu
[INFO] [stderr]   cargo:rerun-if-env-changed=HOST_PKG_CONFIG_PATH
[INFO] [stderr]   cargo:rerun-if-env-changed=PKG_CONFIG_PATH
[INFO] [stderr]   cargo:rerun-if-env-changed=PKG_CONFIG_LIBDIR_x86_64-unknown-linux-gnu
[INFO] [stderr]   cargo:rerun-if-env-changed=PKG_CONFIG_LIBDIR_x86_64_unknown_linux_gnu
[INFO] [stderr]   cargo:rerun-if-env-changed=HOST_PKG_CONFIG_LIBDIR
[INFO] [stderr]   cargo:rerun-if-env-changed=PKG_CONFIG_LIBDIR
[INFO] [stderr]   cargo:rerun-if-env-changed=PKG_CONFIG_SYSROOT_DIR_x86_64-unknown-linux-gnu
[INFO] [stderr]   cargo:rerun-if-env-changed=PKG_CONFIG_SYSROOT_DIR_x86_64_unknown_linux_gnu
[INFO] [stderr]   cargo:rerun-if-env-changed=HOST_PKG_CONFIG_SYSROOT_DIR
[INFO] [stderr]   cargo:rerun-if-env-changed=PKG_CONFIG_SYSROOT_DIR
[INFO] [stderr]   cargo:rerun-if-env-changed=PKG_CONFIG_SYSROOT_DIR
[INFO] [stderr]   cargo:rerun-if-env-changed=SYSROOT
[INFO] [stderr]   cargo:rerun-if-env-changed=OPENSSL_STATIC
[INFO] [stderr]   cargo:rerun-if-env-changed=OPENSSL_DYNAMIC
[INFO] [stderr]   cargo:rerun-if-env-changed=PKG_CONFIG_ALL_STATIC
[INFO] [stderr]   cargo:rerun-if-env-changed=PKG_CONFIG_ALL_DYNAMIC
[INFO] [stderr]   cargo:rustc-link-lib=ssl
[INFO] [stderr]   cargo:rustc-link-lib=crypto
[INFO] [stderr]   cargo:rerun-if-env-changed=PKG_CONFIG
[INFO] [stderr]   cargo:rerun-if-env-changed=OPENSSL_STATIC
[INFO] [stderr]   cargo:rerun-if-env-changed=OPENSSL_DYNAMIC
[INFO] [stderr]   cargo:rerun-if-env-changed=PKG_CONFIG_ALL_STATIC
[INFO] [stderr]   cargo:rerun-if-env-changed=PKG_CONFIG_ALL_DYNAMIC
[INFO] [stderr]   cargo:rerun-if-env-changed=PKG_CONFIG_PATH_x86_64-unknown-linux-gnu
[INFO] [stderr]   cargo:rerun-if-env-changed=PKG_CONFIG_PATH_x86_64_unknown_linux_gnu
[INFO] [stderr]   cargo:rerun-if-env-changed=HOST_PKG_CONFIG_PATH
[INFO] [stderr]   cargo:rerun-if-env-changed=PKG_CONFIG_PATH
[INFO] [stderr]   cargo:rerun-if-env-changed=PKG_CONFIG_LIBDIR_x86_64-unknown-linux-gnu
[INFO] [stderr]   cargo:rerun-if-env-changed=PKG_CONFIG_LIBDIR_x86_64_unknown_linux_gnu
[INFO] [stderr]   cargo:rerun-if-env-changed=HOST_PKG_CONFIG_LIBDIR
[INFO] [stderr]   cargo:rerun-if-env-changed=PKG_CONFIG_LIBDIR
[INFO] [stderr]   cargo:rerun-if-env-changed=PKG_CONFIG_SYSROOT_DIR_x86_64-unknown-linux-gnu
[INFO] [stderr]   cargo:rerun-if-env-changed=PKG_CONFIG_SYSROOT_DIR_x86_64_unknown_linux_gnu
[INFO] [stderr]   cargo:rerun-if-env-changed=HOST_PKG_CONFIG_SYSROOT_DIR
[INFO] [stderr]   cargo:rerun-if-env-changed=PKG_CONFIG_SYSROOT_DIR
[INFO] [stderr]   OPT_LEVEL = Some("0")
[INFO] [stderr]   TARGET = Some("x86_64-unknown-linux-gnu")
[INFO] [stderr]   HOST = Some("x86_64-unknown-linux-gnu")
[INFO] [stderr]   CC_x86_64-unknown-linux-gnu = None
[INFO] [stderr]   CC_x86_64_unknown_linux_gnu = None
[INFO] [stderr]   HOST_CC = None
[INFO] [stderr]   CC = None
[INFO] [stderr]   CFLAGS_x86_64-unknown-linux-gnu = None
[INFO] [stderr]   CFLAGS_x86_64_unknown_linux_gnu = None
[INFO] [stderr]   HOST_CFLAGS = None
[INFO] [stderr]   CFLAGS = None
[INFO] [stderr]   CRATE_CC_NO_DEFAULTS = None
[INFO] [stderr]   DEBUG = Some("true")
[INFO] [stderr]   CARGO_CFG_TARGET_FEATURE = Some("fxsr,sse,sse2")
[INFO] [stderr]   running: "cc" "-O0" "-ffunction-sections" "-fdata-sections" "-fPIC" "-g" "-fno-omit-frame-pointer" "-m64" "-I" "/usr/include" "-Wall" "-Wextra" "-E" "build/expando.c"
[INFO] [stderr]   cargo:warning=build/expando.c:4:24: error: pasting "RUST_VERSION_OPENSSL_" and "(" does not give a valid preprocessing token
[INFO] [stderr]   cargo:warning=    4 | #define VERSION2(n, v) RUST_VERSION_##n##_##v
[INFO] [stderr]   cargo:warning=      |                        ^~~~~~~~~~~~~
[INFO] [stderr]   cargo:warning=build/expando.c:5:23: note: in expansion of macro 'VERSION2'
[INFO] [stderr]   cargo:warning=    5 | #define VERSION(n, v) VERSION2(n, v)
[INFO] [stderr]   cargo:warning=      |                       ^~~~~~~~
[INFO] [stderr]   cargo:warning=build/expando.c:10:1: note: in expansion of macro 'VERSION'
[INFO] [stderr]   cargo:warning=   10 | VERSION(OPENSSL, OPENSSL_VERSION_NUMBER)
[INFO] [stderr]   cargo:warning=      | ^~~~~~~
[INFO] [stderr]   exit status: 1
[INFO] [stderr] 
[INFO] [stderr]   --- stderr
[INFO] [stderr]   thread 'main' panicked at /opt/rustwide/cargo-home/registry/src/index.crates.io-6f17d22bba15001f/openssl-sys-0.9.58/build/main.rs:140:13:
[INFO] [stderr] 
[INFO] [stderr]   Header expansion error:
[INFO] [stderr]   Error { kind: ToolExecError, message: "Command \"cc\" \"-O0\" \"-ffunction-sections\" \"-fdata-sections\" \"-fPIC\" \"-g\" \"-fno-omit-frame-pointer\" \"-m64\" \"-I\" \"/usr/include\" \"-Wall\" \"-Wextra\" \"-E\" \"build/expando.c\" with args \"cc\" did not execute successfully (status code exit status: 1)." }
[INFO] [stderr] 
[INFO] [stderr]   Failed to find OpenSSL development headers.
[INFO] [stderr] 
[INFO] [stderr]   You can try fixing this setting the `OPENSSL_DIR` environment variable
[INFO] [stderr]   pointing to your OpenSSL installation or installing OpenSSL headers package
[INFO] [stderr]   specific to your distribution:
[INFO] [stderr] 
[INFO] [stderr]       # On Ubuntu
[INFO] [stderr]       sudo apt-get install libssl-dev
[INFO] [stderr]       # On Arch Linux
[INFO] [stderr]       sudo pacman -S openssl
[INFO] [stderr]       # On Fedora
[INFO] [stderr]       sudo dnf install openssl-devel
[INFO] [stderr] 
[INFO] [stderr]   See rust-openssl README for more information:
[INFO] [stderr] 
[INFO] [stderr]       https://github.com/sfackler/rust-openssl#linux
[INFO] [stderr] 
[INFO] [stderr]   stack backtrace:
[INFO] [stderr]      0:     0x556a5c394806 - std::backtrace_rs::backtrace::libunwind::trace::h261606ad26a499c1
[INFO] [stderr]                                  at /rustc/0e09125c6c3c2fd70d7de961bcf0e51575235fad/library/std/src/../../backtrace/src/backtrace/libunwind.rs:104:5
[INFO] [stderr]      1:     0x556a5c394806 - std::backtrace_rs::backtrace::trace_unsynchronized::hd183f0625477fb28
[INFO] [stderr]                                  at /rustc/0e09125c6c3c2fd70d7de961bcf0e51575235fad/library/std/src/../../backtrace/src/backtrace/mod.rs:66:5
[INFO] [stderr]      2:     0x556a5c394806 - std::sys_common::backtrace::_print_fmt::hd7f8fef21b4eda67
[INFO] [stderr]                                  at /rustc/0e09125c6c3c2fd70d7de961bcf0e51575235fad/library/std/src/sys_common/backtrace.rs:68:5
[INFO] [stderr]      3:     0x556a5c394806 - <std::sys_common::backtrace::_print::DisplayBacktrace as core::fmt::Display>::fmt::h623d9b51f2f453f1
[INFO] [stderr]                                  at /rustc/0e09125c6c3c2fd70d7de961bcf0e51575235fad/library/std/src/sys_common/backtrace.rs:44:22
[INFO] [stderr]      4:     0x556a5c3b9d50 - core::fmt::rt::Argument::fmt::h9f417ac76a86f368
[INFO] [stderr]                                  at /rustc/0e09125c6c3c2fd70d7de961bcf0e51575235fad/library/core/src/fmt/rt.rs:142:9
[INFO] [stderr]      5:     0x556a5c3b9d50 - core::fmt::write::hc9b6faf4ac2aeff7
[INFO] [stderr]                                  at /rustc/0e09125c6c3c2fd70d7de961bcf0e51575235fad/library/core/src/fmt/mod.rs:1120:17
[INFO] [stderr]      6:     0x556a5c39226f - std::io::Write::write_fmt::hfead1eee52c2e65e
[INFO] [stderr]                                  at /rustc/0e09125c6c3c2fd70d7de961bcf0e51575235fad/library/std/src/io/mod.rs:1810:15
[INFO] [stderr]      7:     0x556a5c3945e4 - std::sys_common::backtrace::_print::hd5d66399c7df88a2
[INFO] [stderr]                                  at /rustc/0e09125c6c3c2fd70d7de961bcf0e51575235fad/library/std/src/sys_common/backtrace.rs:47:5
[INFO] [stderr]      8:     0x556a5c3945e4 - std::sys_common::backtrace::print::he81ed2da642d37e5
[INFO] [stderr]                                  at /rustc/0e09125c6c3c2fd70d7de961bcf0e51575235fad/library/std/src/sys_common/backtrace.rs:34:9
[INFO] [stderr]      9:     0x556a5c395ec7 - std::panicking::default_hook::{{closure}}::h85773f4fa117163d
[INFO] [stderr]     10:     0x556a5c395c29 - std::panicking::default_hook::h6a1694a91d09b278
[INFO] [stderr]                                  at /rustc/0e09125c6c3c2fd70d7de961bcf0e51575235fad/library/std/src/panicking.rs:292:9
[INFO] [stderr]     11:     0x556a5c396358 - std::panicking::rust_panic_with_hook::h0a7ad96e90f7145b
[INFO] [stderr]                                  at /rustc/0e09125c6c3c2fd70d7de961bcf0e51575235fad/library/std/src/panicking.rs:779:13
[INFO] [stderr]     12:     0x556a5c396232 - std::panicking::begin_panic_handler::{{closure}}::h7919090525c6485e
[INFO] [stderr]                                  at /rustc/0e09125c6c3c2fd70d7de961bcf0e51575235fad/library/std/src/panicking.rs:657:13
[INFO] [stderr]     13:     0x556a5c394d06 - std::sys_common::backtrace::__rust_end_short_backtrace::hf3289479464f7dfe
[INFO] [stderr]                                  at /rustc/0e09125c6c3c2fd70d7de961bcf0e51575235fad/library/std/src/sys_common/backtrace.rs:171:18
[INFO] [stderr]     14:     0x556a5c395f90 - rust_begin_unwind
[INFO] [stderr]                                  at /rustc/0e09125c6c3c2fd70d7de961bcf0e51575235fad/library/std/src/panicking.rs:645:5
[INFO] [stderr]     15:     0x556a5c2fc685 - core::panicking::panic_fmt::hcc9f77c5c132af55
[INFO] [stderr]                                  at /rustc/0e09125c6c3c2fd70d7de961bcf0e51575235fad/library/core/src/panicking.rs:72:14
[INFO] [stderr]     16:     0x556a5c303fca - build_script_main::validate_headers::he4b0c18bf29b2c32
[INFO] [stderr]     17:     0x556a5c300bc8 - build_script_main::find_normal::try_pkg_config::h5ac431829f16e76d
[INFO] [stderr]     18:     0x556a5c2ffcc4 - build_script_main::find_normal::find_openssl_dir::hbf100ec3575839d0
[INFO] [stderr]     19:     0x556a5c2ffb62 - build_script_main::find_normal::get_openssl::{{closure}}::h4342767adb7b884f
[INFO] [stderr]     20:     0x556a5c2fd70f - core::option::Option<T>::unwrap_or_else::h5ab0ebae447d5ab3
[INFO] [stderr]     21:     0x556a5c2ff92a - build_script_main::find_normal::get_openssl::hf8a6de595f805ecc
[INFO] [stderr]     22:     0x556a5c3018cd - build_script_main::find_openssl::h76e094ccb1f6c40c
[INFO] [stderr]     23:     0x556a5c3019ad - build_script_main::main::he63453b2c80a6c2e
[INFO] [stderr]     24:     0x556a5c307d13 - core::ops::function::FnOnce::call_once::h8707cf683a6d8e64
[INFO] [stderr]     25:     0x556a5c307806 - std::sys_common::backtrace::__rust_begin_short_backtrace::h97adaa9a413f4f02
[INFO] [stderr]     26:     0x556a5c2fd189 - std::rt::lang_start::{{closure}}::hde2fd6e37829fef6
[INFO] [stderr]     27:     0x556a5c38e2f1 - core::ops::function::impls::<impl core::ops::function::FnOnce<A> for &F>::call_once::h4eb4c5e1620f29b0
[INFO] [stderr]                                  at /rustc/0e09125c6c3c2fd70d7de961bcf0e51575235fad/library/core/src/ops/function.rs:284:13
[INFO] [stderr]     28:     0x556a5c38e2f1 - std::panicking::try::do_call::h73fd26535faffcdf
[INFO] [stderr]                                  at /rustc/0e09125c6c3c2fd70d7de961bcf0e51575235fad/library/std/src/panicking.rs:552:40
[INFO] [stderr]     29:     0x556a5c38e2f1 - std::panicking::try::h77ff1d98f0fb9f39
[INFO] [stderr]                                  at /rustc/0e09125c6c3c2fd70d7de961bcf0e51575235fad/library/std/src/panicking.rs:516:19
[INFO] [stderr]     30:     0x556a5c38e2f1 - std::panic::catch_unwind::hab3caf2448b95e37
[INFO] [stderr]                                  at /rustc/0e09125c6c3c2fd70d7de961bcf0e51575235fad/library/std/src/panic.rs:142:14
[INFO] [stderr]     31:     0x556a5c38e2f1 - std::rt::lang_start_internal::{{closure}}::h8086711f9c783f78
[INFO] [stderr]                                  at /rustc/0e09125c6c3c2fd70d7de961bcf0e51575235fad/library/std/src/rt.rs:148:48
[INFO] [stderr]     32:     0x556a5c38e2f1 - std::panicking::try::do_call::hf920d4dc291cd6ca
[INFO] [stderr]                                  at /rustc/0e09125c6c3c2fd70d7de961bcf0e51575235fad/library/std/src/panicking.rs:552:40
[INFO] [stderr]     33:     0x556a5c38e2f1 - std::panicking::try::h2b806ccc0a85db74
[INFO] [stderr]                                  at /rustc/0e09125c6c3c2fd70d7de961bcf0e51575235fad/library/std/src/panicking.rs:516:19
[INFO] [stderr]     34:     0x556a5c38e2f1 - std::panic::catch_unwind::h038489539c507df2
[INFO] [stderr]                                  at /rustc/0e09125c6c3c2fd70d7de961bcf0e51575235fad/library/std/src/panic.rs:142:14
[INFO] [stderr]     35:     0x556a5c38e2f1 - std::rt::lang_start_internal::h28503b88912e8a5c
[INFO] [stderr]                                  at /rustc/0e09125c6c3c2fd70d7de961bcf0e51575235fad/library/std/src/rt.rs:148:20
[INFO] [stderr]     36:     0x556a5c2fd167 - std::rt::lang_start::h54908dd88add05e3
[INFO] [stderr]     37:     0x556a5c304d15 - main
[INFO] [stderr]     38:     0x7fd38e466d90 - <unknown>
[INFO] [stderr]     39:     0x7fd38e466e40 - __libc_start_main
[INFO] [stderr]     40:     0x556a5c2fcea5 - _start
[INFO] [stderr]     41:                0x0 - <unknown>
[INFO] [stderr] warning: build failed, waiting for other jobs to finish...
[INFO] running `Command { std: "docker" "inspect" "9e276d5c8ac88dd7eea825c03b15cba646efbb6ac6320d02579494165ad7fea6", kill_on_drop: false }`
[INFO] running `Command { std: "docker" "rm" "-f" "9e276d5c8ac88dd7eea825c03b15cba646efbb6ac6320d02579494165ad7fea6", kill_on_drop: false }`
[INFO] [stdout] 9e276d5c8ac88dd7eea825c03b15cba646efbb6ac6320d02579494165ad7fea6
